F/SystemServer( 587): BOOT FAILURE making Network Managment Service ready
F/SystemServer( 587): java.lang.IllegalStateException: command '5 firewall disable' failed with '400 5 Firewall command failed'
F/SystemServer( 587): at com.android.server.NetworkManagementService.setFirewallEnabled(NetworkManagementService.java:1617)
F/SystemServer( 587): at com.android.server.NetworkManagementService.prepareNativeDaemon(NetworkManagementService.java:401)
F/SystemServer( 587): at com.android.server.NetworkManagementService.systemReady(NetworkManagementService.java:224)
F/SystemServer( 587): at com.android.server.ServerThread$2.run(SystemServer.java:961)
F/SystemServer( 587): at com.android.server.am.ActivityManagerService.systemReady(ActivityManagerService.java:9368)
F/SystemServer( 587): at com.android.server.ServerThread.initAndLoop(SystemServer.java:938)
F/SystemServer( 587): at com.android.server.SystemServer.main(SystemServer.java:1179)
F/SystemServer( 587): at java.lang.reflect.Method.invokeNative(Native Method)
F/SystemServer( 587): at java.lang.reflect.Method.invoke(Method.java:515)
F/SystemServer( 587): at com.android.internal.os.ZygoteInit$MethodAndArgsCaller.run(ZygoteInit.java:785)
F/SystemServer( 587): at com.android.internal.os.ZygoteInit.main(ZygoteInit.java:601)
F/SystemServer( 587): at dalvik.system.NativeStart.main(Native Method)
F/SystemServer( 587): Caused by: com.android.server.NativeDaemonConnector$NativeDaemonFailureException: command '5 firewall disable' failed with '400 5 Firewall command failed'
F/SystemServer( 587): at com.android.server.NativeDaemonConnector.execute(NativeDaemonConnector.java:391)
F/SystemServer( 587): at com.android.server.NativeDaemonConnector.executeForList(NativeDaemonConnector.java:327)
F/SystemServer( 587): at com.android.server.NativeDaemonConnector.execute(NativeDaemonConnector.java:292)
F/SystemServer( 587): at com.android.server.NetworkManagementService.setFirewallEnabled(NetworkManagementService.java:1614)
F/SystemServer( 587): ... 11 more
W/NetworkStats( 587): bandwidth controls disabled, unable to track stats
W/NetworkPolicy( 587): bandwidth controls disabled, unable to enforce policy
I/iptables( 95): iptables terminated by exit(3)
E/Netd ( 95): exec() res=0, status=768 for /system/bin/iptables -F fw_INPUT
I/ip6tables( 95): ip6tables terminated by exit(3)
E/Netd ( 95): exec() res=0, status=768 for /system/bin/ip6tables -F fw_INPUT
I/iptables( 95): iptables terminated by exit(3)
E/Netd ( 95): exec() res=0, status=768 for /system/bin/iptables -F fw_OUTPUT
V/KeyguardService( 646): onCreate()
I/ip6tables( 95): ip6tables terminated by exit(3)
E/Netd ( 95): exec() res=0, status=768 for /system/bin/ip6tables -F fw_OUTPUT
E/WVMExtractor( 100): Failed to open libwvm.so
I/iptables( 95): iptables terminated by exit(3)
E/Netd ( 95): exec() res=0, status=768 for /system/bin/iptables -F fw_FORWARD
I/ip6tables( 95): ip6tables terminated by exit(3)
E/Netd ( 95): exec() res=0, status=768 for /system/bin/ip6tables -F fw_FORWARD
W/SystemServer( 587): ***********************************************
F/SystemServer( 587): BOOT FAILURE making Connectivity Service ready
F/SystemServer( 587): java.lang.IllegalStateException: command '6 firewall disable' failed with '400 6 Firewall command failed'
F/SystemServer( 587): at com.android.server.NetworkManagementService.setFirewallEnabled(NetworkManagementService.java:1617)
F/SystemServer( 587): at com.android.server.ConnectivityService.setLockdownTracker(ConnectivityService.java:3966)
F/SystemServer( 587): at com.android.server.ConnectivityService.updateLockdownVpn(ConnectivityService.java:3941)
F/SystemServer( 587): at com.android.server.ConnectivityService.systemReady(ConnectivityService.java:2285)
F/SystemServer( 587): at com.android.server.ServerThread$2.run(SystemServer.java:976)
F/SystemServer( 587): at com.android.server.am.ActivityManagerService.systemReady(ActivityManagerService.java:9368)
F/SystemServer( 587): at com.android.server.ServerThread.initAndLoop(SystemServer.java:938)
F/SystemServer( 587): at com.android.server.SystemServer.main(SystemServer.java:1179)
F/SystemServer( 587): at java.lang.reflect.Method.invokeNative(Native Method)
F/SystemServer( 587): at java.lang.reflect.Method.invoke(Method.java:515)
F/SystemServer( 587): at com.android.internal.os.ZygoteInit$MethodAndArgsCaller.run(ZygoteInit.java:785)
F/SystemServer( 587): at com.android.internal.os.ZygoteInit.main(ZygoteInit.java:601)
F/SystemServer( 587): at dalvik.system.NativeStart.main(Native Method)
F/SystemServer( 587): Caused by: com.android.server.NativeDaemonConnector$NativeDaemonFailureException: command '6 firewall disable' failed with '400 6 Firewall command failed'
F/SystemServer( 587): at com.android.server.NativeDaemonConnector.execute(NativeDaemonConnector.java:391)
F/SystemServer( 587): at com.android.server.NativeDaemonConnector.executeForList(NativeDaemonConnector.java:327)
F/SystemServer( 587): at com.android.server.NativeDaemonConnector.execute(NativeDaemonConnector.java:292)
F/SystemServer( 587): at com.android.server.NetworkManagementService.setFirewallEnabled(NetworkManagementService.java:1614)
F/SystemServer( 587): ... 12 more
E/cutils-trace( 100): Error opening trace file: Permission denied (13)
D/SystemUIService( 646): loading: class com.android.systemui.recent.Recents
D/SystemUIService( 646): running: com.android.systemui.recent.Recents@a5d710d0
D/SystemUIService( 646): loading: class com.android.systemui.statusbar.SystemBars
D/SystemUIService( 646): running: com.android.systemui.statusbar.SystemBars@a5d716b8
I/ActivityManager( 587): Config changes=200 {1.0 ?mcc?mnc en_US ldltr sw272dp w438dp h247dp 160dpi smll land -touch -keyb/v/h -nav/h s.4}
W/RecognitionManagerService( 587): no available voice recognition services found for user 0
D/SystemUIService( 646): loading: class com.android.systemui.usb.StorageNotification
D/SystemUIService( 646): running: com.android.systemui.usb.StorageNotification@a5d735a8
D/SystemUIService( 646): loading: class com.android.systemui.power.PowerUI
D/SystemUIService( 646): running: com.android.systemui.power.PowerUI@a5d74c48
I/ActivityManager( 587): Start proc com.android.wallpaper for service com.android.wallpaper/.fall.FallWallpaper: pid=694 uid=10016 gids={50016}
D/SystemUIService( 646): loading: class com.android.systemui.media.RingtonePlayer
D/SystemUIService( 646): running: com.android.systemui.media.RingtonePlayer@a5d76020
W/InputMethodManagerService( 587): Ignoring setImeWindowStatus of uid 1000 token: null
D/SystemUIService( 646): loading: class com.android.systemui.settings.SettingsUI
D/SystemUIService( 646): running: com.android.systemui.settings.SettingsUI@a5d77308
W/ResourceType( 587): Failure getting entry for 0x7f060000 (t=5 e=0) in package 0 (error -75)
I/ActivityManager( 587): Start proc com.android.inputmethod.latin for service com.android.inputmethod.latin/.LatinIME: pid=708 uid=10048 gids={50048, 1028, 1015}
V/InputMethodManagerService( 587): Adding window token: android.os.Binder@a5f78ba0
I/StatusBarManagerService( 587): registerStatusBar bar=com.android.internal.statusbar.IStatusBar$Stub$Proxy@a5ea34c8
W/GpsLocationProvider( 587): Could not open GPS configuration file /etc/gps.conf
D/PhoneStatusBar( 646): mSettingsPanelGravity = 55
W/LocationManagerService( 587): no network location provider found
E/LocationManagerService( 587): no geocoder provider found
E/FlpHardwareProvider( 587): Error hw_get_module 'flp': -2
E/LocationManagerService( 587): No FusedProvider found.
E/FlpHardwareProvider( 587): Error hw_get_module 'flp': -2
E/LocationManagerService( 587): no geofence provider found
I/ActivityManager( 587): Start proc com.android.settings for broadcast com.android.settings/.widget.SettingsAppWidgetProvider: pid=723 uid=1000 gids={41000, 1028, 1015, 3002, 3001, 3003}
I/CommonTimeManagementService( 587): No common time service detected on this platform. Common time services will be unavailable.
I/InputReader( 587): Reconfiguring input devices. changes=0x00000020
I/InputReader( 587): Reconfiguring input devices. changes=0x00000010
I/ActivityManager( 587): Start proc com.android.phone for added application com.android.phone: pid=737 uid=1001 gids={41001, 3002, 3001, 3003, 1028, 1015}
I/ActivityManager( 587): START u0 {act=android.intent.action.MAIN cat=[android.intent.category.HOME] flg=0x10000000 cmp=com.android.launcher/com.android.launcher2.Launcher} from pid 0
I/ActivityManager( 587): Start proc com.android.launcher for activity com.android.launcher/com.android.launcher2.Launcher: pid=754 uid=10003 gids={50003}
I/Choreographer( 587): Skipped 88 frames! The application may be doing too much work on its main thread.
V/KeyguardServiceDelegate( 587): *** Keyguard connected (yay!)
W/InputMethodManagerService( 587): Focus gain on non-focused client android.view.inputmethod.InputMethodManager$1@a5f485b0 (uid=1000 pid=587)
D/dalvikvm( 587): GC_CONCURRENT freed 352K, 9% free 4769K/5196K, paused 8ms+49ms, total 552ms
D/dalvikvm( 587): WAIT_FOR_CONCURRENT_GC blocked 21ms
D/dalvikvm( 587): WAIT_FOR_CONCURRENT_GC blocked 20ms
D/dalvikvm( 587): WAIT_FOR_CONCURRENT_GC blocked 20ms
I/MediaFocusControl( 587): Remote Control registerMediaButtonIntent() for PendingIntent{a5f45f30: PendingIntentRecord{a5ed30e8 android broadcastIntent}}
I/LatinIME( 708): Hardware accelerated drawing: true
V/BackupManagerService( 587): Connected to transport ComponentInfo{android/com.android.internal.backup.LocalTransportService}
V/BackupManagerService( 587): Registering transport android/com.android.internal.backup.LocalTransportService::android/com.android.internal.backup.LocalTransport = com.android.internal.backup.LocalTransport@a5fa3a70
I/ActivityManager( 587): Start proc com.android.smspush for service com.android.smspush/.WapPushManager: pid=777 uid=10039 gids={50039}
W/ResourceType( 587): Failure getting entry for 0x7f060000 (t=5 e=0) in package 0 (error -75)
D/dalvikvm( 646): GC_CONCURRENT freed 145K, 7% free 2963K/3180K, paused 4ms+44ms, total 102ms
E/BluetoothAdapter( 737): Bluetooth binder is null
D/dalvikvm( 646): GC_CONCURRENT freed 20K, 6% free 3342K/3536K, paused 4ms+2ms, total 56ms
D/dalvikvm( 754): GC_CONCURRENT freed 193K, 9% free 2953K/3216K, paused 14ms+10ms, total 80ms
I/ActivityManager( 587): Start proc com.android.printspooler for service com.android.printspooler/.PrintSpoolerService: pid=797 uid=10043 gids={50043}
I/ActivityManager( 587): Start proc android.process.acore for content provider com.android.providers.contacts/.ContactsProvider2: pid=816 uid=10004 gids={50004, 3003, 1028, 1015}
D/dalvikvm( 98): GC_EXPLICIT freed 37K, 4% free 2721K/2828K, paused 3ms+6ms, total 61ms
W/InputAttributes( 708): No editor info for this field. Bug?
D/dalvikvm( 98): GC_EXPLICIT freed <1K, 4% free 2721K/2828K, paused 2ms+6ms, total 54ms
D/dalvikvm( 98): GC_EXPLICIT freed <1K, 4% free 2721K/2828K, paused 3ms+3ms, total 56ms
V/RenderScript( 694): 0xb8d1b488 initEGL start
V/RenderScript( 694): 0xb8d1b488 initGLThread end
E/BluetoothAdapter( 737): Bluetooth binder is null
V/RenderScript( 694): low pri
I/ResourceUtils( 708): Found default value: resource=keypress_vibration_durations build=[HARDWARE=genericam33xx(flatteneddevicetr MODEL=BeagleBone Black BRAND=Android MANUFACTURER=Texas_Instruments_Inc] default=-1
I/ResourceUtils( 708): Found default value: resource=keypress_volumes build=[HARDWARE=genericam33xx(flatteneddevicetr MODEL=BeagleBone Black BRAND=Android MANUFACTURER=Texas_Instruments_Inc] default=-1.0f
I/PrintSpoolerService( 797): No existing print spooler state.
D/dalvikvm( 737): GC_CONCURRENT freed 142K, 7% free 2971K/3180K, paused 4ms+2ms, total 126ms
V/PhoneStatusBar/NavigationBarView( 646): touchEnabled:false
D/dalvikvm( 708): GC_CONCURRENT freed 222K, 10% free 2911K/3204K, paused 3ms+16ms, total 116ms
I/LatinIME:LogUtils( 708): Dictionary info: dictionary = userunigram.en_US.dict ; version = ? ; date = ?
I/LatinIME:LogUtils( 708): Dictionary info: dictionary = main:en ; version = 42 ; date = 1381226429
E/RenderScript_jni( 694): non fatal RS error, GL Error = 0x00000500, from: UploadToBufferObject
E/RenderScript( 694): 0xb8d1b488, GL Error = 0x00000500, from: UploadToBufferObject
D/dalvikvm( 587): GC_CONCURRENT freed 334K, 8% free 4874K/5284K, paused 91ms+9ms, total 359ms
E/BluetoothAdapter( 646): Bluetooth binder is null
E/BluetoothAdapter( 646): Bluetooth binder is null
D/dalvikvm( 694): GC_CONCURRENT freed 348K, 13% free 2797K/3212K, paused 4ms+2ms, total 140ms
D/dalvikvm( 694): WAIT_FOR_CONCURRENT_GC blocked 66ms
I/dalvikvm-heap( 694): Grow heap (frag case) to 3.294MB for 524304-byte allocation
D/dalvikvm( 694): GC_FOR_ALLOC freed 1K, 12% free 3307K/3728K, paused 61ms, total 61ms
D/CallNotifier( 737): CallNotifier: mSignalInfoToneGenerator created when toneplay
E/BluetoothAdapter( 737): Bluetooth binder is null
E/BluetoothAdapter( 646): Bluetooth binder is null
D/dalvikvm( 754): GC_CONCURRENT freed 130K, 6% free 3235K/3432K, paused 4ms+2ms, total 214ms
D/dalvikvm( 816): GC_CONCURRENT freed 261K, 10% free 2958K/3276K, paused 4ms+2ms, total 186ms
D/TelephonyDebugService( 737): TelephonyDebugService()
I/LatinIME:LogUtils( 708): Dictionary info: dictionary = UserHistoryDictionary.en_US.dic ; version = ? ; date = 946684899
I/LatinIME:LogUtils( 708): Dictionary info: dictionary = PersonalizationPredictionDictio ; version = ? ; date = 946684899
I/LatinIME:LogUtils( 708): Dictionary info: dictionary = personalization.en_US.dict ; version = ? ; date = 946684899
W/CallNotifier( 737): Got onMwiChanged() on non-voice-capable device! Ignoring...
D/dalvikvm( 646): GC_CONCURRENT freed 123K, 5% free 3629K/3820K, paused 3ms+24ms, total 234ms
E/BluetoothAdapter( 646): Bluetooth binder is null
I/ActivityManager( 587): Displayed com.android.launcher/com.android.launcher2.Launcher: +4s822ms
D/dalvikvm( 694): GC_FOR_ALLOC freed 513K, 25% free 2796K/3728K, paused 74ms, total 74ms
I/dalvikvm-heap( 694): Grow heap (frag case) to 4.094MB for 1364496-byte allocation
I/FusedLocation( 587): engine stopped (com.android.location.fused)
I/FusedLocation( 587): engine started (com.android.location.fused)
D/dalvikvm( 694): GC_CONCURRENT freed <1K, 19% free 4128K/5064K, paused 5ms+4ms, total 49ms
D/dalvikvm( 694): GC_FOR_ALLOC freed <1K, 19% free 4128K/5064K, paused 17ms, total 18ms
E/libEGL ( 694): called unimplemented OpenGL ES API
I/FusedLocation( 587): engine started (com.android.location.fused)
E/BluetoothAdapter( 723): Bluetooth binder is null
I/SurfaceFlinger( 97): Boot is finished (26858 ms)
D/PhoneStatusBar( 646): disable: < expand icons alerts ticker system_info back home recent clock search > E/libEGL ( 694): called unimplemented OpenGL ES API
I/ActivityManager( 587): Start proc com.android.music for broadcast com.android.music/.MediaButtonIntentReceiver: pid=850 uid=10029 gids={50029, 3003, 1028, 1015}
I/dalvikvm( 850): CheckJNI enabled: not enabling JNI app bug workarounds.
E/libEGL ( 694): called unimplemented OpenGL ES API
E/libEGL ( 694): called unimplemented OpenGL ES API
E/libEGL ( 694): called unimplemented OpenGL ES API
E/libEGL ( 694): called unimplemented OpenGL ES API
E/libEGL ( 694): called unimplemented OpenGL ES API
E/libEGL ( 694): called unimplemented OpenGL ES API
E/libEGL ( 694): called unimplemented OpenGL ES API
W/SchedPolicy( 587): add_tid_to_cgroup failed to write '850' (Permission denied); policy=0
W/System.err( 587): java.lang.SecurityException: No permission to set to given group
W/ActivityManager( 587): Failed setting process group of 850 to 0
W/System.err( 587): at android.os.Process.setProcessGroup(Native Method)
W/System.err( 587): at com.android.server.am.ActivityManagerService.applyOomAdjLocked(ActivityManagerService.java:15284)
W/System.err( 587): at com.android.server.am.ActivityManagerService.updateOomAdjLocked(ActivityManagerService.java:15528)
W/System.err( 587): at com.android.server.am.BroadcastQueue.processCurBroadcastLocked(BroadcastQueue.java:225)
W/System.err( 587): at com.android.server.am.BroadcastQueue.sendPendingBroadcastsLocked(BroadcastQueue.java:260)
W/System.err( 587): at com.android.server.am.ActivityManagerService.sendPendingBroadcastsLocked(ActivityManagerService.java:13006)
W/System.err( 587): at com.android.server.am.ActivityManagerService.attachApplicationLocked(ActivityManagerService.java:5023)
W/System.err( 587): at com.android.server.am.ActivityManagerService.attachApplication(ActivityManagerService.java:5063)
W/System.err( 587): at android.app.ActivityManagerNative.onTransact(ActivityManagerNative.java:394)
W/System.err( 587): at com.android.server.am.ActivityManagerService.onTransact(ActivityManagerService.java:2071)
W/System.err( 587): at android.os.Binder.execTransact(Binder.java:404)
W/System.err( 587): at dalvik.system.NativeStart.run(Native Method)
E/libEGL ( 694): called unimplemented OpenGL ES API
E/libEGL ( 694): called unimplemented OpenGL ES API
E/libEGL ( 694): called unimplemented OpenGL ES API
E/libEGL ( 694): called unimplemented OpenGL ES API
E/libEGL ( 694): called unimplemented OpenGL ES API
E/libEGL ( 694): called unimplemented OpenGL ES API
E/libEGL ( 694): called unimplemented OpenGL ES API
E/libEGL ( 694): called unimplemented OpenGL ES API
E/libEGL ( 694): called unimplemented OpenGL ES API
E/libEGL ( 694): called unimplemented OpenGL ES API
E/libEGL ( 694): called unimplemented OpenGL ES API
I/MediaFocusControl( 587): Remote Control registerMediaButtonIntent() for PendingIntent{a5f6fd48: PendingIntentRecord{a5eb7140 com.android.music broadcastIntent}}
E/libEGL ( 694): called unimplemented OpenGL ES API
E/libEGL ( 694): called unimplemented OpenGL ES API
E/BluetoothAdapter( 646): Bluetooth binder is null
I/ActivityManager( 587): Start proc android.process.media for content provider com.android.providers.media/.MediaProvider: pid=864 uid=10002 gids={50002, 1028, 1015, 1023, 1024, 2001, 3003, 3007}
D/PhoneStatusBar( 646): heads up is disabled
V/KeyguardTouchDelegate( 646): Connected to keyguard
V/KeyguardServiceDelegate( 587): **** SHOWN CALLED ****
I/Choreographer( 646): Skipped 130 frames! The application may be doing too much work on its main thread.
W/SchedPolicy( 587): add_tid_to_cgroup failed to write '864' (Permission denied); policy=0
W/System.err( 587): java.lang.SecurityException: No permission to set to given group
W/ActivityManager( 587): Failed setting process group of 864 to 0
W/System.err( 587): at android.os.Process.setProcessGroup(Native Method)
W/System.err( 587): at com.android.server.am.ActivityManagerService.applyOomAdjLocked(ActivityManagerService.java:15284)
W/System.err( 587): at com.android.server.am.ActivityManagerService.updateOomAdjLocked(ActivityManagerService.java:15528)
W/System.err( 587): at com.android.server.am.ActivityManagerService.attachApplicationLocked(ActivityManagerService.java:5052)
W/System.err( 587): at com.android.server.am.ActivityManagerService.attachApplication(ActivityManagerService.java:5063)
W/System.err( 587): at android.app.ActivityManagerNative.onTransact(ActivityManagerNative.java:394)
W/System.err( 587): at com.android.server.am.ActivityManagerService.onTransact(ActivityManagerService.java:2071)
W/System.err( 587): at android.os.Binder.execTransact(Binder.java:404)
W/System.err( 587): at dalvik.system.NativeStart.run(Native Method)
E/libEGL ( 694): called unimplemented OpenGL ES API
E/libEGL ( 694): called unimplemented OpenGL ES API
E/libEGL ( 694): called unimplemented OpenGL ES API
E/BluetoothAdapter( 723): Bluetooth binder is null
E/libEGL ( 694): called unimplemented OpenGL ES API
E/libEGL ( 694): called unimplemented OpenGL ES API
E/libEGL ( 694): called unimplemented OpenGL ES API
E/libEGL ( 694): called unimplemented OpenGL ES API
E/libEGL ( 694): called unimplemented OpenGL ES API
E/libEGL ( 694): called unimplemented OpenGL ES API
E/libEGL ( 694): called unimplemented OpenGL ES API
E/libEGL ( 694): called unimplemented OpenGL ES API
E/RenderScript( 694): Attempting to bind 1 textures on shader id 3100867112, but only 0 are available
E/RenderScript_jni( 694): non fatal RS error, Cannot bind more textuers than available
E/libEGL ( 694): called unimplemented OpenGL ES API
F/libc ( 694): Fatal signal 11 (SIGSEGV) at 0x6d726f64 (code=1), thread 822 (droid.wallpaper)
D/dalvikvm( 646): GC_CONCURRENT freed 123K, 5% free 3915K/4108K, paused 4ms+39ms, total 160ms
I/DEBUG ( 96): *** *** *** *** *** *** *** *** *** *** *** *** *** *** *** ***
I/DEBUG ( 96): Build fingerprint: 'unknown'
I/DEBUG ( 96): Revision: '0'
I/DEBUG ( 96): pid: 694, tid: 822, name: droid.wallpaper >>> com.android.wallpaper <<<
I/DEBUG ( 96): signal 11 (SIGSEGV), code 1 (SEGV_MAPERR), fault addr 6d726f64
I/Choreographer( 646): Skipped 44 frames! The application may be doing too much work on its main thread.
I/DEBUG ( 96): r0 b8d5f7ac r1 6d726f64 r2 01010101 r3 98031dd0
I/DEBUG ( 96): r4 52545441 r5 00000001 r6 b8d37e80 r7 00000000
I/DEBUG ( 96): r8 b8d202d0 r9 b8d1b488 sl 00000000 fp b8d20358
I/DEBUG ( 96): ip 00000002 sp 98031a50 lr 97f23c65 pc b6f6f3a8 cpsr 60000010
I/DEBUG ( 96): d0 bf0ccccd3f400000 d1 0000000000000000
I/DEBUG ( 96): d2 3f600000bf0ccccd d3 00000000bf0ccccd
I/DEBUG ( 96): d4 3f0ccccd00000000 d5 3f0ccccd3f400000
I/DEBUG ( 96): d6 3f80000000000000 d7 3f6000003f0ccccd
I/DEBUG ( 96): d8 bf0ccccd00000000 d9 bf000000bf0ccccd
I/DEBUG ( 96): d10 3f0000003f0ccccd d11 42652ee03f800000
I/DEBUG ( 96): d12 3e000000c0000000 d13 3eb3333300000000
I/DEBUG ( 96): d14 3f400000bfb9b454 d15 bf5795fc3f600000
I/DEBUG ( 96): d16 0000000000000000 d17 0000000000000000
I/DEBUG ( 96): d18 c039b454bf7454a4 d19 3fffffff3ca57eaf
I/DEBUG ( 96): d20 0000000033d4c556 d21 400000003ca57f00
I/DEBUG ( 96): d22 3f8000003f800000 d23 3f8000003f800000
I/DEBUG ( 96): d24 bf29fdbb7c7c2fab d25 3fc7fee05dd0a914
I/DEBUG ( 96): d26 0707070703030303 d27 bf56bce48bd0b190
I/DEBUG ( 96): d28 4012d97c7f3321d2 d29 3fc82370199bc5c0
I/DEBUG ( 96): d30 007f00200079001f d31 3ff921fb60000000
I/DEBUG ( 96): scr 60000013
I/DEBUG ( 96):
I/DEBUG ( 96): backtrace:
I/DEBUG ( 96): #00 pc 000223a8 /system/lib/libc.so (strcmp+232)
I/DEBUG ( 96): #01 pc 00015c61 /system/lib/libRSDriver.so (RsdShaderCache::vtxAttribSlot(android::String8 const&) const+28)
I/DEBUG ( 96):
I/DEBUG ( 96): stack:
I/DEBUG ( 96): 98031a10 00000020
I/DEBUG ( 96): 98031a14 0000000f
I/DEBUG ( 96): 98031a18 0000002b
I/DEBUG ( 96): 98031a1c 00003100
I/DEBUG ( 96): 98031a20 b8d5f7c0 [heap]
I/DEBUG ( 96): 98031a24 b6f5dd33 /system/lib/libc.so (dlmalloc+4254)
I/DEBUG ( 96): 98031a28 00000020
I/DEBUG ( 96): 98031a2c 00001810
I/DEBUG ( 96): 98031a30 b6f5cc95 /system/lib/libc.so (dlmalloc)
I/DEBUG ( 96): 98031a34 00000010
I/DEBUG ( 96): 98031a38 0000000f
I/DEBUG ( 96): 98031a3c 97f255c9 /system/lib/libRSDriver.so
I/DEBUG ( 96): 98031a40 0000000f
I/DEBUG ( 96): 98031a44 97f255c9 /system/lib/libRSDriver.so
I/DEBUG ( 96): 98031a48 98031ae0 [stack:822]
I/DEBUG ( 96): 98031a4c 00000008
I/DEBUG ( 96): #00 98031a50 b8d5f7a8 [heap]
I/DEBUG ( 96): ........ ........
I/DEBUG ( 96): #01 98031a50 b8d5f7a8 [heap]
I/DEBUG ( 96): 98031a54 00000001
I/DEBUG ( 96): 98031a58 00000000
I/DEBUG ( 96): 98031a5c 98031aac [stack:822]
I/DEBUG ( 96): 98031a60 98031aac [stack:822]
I/DEBUG ( 96): 98031a64 00000000
I/DEBUG ( 96): 98031a68 b8d20358 [heap]
I/DEBUG ( 96): 98031a6c 97f240fb /system/lib/libRSDriver.so (RsdVertexArray::setup(android::renderscript::Context const*) const+118)
I/DEBUG ( 96): 98031a70 b8d5f7d0 [heap]
I/DEBUG ( 96): 98031a74 b6f27819 /system/lib/libutils.so (android::String8::setTo(char const*)+40)
I/DEBUG ( 96): 98031a78 00000008
I/DEBUG ( 96): 98031a7c b8d1b488 [heap]
I/DEBUG ( 96): 98031a80 98031ac0 [stack:822]
I/DEBUG ( 96): 98031a84 98031aac [stack:822]
I/DEBUG ( 96): 98031a88 97f31cd8 /system/lib/libRSDriver.so
I/DEBUG ( 96): 98031a8c 00000000
I/DEBUG ( 96):
I/DEBUG ( 96): memory near r0:
I/DEBUG ( 96): b8d5f78c 2f000a7d 37c5db51 0000002b 00000001
I/DEBUG ( 96): b8d5f79c 00000010 5352206c 72726520 52545441
I/DEBUG ( 96): b8d5f7ac 705f4249 7469736f 006e6f69 65726f6d
I/DEBUG ( 96): b8d5f7bc 0000002b 00000001 00000010 61206e61
I/DEBUG ( 96): b8d5f7cc 6c696176 52545441 745f4249 75747865
I/DEBUG ( 96): b8d5f7dc 00306572 fd5d97eb 000030d9 138cdd6e
I/DEBUG ( 96): b8d5f7ec 7f411c39 982af1b4 b534a073 3d42774b
I/DEBUG ( 96): b8d5f7fc 93ff92ae feb1dfb6 4afecfa9 cfeee763
I/DEBUG ( 96): b8d5f80c fabaae76 a0595d5f 7da1b064 72c4b2f3
I/DEBUG ( 96): b8d5f81c ce3d0476 84b39c39 5b75faf5 15f2b8ae
I/DEBUG ( 96): b8d5f82c 46d6dad8 c7d7f6bd cfeebe6f bd3c5e75
I/DEBUG ( 96): b8d5f83c 6b475135 3fe79849 7ef74b6c 67fde811
I/DEBUG ( 96): b8d5f84c 2f8fe815 2c9e77bc 46646219 30e2136e
I/DEBUG ( 96): b8d5f85c 5291ef02 2b13e422 aa8ef4de aaa4fb55
I/DEBUG ( 96): b8d5f86c 353a5a9c 9e733b59 acb0b600 940c72dc
I/DEBUG ( 96): b8d5f87c bdb6ad3d 37ba9490 ec713ef1 eadcdbf0
I/DEBUG ( 96):
I/DEBUG ( 96): memory near r1:
I/DEBUG ( 96): 6d726f44 ffffffff ffffffff ffffffff ffffffff
I/DEBUG ( 96): 6d726f54 ffffffff ffffffff ffffffff ffffffff
I/DEBUG ( 96): 6d726f64 ffffffff ffffffff ffffffff ffffffff
I/DEBUG ( 96): 6d726f74 ffffffff ffffffff ffffffff ffffffff
I/DEBUG ( 96): 6d726f84 ffffffff ffffffff ffffffff ffffffff
I/DEBUG ( 96): 6d726f94 ffffffff ffffffff ffffffff ffffffff
I/DEBUG ( 96): 6d726fa4 ffffffff ffffffff ffffffff ffffffff
I/DEBUG ( 96): 6d726fb4 ffffffff ffffffff ffffffff ffffffff
I/DEBUG ( 96): 6d726fc4 ffffffff ffffffff ffffffff ffffffff
I/DEBUG ( 96): 6d726fd4 ffffffff ffffffff ffffffff ffffffff
I/DEBUG ( 96): 6d726fe4 ffffffff ffffffff ffffffff ffffffff
I/DEBUG ( 96): 6d726ff4 ffffffff ffffffff ffffffff ffffffff
I/DEBUG ( 96): 6d727004 ffffffff ffffffff ffffffff ffffffff
I/DEBUG ( 96): 6d727014 ffffffff ffffffff ffffffff ffffffff
I/DEBUG ( 96): 6d727024 ffffffff ffffffff ffffffff ffffffff
I/DEBUG ( 96): 6d727034 ffffffff ffffffff ffffffff ffffffff
I/DEBUG ( 96):
I/DEBUG ( 96): memory near r2:
I/DEBUG ( 96): 010100e0 ffffffff ffffffff ffffffff ffffffff
I/DEBUG ( 96): 010100f0 ffffffff ffffffff ffffffff ffffffff
I/DEBUG ( 96): 01010100 ffffffff ffffffff ffffffff ffffffff
I/DEBUG ( 96): 01010110 ffffffff ffffffff ffffffff ffffffff
I/DEBUG ( 96): 01010120 ffffffff ffffffff ffffffff ffffffff
I/DEBUG ( 96): 01010130 ffffffff ffffffff ffffffff ffffffff
I/DEBUG ( 96): 01010140 ffffffff ffffffff ffffffff ffffffff
I/DEBUG ( 96): 01010150 ffffffff ffffffff ffffffff ffffffff
I/DEBUG ( 96): 01010160 ffffffff ffffffff ffffffff ffffffff
I/DEBUG ( 96): 01010170 ffffffff ffffffff ffffffff ffffffff
I/DEBUG ( 96): 01010180 ffffffff ffffffff ffffffff ffffffff
I/DEBUG ( 96): 01010190 ffffffff ffffffff ffffffff ffffffff
I/DEBUG ( 96): 010101a0 ffffffff ffffffff ffffffff ffffffff
I/DEBUG ( 96): 010101b0 ffffffff ffffffff ffffffff ffffffff
I/DEBUG ( 96): 010101c0 ffffffff ffffffff ffffffff ffffffff
I/DEBUG ( 96): 010101d0 ffffffff ffffffff ffffffff ffffffff
I/DEBUG ( 96):
I/DEBUG ( 96): memory near r3:
I/DEBUG ( 96): 98031db0 b6f982c4 b6f5a064 b8d1b488 b8d1c0a8
I/DEBUG ( 96): 98031dc0 98031dd0 00000002 00000078 b6f5a1fc
I/DEBUG ( 96): 98031dd0 98031dd0 b8d1c0a8 00000016 b6d44ad8
I/DEBUG ( 96): 98031de0 b8d1c4a0 b9d1ba73 00000000 00000000
I/DEBUG ( 96): 98031df0 00000000 00000000 00000000 00000000
I/DEBUG ( 96): 98031e00 00000000 00000000 00000000 00000000
I/DEBUG ( 96): 98031e10 00000000 00000000 00000000 00000000
I/DEBUG ( 96): 98031e20 00000000 00000000 00000000 00000000
I/DEBUG ( 96): 98031e30 b8d22280 00000000 b8d1a51c b8d202c0
I/DEBUG ( 96): 98031e40 00000000 00000000 00000000 00000000
I/DEBUG ( 96): 98031e50 00000000 00000000 00000000 00000000
I/DEBUG ( 96): 98031e60 00000000 00000000 00000000 00000000
I/DEBUG ( 96): 98031e70 00000000 00000000 00000000 00000000
I/DEBUG ( 96): 98031e80 00000000 00000000 00000000 00000000
I/DEBUG ( 96): 98031e90 00000000 00000000 00000000 00000000
I/DEBUG ( 96): 98031ea0 00000000 00000000 00000000 00000000
I/DEBUG ( 96):
I/DEBUG ( 96): memory near r4:
I/DEBUG ( 96): 52545420 ffffffff ffffffff ffffffff ffffffff
I/DEBUG ( 96): 52545430 ffffffff ffffffff ffffffff ffffffff
I/DEBUG ( 96): 52545440 ffffffff ffffffff ffffffff ffffffff
I/DEBUG ( 96): 52545450 ffffffff ffffffff ffffffff ffffffff
I/DEBUG ( 96): 52545460 ffffffff ffffffff ffffffff ffffffff
I/DEBUG ( 96): 52545470 ffffffff ffffffff ffffffff ffffffff
I/DEBUG ( 96): 52545480 ffffffff ffffffff ffffffff ffffffff
I/DEBUG ( 96): 52545490 ffffffff ffffffff ffffffff ffffffff
I/DEBUG ( 96): 525454a0 ffffffff ffffffff ffffffff ffffffff
I/DEBUG ( 96): 525454b0 ffffffff ffffffff ffffffff ffffffff
I/DEBUG ( 96): 525454c0 ffffffff ffffffff ffffffff ffffffff
I/DEBUG ( 96): 525454d0 ffffffff ffffffff ffffffff ffffffff
I/DEBUG ( 96): 525454e0 ffffffff ffffffff ffffffff ffffffff
I/DEBUG ( 96): 525454f0 ffffffff ffffffff ffffffff ffffffff
I/DEBUG ( 96): 52545500 ffffffff ffffffff ffffffff ffffffff
I/DEBUG ( 96): 52545510 ffffffff ffffffff ffffffff ffffffff
I/DEBUG ( 96):
I/DEBUG ( 96): memory near r6:
I/DEBUG ( 96): b8d37e60 b9d1ba73 00000001 b8d37e80 b8d5f360
I/DEBUG ( 96): b8d37e70 b8d37e90 b8d5f3c8 6c662070 00000013
I/DEBUG ( 96): b8d37e80 696e750a 6d726f66 63657620 00000023
I/DEBUG ( 96): b8d37e90 b8d381e8 b6f9a1a0 006f000a 00000011
I/DEBUG ( 96): b8d37ea0 00000080 04000205 00000020 000001db
I/DEBUG ( 96): b8d37eb0 b645d1e8 b8d1b488 00000000 00000002
I/DEBUG ( 96): b8d37ec0 00000001 b8d37318 b8d355a8 00000000
I/DEBUG ( 96): b8d37ed0 b8c04260 00000000 b8d355a8 00000002
I/DEBUG ( 96): b8d37ee0 00000000 00000000 00000004 00000000
I/DEBUG ( 96): b8d37ef0 00000000 00000000 00000000 00000000
I/DEBUG ( 96): b8d37f00 00000000 00000000 00000000 00001000
I/DEBUG ( 96): b8d37f10 00000400 00000080 00000000 00000000
I/DEBUG ( 96): b8d37f20 00000000 00000000 00000000 00000000
I/DEBUG ( 96): b8d37f30 00000000 00000000 00000000 00000000
I/DEBUG ( 96): b8d37f40 00000000 00000000 00000000 00000000
I/DEBUG ( 96): b8d37f50 00000000 00000000 00000000 00000000
I/DEBUG ( 96):
I/DEBUG ( 96): memory near r8:
I/DEBUG ( 96): b8d202b0 00000000 b6f9a190 00000010 00000013
I/DEBUG ( 96): b8d202c0 00003000 b8d201c8 00000001 00000033
I/DEBUG ( 96): b8d202d0 97f31b08 00000000 b8d194b0 b8d37a28
I/DEBUG ( 96): b8d202e0 97f31b18 b8d20310 00000001 00000007
I/DEBUG ( 96): b8d202f0 00000004 b8d37e58 4720746e 0000005b
I/DEBUG ( 96): b8d20300 00000001 00000040 6572705f 69736963
I/DEBUG ( 96): b8d20310 b8d37e58 454f5f4c 65725f53 665f6461
I/DEBUG ( 96): b8d20320 616d726f 4c472074 53454f5f 6d6f635f
I/DEBUG ( 96): b8d20330 73657270 5f646573 656c6170 64657474
I/DEBUG ( 96): b8d20340 7865745f 65727574 5f4c4720 5f53454f
I/DEBUG ( 96): b8d20350 77617264 00000013 b8d20368 00000000
I/DEBUG ( 96): b8d20360 5f53454f 00000013 675f7869 47207465
I/DEBUG ( 96): b8d20370 454f5f4c 0000003b b645d7e8 b8d1b488
I/DEBUG ( 96): b8d20380 00000000 00000005 00000000 b8d203d8
I/DEBUG ( 96): b8d20390 00000000 00000000 455f5300 00000000
I/DEBUG ( 96): b8d203a0 00000000 00000000 635f5345 0000002b
I/DEBUG ( 96):
I/DEBUG ( 96): memory near r9:
I/DEBUG ( 96): b8d1b468 00000000 00000000 00000000 00000000
I/DEBUG ( 96): b8d1b478 00000000 00000000 00000000 00000c23
I/DEBUG ( 96): b8d1b488 b8d1a440 97f1a645 97f1a31d 97f1a491
I/DEBUG ( 96): b8d1b498 97f1ad15 97f19e35 00000000 97f19e4d
I/DEBUG ( 96): b8d1b4a8 97f19e19 97f19e29 97f19bc5 97f19c05
I/DEBUG ( 96): b8d1b4b8 97f19c89 97f19c59 97f19c2d 97f19c69
I/DEBUG ( 96): b8d1b4c8 97f19c79 97f19ca5 97f19cc1 97f19cdd
I/DEBUG ( 96): b8d1b4d8 97f19d09 97f19d21 97f19d39 97f17d91
I/DEBUG ( 96): b8d1b4e8 97f184a1 97f19a45 97f18595 97f18645
I/DEBUG ( 96): b8d1b4f8 97f18d49 97f18d55 97f18fa9 97f19065
I/DEBUG ( 96): b8d1b508 97f19085 97f18205 97f190e5 97f191d9
I/DEBUG ( 96): b8d1b518 97f1920d 97f19299 97f19355 97f19359
I/DEBUG ( 96): b8d1b528 97f1935d 97f194e9 97f1955d 97f195d9
I/DEBUG ( 96): b8d1b538 97f19635 97f19695 97f1bbad 97f1bd15
I/DEBUG ( 96): b8d1b548 97f1bf49 97f1baad 97f1bab1 97f1bba9
I/DEBUG ( 96): b8d1b558 97f1b939 97f1b96d 97f1b9bd 97f1ba0d
I/DEBUG ( 96):
I/DEBUG ( 96): memory near fp:
I/DEBUG ( 96): b8d20338 656c6170 64657474 7865745f 65727574
I/DEBUG ( 96): b8d20348 5f4c4720 5f53454f 77617264 00000013
I/DEBUG ( 96): b8d20358 b8d20368 00000000 5f53454f 00000013
I/DEBUG ( 96): b8d20368 675f7869 47207465 454f5f4c 0000003b
I/DEBUG ( 96): b8d20378 b645d7e8 b8d1b488 00000000 00000005
I/DEBUG ( 96): b8d20388 00000000 b8d203d8 00000000 00000000
I/DEBUG ( 96): b8d20398 455f5300 00000000 00000000 00000000
I/DEBUG ( 96): b8d203a8 635f5345 0000002b 00000001 00000010
I/DEBUG ( 96): b8d203b8 525f3143 5f384247 b8d20378 20657275
I/DEBUG ( 96): b8d203c8 415f4c47 745f4252 75747865 0000008b
I/DEBUG ( 96): b8d203d8 b645d388 b8d1b488 00000000 00000004
I/DEBUG ( 96): b8d203e8 00000001 b8d20640 b8d20378 00000000
I/DEBUG ( 96): b8d203f8 00000000 00000010 00000000 00000001
I/DEBUG ( 96): b8d20408 00000040 00000000 00000000 00000000
I/DEBUG ( 96): b8d20418 00000000 00000000 00000000 00000000
I/DEBUG ( 96): b8d20428 00000000 5f786500 00000010 00000000
I/DEBUG ( 96):
I/DEBUG ( 96): memory near sp:
I/DEBUG ( 96): 98031a30 b6f5cc95 00000010 0000000f 97f255c9
I/DEBUG ( 96): 98031a40 0000000f 97f255c9 98031ae0 00000008
I/DEBUG ( 96): 98031a50 b8d5f7a8 00000001 00000000 98031aac
I/DEBUG ( 96): 98031a60 98031aac 00000000 b8d20358 97f240fb
I/DEBUG ( 96): 98031a70 b8d5f7d0 b6f27819 00000008 b8d1b488
I/DEBUG ( 96): 98031a80 98031ac0 98031aac 97f31cd8 00000000
I/DEBUG ( 96): 98031a90 0000000e 00000000 3f800000 97f210d5
I/DEBUG ( 96): 98031aa0 00000000 98031b00 97f255c9 97f31b48
I/DEBUG ( 96): 98031ab0 438c6708 3f000000 00000002 98031ac0
I/DEBUG ( 96): 98031ac0 00000000 00000000 98031b20 00001406
I/DEBUG ( 96): 98031ad0 00000003 0000000c 98031b00 b8d5f7a8
I/DEBUG ( 96): 98031ae0 00000000 00000000 98031b00 00001406
I/DEBUG ( 96): 98031af0 00000002 00000008 3e3ff700 b8d5f7d0
I/DEBUG ( 96): 98031b00 3f400000 3f800000 3f600000 3f800000
I/DEBUG ( 96): 98031b10 3f600000 00000000 3f400000 00000000
I/DEBUG ( 96): 98031b20 bf0ccccd bf0ccccd 00000000 3f0ccccd
I/DEBUG ( 96):
I/DEBUG ( 96): code around pc:
I/DEBUG ( 96): b6f6f388 e52d5004 e52d4004 e3a02001 e1822402
I/DEBUG ( 96): b6f6f398 e1822802 e201c003 e3c11003 e4904004
I/DEBUG ( 96): b6f6f3a8 e4915004 e35c0002 0a000017 8a00002d
I/DEBUG ( 96): b6f6f3b8 e3c4c4ff e15c0425 e0443002 e1c33004
I/DEBUG ( 96): b6f6f3c8 1a000007 e0133382 04915004 1a000006
I/DEBUG ( 96): b6f6f3d8 e02cc004 e15c0c05 1a000008 e4904004
I/DEBUG ( 96): b6f6f3e8 eafffff2 e1a05425 ea000037 e3d334ff
I/DEBUG ( 96): b6f6f3f8 1a000031 e5d15000 e1a0cc24 ea000032
I/DEBUG ( 96): b6f6f408 e1a0cc24 e20550ff ea00002f e1a0c804
I/DEBUG ( 96): b6f6f418 e0443002 e1a0c82c e1c33004 e15c0825
I/DEBUG ( 96): b6f6f428 1a00000e e0133382 04915004 1a000004
I/DEBUG ( 96): b6f6f438 e02cc004 e15c0805 1a000006 e4904004
I/DEBUG ( 96): b6f6f448 eafffff1 e1b03803 1a00001b e1d150b0
I/DEBUG ( 96): b6f6f458 e1a0c824 ea00001c e1a05805 e1a0c824
I/DEBUG ( 96): b6f6f468 e1a05825 ea000018 e204c0ff e15c0c25
I/DEBUG ( 96): b6f6f478 e0443002 e1c33004 1a000007 e0133382
I/DEBUG ( 96):
I/DEBUG ( 96): code around lr:
I/DEBUG ( 96): 97f23c44 48f0e92d f04f6a42 68d530ff 6916b195
I/DEBUG ( 96): 97f23c54 680c2700 00c7eb06 46206841 edcef7f3
I/DEBUG ( 96): 97f23c64 d0052800 f04f3701 42af30ff e001d3f2
I/DEBUG ( 96): 97f23c74 0037f856 88f0e8bd 4ff0e92d 4688b083
I/DEBUG ( 96): 97f23c84 f8d84605 f1baa050 d0320f00 f10569af
I/DEBUG ( 96): 97f23c94 f04f0910 46400b00 f0004659 4606f84b
I/DEBUG ( 96): 97f23ca4 db222f01 240069a8 d92542a0 f8516969
I/DEBUG ( 96): 97f23cb4 680a1024 d11542b2 f7f36888 69a8ef9e
I/DEBUG ( 96): 97f23cc4 d91c42a0 f8506968 b1180024 f8d2f000
I/DEBUG ( 96): 97f23cd4 eba8f7f3 46214648 f7f32201 69a8efd6
I/DEBUG ( 96): 97f23ce4 46073c01 42bc3401 f10bdbde 45d30b01
I/DEBUG ( 96): 97f23cf4 b003d3d1 8ff0e8bd 447b4b08 4b0ce001
I/DEBUG ( 96): 97f23d04 4a07447b 49084f07 4e08441a 90019400
I/DEBUG ( 96): 97f23d14 18f118c8 f7f3443b bf00ef0a 0000dfd6
I/DEBUG ( 96): 97f23d24 ffffda87 ffffdb88 ffffda79 ffff2d38
I/DEBUG ( 96): 97f23d34 0000dfd0 b082b510 428a6d02 6cc0bf81
I/DEBUG ( 96):
I/DEBUG ( 96): memory map around fault addr 6d726f64:
I/DEBUG ( 96): (no map below)
I/DEBUG ( 96): (no map for address)
I/DEBUG ( 96): 97a8d000-97bdb000 rw-
E/BluetoothAdapter( 587): Bluetooth binder is null
E/BluetoothAdapter( 587): Bluetooth binder is null
V/WiredAccessoryManager( 587): init()
I/PowerManagerService( 587): Boot animation finished.
I/RecoverySystem( 587): No recovery log file
I/ActivityManager( 587): Start proc com.android.providers.calendar for broadcast com.android.providers.calendar/.CalendarReceiver: pid=889 uid=10001 gids={50001, 3003, 1028, 1015}
I/BootReceiver( 587): Copying audit failures to DropBox
I/BootReceiver( 587): Checking for fsck errors
I/BootReceiver( 587): Copying /data/tombstones/tombstone_00 to DropBox (SYSTEM_TOMBSTONE)
W/SchedPolicy( 587): add_tid_to_cgroup failed to write '889' (Permission denied); policy=0
W/ActivityManager( 587): Failed setting process group of 889 to 0
W/System.err( 587): java.lang.SecurityException: No permission to set to given group
W/System.err( 587): at android.os.Process.setProcessGroup(Native Method)
W/System.err( 587): at com.android.server.am.ActivityManagerService.applyOomAdjLocked(ActivityManagerService.java:15284)
W/System.err( 587): at com.android.server.am.ActivityManagerService.updateOomAdjLocked(ActivityManagerService.java:15528)
W/System.err( 587): at com.android.server.am.BroadcastQueue.processCurBroadcastLocked(BroadcastQueue.java:225)
W/System.err( 587): at com.android.server.am.BroadcastQueue.sendPendingBroadcastsLocked(BroadcastQueue.java:260)
W/System.err( 587): at com.android.server.am.ActivityManagerService.sendPendingBroadcastsLocked(ActivityManagerService.java:13006)
W/System.err( 587): at com.android.server.am.ActivityManagerService.attachApplicationLocked(ActivityManagerService.java:5023)
W/System.err( 587): at com.android.server.am.ActivityManagerService.attachApplication(ActivityManagerService.java:5063)
W/System.err( 587): at android.app.ActivityManagerNative.onTransact(ActivityManagerNative.java:394)
W/System.err( 587): at com.android.server.am.ActivityManagerService.onTransact(ActivityManagerService.java:2071)
W/System.err( 587): at android.os.Binder.execTransact(Binder.java:404)
W/System.err( 587): at dalvik.system.NativeStart.run(Native Method)
W/InputDispatcher( 587): channel 'a5f6ce48 com.android.wallpaper.fall.FallWallpaper (server)' ~ Consumer closed input channel or an error occurred. events=0x9
E/InputDispatcher( 587): channel 'a5f6ce48 com.android.wallpaper.fall.FallWallpaper (server)' ~ Channel is unrecoverably broken and will be disposed!
D/Zygote ( 98): Process 694 terminated by signal (11)
W/WallpaperService( 587): Wallpaper service gone: ComponentInfo{com.android.wallpaper/com.android.wallpaper.fall.FallWallpaper}
I/WindowState( 587): WIN DEATH: Window{a5f6ce48 u0 com.android.wallpaper.fall.FallWallpaper}
W/WallpaperService( 587): Reverting to built-in wallpaper!
W/InputDispatcher( 587): Attempted to unregister already unregistered input channel 'a5f6ce48 com.android.wallpaper.fall.FallWallpaper (server)'
I/CalendarProvider2( 889): Created com.android.providers.calendar.CalendarAlarmManager@a5d74a78(com.android.providers.calendar.CalendarProvider2@a5d6c6d8)
D/dalvikvm( 587): GC_CONCURRENT freed 315K, 8% free 5090K/5484K, paused 40ms+160ms, total 374ms
D/dalvikvm( 587): WAIT_FOR_CONCURRENT_GC blocked 337ms
D/dalvikvm( 587): GC_FOR_ALLOC freed 115K, 9% free 5167K/5676K, paused 78ms, total 78ms
I/dalvikvm-heap( 587): Grow heap (frag case) to 5.304MB for 195472-byte allocation
D/dalvikvm( 587): GC_FOR_ALLOC freed 5K, 9% free 5352K/5868K, paused 68ms, total 68ms
I/ActivityManager( 587): Process com.android.wallpaper (pid 694) has died.
W/ActivityManager( 587): Scheduling restart of crashed service com.android.wallpaper/.fall.FallWallpaper in 1000ms
F/ProcessStats( 587): Starting service ServiceState{a5f09360 com.android.wallpaper.fall.FallWallpaper pkg=com.android.wallpaper proc=a5f09360} without owner
W/SchedPolicy( 587): add_tid_to_cgroup failed to write '864' (Permission denied); policy=1
W/ActivityManager( 587): Failed setting process group of 864 to -1
W/System.err( 587): java.lang.SecurityException: No permission to set to given group
W/System.err( 587): at android.os.Process.setProcessGroup(Native Method)
W/System.err( 587): at com.android.server.am.ActivityManagerService.applyOomAdjLocked(ActivityManagerService.java:15284)
W/System.err( 587): at com.android.server.am.ActivityManagerService.updateOomAdjLocked(ActivityManagerService.java:15370)
W/System.err( 587): at com.android.server.am.ActivityManagerService.updateOomAdjLocked(ActivityManagerService.java:15395)
W/System.err( 587): at com.android.server.am.ActivityManagerService.updateOomAdjLocked(ActivityManagerService.java:15379)
W/System.err( 587): at com.android.server.am.ActivityManagerService.getContentProviderImpl(ActivityManagerService.java:7578)
W/System.err( 587): at com.android.server.am.ActivityManagerService.getContentProvider(ActivityManagerService.java:7804)
W/System.err( 587): at android.app.ActivityThread.acquireProvider(ActivityThread.java:4399)
W/System.err( 587): at android.app.ContextImpl$ApplicationContentResolver.acquireProvider(ContextImpl.java:2185)
W/System.err( 587): at android.content.ContentResolver.acquireProvider(ContentResolver.java:1378)
W/System.err( 587): at android.content.ContentResolver.delete(ContentResolver.java:1276)
W/System.err( 587): at android.provider.Downloads.removeAllDownloadsByPackage(Downloads.java:805)
W/System.err( 587): at com.android.server.BootReceiver.removeOldUpdatePackages(BootReceiver.java:93)
W/System.err( 587): at com.android.server.BootReceiver.access$100(BootReceiver.java:42)
W/System.err( 587): at com.android.server.BootReceiver$1.run(BootReceiver.java:82)
W/SchedPolicy( 587): add_tid_to_cgroup failed to write '864' (Permission denied); policy=0
W/System.err( 587): java.lang.SecurityException: No permission to set to given group
W/ActivityManager( 587): Failed setting process group of 864 to 0
W/System.err( 587): at android.os.Process.setProcessGroup(Native Method)
W/System.err( 587): at com.android.server.am.ActivityManagerService.applyOomAdjLocked(ActivityManagerService.java:15284)
W/System.err( 587): at com.android.server.am.ActivityManagerService.updateOomAdjLocked(ActivityManagerService.java:15528)
W/System.err( 587): at com.android.server.am.ActivityManagerService.removeContentProvider(ActivityManagerService.java:7840)
W/System.err( 587): at android.app.ActivityThread.completeRemoveProvider(ActivityThread.java:4638)
W/System.err( 587): at android.app.ActivityThread$H.handleMessage(ActivityThread.java:1351)
W/System.err( 587): at android.os.Handler.dispatchMessage(Handler.java:102)
W/System.err( 587): at android.os.Looper.loop(Looper.java:136)
W/System.err( 587): at com.android.server.ServerThread.initAndLoop(SystemServer.java:1093)
W/System.err( 587): at com.android.server.SystemServer.main(SystemServer.java:1179)
W/System.err( 587): at java.lang.reflect.Method.invokeNative(Native Method)
W/System.err( 587): at java.lang.reflect.Method.invoke(Method.java:515)
W/System.err( 587): at com.android.internal.os.ZygoteInit$MethodAndArgsCaller.run(ZygoteInit.java:785)
W/System.err( 587): at com.android.internal.os.ZygoteInit.main(ZygoteInit.java:601)
W/System.err( 587): at dalvik.system.NativeStart.main(Native Method)
I/ActivityManager( 587): Delay finish: com.android.providers.media/.MediaScannerReceiver
W/SchedPolicy( 587): add_tid_to_cgroup failed to write '797' (Permission denied); policy=0
W/System.err( 587): java.lang.SecurityException: No permission to set to given group
W/ActivityManager( 587): Failed setting process group of 797 to 0
W/System.err( 587): at android.os.Process.setProcessGroup(Native Method)
W/System.err( 587): at com.android.server.am.ActivityManagerService.applyOomAdjLocked(ActivityManagerService.java:15284)
W/System.err( 587): at com.android.server.am.ActivityManagerService.updateOomAdjLocked(ActivityManagerService.java:15370)
W/System.err( 587): at com.android.server.am.ActivityManagerService.updateOomAdjLocked(ActivityManagerService.java:15395)
W/System.err( 587): at com.android.server.am.ActivityManagerService.updateOomAdjLocked(ActivityManagerService.java:15379)
W/System.err( 587): at com.android.server.am.ActiveServices.removeConnectionLocked(ActiveServices.java:1708)
W/System.err( 587): at com.android.server.am.ActiveServices.unbindServiceLocked(ActiveServices.java:860)
W/System.err( 587): at com.android.server.am.ActivityManagerService.unbindService(ActivityManagerService.java:12776)
W/System.err( 587): at android.app.ContextImpl.unbindService(ContextImpl.java:1606)
W/System.err( 587): at com.android.server.print.RemotePrintSpooler.unbindLocked(RemotePrintSpooler.java:400)
W/System.err( 587): at com.android.server.print.RemotePrintSpooler.onAllPrintJobsHandled(RemotePrintSpooler.java:339)
W/System.err( 587): at com.android.server.print.RemotePrintSpooler.access$700(RemotePrintSpooler.java:52)
W/System.err( 587): at com.android.server.print.RemotePrintSpooler$PrintSpoolerClient.onAllPrintJobsHandled(RemotePrintSpooler.java:614)
W/System.err( 587): at android.print.IPrintSpoolerClient$Stub.onTransact(IPrintSpoolerClient.java:79)
W/System.err( 587): at android.os.Binder.execTransact(Binder.java:404)
W/System.err( 587): at dalvik.system.NativeStart.run(Native Method)
D/dalvikvm( 646): GC_FOR_ALLOC freed 67K, 5% free 3983K/4156K, paused 56ms, total 64ms
I/dalvikvm-heap( 646): Grow heap (frag case) to 6.882MB for 3072016-byte allocation
D/dalvikvm( 646): GC_CONCURRENT freed 1K, 3% free 6981K/7160K, paused 3ms+3ms, total 69ms
D/dalvikvm( 646): WAIT_FOR_CONCURRENT_GC blocked 9ms
D/dalvikvm( 646): GC_FOR_ALLOC freed 3001K, 5% free 3982K/4156K, paused 25ms, total 25ms
I/dalvikvm-heap( 646): Grow heap (frag case) to 6.881MB for 3072016-byte allocation
D/dalvikvm( 646): GC_CONCURRENT freed <1K, 3% free 6982K/7160K, paused 4ms+3ms, total 46ms
D/dalvikvm( 646): WAIT_FOR_CONCURRENT_GC blocked 9ms
D/dalvikvm( 646): GC_FOR_ALLOC freed 3001K, 5% free 3982K/4156K, paused 185ms, total 187ms
I/dalvikvm-heap( 646): Grow heap (frag case) to 6.881MB for 3072016-byte allocation
D/dalvikvm( 646): GC_CONCURRENT freed <1K, 3% free 6981K/7160K, paused 3ms+36ms, total 213ms
D/dalvikvm( 646): WAIT_FOR_CONCURRENT_GC blocked 50ms
I/ActivityManager( 587): Resuming delayed broadcast
I/ActivityManager( 587): Start proc com.android.onetimeinitializer for broadcast com.android.onetimeinitializer/.OneTimeInitializerReceiver: pid=935 uid=10008 gids={50008}
W/SchedPolicy( 587): add_tid_to_cgroup failed to write '935' (Permission denied); policy=0
W/ActivityManager( 587): Failed setting process group of 935 to 0
W/System.err( 587): java.lang.SecurityException: No permission to set to given group
W/System.err( 587): at android.os.Process.setProcessGroup(Native Method)
W/System.err( 587): at com.android.server.am.ActivityManagerService.applyOomAdjLocked(ActivityManagerService.java:15284)
W/System.err( 587): at com.android.server.am.ActivityManagerService.updateOomAdjLocked(ActivityManagerService.java:15528)
W/System.err( 587): at com.android.server.am.BroadcastQueue.processCurBroadcastLocked(BroadcastQueue.java:225)
W/System.err( 587): at com.android.server.am.BroadcastQueue.sendPendingBroadcastsLocked(BroadcastQueue.java:260)
W/System.err( 587): at com.android.server.am.ActivityManagerService.sendPendingBroadcastsLocked(ActivityManagerService.java:13006)
W/System.err( 587): at com.android.server.am.ActivityManagerService.attachApplicationLocked(ActivityManagerService.java:5023)
W/System.err( 587): at com.android.server.am.ActivityManagerService.attachApplication(ActivityManagerService.java:5063)
W/System.err( 587): at android.app.ActivityManagerNative.onTransact(ActivityManagerNative.java:394)
W/System.err( 587): at com.android.server.am.ActivityManagerService.onTransact(ActivityManagerService.java:2071)
W/System.err( 587): at android.os.Binder.execTransact(Binder.java:404)
W/System.err( 587): at dalvik.system.NativeStart.run(Native Method)
V/OneTimeInitializerRece( 935): OneTimeInitializerReceiver.onReceive
I/ActivityManager( 587): Delay finish: com.android.onetimeinitializer/.OneTimeInitializerReceiver
D/dalvikvm( 754): GC_CONCURRENT freed 206K, 8% free 3417K/3696K, paused 3ms+3ms, total 35ms
D/dalvikvm( 864): GC_CONCURRENT freed 214K, 10% free 2892K/3180K, paused 3ms+6ms, total 31ms
I/ContactLocale( 816): AddressBook Labels [en_US]: [, A, B, C, D, E, F, G, H, I, J, K, L, M, N, O, P, Q, R, S, T, U, V, W, X, Y, Z, Α, Β, Γ, Δ, Ε, Ζ, Η, Θ, Ι, Κ, Λ, Μ, Ν, Ξ, Ο, Π, Ρ, Σ, Τ, Υ, Φ, Χ, Ψ, Ω, , А, Б, В, Г, Д, Е, Є, Ж, З, И, І, Ї, Й, К, Л, М, Н, О, П, Р, С, Т, У, Ф, Х, Ц, Ч, Ш, Щ, Ю, Я, , א, ב, ג, ד, ה, ו, ז, ח, ט, י, כ, ל, מ, נ, ס, ע, פ, צ, ק, ר, ש, ת, , ا, ب, ت, ث, ج, ح, خ, د, ذ, ر, ز, س, ش, ص, ض, ط, ظ, ع, غ, ف, ق, ك, ل, م, ن, ه, و, ي, , ก, ข, ฃ, ค, ฅ, ฆ, ง, จ, ฉ, ช, ซ, ฌ, ญ, ฎ, ฏ, ฐ, ฑ, ฒ, ณ, ด, ต, ถ, ท, ธ, น, บ, ป, ผ, ฝ, พ, ฟ, ภ, ม, ย, ร, ฤ, ล, ฦ, ว, ศ, ษ, ส, ห, ฬ, อ, ฮ, , ㄱ, ㄴ, ㄷ, ㄹ, ㅁ, ㅂ, ㅅ, ㅇ, ㅈ, ㅊ, ㅋ, ㅌ, ㅍ, ㅎ, , あ, か, さ, た, な, は, ま, や, ら, わ, #, ]
W/SchedPolicy( 587): add_tid_to_cgroup failed to write '816' (Permission denied); policy=0
W/ActivityManager( 587): Failed setting process group of 816 to 0
W/System.err( 587): java.lang.SecurityException: No permission to set to given group
W/System.err( 587): at android.os.Process.setProcessGroup(Native Method)
W/System.err( 587): at com.android.server.am.ActivityManagerService.applyOomAdjLocked(ActivityManagerService.java:15284)
W/System.err( 587): at com.android.server.am.ActivityManagerService.updateOomAdjLocked(ActivityManagerService.java:15528)
W/System.err( 587): at com.android.server.am.ActivityManagerService.removeContentProvider(ActivityManagerService.java:7840)
W/System.err( 587): at android.app.ActivityManagerNative.onTransact(ActivityManagerNative.java:773)
W/System.err( 587): at com.android.server.am.ActivityManagerService.onTransact(ActivityManagerService.java:2071)
W/System.err( 587): at android.os.Binder.execTransact(Binder.java:404)
