W/SchedPolicy( 601): add_tid_to_cgroup failed to write '900' (Permission denied); policy=0
W/ActivityManager( 601): Failed setting process group of 900 to 0
I/ActivityManager( 601): START u0 {act=android.intent.action.MAIN cat=[android.intent.category.HOME] flg=0x10000000 cmp=com.android.launcher/com.android.launcher2.Launcher} from pid 0
I/ActivityManager( 601): Start proc com.android.launcher for activity com.android.launcher/com.android.launcher2.Launcher: pid=937 uid=10003 gids={50003}
I/ActivityManager( 601): Start proc android.process.media for content provider com.android.providers.media/.MediaProvider: pid=958 uid=10002 gids={50002, 1028, 1015, 1023, 1024, 2001, 3003, 3007}
W/SchedPolicy( 601): add_tid_to_cgroup failed to write '958' (Permission denied); policy=0
W/ActivityManager( 601): Failed setting process group of 958 to 0
W/SchedPolicy( 601): add_tid_to_cgroup failed to write '849' (Permission denied); policy=0
W/ActivityManager( 601): Failed setting process group of 849 to 0
V/KeyguardTouchDelegate( 681): Connected to keyguard
W/SchedPolicy( 601): add_tid_to_cgroup failed to write '867' (Permission denied); policy=0
W/ActivityManager( 601): Failed setting process group of 867 to 0
W/SchedPolicy( 601): add_tid_to_cgroup failed to write '884' (Permission denied); policy=0
W/ActivityManager( 601): Failed setting process group of 884 to 0
V/WiredAccessoryManager( 601): init()
I/PowerManagerService( 601): Boot animation finished.
I/ActivityManager( 601): Start proc com.android.calendar for broadcast com.android.calendar/.UpgradeReceiver: pid=1011 uid=10038 gids={50038, 3003}
W/SchedPolicy( 601): add_tid_to_cgroup failed to write '1011' (Permission denied); policy=0
W/ActivityManager( 601): Failed setting process group of 1011 to 0
I/ActivityManager( 601): Start proc com.android.exchange for content provider com.android.exchange/.provider.ExchangeDirectoryProvider: pid=1053 uid=10024 gids={50024, 3003, 1028, 1015}
W/SchedPolicy( 601): add_tid_to_cgroup failed to write '1053' (Permission denied); policy=0
W/ActivityManager( 601): Failed setting process group of 1053 to 0
I/ActivityManager( 601): Start proc com.android.providers.calendar for broadcast com.android.providers.calendar/.CalendarReceiver: pid=1073 uid=10001 gids={50001, 3003, 1028, 1015}
I/BootReceiver( 601): Copying audit failures to DropBox
I/BootReceiver( 601): Checking for fsck errors
W/SchedPolicy( 601): add_tid_to_cgroup failed to write '958' (Permission denied); policy=1
W/ActivityManager( 601): Failed setting process group of 958 to -1
W/SchedPolicy( 601): add_tid_to_cgroup failed to write '1073' (Permission denied); policy=0
W/ActivityManager( 601): Failed setting process group of 1073 to 0
W/SchedPolicy( 601): add_tid_to_cgroup failed to write '958' (Permission denied); policy=0
W/ActivityManager( 601): Failed setting process group of 958 to 0
I/ActivityManager( 601): Start proc com.android.email for content provider com.android.email/.provider.EmailProvider: pid=1086 uid=10044 gids={50044, 3003, 1028, 1015}
W/SchedPolicy( 601): add_tid_to_cgroup failed to write '1086' (Permission denied); policy=0
W/ActivityManager( 601): Failed setting process group of 1086 to 0
I/ActivityManager( 601): Waited long enough for: ServiceRecord{a5f660c8 u0 com.android.music/.MediaPlaybackService}
I/ActivityManager( 601): Start proc com.android.onetimeinitializer for broadcast com.android.onetimeinitializer/.OneTimeInitializerReceiver: pid=1109 uid=10008 gids={50008}
W/SchedPolicy( 601): add_tid_to_cgroup failed to write '1109' (Permission denied); policy=0
W/ActivityManager( 601): Failed setting process group of 1109 to 0
I/ActivityManager( 601): Start proc com.android.gallery3d for broadcast com.android.gallery3d/com.android.camera.DisableCameraReceiver: pid=1125 uid=10022 gids={50022, 3003, 1028, 1015}
W/SchedPolicy( 601): add_tid_to_cgroup failed to write '1125' (Permission denied); policy=0
W/ActivityManager( 601): Failed setting process group of 1125 to 0
I/ActivityManager( 601): Start proc com.android.deskclock for broadcast com.android.deskclock/.AlarmInitReceiver: pid=1140 uid=10032 gids={50032, 1028}
W/SchedPolicy( 601): add_tid_to_cgroup failed to write '1140' (Permission denied); policy=0
W/ActivityManager( 601): Failed setting process group of 1140 to 0
W/ActivityManager( 601): Unable to start service Intent { cmp=com.android.email/.service.AttachmentDownloadService } U=0: not found
W/BackupManagerService( 601): dataChanged but no participant pkg='com.android.providers.settings' uid=10032
I/ActivityManager( 601): Start proc com.android.camera2 for broadcast com.android.camera2/com.android.camera.DisableCameraReceiver: pid=1159 uid=10033 gids={50033, 3003, 1028, 1015}
W/SchedPolicy( 601): add_tid_to_cgroup failed to write '1159' (Permission denied); policy=0
W/ActivityManager( 601): Failed setting process group of 1159 to 0
I/ActivityManager( 601): Delay finish: com.android.email/.service.EmailUpgradeBroadcastReceiver
I/ActivityManager( 601): Resuming delayed broadcast
I/ActivityManager( 601): Delay finish: com.android.email/.service.EmailBroadcastReceiver
I/ActivityManager( 601): Delaying start of: ServiceRecord{a60ef5a8 u0 com.android.exchange/.service.EmailSyncAdapterService}
I/ActivityManager( 601): Resuming delayed broadcast
I/ActivityManager( 601): Delay finish: com.android.gallery3d/.app.PackagesMonitor
I/ActivityManager( 601): Resuming delayed broadcast
I/ActivityManager( 601): Delay finish: com.android.gallery3d/.app.PackagesMonitor
I/ActivityManager( 601): Resuming delayed broadcast
I/ActivityManager( 601): Delay finish: com.android.gallery3d/.app.PackagesMonitor
I/ActivityManager( 601): Resuming delayed broadcast
I/ActivityManager( 601): Delay finish: com.android.providers.calendar/.CalendarProviderBroadcastReceiver
I/ActivityManager( 601): Resuming delayed broadcast
I/ActivityManager( 601): Delay finish: com.android.calendar/.alerts.AlertReceiver
W/BackupManagerService( 601): dataChanged but no participant pkg='com.android.providers.settings' uid=10002
I/ActivityManager( 601): Waited long enough for: ServiceRecord{a5f3ef68 u0 com.android.providers.media/.MediaScannerService}
I/ActivityManager( 601): Resuming delayed broadcast
I/ActivityManager( 601): Delay finish: com.android.gallery3d/.app.PackagesMonitor
I/ActivityManager( 601): Resuming delayed broadcast
I/ActivityManager( 601): Delay finish: com.android.gallery3d/.app.PackagesMonitor
I/ActivityManager( 601): Resuming delayed broadcast
I/ActivityManager( 601): Delay finish: com.android.gallery3d/.app.PackagesMonitor
I/ActivityManager( 601): Resuming delayed broadcast
I/ActivityManager( 601): Delay finish: com.android.gallery3d/.app.PackagesMonitor
I/ActivityManager( 601): Resuming delayed broadcast
W/BackupManagerService( 601): dataChanged but no participant pkg='com.android.providers.settings' uid=10002
D/ConnectivityService( 601): Sampling interval elapsed, updating statistics ..
D/ConnectivityService( 601): Done.
D/ConnectivityService( 601): Setting timer for 720seconds
W/BackupManagerService( 601): dataChanged but no participant pkg='com.android.providers.settings' uid=10002
I/ActivityManager( 601): Waited long enough for: ServiceRecord{a60fb4d8 u0 com.android.calendar/.alerts.InitAlarmsService}
W/SocketClient( 96): write error (Broken pipe)
I/ActivityManager( 601): Start proc com.android.musicfx for broadcast com.android.musicfx/.ControlPanelReceiver: pid=1210 uid=10006 gids={50006, 3003, 3002}
W/SchedPolicy( 601): add_tid_to_cgroup failed to write '1210' (Permission denied); policy=0
W/ActivityManager( 601): Failed setting process group of 1210 to 0
W/SchedPolicy( 1227): add_tid_to_cgroup failed to write '1234' (Invalid argument); policy=1
W/SchedPolicy( 1238): add_tid_to_cgroup failed to write '1244' (Invalid argument); policy=1
W/SchedPolicy( 1246): add_tid_to_cgroup failed to write '1252' (Invalid argument); policy=1
I/ActivityManager( 601): START u0 {act=android.search.action.GLOBAL_SEARCH flg=0x10000000 cmp=com.android.quicksearchbox/.SearchActivity bnds=[0,25][40,272] (has extras)} from pid 937
W/WindowManager( 601): Screenshot failure taking screenshot for (281x159) to layer 21005
I/ActivityManager( 601): Start proc com.android.quicksearchbox for activity com.android.quicksearchbox/.SearchActivity: pid=1256 uid=10045 gids={50045, 3003}
W/SchedPolicy( 601): add_tid_to_cgroup failed to write '867' (Permission denied); policy=1
W/ActivityManager( 601): Failed setting process group of 867 to -1
W/SchedPolicy( 601): add_tid_to_cgroup failed to write '867' (Permission denied); policy=0
W/ActivityManager( 601): Failed setting process group of 867 to 0
W/SchedPolicy( 601): add_tid_to_cgroup failed to write '867' (Permission denied); policy=1
W/ActivityManager( 601): Failed setting process group of 867 to -1
W/SchedPolicy( 601): add_tid_to_cgroup failed to write '867' (Permission denied); policy=0
W/ActivityManager( 601): Failed setting process group of 867 to 0
W/WindowManager( 601): Screenshot failure taking screenshot for (281x159) to layer 21015
W/SchedPolicy( 601): add_tid_to_cgroup failed to write '1256' (Permission denied); policy=0
W/ActivityManager( 601): Failed setting process group of 1256 to 0
W/SchedPolicy( 1280): add_tid_to_cgroup failed to write '1286' (Invalid argument); policy=1 --------- beginning of /dev/log/main
E/libEGL ( 782): called unimplemented OpenGL ES API
E/libEGL ( 782): called unimplemented OpenGL ES API
E/RenderScript( 782): Attempting to bind 1 textures on shader id 3083960560, but only 0 are available
E/RenderScript_jni( 782): non fatal RS error, Cannot bind more textuers than available
E/libEGL ( 782): called unimplemented OpenGL ES API
E/libEGL ( 782): called unimplemented OpenGL ES API
E/libEGL ( 782): called unimplemented OpenGL ES API
E/libEGL ( 782): called unimplemented OpenGL ES API
E/libEGL ( 782): called unimplemented OpenGL ES API
E/RenderScript( 782): Attempting to bind 1 textures on shader id 3083960560, but only 0 are available
E/RenderScript_jni( 782): non fatal RS error, Cannot bind more textuers than available
E/libEGL ( 782): called unimplemented OpenGL ES API
E/libEGL ( 782): called unimplemented OpenGL ES API
E/libEGL ( 782): called unimplemented OpenGL ES API
E/libEGL ( 782): called unimplemented OpenGL ES API
E/libEGL ( 782): called unimplemented OpenGL ES API
E/RenderScript( 782): Attempting to bind 1 textures on shader id 3083960560, but only 0 are available
E/RenderScript_jni( 782): non fatal RS error, Cannot bind more textuers than available
E/libEGL ( 782): called unimplemented OpenGL ES API
E/libEGL ( 782): called unimplemented OpenGL ES API
E/libEGL ( 782): called unimplemented OpenGL ES API
E/libEGL ( 782): called unimplemented OpenGL ES API
E/libEGL ( 782): called unimplemented OpenGL ES API
E/RenderScript( 782): Attempting to bind 1 textures on shader id 3083960560, but only 0 are available
E/RenderScript_jni( 782): non fatal RS error, Cannot bind more textuers than available
E/libEGL ( 782): called unimplemented OpenGL ES API
E/libEGL ( 782): called unimplemented OpenGL ES API
E/libEGL ( 782): called unimplemented OpenGL ES API
E/libEGL ( 782): called unimplemented OpenGL ES API
E/libEGL ( 782): called unimplemented OpenGL ES API
E/RenderScript( 782): Attempting to bind 1 textures on shader id 3083960560, but only 0 are available
E/RenderScript_jni( 782): non fatal RS error, Cannot bind more textuers than available
E/libEGL ( 782): called unimplemented OpenGL ES API
E/libEGL ( 782): called unimplemented OpenGL ES API
E/libEGL ( 782): called unimplemented OpenGL ES API
E/libEGL ( 782): called unimplemented OpenGL ES API
E/libEGL ( 782): called unimplemented OpenGL ES API
E/RenderScript( 782): Attempting to bind 1 textures on shader id 3083960560, but only 0 are available
E/RenderScript_jni( 782): non fatal RS error, Cannot bind more textuers than available
E/libEGL ( 782): called unimplemented OpenGL ES API
E/libEGL ( 782): called unimplemented OpenGL ES API
E/libEGL ( 782): called unimplemented OpenGL ES API
E/libEGL ( 782): called unimplemented OpenGL ES API
E/libEGL ( 782): called unimplemented OpenGL ES API
E/RenderScript( 782): Attempting to bind 1 textures on shader id 3083960560, but only 0 are available
E/RenderScript_jni( 782): non fatal RS error, Cannot bind more textuers than available
E/libEGL ( 782): called unimplemented OpenGL ES API
E/libEGL ( 782): called unimplemented OpenGL ES API
E/libEGL ( 782): called unimplemented OpenGL ES API
E/libEGL ( 782): called unimplemented OpenGL ES API
E/libEGL ( 782): called unimplemented OpenGL ES API
E/RenderScript( 782): Attempting to bind 1 textures on shader id 3083960560, but only 0 are available
E/RenderScript_jni( 782): non fatal RS error, Cannot bind more textuers than available
E/libEGL ( 782): called unimplemented OpenGL ES API
E/libEGL ( 782): called unimplemented OpenGL ES API
E/libEGL ( 782): called unimplemented OpenGL ES API
E/libEGL ( 782): called unimplemented OpenGL ES API
E/libEGL ( 782): called unimplemented OpenGL ES API
E/RenderScript( 782): Attempting to bind 1 textures on shader id 3083960560, but only 0 are available
E/RenderScript_jni( 782): non fatal RS error, Cannot bind more textuers than available
E/libEGL ( 782): called unimplemented OpenGL ES API
E/libEGL ( 782): called unimplemented OpenGL ES API
E/libEGL ( 782): called unimplemented OpenGL ES API
E/libEGL ( 782): called unimplemented OpenGL ES API
E/libEGL ( 782): called unimplemented OpenGL ES API
E/RenderScript( 782): Attempting to bind 1 textures on shader id 3083960560, but only 0 are available
E/RenderScript_jni( 782): non fatal RS error, Cannot bind more textuers than available
E/libEGL ( 782): called unimplemented OpenGL ES API
E/libEGL ( 782): called unimplemented OpenGL ES API
E/libEGL ( 782): called unimplemented OpenGL ES API
E/libEGL ( 782): called unimplemented OpenGL ES API
E/libEGL ( 782): called unimplemented OpenGL ES API
E/RenderScript( 782): Attempting to bind 1 textures on shader id 3082566016, but only 0 are available
E/RenderScript_jni( 782): non fatal RS error, Cannot bind more textuers than available
E/libEGL ( 782): called unimplemented OpenGL ES API
E/libEGL ( 782): called unimplemented OpenGL ES API
E/libEGL ( 782): called unimplemented OpenGL ES API
E/libEGL ( 782): called unimplemented OpenGL ES API
E/libEGL ( 782): called unimplemented OpenGL ES API
E/libEGL ( 782): called unimplemented OpenGL ES API
E/libEGL ( 782): called unimplemented OpenGL ES API
E/libEGL ( 782): called unimplemented OpenGL ES API
E/libEGL ( 782): called unimplemented OpenGL ES API
E/libEGL ( 782): called unimplemented OpenGL ES API
E/libEGL ( 782): called unimplemented OpenGL ES API
E/RenderScript( 782): Attempting to bind 1 textures on shader id 3083960560, but only 0 are available
E/RenderScript_jni( 782): non fatal RS error, Cannot bind more textuers than available
E/libEGL ( 782): called unimplemented OpenGL ES API
E/libEGL ( 782): called unimplemented OpenGL ES API
E/libEGL ( 782): called unimplemented OpenGL ES API
E/libEGL ( 782): called unimplemented OpenGL ES API
E/libEGL ( 782): called unimplemented OpenGL ES API
E/RenderScript( 782): Attempting to bind 1 textures on shader id 3083960560, but only 0 are available
E/RenderScript_jni( 782): non fatal RS error, Cannot bind more textuers than available
E/libEGL ( 782): called unimplemented OpenGL ES API
E/libEGL ( 782): called unimplemented OpenGL ES API
E/libEGL ( 782): called unimplemented OpenGL ES API
E/libEGL ( 782): called unimplemented OpenGL ES API
E/libEGL ( 782): called unimplemented OpenGL ES API
E/RenderScript( 782): Attempting to bind 1 textures on shader id 3083960560, but only 0 are available
E/RenderScript_jni( 782): non fatal RS error, Cannot bind more textuers than available
E/libEGL ( 782): called unimplemented OpenGL ES API
E/libEGL ( 782): called unimplemented OpenGL ES API
E/libEGL ( 782): called unimplemented OpenGL ES API
E/libEGL ( 782): called unimplemented OpenGL ES API
E/libEGL ( 782): called unimplemented OpenGL ES API
E/RenderScript( 782): Attempting to bind 1 textures on shader id 3083960560, but only 0 are available
E/RenderScript_jni( 782): non fatal RS error, Cannot bind more textuers than available
E/libEGL ( 782): called unimplemented OpenGL ES API
E/libEGL ( 782): called unimplemented OpenGL ES API
E/libEGL ( 782): called unimplemented OpenGL ES API
E/libEGL ( 782): called unimplemented OpenGL ES API
E/libEGL ( 782): called unimplemented OpenGL ES API
E/RenderScript( 782): Attempting to bind 1 textures on shader id 3083960560, but only 0 are available
E/RenderScript_jni( 782): non fatal RS error, Cannot bind more textuers than available
E/libEGL ( 782): called unimplemented OpenGL ES API
E/libEGL ( 782): called unimplemented OpenGL ES API
E/libEGL ( 782): called unimplemented OpenGL ES API
E/libEGL ( 782): called unimplemented OpenGL ES API
E/libEGL ( 782): called unimplemented OpenGL ES API
E/RenderScript( 782): Attempting to bind 1 textures on shader id 3083960560, but only 0 are available
E/RenderScript_jni( 782): non fatal RS error, Cannot bind more textuers than available
E/libEGL ( 782): called unimplemented OpenGL ES API
E/libEGL ( 782): called unimplemented OpenGL ES API
E/libEGL ( 782): called unimplemented OpenGL ES API
E/libEGL ( 782): called unimplemented OpenGL ES API
E/libEGL ( 782): called unimplemented OpenGL ES API
E/RenderScript( 782): Attempting to bind 1 textures on shader id 3083960560, but only 0 are available
E/RenderScript_jni( 782): non fatal RS error, Cannot bind more textuers than available
E/libEGL ( 782): called unimplemented OpenGL ES API
E/libEGL ( 782): called unimplemented OpenGL ES API
E/libEGL ( 782): called unimplemented OpenGL ES API
E/libEGL ( 782): called unimplemented OpenGL ES API
E/libEGL ( 782): called unimplemented OpenGL ES API
E/RenderScript( 782): Attempting to bind 1 textures on shader id 3083960560, but only 0 are available
E/RenderScript_jni( 782): non fatal RS error, Cannot bind more textuers than available
E/libEGL ( 782): called unimplemented OpenGL ES API
E/libEGL ( 782): called unimplemented OpenGL ES API
E/libEGL ( 782): called unimplemented OpenGL ES API
E/libEGL ( 782): called unimplemented OpenGL ES API
E/libEGL ( 782): called unimplemented OpenGL ES API
E/RenderScript( 782): Attempting to bind 1 textures on shader id 3083960560, but only 0 are available
E/RenderScript_jni( 782): non fatal RS error, Cannot bind more textuers than available
E/libEGL ( 782): called unimplemented OpenGL ES API
E/libEGL ( 782): called unimplemented OpenGL ES API
E/libEGL ( 782): called unimplemented OpenGL ES API
E/libEGL ( 782): called unimplemented OpenGL ES API
E/libEGL ( 782): called unimplemented OpenGL ES API
E/RenderScript( 782): Attempting to bind 1 textures on shader id 3083960560, but only 0 are available
E/RenderScript_jni( 782): non fatal RS error, Cannot bind more textuers than available
E/libEGL ( 782): called unimplemented OpenGL ES API
E/libEGL ( 782): called unimplemented OpenGL ES API
E/libEGL ( 782): called unimplemented OpenGL ES API
E/libEGL ( 782): called unimplemented OpenGL ES API
E/libEGL ( 782): called unimplemented OpenGL ES API
E/RenderScript( 782): Attempting to bind 1 textures on shader id 3083960560, but only 0 are available
E/RenderScript_jni( 782): non fatal RS error, Cannot bind more textuers than available
E/libEGL ( 782): called unimplemented OpenGL ES API
E/libEGL ( 782): called unimplemented OpenGL ES API
E/libEGL ( 782): called unimplemented OpenGL ES API
E/libEGL ( 782): called unimplemented OpenGL ES API
E/libEGL ( 782): called unimplemented OpenGL ES API
E/RenderScript( 782): Attempting to bind 1 textures on shader id 3083960560, but only 0 are available
E/RenderScript_jni( 782): non fatal RS error, Cannot bind more textuers than available
E/libEGL ( 782): called unimplemented OpenGL ES API
E/libEGL ( 782): called unimplemented OpenGL ES API
E/libEGL ( 782): called unimplemented OpenGL ES API
E/libEGL ( 782): called unimplemented OpenGL ES API
E/libEGL ( 782): called unimplemented OpenGL ES API
E/RenderScript( 782): Attempting to bind 1 textures on shader id 3083960560, but only 0 are available
E/RenderScript_jni( 782): non fatal RS error, Cannot bind more textuers than available
E/libEGL ( 782): called unimplemented OpenGL ES API
E/libEGL ( 782): called unimplemented OpenGL ES API
E/libEGL ( 782): called unimplemented OpenGL ES API
E/libEGL ( 782): called unimplemented OpenGL ES API
E/libEGL ( 782): called unimplemented OpenGL ES API
E/RenderScript( 782): Attempting to bind 1 textures on shader id 3083960560, but only 0 are available
E/RenderScript_jni( 782): non fatal RS error, Cannot bind more textuers than available
E/libEGL ( 782): called unimplemented OpenGL ES API
E/libEGL ( 782): called unimplemented OpenGL ES API
E/libEGL ( 782): called unimplemented OpenGL ES API
E/libEGL ( 782): called unimplemented OpenGL ES API
E/libEGL ( 782): called unimplemented OpenGL ES API
E/RenderScript( 782): Attempting to bind 1 textures on shader id 3082566016, but only 0 are available
E/RenderScript_jni( 782): non fatal RS error, Cannot bind more textuers than available
E/libEGL ( 782): called unimplemented OpenGL ES API
E/libEGL ( 782): called unimplemented OpenGL ES API
E/libEGL ( 782): called unimplemented OpenGL ES API
E/libEGL ( 782): called unimplemented OpenGL ES API
E/libEGL ( 782): called unimplemented OpenGL ES API
E/libEGL ( 782): called unimplemented OpenGL ES API
E/libEGL ( 782): called unimplemented OpenGL ES API
E/libEGL ( 782): called unimplemented OpenGL ES API
E/libEGL ( 782): called unimplemented OpenGL ES API
E/libEGL ( 782): called unimplemented OpenGL ES API
E/libEGL ( 782): called unimplemented OpenGL ES API
E/RenderScript( 782): Attempting to bind 1 textures on shader id 3083960560, but only 0 are available
E/RenderScript_jni( 782): non fatal RS error, Cannot bind more textuers than available
E/libEGL ( 782): called unimplemented OpenGL ES API
E/libEGL ( 782): called unimplemented OpenGL ES API
E/libEGL ( 782): called unimplemented OpenGL ES API
E/libEGL ( 782): called unimplemented OpenGL ES API
E/libEGL ( 782): called unimplemented OpenGL ES API
E/RenderScript( 782): Attempting to bind 1 textures on shader id 3083960560, but only 0 are available
E/RenderScript_jni( 782): non fatal RS error, Cannot bind more textuers than available
E/libEGL ( 782): called unimplemented OpenGL ES API
E/libEGL ( 782): called unimplemented OpenGL ES API
E/libEGL ( 782): called unimplemented OpenGL ES API
E/libEGL ( 782): called unimplemented OpenGL ES API
E/libEGL ( 782): called unimplemented OpenGL ES API
E/RenderScript( 782): Attempting to bind 1 textures on shader id 3083960560, but only 0 are available
E/RenderScript_jni( 782): non fatal RS error, Cannot bind more textuers than available
E/libEGL ( 782): called unimplemented OpenGL ES API
E/libEGL ( 782): called unimplemented OpenGL ES API
E/libEGL ( 782): called unimplemented OpenGL ES API
E/libEGL ( 782): called unimplemented OpenGL ES API
E/libEGL ( 782): called unimplemented OpenGL ES API
E/RenderScript( 782): Attempting to bind 1 textures on shader id 3083960560, but only 0 are available
E/RenderScript_jni( 782): non fatal RS error, Cannot bind more textuers than available
E/libEGL ( 782): called unimplemented OpenGL ES API
E/libEGL ( 782): called unimplemented OpenGL ES API
E/libEGL ( 782): called unimplemented OpenGL ES API
E/libEGL ( 782): called unimplemented OpenGL ES API
E/libEGL ( 782): called unimplemented OpenGL ES API
E/RenderScript( 782): Attempting to bind 1 textures on shader id 3083960560, but only 0 are available
E/RenderScript_jni( 782): non fatal RS error, Cannot bind more textuers than available
E/libEGL ( 782): called unimplemented OpenGL ES API
E/libEGL ( 782): called unimplemented OpenGL ES API
E/libEGL ( 782): called unimplemented OpenGL ES API
E/libEGL ( 782): called unimplemented OpenGL ES API
E/libEGL ( 782): called unimplemented OpenGL ES API
E/RenderScript( 782): Attempting to bind 1 textures on shader id 3083960560, but only 0 are available
E/RenderScript_jni( 782): non fatal RS error, Cannot bind more textuers than available
E/libEGL ( 782): called unimplemented OpenGL ES API
E/libEGL ( 782): called unimplemented OpenGL ES API
E/libEGL ( 782): called unimplemented OpenGL ES API
E/libEGL ( 782): called unimplemented OpenGL ES API
E/libEGL ( 782): called unimplemented OpenGL ES API
E/RenderScript( 782): Attempting to bind 1 textures on shader id 3083960560, but only 0 are available
E/RenderScript_jni( 782): non fatal RS error, Cannot bind more textuers than available
E/libEGL ( 782): called unimplemented OpenGL ES API
E/libEGL ( 782): called unimplemented OpenGL ES API
E/libEGL ( 782): called unimplemented OpenGL ES API
E/libEGL ( 782): called unimplemented OpenGL ES API
E/libEGL ( 782): called unimplemented OpenGL ES API
E/RenderScript( 782): Attempting to bind 1 textures on shader id 3083960560, but only 0 are available
E/RenderScript_jni( 782): non fatal RS error, Cannot bind more textuers than available
E/libEGL ( 782): called unimplemented OpenGL ES API
E/libEGL ( 782): called unimplemented OpenGL ES API
E/libEGL ( 782): called unimplemented OpenGL ES API
E/libEGL ( 782): called unimplemented OpenGL ES API
E/libEGL ( 782): called unimplemented OpenGL ES API
E/RenderScript( 782): Attempting to bind 1 textures on shader id 3083960560, but only 0 are available
E/RenderScript_jni( 782): non fatal RS error, Cannot bind more textuers than available
E/libEGL ( 782): called unimplemented OpenGL ES API
E/libEGL ( 782): called unimplemented OpenGL ES API
E/libEGL ( 782): called unimplemented OpenGL ES API
E/libEGL ( 782): called unimplemented OpenGL ES API
E/libEGL ( 782): called unimplemented OpenGL ES API
E/RenderScript( 782): Attempting to bind 1 textures on shader id 3083960560, but only 0 are available
E/RenderScript_jni( 782): non fatal RS error, Cannot bind more textuers than available
E/libEGL ( 782): called unimplemented OpenGL ES API
E/libEGL ( 782): called unimplemented OpenGL ES API
E/libEGL ( 782): called unimplemented OpenGL ES API
E/libEGL ( 782): called unimplemented OpenGL ES API
E/libEGL ( 782): called unimplemented OpenGL ES API
E/RenderScript( 782): Attempting to bind 1 textures on shader id 3083960560, but only 0 are available
E/RenderScript_jni( 782): non fatal RS error, Cannot bind more textuers than available
E/libEGL ( 782): called unimplemented OpenGL ES API
E/libEGL ( 782): called unimplemented OpenGL ES API
E/libEGL ( 782): called unimplemented OpenGL ES API
E/libEGL ( 782): called unimplemented OpenGL ES API
E/libEGL ( 782): called unimplemented OpenGL ES API
E/RenderScript( 782): Attempting to bind 1 textures on shader id 3083960560, but only 0 are available
E/RenderScript_jni( 782): non fatal RS error, Cannot bind more textuers than available
E/libEGL ( 782): called unimplemented OpenGL ES API
E/libEGL ( 782): called unimplemented OpenGL ES API
E/libEGL ( 782): called unimplemented OpenGL ES API
E/libEGL ( 782): called unimplemented OpenGL ES API
E/libEGL ( 782): called unimplemented OpenGL ES API
E/RenderScript( 782): Attempting to bind 1 textures on shader id 3083960560, but only 0 are available
E/RenderScript_jni( 782): non fatal RS error, Cannot bind more textuers than available
E/libEGL ( 782): called unimplemented OpenGL ES API
E/libEGL ( 782): called unimplemented OpenGL ES API
E/libEGL ( 782): called unimplemented OpenGL ES API
E/libEGL ( 782): called unimplemented OpenGL ES API
E/libEGL ( 782): called unimplemented OpenGL ES API
E/RenderScript( 782): Attempting to bind 1 textures on shader id 3083960560, but only 0 are available
E/RenderScript_jni( 782): non fatal RS error, Cannot bind more textuers than available
E/libEGL ( 782): called unimplemented OpenGL ES API
E/libEGL ( 782): called unimplemented OpenGL ES API
E/libEGL ( 782): called unimplemented OpenGL ES API
E/libEGL ( 782): called unimplemented OpenGL ES API
E/libEGL ( 782): called unimplemented OpenGL ES API
E/RenderScript( 782): Attempting to bind 1 textures on shader id 3082566016, but only 0 are available
E/RenderScript_jni( 782): non fatal RS error, Cannot bind more textuers than available
E/libEGL ( 782): called unimplemented OpenGL ES API
E/libEGL ( 782): called unimplemented OpenGL ES API
E/libEGL ( 782): called unimplemented OpenGL ES API
E/libEGL ( 782): called unimplemented OpenGL ES API
E/libEGL ( 782): called unimplemented OpenGL ES API
E/libEGL ( 782): called unimplemented OpenGL ES API
E/libEGL ( 782): called unimplemented OpenGL ES API
E/libEGL ( 782): called unimplemented OpenGL ES API
E/libEGL ( 782): called unimplemented OpenGL ES API
E/libEGL ( 782): called unimplemented OpenGL ES API
E/libEGL ( 782): called unimplemented OpenGL ES API
E/RenderScript( 782): Attempting to bind 1 textures on shader id 3083960560, but only 0 are available
E/RenderScript_jni( 782): non fatal RS error, Cannot bind more textuers than available
E/libEGL ( 782): called unimplemented OpenGL ES API
E/libEGL ( 782): called unimplemented OpenGL ES API
E/libEGL ( 782): called unimplemented OpenGL ES API
E/libEGL ( 782): called unimplemented OpenGL ES API
E/libEGL ( 782): called unimplemented OpenGL ES API
E/RenderScript( 782): Attempting to bind 1 textures on shader id 3083960560, but only 0 are available
E/RenderScript_jni( 782): non fatal RS error, Cannot bind more textuers than available
E/libEGL ( 782): called unimplemented OpenGL ES API
E/libEGL ( 782): called unimplemented OpenGL ES API
E/libEGL ( 782): called unimplemented OpenGL ES API
E/libEGL ( 782): called unimplemented OpenGL ES API
E/libEGL ( 782): called unimplemented OpenGL ES API
E/RenderScript( 782): Attempting to bind 1 textures on shader id 3083960560, but only 0 are available
E/RenderScript_jni( 782): non fatal RS error, Cannot bind more textuers than available
E/libEGL ( 782): called unimplemented OpenGL ES API
E/libEGL ( 782): called unimplemented OpenGL ES API
E/libEGL ( 782): called unimplemented OpenGL ES API
E/libEGL ( 782): called unimplemented OpenGL ES API
E/libEGL ( 782): called unimplemented OpenGL ES API
E/RenderScript( 782): Attempting to bind 1 textures on shader id 3083960560, but only 0 are available
E/RenderScript_jni( 782): non fatal RS error, Cannot bind more textuers than available
E/libEGL ( 782): called unimplemented OpenGL ES API
E/libEGL ( 782): called unimplemented OpenGL ES API
E/libEGL ( 782): called unimplemented OpenGL ES API
E/libEGL ( 782): called unimplemented OpenGL ES API
E/libEGL ( 782): called unimplemented OpenGL ES API
E/RenderScript( 782): Attempting to bind 1 textures on shader id 3083960560, but only 0 are available
E/RenderScript_jni( 782): non fatal RS error, Cannot bind more textuers than available
E/libEGL ( 782): called unimplemented OpenGL ES API
E/libEGL ( 782): called unimplemented OpenGL ES API
E/libEGL ( 782): called unimplemented OpenGL ES API
E/libEGL ( 782): called unimplemented OpenGL ES API
E/libEGL ( 782): called unimplemented OpenGL ES API
E/RenderScript( 782): Attempting to bind 1 textures on shader id 3083960560, but only 0 are available
E/RenderScript_jni( 782): non fatal RS error, Cannot bind more textuers than available
E/libEGL ( 782): called unimplemented OpenGL ES API
E/libEGL ( 782): called unimplemented OpenGL ES API
E/libEGL ( 782): called unimplemented OpenGL ES API
E/libEGL ( 782): called unimplemented OpenGL ES API
E/libEGL ( 782): called unimplemented OpenGL ES API
E/RenderScript( 782): Attempting to bind 1 textures on shader id 3083960560, but only 0 are available
E/RenderScript_jni( 782): non fatal RS error, Cannot bind more textuers than available
E/libEGL ( 782): called unimplemented OpenGL ES API
E/libEGL ( 782): called unimplemented OpenGL ES API
E/libEGL ( 782): called unimplemented OpenGL ES API
E/libEGL ( 782): called unimplemented OpenGL ES API
E/libEGL ( 782): called unimplemented OpenGL ES API
E/RenderScript( 782): Attempting to bind 1 textures on shader id 3083960560, but only 0 are available
E/RenderScript_jni( 782): non fatal RS error, Cannot bind more textuers than available
E/libEGL ( 782): called unimplemented OpenGL ES API
E/libEGL ( 782): called unimplemented OpenGL ES API
E/libEGL ( 782): called unimplemented OpenGL ES API
E/libEGL ( 782): called unimplemented OpenGL ES API
E/libEGL ( 782): called unimplemented OpenGL ES API
E/RenderScript( 782): Attempting to bind 1 textures on shader id 3083960560, but only 0 are available
E/RenderScript_jni( 782): non fatal RS error, Cannot bind more textuers than available
E/libEGL ( 782): called unimplemented OpenGL ES API
E/libEGL ( 782): called unimplemented OpenGL ES API
E/libEGL ( 782): called unimplemented OpenGL ES API
E/libEGL ( 782): called unimplemented OpenGL ES API
E/libEGL ( 782): called unimplemented OpenGL ES API
E/RenderScript( 782): Attempting to bind 1 textures on shader id 3083960560, but only 0 are available
E/RenderScript_jni( 782): non fatal RS error, Cannot bind more textuers than available
E/libEGL ( 782): called unimplemented OpenGL ES API
E/libEGL ( 782): called unimplemented OpenGL ES API
E/libEGL ( 782): called unimplemented OpenGL ES API
E/libEGL ( 782): called unimplemented OpenGL ES API
E/libEGL ( 782): called unimplemented OpenGL ES API
E/RenderScript( 782): Attempting to bind 1 textures on shader id 3083960560, but only 0 are available
E/RenderScript_jni( 782): non fatal RS error, Cannot bind more textuers than available
E/libEGL ( 782): called unimplemented OpenGL ES API
E/libEGL ( 782): called unimplemented OpenGL ES API
E/libEGL ( 782): called unimplemented OpenGL ES API
E/libEGL ( 782): called unimplemented OpenGL ES API
E/libEGL ( 782): called unimplemented OpenGL ES API
E/RenderScript( 782): Attempting to bind 1 textures on shader id 3083960560, but only 0 are available
E/RenderScript_jni( 782): non fatal RS error, Cannot bind more textuers than available
E/libEGL ( 782): called unimplemented OpenGL ES API
E/libEGL ( 782): called unimplemented OpenGL ES API
E/libEGL ( 782): called unimplemented OpenGL ES API
E/libEGL ( 782): called unimplemented OpenGL ES API
E/libEGL ( 782): called unimplemented OpenGL ES API
E/RenderScript( 782): Attempting to bind 1 textures on shader id 3083960560, but only 0 are available
E/RenderScript_jni( 782): non fatal RS error, Cannot bind more textuers than available
E/libEGL ( 782): called unimplemented OpenGL ES API
E/libEGL ( 782): called unimplemented OpenGL ES API
E/libEGL ( 782): called unimplemented OpenGL ES API
E/libEGL ( 782): called unimplemented OpenGL ES API
E/libEGL ( 782): called unimplemented OpenGL ES API
E/RenderScript( 782): Attempting to bind 1 textures on shader id 3083960560, but only 0 are available
E/RenderScript_jni( 782): non fatal RS error, Cannot bind more textuers than available
E/libEGL ( 782): called unimplemented OpenGL ES API
E/libEGL ( 782): called unimplemented OpenGL ES API
E/libEGL ( 782): called unimplemented OpenGL ES API
E/libEGL ( 782): called unimplemented OpenGL ES API
E/libEGL ( 782): called unimplemented OpenGL ES API
E/RenderScript( 782): Attempting to bind 1 textures on shader id 3082566016, but only 0 are available
E/RenderScript_jni( 782): non fatal RS error, Cannot bind more textuers than available
E/libEGL ( 782): called unimplemented OpenGL ES API
E/libEGL ( 782): called unimplemented OpenGL ES API
E/libEGL ( 782): called unimplemented OpenGL ES API
E/libEGL ( 782): called unimplemented OpenGL ES API
E/libEGL ( 782): called unimplemented OpenGL ES API
E/libEGL ( 782): called unimplemented OpenGL ES API
E/libEGL ( 782): called unimplemented OpenGL ES API
E/libEGL ( 782): called unimplemented OpenGL ES API
E/libEGL ( 782): called unimplemented OpenGL ES API
E/libEGL ( 782): called unimplemented OpenGL ES API
E/libEGL ( 782): called unimplemented OpenGL ES API
E/RenderScript( 782): Attempting to bind 1 textures on shader id 3083960560, but only 0 are available
E/RenderScript_jni( 782): non fatal RS error, Cannot bind more textuers than available
E/libEGL ( 782): called unimplemented OpenGL ES API
E/libEGL ( 782): called unimplemented OpenGL ES API
E/libEGL ( 782): called unimplemented OpenGL ES API
E/libEGL ( 782): called unimplemented OpenGL ES API
E/libEGL ( 782): called unimplemented OpenGL ES API
E/RenderScript( 782): Attempting to bind 1 textures on shader id 3083960560, but only 0 are available
E/RenderScript_jni( 782): non fatal RS error, Cannot bind more textuers than available
E/libEGL ( 782): called unimplemented OpenGL ES API
E/libEGL ( 782): called unimplemented OpenGL ES API
E/libEGL ( 782): called unimplemented OpenGL ES API
E/libEGL ( 782): called unimplemented OpenGL ES API
E/libEGL ( 782): called unimplemented OpenGL ES API
E/RenderScript( 782): Attempting to bind 1 textures on shader id 3083960560, but only 0 are available
E/RenderScript_jni( 782): non fatal RS error, Cannot bind more textuers than available
E/libEGL ( 782): called unimplemented OpenGL ES API
E/libEGL ( 782): called unimplemented OpenGL ES API
E/libEGL ( 782): called unimplemented OpenGL ES API
E/libEGL ( 782): called unimplemented OpenGL ES API
E/libEGL ( 782): called unimplemented OpenGL ES API
E/RenderScript( 782): Attempting to bind 1 textures on shader id 3083960560, but only 0 are available
E/RenderScript_jni( 782): non fatal RS error, Cannot bind more textuers than available
E/libEGL ( 782): called unimplemented OpenGL ES API
E/libEGL ( 782): called unimplemented OpenGL ES API
E/libEGL ( 782): called unimplemented OpenGL ES API
E/libEGL ( 782): called unimplemented OpenGL ES API
E/libEGL ( 782): called unimplemented OpenGL ES API
E/RenderScript( 782): Attempting to bind 1 textures on shader id 3083960560, but only 0 are available
E/RenderScript_jni( 782): non fatal RS error, Cannot bind more textuers than available
E/libEGL ( 782): called unimplemented OpenGL ES API
E/libEGL ( 782): called unimplemented OpenGL ES API
E/libEGL ( 782): called unimplemented OpenGL ES API
E/libEGL ( 782): called unimplemented OpenGL ES API
E/libEGL ( 782): called unimplemented OpenGL ES API
E/RenderScript( 782): Attempting to bind 1 textures on shader id 3083960560, but only 0 are available
E/RenderScript_jni( 782): non fatal RS error, Cannot bind more textuers than available
E/libEGL ( 782): called unimplemented OpenGL ES API
E/libEGL ( 782): called unimplemented OpenGL ES API
E/libEGL ( 782): called unimplemented OpenGL ES API
E/libEGL ( 782): called unimplemented OpenGL ES API
E/libEGL ( 782): called unimplemented OpenGL ES API
E/RenderScript( 782): Attempting to bind 1 textures on shader id 3083960560, but only 0 are available
E/RenderScript_jni( 782): non fatal RS error, Cannot bind more textuers than available
E/libEGL ( 782): called unimplemented OpenGL ES API
E/libEGL ( 782): called unimplemented OpenGL ES API
E/libEGL ( 782): called unimplemented OpenGL ES API
E/libEGL ( 782): called unimplemented OpenGL ES API
E/libEGL ( 782): called unimplemented OpenGL ES API
E/RenderScript( 782): Attempting to bind 1 textures on shader id 3083960560, but only 0 are available
E/RenderScript_jni( 782): non fatal RS error, Cannot bind more textuers than available
E/libEGL ( 782): called unimplemented OpenGL ES API
E/libEGL ( 782): called unimplemented OpenGL ES API
E/libEGL ( 782): called unimplemented OpenGL ES API
E/libEGL ( 782): called unimplemented OpenGL ES API
E/libEGL ( 782): called unimplemented OpenGL ES API
E/RenderScript( 782): Attempting to bind 1 textures on shader id 3083960560, but only 0 are available
E/RenderScript_jni( 782): non fatal RS error, Cannot bind more textuers than available
E/libEGL ( 782): called unimplemented OpenGL ES API
E/libEGL ( 782): called unimplemented OpenGL ES API
E/libEGL ( 782): called unimplemented OpenGL ES API
E/libEGL ( 782): called unimplemented OpenGL ES API
E/libEGL ( 782): called unimplemented OpenGL ES API
E/RenderScript( 782): Attempting to bind 1 textures on shader id 3083960560, but only 0 are available
E/RenderScript_jni( 782): non fatal RS error, Cannot bind more textuers than available
E/libEGL ( 782): called unimplemented OpenGL ES API
E/libEGL ( 782): called unimplemented OpenGL ES API
E/libEGL ( 782): called unimplemented OpenGL ES API
E/libEGL ( 782): called unimplemented OpenGL ES API
E/libEGL ( 782): called unimplemented OpenGL ES API
E/RenderScript( 782): Attempting to bind 1 textures on shader id 3083960560, but only 0 are available
E/RenderScript_jni( 782): non fatal RS error, Cannot bind more textuers than available
E/libEGL ( 782): called unimplemented OpenGL ES API
E/libEGL ( 782): called unimplemented OpenGL ES API
E/libEGL ( 782): called unimplemented OpenGL ES API
E/libEGL ( 782): called unimplemented OpenGL ES API
E/libEGL ( 782): called unimplemented OpenGL ES API
E/RenderScript( 782): Attempting to bind 1 textures on shader id 3083960560, but only 0 are available
E/RenderScript_jni( 782): non fatal RS error, Cannot bind more textuers than available
E/libEGL ( 782): called unimplemented OpenGL ES API
E/libEGL ( 782): called unimplemented OpenGL ES API
E/libEGL ( 782): called unimplemented OpenGL ES API
E/libEGL ( 782): called unimplemented OpenGL ES API
E/libEGL ( 782): called unimplemented OpenGL ES API
E/RenderScript( 782): Attempting to bind 1 textures on shader id 3083960560, but only 0 are available
E/RenderScript_jni( 782): non fatal RS error, Cannot bind more textuers than available
E/libEGL ( 782): called unimplemented OpenGL ES API
E/libEGL ( 782): called unimplemented OpenGL ES API
E/libEGL ( 782): called unimplemented OpenGL ES API
E/libEGL ( 782): called unimplemented OpenGL ES API
E/libEGL ( 782): called unimplemented OpenGL ES API
E/RenderScript( 782): Attempting to bind 1 textures on shader id 3083960560, but only 0 are available
E/RenderScript_jni( 782): non fatal RS error, Cannot bind more textuers than available
E/libEGL ( 782): called unimplemented OpenGL ES API
E/libEGL ( 782): called unimplemented OpenGL ES API
E/libEGL ( 782): called unimplemented OpenGL ES API
E/libEGL ( 782): called unimplemented OpenGL ES API
E/libEGL ( 782): called unimplemented OpenGL ES API
E/RenderScript( 782): Attempting to bind 1 textures on shader id 3083960560, but only 0 are available
E/RenderScript_jni( 782): non fatal RS error, Cannot bind more textuers than available
E/libEGL ( 782): called unimplemented OpenGL ES API
E/libEGL ( 782): called unimplemented OpenGL ES API
E/libEGL ( 782): called unimplemented OpenGL ES API
E/libEGL ( 782): called unimplemented OpenGL ES API
E/libEGL ( 782): called unimplemented OpenGL ES API
E/RenderScript( 782): Attempting to bind 1 textures on shader id 3082566016, but only 0 are available
E/RenderScript_jni( 782): non fatal RS error, Cannot bind more textuers than available
E/libEGL ( 782): called unimplemented OpenGL ES API
E/libEGL ( 782): called unimplemented OpenGL ES API
E/libEGL ( 782): called unimplemented OpenGL ES API
E/libEGL ( 782): called unimplemented OpenGL ES API
E/libEGL ( 782): called unimplemented OpenGL ES API
E/libEGL ( 782): called unimplemented OpenGL ES API
E/libEGL ( 782): called unimplemented OpenGL ES API
E/libEGL ( 782): called unimplemented OpenGL ES API
E/libEGL ( 782): called unimplemented OpenGL ES API
E/libEGL ( 782): called unimplemented OpenGL ES API
E/libEGL ( 782): called unimplemented OpenGL ES API
E/RenderScript( 782): Attempting to bind 1 textures on shader id 3083960560, but only 0 are available
E/RenderScript_jni( 782): non fatal RS error, Cannot bind more textuers than available
E/libEGL ( 782): called unimplemented OpenGL ES API
E/libEGL ( 782): called unimplemented OpenGL ES API
E/libEGL ( 782): called unimplemented OpenGL ES API
E/libEGL ( 782): called unimplemented OpenGL ES API
E/libEGL ( 782): called unimplemented OpenGL ES API
E/RenderScript( 782): Attempting to bind 1 textures on shader id 3083960560, but only 0 are available
E/RenderScript_jni( 782): non fatal RS error, Cannot bind more textuers than available
E/libEGL ( 782): called unimplemented OpenGL ES API
E/libEGL ( 782): called unimplemented OpenGL ES API
E/libEGL ( 782): called unimplemented OpenGL ES API
E/libEGL ( 782): called unimplemented OpenGL ES API
E/libEGL ( 782): called unimplemented OpenGL ES API
E/RenderScript( 782): Attempting to bind 1 textures on shader id 3083960560, but only 0 are available
E/RenderScript_jni( 782): non fatal RS error, Cannot bind more textuers than available
E/libEGL ( 782): called unimplemented OpenGL ES API
E/libEGL ( 782): called unimplemented OpenGL ES API
E/libEGL ( 782): called unimplemented OpenGL ES API
E/libEGL ( 782): called unimplemented OpenGL ES API
E/libEGL ( 782): called unimplemented OpenGL ES API
E/RenderScript( 782): Attempting to bind 1 textures on shader id 3083960560, but only 0 are available
E/RenderScript_jni( 782): non fatal RS error, Cannot bind more textuers than available
E/libEGL ( 782): called unimplemented OpenGL ES API
E/libEGL ( 782): called unimplemented OpenGL ES API
E/libEGL ( 782): called unimplemented OpenGL ES API
E/libEGL ( 782): called unimplemented OpenGL ES API
E/libEGL ( 782): called unimplemented OpenGL ES API
E/RenderScript( 782): Attempting to bind 1 textures on shader id 3083960560, but only 0 are available
E/RenderScript_jni( 782): non fatal RS error, Cannot bind more textuers than available
E/libEGL ( 782): called unimplemented OpenGL ES API
E/libEGL ( 782): called unimplemented OpenGL ES API
E/libEGL ( 782): called unimplemented OpenGL ES API
E/libEGL ( 782): called unimplemented OpenGL ES API
E/libEGL ( 782): called unimplemented OpenGL ES API
E/RenderScript( 782): Attempting to bind 1 textures on shader id 3083960560, but only 0 are available
E/RenderScript_jni( 782): non fatal RS error, Cannot bind more textuers than available
E/libEGL ( 782): called unimplemented OpenGL ES API
E/libEGL ( 782): called unimplemented OpenGL ES API
E/libEGL ( 782): called unimplemented OpenGL ES API
E/libEGL ( 782): called unimplemented OpenGL ES API
E/libEGL ( 782): called unimplemented OpenGL ES API
E/RenderScript( 782): Attempting to bind 1 textures on shader id 3083960560, but only 0 are available
E/RenderScript_jni( 782): non fatal RS error, Cannot bind more textuers than available
I/lights ( 601): write_int failed to open
I/lights ( 601): /sys/class/backlight/pwm-backlight/brightness and /sys/class/backlight/tps65217-bl/brightness
E/libEGL ( 782): called unimplemented OpenGL ES API
I/lights ( 601): write_int failed to open
I/lights ( 601): /sys/class/backlight/pwm-backlight/brightness and /sys/class/backlight/tps65217-bl/brightness
E/libEGL ( 782): called unimplemented OpenGL ES API
E/libEGL ( 782): called unimplemented OpenGL ES API
E/libEGL ( 782): called unimplemented OpenGL ES API
E/libEGL ( 782): called unimplemented OpenGL ES API
I/lights ( 601): write_int failed to open
I/lights ( 601): /sys/class/backlight/pwm-backlight/brightness and /sys/class/backlight/tps65217-bl/brightness
I/lights ( 601): write_int failed to open
I/lights ( 601): /sys/class/backlight/pwm-backlight/brightness and /sys/class/backlight/tps65217-bl/brightness
E/RenderScript( 782): Attempting to bind 1 textures on shader id 3083960560, but only 0 are available
E/RenderScript_jni( 782): non fatal RS error, Cannot bind more textuers than available
I/lights ( 601): write_int failed to open
I/lights ( 601): /sys/class/backlight/pwm-backlight/brightness and /sys/class/backlight/tps65217-bl/brightness
E/libEGL ( 782): called unimplemented OpenGL ES API
I/lights ( 601): write_int failed to open
I/lights ( 601): /sys/class/backlight/pwm-backlight/brightness and /sys/class/backlight/tps65217-bl/brightness
E/libEGL ( 782): called unimplemented OpenGL ES API
I/lights ( 601): write_int failed to open
I/lights ( 601): /sys/class/backlight/pwm-backlight/brightness and /sys/class/backlight/tps65217-bl/brightness
E/libEGL ( 782): called unimplemented OpenGL ES API
E/libEGL ( 782): called unimplemented OpenGL ES API
E/libEGL ( 782): called unimplemented OpenGL ES API
I/lights ( 601): write_int failed to open
I/lights ( 601): /sys/class/backlight/pwm-backlight/brightness and /sys/class/backlight/tps65217-bl/brightness
E/RenderScript( 782): Attempting to bind 1 textures on shader id 3083960560, but only 0 are available
E/RenderScript_jni( 782): non fatal RS error, Cannot bind more textuers than available
I/lights ( 601): write_int failed to open
I/lights ( 601): /sys/class/backlight/pwm-backlight/brightness and /sys/class/backlight/tps65217-bl/brightness
E/libEGL ( 782): called unimplemented OpenGL ES API
D/dalvikvm( 937): GC_CONCURRENT freed 413K, 36% free 3389K/5272K, paused 4ms+6ms, total 74ms
E/libEGL ( 782): called unimplemented OpenGL ES API
E/libEGL ( 782): called unimplemented OpenGL ES API
E/libEGL ( 782): called unimplemented OpenGL ES API
E/libEGL ( 782): called unimplemented OpenGL ES API
E/RenderScript( 782): Attempting to bind 1 textures on shader id 3083960560, but only 0 are available
E/RenderScript_jni( 782): non fatal RS error, Cannot bind more textuers than available
E/libEGL ( 782): called unimplemented OpenGL ES API
E/libEGL ( 782): called unimplemented OpenGL ES API
E/libEGL ( 782): called unimplemented OpenGL ES API
E/libEGL ( 782): called unimplemented OpenGL ES API
E/libEGL ( 782): called unimplemented OpenGL ES API
E/RenderScript( 782): Attempting to bind 1 textures on shader id 3083960560, but only 0 are available
E/RenderScript_jni( 782): non fatal RS error, Cannot bind more textuers than available
E/libEGL ( 782): called unimplemented OpenGL ES API
E/libEGL ( 782): called unimplemented OpenGL ES API
E/libEGL ( 782): called unimplemented OpenGL ES API
E/libEGL ( 782): called unimplemented OpenGL ES API
E/libEGL ( 782): called unimplemented OpenGL ES API
E/RenderScript( 782): Attempting to bind 1 textures on shader id 3083960560, but only 0 are available
I/lights ( 601): write_int failed to open
