E/libEGL ( 782): called unimplemented OpenGL ES API
E/libEGL ( 782): called unimplemented OpenGL ES API
E/RenderScript( 782): Attempting to bind 1 textures on shader id 3083960560, but only 0 are available
E/RenderScript_jni( 782): non fatal RS error, Cannot bind more textuers than available
E/libEGL ( 782): called unimplemented OpenGL ES API
E/libEGL ( 782): called unimplemented OpenGL ES API
E/libEGL ( 782): called unimplemented OpenGL ES API
E/libEGL ( 782): called unimplemented OpenGL ES API
E/libEGL ( 782): called unimplemented OpenGL ES API
E/RenderScript( 782): Attempting to bind 1 textures on shader id 3082566016, but only 0 are available
E/RenderScript_jni( 782): non fatal RS error, Cannot bind more textuers than available
E/libEGL ( 782): called unimplemented OpenGL ES API
E/libEGL ( 782): called unimplemented OpenGL ES API
E/libEGL ( 782): called unimplemented OpenGL ES API
E/libEGL ( 782): called unimplemented OpenGL ES API
E/libEGL ( 782): called unimplemented OpenGL ES API
E/libEGL ( 782): called unimplemented OpenGL ES API
E/libEGL ( 782): called unimplemented OpenGL ES API
E/libEGL ( 782): called unimplemented OpenGL ES API
E/libEGL ( 782): called unimplemented OpenGL ES API
E/libEGL ( 782): called unimplemented OpenGL ES API
E/libEGL ( 782): called unimplemented OpenGL ES API
E/RenderScript( 782): Attempting to bind 1 textures on shader id 3083960560, but only 0 are available
E/RenderScript_jni( 782): non fatal RS error, Cannot bind more textuers than available
E/libEGL ( 782): called unimplemented OpenGL ES API
E/libEGL ( 782): called unimplemented OpenGL ES API
E/libEGL ( 782): called unimplemented OpenGL ES API
E/libEGL ( 782): called unimplemented OpenGL ES API
E/libEGL ( 782): called unimplemented OpenGL ES API
E/RenderScript( 782): Attempting to bind 1 textures on shader id 3083960560, but only 0 are available
E/RenderScript_jni( 782): non fatal RS error, Cannot bind more textuers than available
E/libEGL ( 782): called unimplemented OpenGL ES API
E/libEGL ( 782): called unimplemented OpenGL ES API
E/libEGL ( 782): called unimplemented OpenGL ES API
E/libEGL ( 782): called unimplemented OpenGL ES API
E/libEGL ( 782): called unimplemented OpenGL ES API
E/RenderScript( 782): Attempting to bind 1 textures on shader id 3083960560, but only 0 are available
E/RenderScript_jni( 782): non fatal RS error, Cannot bind more textuers than available
E/libEGL ( 782): called unimplemented OpenGL ES API
E/libEGL ( 782): called unimplemented OpenGL ES API
E/libEGL ( 782): called unimplemented OpenGL ES API
E/libEGL ( 782): called unimplemented OpenGL ES API
E/libEGL ( 782): called unimplemented OpenGL ES API
E/RenderScript( 782): Attempting to bind 1 textures on shader id 3083960560, but only 0 are available
E/RenderScript_jni( 782): non fatal RS error, Cannot bind more textuers than available
E/libEGL ( 782): called unimplemented OpenGL ES API
E/libEGL ( 782): called unimplemented OpenGL ES API
E/libEGL ( 782): called unimplemented OpenGL ES API
E/libEGL ( 782): called unimplemented OpenGL ES API
E/libEGL ( 782): called unimplemented OpenGL ES API
E/RenderScript( 782): Attempting to bind 1 textures on shader id 3083960560, but only 0 are available
E/RenderScript_jni( 782): non fatal RS error, Cannot bind more textuers than available
E/libEGL ( 782): called unimplemented OpenGL ES API
E/libEGL ( 782): called unimplemented OpenGL ES API
E/libEGL ( 782): called unimplemented OpenGL ES API
E/libEGL ( 782): called unimplemented OpenGL ES API
E/libEGL ( 782): called unimplemented OpenGL ES API
E/RenderScript( 782): Attempting to bind 1 textures on shader id 3083960560, but only 0 are available
E/RenderScript_jni( 782): non fatal RS error, Cannot bind more textuers than available
E/libEGL ( 782): called unimplemented OpenGL ES API
E/libEGL ( 782): called unimplemented OpenGL ES API
E/libEGL ( 782): called unimplemented OpenGL ES API
E/libEGL ( 782): called unimplemented OpenGL ES API
E/libEGL ( 782): called unimplemented OpenGL ES API
E/RenderScript( 782): Attempting to bind 1 textures on shader id 3083960560, but only 0 are available
E/RenderScript_jni( 782): non fatal RS error, Cannot bind more textuers than available
E/libEGL ( 782): called unimplemented OpenGL ES API
E/libEGL ( 782): called unimplemented OpenGL ES API
E/libEGL ( 782): called unimplemented OpenGL ES API
E/libEGL ( 782): called unimplemented OpenGL ES API
E/libEGL ( 782): called unimplemented OpenGL ES API
E/RenderScript( 782): Attempting to bind 1 textures on shader id 3083960560, but only 0 are available
E/RenderScript_jni( 782): non fatal RS error, Cannot bind more textuers than available
E/libEGL ( 782): called unimplemented OpenGL ES API
E/libEGL ( 782): called unimplemented OpenGL ES API
E/libEGL ( 782): called unimplemented OpenGL ES API
E/libEGL ( 782): called unimplemented OpenGL ES API
E/libEGL ( 782): called unimplemented OpenGL ES API
E/RenderScript( 782): Attempting to bind 1 textures on shader id 3083960560, but only 0 are available
E/RenderScript_jni( 782): non fatal RS error, Cannot bind more textuers than available
E/libEGL ( 782): called unimplemented OpenGL ES API
E/libEGL ( 782): called unimplemented OpenGL ES API
E/libEGL ( 782): called unimplemented OpenGL ES API
E/libEGL ( 782): called unimplemented OpenGL ES API
E/libEGL ( 782): called unimplemented OpenGL ES API
E/RenderScript( 782): Attempting to bind 1 textures on shader id 3083960560, but only 0 are available
E/RenderScript_jni( 782): non fatal RS error, Cannot bind more textuers than available
E/libEGL ( 782): called unimplemented OpenGL ES API
E/libEGL ( 782): called unimplemented OpenGL ES API
E/libEGL ( 782): called unimplemented OpenGL ES API
E/libEGL ( 782): called unimplemented OpenGL ES API
E/libEGL ( 782): called unimplemented OpenGL ES API
E/RenderScript( 782): Attempting to bind 1 textures on shader id 3083960560, but only 0 are available
E/RenderScript_jni( 782): non fatal RS error, Cannot bind more textuers than available
E/libEGL ( 782): called unimplemented OpenGL ES API
E/libEGL ( 782): called unimplemented OpenGL ES API
E/libEGL ( 782): called unimplemented OpenGL ES API
E/libEGL ( 782): called unimplemented OpenGL ES API
E/libEGL ( 782): called unimplemented OpenGL ES API
E/RenderScript( 782): Attempting to bind 1 textures on shader id 3083960560, but only 0 are available
E/RenderScript_jni( 782): non fatal RS error, Cannot bind more textuers than available
E/libEGL ( 782): called unimplemented OpenGL ES API
E/libEGL ( 782): called unimplemented OpenGL ES API
E/libEGL ( 782): called unimplemented OpenGL ES API
E/libEGL ( 782): called unimplemented OpenGL ES API
E/libEGL ( 782): called unimplemented OpenGL ES API
E/RenderScript( 782): Attempting to bind 1 textures on shader id 3083960560, but only 0 are available
E/RenderScript_jni( 782): non fatal RS error, Cannot bind more textuers than available
E/libEGL ( 782): called unimplemented OpenGL ES API
E/libEGL ( 782): called unimplemented OpenGL ES API
E/libEGL ( 782): called unimplemented OpenGL ES API
E/libEGL ( 782): called unimplemented OpenGL ES API
E/libEGL ( 782): called unimplemented OpenGL ES API
E/RenderScript( 782): Attempting to bind 1 textures on shader id 3083960560, but only 0 are available
E/RenderScript_jni( 782): non fatal RS error, Cannot bind more textuers than available
E/libEGL ( 782): called unimplemented OpenGL ES API
E/libEGL ( 782): called unimplemented OpenGL ES API
E/libEGL ( 782): called unimplemented OpenGL ES API
E/libEGL ( 782): called unimplemented OpenGL ES API
E/libEGL ( 782): called unimplemented OpenGL ES API
E/RenderScript( 782): Attempting to bind 1 textures on shader id 3083960560, but only 0 are available
E/RenderScript_jni( 782): non fatal RS error, Cannot bind more textuers than available
E/libEGL ( 782): called unimplemented OpenGL ES API
E/libEGL ( 782): called unimplemented OpenGL ES API
E/libEGL ( 782): called unimplemented OpenGL ES API
E/libEGL ( 782): called unimplemented OpenGL ES API
E/libEGL ( 782): called unimplemented OpenGL ES API
E/RenderScript( 782): Attempting to bind 1 textures on shader id 3082566016, but only 0 are available
E/RenderScript_jni( 782): non fatal RS error, Cannot bind more textuers than available
E/libEGL ( 782): called unimplemented OpenGL ES API
E/libEGL ( 782): called unimplemented OpenGL ES API
E/libEGL ( 782): called unimplemented OpenGL ES API
E/libEGL ( 782): called unimplemented OpenGL ES API
E/libEGL ( 782): called unimplemented OpenGL ES API
E/libEGL ( 782): called unimplemented OpenGL ES API
E/libEGL ( 782): called unimplemented OpenGL ES API
E/libEGL ( 782): called unimplemented OpenGL ES API
E/libEGL ( 782): called unimplemented OpenGL ES API
E/libEGL ( 782): called unimplemented OpenGL ES API
E/libEGL ( 782): called unimplemented OpenGL ES API
E/RenderScript( 782): Attempting to bind 1 textures on shader id 3083960560, but only 0 are available
E/RenderScript_jni( 782): non fatal RS error, Cannot bind more textuers than available
E/libEGL ( 782): called unimplemented OpenGL ES API
E/libEGL ( 782): called unimplemented OpenGL ES API
E/libEGL ( 782): called unimplemented OpenGL ES API
E/libEGL ( 782): called unimplemented OpenGL ES API
E/libEGL ( 782): called unimplemented OpenGL ES API
E/RenderScript( 782): Attempting to bind 1 textures on shader id 3083960560, but only 0 are available
E/RenderScript_jni( 782): non fatal RS error, Cannot bind more textuers than available
E/libEGL ( 782): called unimplemented OpenGL ES API
E/libEGL ( 782): called unimplemented OpenGL ES API
E/libEGL ( 782): called unimplemented OpenGL ES API
E/libEGL ( 782): called unimplemented OpenGL ES API
E/libEGL ( 782): called unimplemented OpenGL ES API
E/RenderScript( 782): Attempting to bind 1 textures on shader id 3083960560, but only 0 are available
E/RenderScript_jni( 782): non fatal RS error, Cannot bind more textuers than available
E/libEGL ( 782): called unimplemented OpenGL ES API
E/libEGL ( 782): called unimplemented OpenGL ES API
E/libEGL ( 782): called unimplemented OpenGL ES API
E/libEGL ( 782): called unimplemented OpenGL ES API
E/libEGL ( 782): called unimplemented OpenGL ES API
E/RenderScript( 782): Attempting to bind 1 textures on shader id 3083960560, but only 0 are available
E/RenderScript_jni( 782): non fatal RS error, Cannot bind more textuers than available
E/libEGL ( 782): called unimplemented OpenGL ES API
E/libEGL ( 782): called unimplemented OpenGL ES API
E/libEGL ( 782): called unimplemented OpenGL ES API
E/libEGL ( 782): called unimplemented OpenGL ES API
E/libEGL ( 782): called unimplemented OpenGL ES API
E/RenderScript( 782): Attempting to bind 1 textures on shader id 3083960560, but only 0 are available
E/RenderScript_jni( 782): non fatal RS error, Cannot bind more textuers than available
E/libEGL ( 782): called unimplemented OpenGL ES API
E/libEGL ( 782): called unimplemented OpenGL ES API
E/libEGL ( 782): called unimplemented OpenGL ES API
E/libEGL ( 782): called unimplemented OpenGL ES API
E/libEGL ( 782): called unimplemented OpenGL ES API
E/RenderScript( 782): Attempting to bind 1 textures on shader id 3083960560, but only 0 are available
E/RenderScript_jni( 782): non fatal RS error, Cannot bind more textuers than available
E/libEGL ( 782): called unimplemented OpenGL ES API
E/libEGL ( 782): called unimplemented OpenGL ES API
E/libEGL ( 782): called unimplemented OpenGL ES API
E/libEGL ( 782): called unimplemented OpenGL ES API
E/libEGL ( 782): called unimplemented OpenGL ES API
E/RenderScript( 782): Attempting to bind 1 textures on shader id 3083960560, but only 0 are available
E/RenderScript_jni( 782): non fatal RS error, Cannot bind more textuers than available
E/libEGL ( 782): called unimplemented OpenGL ES API
E/libEGL ( 782): called unimplemented OpenGL ES API
E/libEGL ( 782): called unimplemented OpenGL ES API
E/libEGL ( 782): called unimplemented OpenGL ES API
E/libEGL ( 782): called unimplemented OpenGL ES API
E/RenderScript( 782): Attempting to bind 1 textures on shader id 3083960560, but only 0 are available
E/RenderScript_jni( 782): non fatal RS error, Cannot bind more textuers than available
E/libEGL ( 782): called unimplemented OpenGL ES API
E/libEGL ( 782): called unimplemented OpenGL ES API
E/libEGL ( 782): called unimplemented OpenGL ES API
E/libEGL ( 782): called unimplemented OpenGL ES API
E/libEGL ( 782): called unimplemented OpenGL ES API
E/RenderScript( 782): Attempting to bind 1 textures on shader id 3083960560, but only 0 are available
E/RenderScript_jni( 782): non fatal RS error, Cannot bind more textuers than available
E/libEGL ( 782): called unimplemented OpenGL ES API
E/libEGL ( 782): called unimplemented OpenGL ES API
E/libEGL ( 782): called unimplemented OpenGL ES API
E/libEGL ( 782): called unimplemented OpenGL ES API
E/libEGL ( 782): called unimplemented OpenGL ES API
E/RenderScript( 782): Attempting to bind 1 textures on shader id 3083960560, but only 0 are available
E/RenderScript_jni( 782): non fatal RS error, Cannot bind more textuers than available
E/libEGL ( 782): called unimplemented OpenGL ES API
E/libEGL ( 782): called unimplemented OpenGL ES API
E/libEGL ( 782): called unimplemented OpenGL ES API
E/libEGL ( 782): called unimplemented OpenGL ES API
E/libEGL ( 782): called unimplemented OpenGL ES API
E/RenderScript( 782): Attempting to bind 1 textures on shader id 3083960560, but only 0 are available
E/RenderScript_jni( 782): non fatal RS error, Cannot bind more textuers than available
E/libEGL ( 782): called unimplemented OpenGL ES API
E/libEGL ( 782): called unimplemented OpenGL ES API
E/libEGL ( 782): called unimplemented OpenGL ES API
E/libEGL ( 782): called unimplemented OpenGL ES API
E/libEGL ( 782): called unimplemented OpenGL ES API
E/RenderScript( 782): Attempting to bind 1 textures on shader id 3083960560, but only 0 are available
E/RenderScript_jni( 782): non fatal RS error, Cannot bind more textuers than available
E/libEGL ( 782): called unimplemented OpenGL ES API
E/libEGL ( 782): called unimplemented OpenGL ES API
E/libEGL ( 782): called unimplemented OpenGL ES API
E/libEGL ( 782): called unimplemented OpenGL ES API
E/libEGL ( 782): called unimplemented OpenGL ES API
E/RenderScript( 782): Attempting to bind 1 textures on shader id 3083960560, but only 0 are available
E/RenderScript_jni( 782): non fatal RS error, Cannot bind more textuers than available
E/libEGL ( 782): called unimplemented OpenGL ES API
E/libEGL ( 782): called unimplemented OpenGL ES API
E/libEGL ( 782): called unimplemented OpenGL ES API
E/libEGL ( 782): called unimplemented OpenGL ES API
E/libEGL ( 782): called unimplemented OpenGL ES API
E/RenderScript( 782): Attempting to bind 1 textures on shader id 3083960560, but only 0 are available
E/RenderScript_jni( 782): non fatal RS error, Cannot bind more textuers than available
E/libEGL ( 782): called unimplemented OpenGL ES API
E/libEGL ( 782): called unimplemented OpenGL ES API
E/libEGL ( 782): called unimplemented OpenGL ES API
E/libEGL ( 782): called unimplemented OpenGL ES API
E/libEGL ( 782): called unimplemented OpenGL ES API
E/RenderScript( 782): Attempting to bind 1 textures on shader id 3083960560, but only 0 are available
E/RenderScript_jni( 782): non fatal RS error, Cannot bind more textuers than available
E/libEGL ( 782): called unimplemented OpenGL ES API
E/libEGL ( 782): called unimplemented OpenGL ES API
E/libEGL ( 782): called unimplemented OpenGL ES API
E/libEGL ( 782): called unimplemented OpenGL ES API
E/libEGL ( 782): called unimplemented OpenGL ES API
E/RenderScript( 782): Attempting to bind 1 textures on shader id 3082566016, but only 0 are available
E/RenderScript_jni( 782): non fatal RS error, Cannot bind more textuers than available
E/libEGL ( 782): called unimplemented OpenGL ES API
E/libEGL ( 782): called unimplemented OpenGL ES API
E/libEGL ( 782): called unimplemented OpenGL ES API
E/libEGL ( 782): called unimplemented OpenGL ES API
E/libEGL ( 782): called unimplemented OpenGL ES API
E/libEGL ( 782): called unimplemented OpenGL ES API
E/libEGL ( 782): called unimplemented OpenGL ES API
E/libEGL ( 782): called unimplemented OpenGL ES API
E/libEGL ( 782): called unimplemented OpenGL ES API
E/libEGL ( 782): called unimplemented OpenGL ES API
E/libEGL ( 782): called unimplemented OpenGL ES API
E/RenderScript( 782): Attempting to bind 1 textures on shader id 3083960560, but only 0 are available
E/RenderScript_jni( 782): non fatal RS error, Cannot bind more textuers than available
E/libEGL ( 782): called unimplemented OpenGL ES API
E/libEGL ( 782): called unimplemented OpenGL ES API
E/libEGL ( 782): called unimplemented OpenGL ES API
E/libEGL ( 782): called unimplemented OpenGL ES API
E/libEGL ( 782): called unimplemented OpenGL ES API
E/RenderScript( 782): Attempting to bind 1 textures on shader id 3083960560, but only 0 are available
E/RenderScript_jni( 782): non fatal RS error, Cannot bind more textuers than available
E/libEGL ( 782): called unimplemented OpenGL ES API
E/libEGL ( 782): called unimplemented OpenGL ES API
E/libEGL ( 782): called unimplemented OpenGL ES API
E/libEGL ( 782): called unimplemented OpenGL ES API
E/libEGL ( 782): called unimplemented OpenGL ES API
E/RenderScript( 782): Attempting to bind 1 textures on shader id 3083960560, but only 0 are available
E/RenderScript_jni( 782): non fatal RS error, Cannot bind more textuers than available
E/libEGL ( 782): called unimplemented OpenGL ES API
E/libEGL ( 782): called unimplemented OpenGL ES API
E/libEGL ( 782): called unimplemented OpenGL ES API
E/libEGL ( 782): called unimplemented OpenGL ES API
E/libEGL ( 782): called unimplemented OpenGL ES API
E/RenderScript( 782): Attempting to bind 1 textures on shader id 3083960560, but only 0 are available
E/RenderScript_jni( 782): non fatal RS error, Cannot bind more textuers than available
E/libEGL ( 782): called unimplemented OpenGL ES API
E/libEGL ( 782): called unimplemented OpenGL ES API
E/libEGL ( 782): called unimplemented OpenGL ES API
E/libEGL ( 782): called unimplemented OpenGL ES API
E/libEGL ( 782): called unimplemented OpenGL ES API
E/RenderScript( 782): Attempting to bind 1 textures on shader id 3083960560, but only 0 are available
E/RenderScript_jni( 782): non fatal RS error, Cannot bind more textuers than available
E/libEGL ( 782): called unimplemented OpenGL ES API
E/libEGL ( 782): called unimplemented OpenGL ES API
E/libEGL ( 782): called unimplemented OpenGL ES API
E/libEGL ( 782): called unimplemented OpenGL ES API
E/libEGL ( 782): called unimplemented OpenGL ES API
E/RenderScript( 782): Attempting to bind 1 textures on shader id 3083960560, but only 0 are available
E/RenderScript_jni( 782): non fatal RS error, Cannot bind more textuers than available
E/libEGL ( 782): called unimplemented OpenGL ES API
E/libEGL ( 782): called unimplemented OpenGL ES API
E/libEGL ( 782): called unimplemented OpenGL ES API
E/libEGL ( 782): called unimplemented OpenGL ES API
E/libEGL ( 782): called unimplemented OpenGL ES API
E/RenderScript( 782): Attempting to bind 1 textures on shader id 3083960560, but only 0 are available
E/RenderScript_jni( 782): non fatal RS error, Cannot bind more textuers than available
E/libEGL ( 782): called unimplemented OpenGL ES API
E/libEGL ( 782): called unimplemented OpenGL ES API
E/libEGL ( 782): called unimplemented OpenGL ES API
E/libEGL ( 782): called unimplemented OpenGL ES API
E/libEGL ( 782): called unimplemented OpenGL ES API
E/RenderScript( 782): Attempting to bind 1 textures on shader id 3083960560, but only 0 are available
E/RenderScript_jni( 782): non fatal RS error, Cannot bind more textuers than available
E/libEGL ( 782): called unimplemented OpenGL ES API
E/libEGL ( 782): called unimplemented OpenGL ES API
E/libEGL ( 782): called unimplemented OpenGL ES API
E/libEGL ( 782): called unimplemented OpenGL ES API
E/libEGL ( 782): called unimplemented OpenGL ES API
E/RenderScript( 782): Attempting to bind 1 textures on shader id 3083960560, but only 0 are available
E/RenderScript_jni( 782): non fatal RS error, Cannot bind more textuers than available
E/libEGL ( 782): called unimplemented OpenGL ES API
E/libEGL ( 782): called unimplemented OpenGL ES API
E/libEGL ( 782): called unimplemented OpenGL ES API
E/libEGL ( 782): called unimplemented OpenGL ES API
E/libEGL ( 782): called unimplemented OpenGL ES API
E/RenderScript( 782): Attempting to bind 1 textures on shader id 3083960560, but only 0 are available
E/RenderScript_jni( 782): non fatal RS error, Cannot bind more textuers than available
E/libEGL ( 782): called unimplemented OpenGL ES API
E/libEGL ( 782): called unimplemented OpenGL ES API
E/libEGL ( 782): called unimplemented OpenGL ES API
E/libEGL ( 782): called unimplemented OpenGL ES API
E/libEGL ( 782): called unimplemented OpenGL ES API
E/RenderScript( 782): Attempting to bind 1 textures on shader id 3083960560, but only 0 are available
E/RenderScript_jni( 782): non fatal RS error, Cannot bind more textuers than available
E/libEGL ( 782): called unimplemented OpenGL ES API
E/libEGL ( 782): called unimplemented OpenGL ES API
E/libEGL ( 782): called unimplemented OpenGL ES API
E/libEGL ( 782): called unimplemented OpenGL ES API
E/libEGL ( 782): called unimplemented OpenGL ES API
E/RenderScript( 782): Attempting to bind 1 textures on shader id 3083960560, but only 0 are available
E/RenderScript_jni( 782): non fatal RS error, Cannot bind more textuers than available
E/libEGL ( 782): called unimplemented OpenGL ES API
E/libEGL ( 782): called unimplemented OpenGL ES API
E/libEGL ( 782): called unimplemented OpenGL ES API
E/libEGL ( 782): called unimplemented OpenGL ES API
E/libEGL ( 782): called unimplemented OpenGL ES API
E/RenderScript( 782): Attempting to bind 1 textures on shader id 3083960560, but only 0 are available
E/RenderScript_jni( 782): non fatal RS error, Cannot bind more textuers than available
E/libEGL ( 782): called unimplemented OpenGL ES API
E/libEGL ( 782): called unimplemented OpenGL ES API
E/libEGL ( 782): called unimplemented OpenGL ES API
E/libEGL ( 782): called unimplemented OpenGL ES API
E/libEGL ( 782): called unimplemented OpenGL ES API
E/RenderScript( 782): Attempting to bind 1 textures on shader id 3083960560, but only 0 are available
E/RenderScript_jni( 782): non fatal RS error, Cannot bind more textuers than available
E/libEGL ( 782): called unimplemented OpenGL ES API
E/libEGL ( 782): called unimplemented OpenGL ES API
E/libEGL ( 782): called unimplemented OpenGL ES API
E/libEGL ( 782): called unimplemented OpenGL ES API
E/libEGL ( 782): called unimplemented OpenGL ES API
I/ActivityManager( 601): START u0 {act=android.intent.action.MAIN cat=[android.intent.category.LAUNCHER] flg=0x10200000 cmp=com.android.settings/.Settings bnds=[205,75][311,149]} from pid 937
E/RenderScript( 782): Attempting to bind 1 textures on shader id 3083960560, but only 0 are available
D/gralloc ( 98): Registering a buffer in the process that created it. This may cause memory ordering problems.
E/libEGL ( 98): called unimplemented OpenGL ES API
E/libEGL ( 98): called unimplemented OpenGL ES API
E/libEGL ( 98): called unimplemented OpenGL ES API
E/libEGL ( 98): called unimplemented OpenGL ES API
E/SurfaceFlinger( 98): glCheckFramebufferStatusOES error 710850271
E/SurfaceFlinger( 98): got GL_FRAMEBUFFER_COMPLETE_OES error while taking screenshot
E/libEGL ( 98): called unimplemented OpenGL ES API
E/libEGL ( 98): called unimplemented OpenGL ES API
W/WindowManager( 601): Screenshot failure taking screenshot for (281x159) to layer 21005
E/RenderScript_jni( 782): non fatal RS error, Cannot bind more textuers than available
E/libEGL ( 782): called unimplemented OpenGL ES API
E/libEGL ( 782): called unimplemented OpenGL ES API
E/libEGL ( 782): called unimplemented OpenGL ES API
E/libEGL ( 782): called unimplemented OpenGL ES API
E/libEGL ( 782): called unimplemented OpenGL ES API
E/RenderScript( 782): Attempting to bind 1 textures on shader id 3082566016, but only 0 are available
E/RenderScript_jni( 782): non fatal RS error, Cannot bind more textuers than available
E/libEGL ( 782): called unimplemented OpenGL ES API
E/libEGL ( 782): called unimplemented OpenGL ES API
E/libEGL ( 782): called unimplemented OpenGL ES API
E/libEGL ( 782): called unimplemented OpenGL ES API
I/ARMAssembler( 98): generated scanline__00000077:03010104_00008001_00000000 [ 89 ipp] (110 ins) at [0xb5ce6460:0xb5ce6618] in 180792 ns
E/libEGL ( 782): called unimplemented OpenGL ES API
E/libEGL ( 782): called unimplemented OpenGL ES API
E/libEGL ( 782): called unimplemented OpenGL ES API
E/libEGL ( 782): called unimplemented OpenGL ES API
E/libEGL ( 782): called unimplemented OpenGL ES API
E/libEGL ( 782): called unimplemented OpenGL ES API
E/libEGL ( 782): called unimplemented OpenGL ES API
E/RenderScript( 782): Attempting to bind 1 textures on shader id 3083960560, but only 0 are available
E/RenderScript_jni( 782): non fatal RS error, Cannot bind more textuers than available
E/libEGL ( 782): called unimplemented OpenGL ES API
E/libEGL ( 782): called unimplemented OpenGL ES API
E/libEGL ( 782): called unimplemented OpenGL ES API
E/libEGL ( 782): called unimplemented OpenGL ES API
E/libEGL ( 782): called unimplemented OpenGL ES API
E/RenderScript( 782): Attempting to bind 1 textures on shader id 3083960560, but only 0 are available
E/RenderScript_jni( 782): non fatal RS error, Cannot bind more textuers than available
E/libEGL ( 782): called unimplemented OpenGL ES API
E/libEGL ( 782): called unimplemented OpenGL ES API
E/libEGL ( 782): called unimplemented OpenGL ES API
E/libEGL ( 782): called unimplemented OpenGL ES API
E/libEGL ( 782): called unimplemented OpenGL ES API
E/RenderScript( 782): Attempting to bind 1 textures on shader id 3083960560, but only 0 are available
E/RenderScript_jni( 782): non fatal RS error, Cannot bind more textuers than available
E/libEGL ( 782): called unimplemented OpenGL ES API
E/libEGL ( 782): called unimplemented OpenGL ES API
E/libEGL ( 782): called unimplemented OpenGL ES API
E/libEGL ( 782): called unimplemented OpenGL ES API
E/libEGL ( 782): called unimplemented OpenGL ES API
E/RenderScript( 782): Attempting to bind 1 textures on shader id 3083960560, but only 0 are available
E/RenderScript_jni( 782): non fatal RS error, Cannot bind more textuers than available
E/libEGL ( 782): called unimplemented OpenGL ES API
E/libEGL ( 782): called unimplemented OpenGL ES API
E/libEGL ( 782): called unimplemented OpenGL ES API
E/libEGL ( 782): called unimplemented OpenGL ES API
E/libEGL ( 782): called unimplemented OpenGL ES API
E/RenderScript( 782): Attempting to bind 1 textures on shader id 3083960560, but only 0 are available
E/RenderScript_jni( 782): non fatal RS error, Cannot bind more textuers than available
E/libEGL ( 782): called unimplemented OpenGL ES API
E/libEGL ( 782): called unimplemented OpenGL ES API
D/dalvikvm( 826): GC_FOR_ALLOC freed 140K, 7% free 2894K/3100K, paused 29ms, total 33ms
E/libEGL ( 782): called unimplemented OpenGL ES API
E/libEGL ( 782): called unimplemented OpenGL ES API
E/libEGL ( 782): called unimplemented OpenGL ES API
E/RenderScript( 782): Attempting to bind 1 textures on shader id 3083960560, but only 0 are available
E/RenderScript_jni( 782): non fatal RS error, Cannot bind more textuers than available
E/libEGL ( 782): called unimplemented OpenGL ES API
E/libEGL ( 782): called unimplemented OpenGL ES API
E/libEGL ( 782): called unimplemented OpenGL ES API
E/libEGL ( 782): called unimplemented OpenGL ES API
E/libEGL ( 782): called unimplemented OpenGL ES API
E/RenderScript( 782): Attempting to bind 1 textures on shader id 3083960560, but only 0 are available
E/RenderScript_jni( 782): non fatal RS error, Cannot bind more textuers than available
E/libEGL ( 782): called unimplemented OpenGL ES API
E/libEGL ( 782): called unimplemented OpenGL ES API
E/libEGL ( 782): called unimplemented OpenGL ES API
E/libEGL ( 782): called unimplemented OpenGL ES API
E/libEGL ( 782): called unimplemented OpenGL ES API
E/RenderScript( 782): Attempting to bind 1 textures on shader id 3083960560, but only 0 are available
E/RenderScript_jni( 782): non fatal RS error, Cannot bind more textuers than available
E/libEGL ( 782): called unimplemented OpenGL ES API
E/libEGL ( 782): called unimplemented OpenGL ES API
E/libEGL ( 782): called unimplemented OpenGL ES API
E/libEGL ( 782): called unimplemented OpenGL ES API
E/libEGL ( 782): called unimplemented OpenGL ES API
E/RenderScript( 782): Attempting to bind 1 textures on shader id 3083960560, but only 0 are available
E/RenderScript_jni( 782): non fatal RS error, Cannot bind more textuers than available
E/libEGL ( 782): called unimplemented OpenGL ES API
E/libEGL ( 782): called unimplemented OpenGL ES API
E/libEGL ( 782): called unimplemented OpenGL ES API
E/libEGL ( 782): called unimplemented OpenGL ES API
E/libEGL ( 782): called unimplemented OpenGL ES API
E/RenderScript( 782): Attempting to bind 1 textures on shader id 3083960560, but only 0 are available
E/RenderScript_jni( 782): non fatal RS error, Cannot bind more textuers than available
E/libEGL ( 782): called unimplemented OpenGL ES API
E/libEGL ( 782): called unimplemented OpenGL ES API
E/libEGL ( 782): called unimplemented OpenGL ES API
E/libEGL ( 782): called unimplemented OpenGL ES API
E/libEGL ( 782): called unimplemented OpenGL ES API
E/RenderScript( 782): Attempting to bind 1 textures on shader id 3083960560, but only 0 are available
E/RenderScript_jni( 782): non fatal RS error, Cannot bind more textuers than available
E/libEGL ( 782): called unimplemented OpenGL ES API
E/libEGL ( 782): called unimplemented OpenGL ES API
E/libEGL ( 782): called unimplemented OpenGL ES API
E/libEGL ( 782): called unimplemented OpenGL ES API
E/libEGL ( 782): called unimplemented OpenGL ES API
E/RenderScript( 782): Attempting to bind 1 textures on shader id 3083960560, but only 0 are available
E/RenderScript_jni( 782): non fatal RS error, Cannot bind more textuers than available
E/libEGL ( 782): called unimplemented OpenGL ES API
E/libEGL ( 782): called unimplemented OpenGL ES API
E/libEGL ( 782): called unimplemented OpenGL ES API
E/libEGL ( 782): called unimplemented OpenGL ES API
E/libEGL ( 782): called unimplemented OpenGL ES API
E/RenderScript( 782): Attempting to bind 1 textures on shader id 3083960560, but only 0 are available
E/RenderScript_jni( 782): non fatal RS error, Cannot bind more textuers than available
E/libEGL ( 782): called unimplemented OpenGL ES API
E/libEGL ( 782): called unimplemented OpenGL ES API
E/libEGL ( 782): called unimplemented OpenGL ES API
E/libEGL ( 782): called unimplemented OpenGL ES API
E/libEGL ( 782): called unimplemented OpenGL ES API
E/RenderScript( 782): Attempting to bind 1 textures on shader id 3083960560, but only 0 are available
E/RenderScript_jni( 782): non fatal RS error, Cannot bind more textuers than available
E/libEGL ( 782): called unimplemented OpenGL ES API
E/libEGL ( 782): called unimplemented OpenGL ES API
E/libEGL ( 782): called unimplemented OpenGL ES API
E/libEGL ( 782): called unimplemented OpenGL ES API
E/libEGL ( 782): called unimplemented OpenGL ES API
E/RenderScript( 782): Attempting to bind 1 textures on shader id 3083960560, but only 0 are available
E/RenderScript_jni( 782): non fatal RS error, Cannot bind more textuers than available
E/libEGL ( 782): called unimplemented OpenGL ES API
E/libEGL ( 782): called unimplemented OpenGL ES API
E/libEGL ( 782): called unimplemented OpenGL ES API
E/libEGL ( 782): called unimplemented OpenGL ES API
E/BluetoothAdapter( 826): Bluetooth binder is null
D/dalvikvm( 826): GC_CONCURRENT freed 37K, 4% free 3274K/3388K, paused 7ms+8ms, total 56ms
I/ActivityManager( 601): Displayed com.android.settings/.Settings: +1s204ms
W/SchedPolicy( 601): add_tid_to_cgroup failed to write '937' (Permission denied); policy=0
W/ActivityManager( 601): Failed setting process group of 937 to 0
W/System.err( 601): java.lang.SecurityException: No permission to set to given group
W/System.err( 601): at android.os.Process.setProcessGroup(Native Method)
W/System.err( 601): at com.android.server.am.ActivityManagerService.applyOomAdjLocked(ActivityManagerService.java:15284)
W/System.err( 601): at com.android.server.am.ActivityManagerService.updateOomAdjLocked(ActivityManagerService.java:15528)
W/System.err( 601): at com.android.server.am.ActivityManagerService.trimApplications(ActivityManagerService.java:15816)
W/System.err( 601): at com.android.server.am.ActivityStackSupervisor.activityIdleInternalLocked(ActivityStackSupervisor.java:1942)
W/System.err( 601): at com.android.server.am.ActivityManagerService.activityIdle(ActivityManagerService.java:5074)
W/System.err( 601): at android.app.ActivityManagerNative.onTransact(ActivityManagerNative.java:409)
W/System.err( 601): at com.android.server.am.ActivityManagerService.onTransact(ActivityManagerService.java:2071)
W/System.err( 601): at android.os.Binder.execTransact(Binder.java:404)
W/System.err( 601): at dalvik.system.NativeStart.run(Native Method)
I/ActivityManager( 601): START u0 {act=android.intent.action.MAIN cmp=com.android.settings/.SubSettings (has extras)} from pid 826
D/SubSettings( 826): Launching fragment com.android.settings.bluetooth.BluetoothSettings
E/BluetoothAdapter( 826): Bluetooth binder is null
E/DeviceListPreferenceFragment( 826): Bluetooth is not supported on this device
I/ActivityManager( 601): Displayed com.android.settings/.SubSettings: +310ms
D/dalvikvm( 681): GC_CONCURRENT freed 328K, 9% free 3978K/4372K, paused 3ms+3ms, total 60ms
I/lights ( 601): write_int failed to open
I/lights ( 601): /sys/class/backlight/pwm-backlight/brightness and /sys/class/backlight/tps65217-bl/brightness
I/lights ( 601): write_int failed to open
I/lights ( 601): /sys/class/backlight/pwm-backlight/brightness and /sys/class/backlight/tps65217-bl/brightness
I/lights ( 601): write_int failed to open
I/lights ( 601): /sys/class/backlight/pwm-backlight/brightness and /sys/class/backlight/tps65217-bl/brightness
I/lights ( 601): write_int failed to open
I/lights ( 601): /sys/class/backlight/pwm-backlight/brightness and /sys/class/backlight/tps65217-bl/brightness
I/lights ( 601): write_int failed to open
I/lights ( 601): /sys/class/backlight/pwm-backlight/brightness and /sys/class/backlight/tps65217-bl/brightness
I/lights ( 601): write_int failed to open
I/lights ( 601): /sys/class/backlight/pwm-backlight/brightness and /sys/class/backlight/tps65217-bl/brightness
I/lights ( 601): write_int failed to open
I/lights ( 601): /sys/class/backlight/pwm-backlight/brightness and /sys/class/backlight/tps65217-bl/brightness
I/lights ( 601): write_int failed to open
I/lights ( 601): /sys/class/backlight/pwm-backlight/brightness and /sys/class/backlight/tps65217-bl/brightness
I/lights ( 601): write_int failed to open
I/lights ( 601): /sys/class/backlight/pwm-backlight/brightness and /sys/class/backlight/tps65217-bl/brightness
I/lights ( 601): write_int failed to open
I/lights ( 601): /sys/class/backlight/pwm-backlight/brightness and /sys/class/backlight/tps65217-bl/brightness
I/lights ( 601): write_int failed to open
I/lights ( 601): /sys/class/backlight/pwm-backlight/brightness and /sys/class/backlight/tps65217-bl/brightness
I/lights ( 601): write_int failed to open
I/lights ( 601): /sys/class/backlight/pwm-backlight/brightness and /sys/class/backlight/tps65217-bl/brightness
I/lights ( 601): write_int failed to open
I/lights ( 601): /sys/class/backlight/pwm-backlight/brightness and /sys/class/backlight/tps65217-bl/brightness
I/lights ( 601): write_int failed to open
I/lights ( 601): /sys/class/backlight/pwm-backlight/brightness and /sys/class/backlight/tps65217-bl/brightness
I/lights ( 601): write_int failed to open
I/lights ( 601): /sys/class/backlight/pwm-backlight/brightness and /sys/class/backlight/tps65217-bl/brightness
I/lights ( 601): write_int failed to open
I/lights ( 601): /sys/class/backlight/pwm-backlight/brightness and /sys/class/backlight/tps65217-bl/brightness
D/ConnectivityService( 601): Sampling interval elapsed, updating statistics ..
D/ConnectivityService( 601): Done.
D/ConnectivityService( 601): Setting timer for 720seconds ^[D/ConnectivityService( 601): Sampling interval elapsed, updating statistics ..
D/ConnectivityService( 601): Done.
D/ConnectivityService( 601): Setting timer for 720seconds kaiju:Downloads keithconger$ [Restored] Last login: Thu Feb 12 07:42:32 on ttys000 kaiju:Downloads keithconger$ adb logcat * daemon not running. starting it now on port 5037 * * daemon started successfully * --------- beginning of /dev/log/main
I/DEBUG ( 96): debuggerd: Feb 10 2015 10:52:43
I/installd( 101): installd firing up
I/SurfaceFlinger( 97): SurfaceFlinger is starting
I/SurfaceFlinger( 97): SurfaceFlinger's main thread ready to run. Initializing graphics H/W...
D/libEGL ( 97): Emulator without GPU support detected. Fallback to software renderer.
I/Netd ( 95): Netd 1.0 starting
W/InterfaceController( 95): Warning (dlopen failed: library "/system/lib/libnetcmdiface.so" not found) while opening the net interface command library
D/libEGL ( 97): loaded /system/lib/egl/libGLES_android.so --------- beginning of /dev/log/system
I/Vold ( 94): Vold 2.1 (the revenge) firing up
W/gralloc ( 97): FBIOPUT_VSCREENINFO failed, page flipping not supported
W/gralloc ( 97): page flipping not supported (yres_virtual=272, requested=544)
I/gralloc ( 97): using (fd=14)
I/gralloc ( 97): id =
I/gralloc ( 97): xres = 480 px
I/gralloc ( 97): yres = 272 px
I/gralloc ( 97): xres_virtual = 480 px
I/gralloc ( 97): yres_virtual = 272 px
I/gralloc ( 97): bpp = 16
I/gralloc ( 97): r = 11:5
I/gralloc ( 97): g = 5:6
I/gralloc ( 97): b = 0:5
I/gralloc ( 97): width = 76 mm (160.421051 dpi)
I/gralloc ( 97): height = 43 mm (160.669769 dpi)
I/gralloc ( 97): refresh rate = 60.00 Hz
E/SurfaceFlinger( 97): hwcomposer module not found
W/SurfaceFlinger( 97): getting VSYNC period from fb HAL: 16666666
W/SurfaceFlinger( 97): no suitable EGLConfig found, trying a simpler query
W/SurfaceFlinger( 97): EGL_SLOW_CONFIG selected!
I/SurfaceFlinger( 97): EGL informations:
I/SurfaceFlinger( 97): vendor : Android
I/SurfaceFlinger( 97): version : 1.4 Android META-EGL
I/SurfaceFlinger( 97): extensions: EGL_KHR_get_all_proc_addresses EGL_ANDROID_presentation_time EGL_KHR_image_base EGL_KHR_fence_sync EGL_ANDROID_image_native_buffer
I/SurfaceFlinger( 97): Client API: OpenGL_ES
I/SurfaceFlinger( 97): EGLSurface: 5-6-5-0, config=0x0
I/SurfaceFlinger( 97): OpenGL ES informations:
I/SurfaceFlinger( 97): vendor : Android
I/SurfaceFlinger( 97): renderer : Android PixelFlinger 1.4
I/SurfaceFlinger( 97): version : OpenGL ES-CM 1.0
I/SurfaceFlinger( 97): extensions: GL_EXT_debug_marker GL_OES_byte_coordinates GL_OES_fixed_point GL_OES_single_precision GL_OES_read_format GL_OES_compressed_paletted_texture GL_OES_draw_texture GL_OES_matrix_get GL_OES_query_matrix GL_OES_EGL_image GL_OES_EGL_sync GL_OES_compressed_ETC1_RGB8_texture GL_ARB_texture_compression GL_ARB_texture_non_power_of_two GL_ANDROID_user_clip_plane GL_ANDROID_vertex_buffer_object GL_ANDROID_generate_mipmap
I/SurfaceFlinger( 97): GL_MAX_TEXTURE_SIZE = 4096
I/SurfaceFlinger( 97): GL_MAX_VIEWPORT_DIMS = 4096
E/cutils-trace( 97): Error opening trace file: Permission denied (13)
D/SurfaceFlinger( 97): Screen acquired, type=0 flinger=0xb8e0d450
I/iptables( 95): iptables terminated by exit(3)
E/Netd ( 95): exec() res=0, status=768 for /system/bin/iptables -t filter -N bw_INPUT
I/ip6tables( 95): ip6tables terminated by exit(3)
E/Netd ( 95): exec() res=0, status=768 for /system/bin/ip6tables -t filter -N bw_INPUT
I/iptables( 95): iptables terminated by exit(3)
E/Netd ( 95): exec() res=0, status=768 for /system/bin/iptables -t filter -A INPUT -j bw_INPUT
I/ip6tables( 95): ip6tables terminated by exit(3)
E/Netd ( 95): exec() res=0, status=768 for /system/bin/ip6tables -t filter -A INPUT -j bw_INPUT
I/iptables( 95): iptables terminated by exit(3)
E/Netd ( 95): exec() res=0, status=768 for /system/bin/iptables -t filter -N fw_INPUT
I/ip6tables( 95): ip6tables terminated by exit(3)
E/Netd ( 95): exec() res=0, status=768 for /system/bin/ip6tables -t filter -N fw_INPUT
I/iptables( 95): iptables terminated by exit(3)
E/Netd ( 95): exec() res=0, status=768 for /system/bin/iptables -t filter -A INPUT -j fw_INPUT
I/ip6tables( 95): ip6tables terminated by exit(3)
E/Netd ( 95): exec() res=0, status=768 for /system/bin/ip6tables -t filter -A INPUT -j fw_INPUT
D/libEGL ( 125): Emulator without GPU support detected. Fallback to software renderer.
D/libEGL ( 125): loaded /system/lib/egl/libGLES_android.so
E/cutils-trace( 125): Error opening trace file: Permission denied (13)
I/iptables( 95): iptables terminated by exit(3)
E/Netd ( 95): exec() res=0, status=768 for /system/bin/iptables -t filter -N oem_fwd
I/ip6tables( 95): ip6tables terminated by exit(3)
E/Netd ( 95): exec() res=0, status=768 for /system/bin/ip6tables -t filter -N oem_fwd
I/ARMAssembler( 125): generated scanline__00000077:03010102_00000A01_00000000 [ 9 ipp] (30 ins) at [0xb61f21f0:0xb61f2268] in 163458 ns
I/ARMAssembler( 125): generated scanline__00000077:03545402_00000A01_00000000 [ 31 ipp] (52 ins) at [0xb61f2270:0xb61f2340] in 133541 ns
I/iptables( 95): iptables terminated by exit(3)
E/Netd ( 95): exec() res=0, status=768 for /system/bin/iptables -t filter -A FORWARD -j oem_fwd
I/mediaserver( 100): ServiceManager: 0xb8556460
I/AudioFlinger( 100): Using default 3000 mSec as standby time.
I/CameraService( 100): CameraService started (pid=100)
E/CameraService( 100): Could not load camera HAL module
I/ip6tables( 95): ip6tables terminated by exit(3)
E/Netd ( 95): exec() res=0, status=768 for /system/bin/ip6tables -t filter -A FORWARD -j oem_fwd
I/AudioPolicyManagerBase( 100): loadAudioPolicyConfig() loaded /system/etc/audio_policy.conf
I/AudioFlinger( 100): loadHwModule() Loaded primary audio interface from Default audio HW HAL (audio) handle 1
I/AudioFlinger( 100): HAL output buffer size 1024 frames, normal mix buffer size 1024 frames
I/AudioMixer( 100): found effect "Multichannel Downmix To Stereo" from The Android Open Source Project
I/AudioFlinger( 100): Using module 1 has the primary audio interface
I/AudioFlinger( 100): AudioFlinger's thread 0xb6125008 ready to run
W/AudioFlinger( 100): Thread AudioOut_2 cannot connect to the power manager service
W/AudioFlinger( 100): Thread AudioOut_2 cannot connect to the power manager service
W/AudioFlinger( 100): Thread AudioOut_2 cannot connect to the power manager service
E/AudioFlinger( 100): no wake lock to update!
E/AudioFlinger( 100): int android::load_audio_interface(const char*, audio_hw_device_t**) couldn't load audio hw module audio.a2dp (No such file or directory)
I/AudioFlinger( 100): loadHwModule() error -2 loading module a2dp
W/AudioPolicyManagerBase( 100): could not open HW module a2dp
I/AudioPolicyService( 100): Loaded audio policy from LEGACY Audio Policy HAL (audio_policy)
I/iptables( 95): iptables terminated by exit(3)
E/Netd ( 95): exec() res=0, status=768 for /system/bin/iptables -t filter -N fw_FORWARD
I/ip6tables( 95): ip6tables terminated by exit(3)
E/Netd ( 95): exec() res=0, status=768 for /system/bin/ip6tables -t filter -N fw_FORWARD
I/iptables( 95): iptables terminated by exit(3)
E/Netd ( 95): exec() res=0, status=768 for /system/bin/iptables -t filter -A FORWARD -j fw_FORWARD
I/ip6tables( 95): ip6tables terminated by exit(3)
E/Netd ( 95): exec() res=0, status=768 for /system/bin/ip6tables -t filter -A FORWARD -j fw_FORWARD
I/iptables( 95): iptables terminated by exit(3)
E/Netd ( 95): exec() res=0, status=768 for /system/bin/iptables -t filter -N bw_FORWARD
I/ip6tables( 95): ip6tables terminated by exit(3)
E/Netd ( 95): exec() res=0, status=768 for /system/bin/ip6tables -t filter -N bw_FORWARD
I/iptables( 95): iptables terminated by exit(3)
E/Netd ( 95): exec() res=0, status=768 for /system/bin/iptables -t filter -A FORWARD -j bw_FORWARD
I/ip6tables( 95): ip6tables terminated by exit(3)
E/Netd ( 95): exec() res=0, status=768 for /system/bin/ip6tables -t filter -A FORWARD -j bw_FORWARD
I/iptables( 95): iptables terminated by exit(3)
E/Netd ( 95): exec() res=0, status=768 for /system/bin/iptables -t filter -N natctrl_FORWARD
I/ip6tables( 95): ip6tables terminated by exit(3)
E/Netd ( 95): exec() res=0, status=768 for /system/bin/ip6tables -t filter -N natctrl_FORWARD
I/iptables( 95): iptables terminated by exit(3)
E/Netd ( 95): exec() res=0, status=768 for /system/bin/iptables -t filter -A FORWARD -j natctrl_FORWARD
I/ip6tables( 95): ip6tables terminated by exit(3)
E/Netd ( 95): exec() res=0, status=768 for /system/bin/ip6tables -t filter -A FORWARD -j natctrl_FORWARD
I/iptables( 95): iptables terminated by exit(3)
E/Netd ( 95): exec() res=0, status=768 for /system/bin/iptables -t filter -N oem_out
I/ip6tables( 95): ip6tables terminated by exit(3)
E/Netd ( 95): exec() res=0, status=768 for /system/bin/ip6tables -t filter -N oem_out
I/iptables( 95): iptables terminated by exit(3)
E/Netd ( 95): exec() res=0, status=768 for /system/bin/iptables -t filter -A OUTPUT -j oem_out
I/ip6tables( 95): ip6tables terminated by exit(3)
E/Netd ( 95): exec() res=0, status=768 for /system/bin/ip6tables -t filter -A OUTPUT -j oem_out
I/iptables( 95): iptables terminated by exit(3)
E/Netd ( 95): exec() res=0, status=768 for /system/bin/iptables -t filter -N fw_OUTPUT
I/ip6tables( 95): ip6tables terminated by exit(3)
E/Netd ( 95): exec() res=0, status=768 for /system/bin/ip6tables -t filter -N fw_OUTPUT
I/iptables( 95): iptables terminated by exit(3)
E/Netd ( 95): exec() res=0, status=768 for /system/bin/iptables -t filter -A OUTPUT -j fw_OUTPUT
I/ip6tables( 95): ip6tables terminated by exit(3)
E/Netd ( 95): exec() res=0, status=768 for /system/bin/ip6tables -t filter -A OUTPUT -j fw_OUTPUT
I/iptables( 95): iptables terminated by exit(3)
E/Netd ( 95): exec() res=0, status=768 for /system/bin/iptables -t filter -N bw_OUTPUT
I/ip6tables( 95): ip6tables terminated by exit(3)
E/Netd ( 95): exec() res=0, status=768 for /system/bin/ip6tables -t filter -N bw_OUTPUT
I/iptables( 95): iptables terminated by exit(3)
E/Netd ( 95): exec() res=0, status=768 for /system/bin/iptables -t filter -A OUTPUT -j bw_OUTPUT
I/ip6tables( 95): ip6tables terminated by exit(3)
E/Netd ( 95): exec() res=0, status=768 for /system/bin/ip6tables -t filter -A OUTPUT -j bw_OUTPUT
D/AndroidRuntime( 98):
D/AndroidRuntime( 98): >>>>>> AndroidRuntime START com.android.internal.os.ZygoteInit <<<<<<
I/iptables( 95): iptables terminated by exit(3)
E/Netd ( 95): exec() res=0, status=768 for /system/bin/iptables -t raw -N bw_raw_PREROUTING
D/AndroidRuntime( 98): CheckJNI is ON
I/ip6tables( 95): ip6tables terminated by exit(3)
E/Netd ( 95): exec() res=0, status=768 for /system/bin/ip6tables -t raw -N bw_raw_PREROUTING
I/iptables( 95): iptables terminated by exit(3)
E/Netd ( 95): exec() res=0, status=768 for /system/bin/iptables -t raw -A PREROUTING -j bw_raw_PREROUTING
I/ip6tables( 95): ip6tables terminated by exit(3)
E/Netd ( 95): exec() res=0, status=768 for /system/bin/ip6tables -t raw -A PREROUTING -j bw_raw_PREROUTING
I/iptables( 95): iptables terminated by exit(3)
E/Netd ( 95): exec() res=0, status=768 for /system/bin/iptables -t raw -N idletimer_raw_PREROUTING
I/ip6tables( 95): ip6tables terminated by exit(3)
E/Netd ( 95): exec() res=0, status=768 for /system/bin/ip6tables -t raw -N idletimer_raw_PREROUTING
I/iptables( 95): iptables terminated by exit(3)
E/Netd ( 95): exec() res=0, status=768 for /system/bin/iptables -t raw -A PREROUTING -j idletimer_raw_PREROUTING
I/ip6tables( 95): ip6tables terminated by exit(3)
E/Netd ( 95): exec() res=0, status=768 for /system/bin/ip6tables -t raw -A PREROUTING -j idletimer_raw_PREROUTING
I/iptables( 95): iptables terminated by exit(3)
E/Netd ( 95): exec() res=0, status=768 for /system/bin/iptables -t mangle -N bw_mangle_POSTROUTING
I/ip6tables( 95): ip6tables terminated by exit(3)
E/Netd ( 95): exec() res=0, status=768 for /system/bin/ip6tables -t mangle -N bw_mangle_POSTROUTING
I/iptables( 95): iptables terminated by exit(3)
E/Netd ( 95): exec() res=0, status=768 for /system/bin/iptables -t mangle -A POSTROUTING -j bw_mangle_POSTROUTING
I/ip6tables( 95): ip6tables terminated by exit(3)
E/Netd ( 95): exec() res=0, status=768 for /system/bin/ip6tables -t mangle -A POSTROUTING -j bw_mangle_POSTROUTING
I/iptables( 95): iptables terminated by exit(3)
E/Netd ( 95): exec() res=0, status=768 for /system/bin/iptables -t mangle -N idletimer_mangle_POSTROUTING
I/ip6tables( 95): ip6tables terminated by exit(3)
E/Netd ( 95): exec() res=0, status=768 for /system/bin/ip6tables -t mangle -N idletimer_mangle_POSTROUTING
I/iptables( 95): iptables terminated by exit(3)
E/Netd ( 95): exec() res=0, status=768 for /system/bin/iptables -t mangle -A POSTROUTING -j idletimer_mangle_POSTROUTING
I/ip6tables( 95): ip6tables terminated by exit(3)
E/Netd ( 95): exec() res=0, status=768 for /system/bin/ip6tables -t mangle -A POSTROUTING -j idletimer_mangle_POSTROUTING
I/iptables( 95): iptables terminated by exit(3)
E/Netd ( 95): exec() res=0, status=768 for /system/bin/iptables -t mangle -N st_mangle_POSTROUTING
I/ip6tables( 95): ip6tables terminated by exit(3)
E/Netd ( 95): exec() res=0, status=768 for /system/bin/ip6tables -t mangle -N st_mangle_POSTROUTING
I/iptables( 95): iptables terminated by exit(3)
E/Netd ( 95): exec() res=0, status=768 for /system/bin/iptables -t mangle -A POSTROUTING -j st_mangle_POSTROUTING
I/ip6tables( 95): ip6tables terminated by exit(3)
E/Netd ( 95): exec() res=0, status=768 for /system/bin/ip6tables -t mangle -A POSTROUTING -j st_mangle_POSTROUTING
I/iptables( 95): iptables terminated by exit(3)
E/Netd ( 95): exec() res=0, status=768 for /system/bin/iptables -t mangle -N st_mangle_OUTPUT
I/ip6tables( 95): ip6tables terminated by exit(3)
E/Netd ( 95): exec() res=0, status=768 for /system/bin/ip6tables -t mangle -N st_mangle_OUTPUT
I/iptables( 95): iptables terminated by exit(3)
