W/System.err( 587): at dalvik.system.NativeStart.run(Native Method)
I/CalendarProvider2( 889): Sending notification intent: Intent { act=android.intent.action.PROVIDER_CHANGED dat=content://com.android.calendar }
W/ContentResolver( 889): Failed to get type for: content://com.android.calendar (Unknown URL content://com.android.calendar)
I/ActivityManager( 587): Resuming delayed broadcast
I/ActivityManager( 587): Start proc com.android.deskclock for broadcast com.android.deskclock/.AlarmInitReceiver: pid=951 uid=10032 gids={50032, 1028}
W/SchedPolicy( 587): add_tid_to_cgroup failed to write '951' (Permission denied); policy=0
W/ActivityManager( 587): Failed setting process group of 951 to 0
W/System.err( 587): java.lang.SecurityException: No permission to set to given group
W/System.err( 587): at android.os.Process.setProcessGroup(Native Method)
W/System.err( 587): at com.android.server.am.ActivityManagerService.applyOomAdjLocked(ActivityManagerService.java:15284)
W/System.err( 587): at com.android.server.am.ActivityManagerService.updateOomAdjLocked(ActivityManagerService.java:15528)
W/System.err( 587): at com.android.server.am.BroadcastQueue.processCurBroadcastLocked(BroadcastQueue.java:225)
W/System.err( 587): at com.android.server.am.BroadcastQueue.sendPendingBroadcastsLocked(BroadcastQueue.java:260)
W/System.err( 587): at com.android.server.am.ActivityManagerService.sendPendingBroadcastsLocked(ActivityManagerService.java:13006)
W/System.err( 587): at com.android.server.am.ActivityManagerService.attachApplicationLocked(ActivityManagerService.java:5023)
W/System.err( 587): at com.android.server.am.ActivityManagerService.attachApplication(ActivityManagerService.java:5063)
W/System.err( 587): at android.app.ActivityManagerNative.onTransact(ActivityManagerNative.java:394)
W/System.err( 587): at com.android.server.am.ActivityManagerService.onTransact(ActivityManagerService.java:2071)
W/System.err( 587): at android.os.Binder.execTransact(Binder.java:404)
W/System.err( 587): at dalvik.system.NativeStart.run(Native Method)
V/AlarmClock( 951): AlarmInitReceiver android.intent.action.BOOT_COMPLETED
V/AlarmClock( 951): AlarmInitReceiver - Reset timers and clear stopwatch data
I/AlarmClock( 951): Displaying next alarm time: ''
V/AlarmClock( 951): AlarmInitReceiver finished
I/ActivityManager( 587): Start proc com.android.calendar for broadcast com.android.calendar/.alerts.AlertReceiver: pid=967 uid=10038 gids={50038, 3003}
W/SchedPolicy( 587): add_tid_to_cgroup failed to write '967' (Permission denied); policy=0
W/System.err( 587): java.lang.SecurityException: No permission to set to given group
W/ActivityManager( 587): Failed setting process group of 967 to 0
W/System.err( 587): at android.os.Process.setProcessGroup(Native Method)
W/System.err( 587): at com.android.server.am.ActivityManagerService.applyOomAdjLocked(ActivityManagerService.java:15284)
W/System.err( 587): at com.android.server.am.ActivityManagerService.updateOomAdjLocked(ActivityManagerService.java:15528)
W/System.err( 587): at com.android.server.am.BroadcastQueue.processCurBroadcastLocked(BroadcastQueue.java:225)
W/System.err( 587): at com.android.server.am.BroadcastQueue.sendPendingBroadcastsLocked(BroadcastQueue.java:260)
W/System.err( 587): at com.android.server.am.ActivityManagerService.sendPendingBroadcastsLocked(ActivityManagerService.java:13006)
W/System.err( 587): at com.android.server.am.ActivityManagerService.attachApplicationLocked(ActivityManagerService.java:5023)
W/System.err( 587): at com.android.server.am.ActivityManagerService.attachApplication(ActivityManagerService.java:5063)
W/System.err( 587): at android.app.ActivityManagerNative.onTransact(ActivityManagerNative.java:394)
W/System.err( 587): at com.android.server.am.ActivityManagerService.onTransact(ActivityManagerService.java:2071)
W/System.err( 587): at android.os.Binder.execTransact(Binder.java:404)
W/System.err( 587): at dalvik.system.NativeStart.run(Native Method)
D/ExtensionsFactory( 967): No custom extensions.
D/AlertReceiver( 967): onReceive: a=android.intent.action.BOOT_COMPLETED Intent { act=android.intent.action.BOOT_COMPLETED flg=0x8000010 cmp=com.android.calendar/.alerts.AlertReceiver (has extras) }
I/ActivityManager( 587): Delay finish: com.android.calendar/.alerts.AlertReceiver
D/AlertService( 967): 0 Action = android.intent.action.BOOT_COMPLETED
D/AlertService( 967): Scheduling next alarm with AlarmScheduler. sEventReminderReceived: null
D/dalvikvm( 864): GC_CONCURRENT freed 235K, 10% free 3044K/3352K, paused 5ms+13ms, total 70ms
D/AlarmScheduler( 967): No events found starting within 1 week.
W/MediaScanner( 864): Error opening directory '/storage/sdcard1/', skipping: Permission denied.
V/MediaScanner( 864): pruneDeadThumbnailFiles... android.database.sqlite.SQLiteCursor@a5d76688
V/MediaScanner( 864): /pruneDeadThumbnailFiles... android.database.sqlite.SQLiteCursor@a5d76688
I/ActivityManager( 587): Resuming delayed broadcast
I/ActivityManager( 587): Start proc com.android.email for broadcast com.android.email/.service.EmailBroadcastReceiver: pid=987 uid=10044 gids={50044, 3003, 1028, 1015}
W/SchedPolicy( 587): add_tid_to_cgroup failed to write '987' (Permission denied); policy=0
W/ActivityManager( 587): Failed setting process group of 987 to 0
W/System.err( 587): java.lang.SecurityException: No permission to set to given group
W/System.err( 587): at android.os.Process.setProcessGroup(Native Method)
W/System.err( 587): at com.android.server.am.ActivityManagerService.applyOomAdjLocked(ActivityManagerService.java:15284)
W/System.err( 587): at com.android.server.am.ActivityManagerService.updateOomAdjLocked(ActivityManagerService.java:15528)
W/System.err( 587): at com.android.server.am.BroadcastQueue.processCurBroadcastLocked(BroadcastQueue.java:225)
W/System.err( 587): at com.android.server.am.BroadcastQueue.sendPendingBroadcastsLocked(BroadcastQueue.java:260)
W/System.err( 587): at com.android.server.am.ActivityManagerService.sendPendingBroadcastsLocked(ActivityManagerService.java:13006)
W/System.err( 587): at com.android.server.am.ActivityManagerService.attachApplicationLocked(ActivityManagerService.java:5023)
W/System.err( 587): at com.android.server.am.ActivityManagerService.attachApplication(ActivityManagerService.java:5063)
W/System.err( 587): at android.app.ActivityManagerNative.onTransact(ActivityManagerNative.java:394)
W/System.err( 587): at com.android.server.am.ActivityManagerService.onTransact(ActivityManagerService.java:2071)
W/System.err( 587): at android.os.Binder.execTransact(Binder.java:404)
W/System.err( 587): at dalvik.system.NativeStart.run(Native Method)
D/ActivityThread( 987): Loading provider com.android.email.provider;com.android.email.notifier: com.android.email.provider.EmailProvider
I/ActivityManager( 587): Delay finish: com.android.email/.service.EmailBroadcastReceiver
D/dalvikvm( 987): GC_CONCURRENT freed 246K, 11% free 2874K/3196K, paused 9ms+1ms, total 32ms
W/ActivityManager( 587): Unable to start service Intent { cmp=com.android.email/.service.AttachmentDownloadService } U=0: not found
I/Email ( 987): Observing account changes for notifications
W/ActivityManager( 587): Unable to start service Intent { cmp=com.android.email/.service.AttachmentDownloadService } U=0: not found
I/ActivityManager( 587): Delaying start of: ServiceRecord{a5fcf428 u0 com.android.exchange/.service.EmailSyncAdapterService}
I/ActivityManager( 587): Start proc com.android.exchange for service com.android.exchange/.service.EmailSyncAdapterService: pid=1006 uid=10024 gids={50024, 3003, 1028, 1015}
W/SchedPolicy( 587): add_tid_to_cgroup failed to write '1006' (Permission denied); policy=0
W/ActivityManager( 587): Failed setting process group of 1006 to 0
W/System.err( 587): java.lang.SecurityException: No permission to set to given group
W/System.err( 587): at android.os.Process.setProcessGroup(Native Method)
W/System.err( 587): at com.android.server.am.ActivityManagerService.applyOomAdjLocked(ActivityManagerService.java:15284)
W/System.err( 587): at com.android.server.am.ActivityManagerService.updateOomAdjLocked(ActivityManagerService.java:15528)
W/System.err( 587): at com.android.server.am.ActiveServices.realStartServiceLocked(ActiveServices.java:1395)
W/System.err( 587): at com.android.server.am.ActiveServices.attachApplicationLocked(ActiveServices.java:1874)
W/System.err( 587): at com.android.server.am.ActivityManagerService.attachApplicationLocked(ActivityManagerService.java:5014)
W/System.err( 587): at com.android.server.am.ActivityManagerService.attachApplication(ActivityManagerService.java:5063)
W/System.err( 587): at android.app.ActivityManagerNative.onTransact(ActivityManagerNative.java:394)
W/System.err( 587): at com.android.server.am.ActivityManagerService.onTransact(ActivityManagerService.java:2071)
W/System.err( 587): at android.os.Binder.execTransact(Binder.java:404)
W/System.err( 587): at dalvik.system.NativeStart.run(Native Method)
I/ActivityManager( 587): Resuming delayed broadcast
I/LauncherIconVisibilityManager( 708): Boot has been completed
I/LauncherIconVisibilityManager( 708): Activity has already been disabled: ComponentInfo{com.android.inputmethod.latin/com.android.inputmethod.latin.setup.SetupActivity}
D/AlertReceiver( 967): onReceive: a=android.intent.action.PROVIDER_CHANGED Intent { act=android.intent.action.PROVIDER_CHANGED dat=content://com.android.calendar flg=0x10 cmp=com.android.calendar/.alerts.AlertReceiver }
I/ActivityManager( 587): Delay finish: com.android.calendar/.alerts.AlertReceiver
D/AlertService( 967): 0 Action = android.intent.action.PROVIDER_CHANGED
I/GlobalDismissManager( 967): no sender configured
D/AlertService( 967): Beginning updateAlertNotification
D/AlertService( 967): No fired or scheduled alerts
D/AlertService( 967): Scheduling next alarm with AlarmScheduler. sEventReminderReceived: null
D/AlarmScheduler( 967): No events found starting within 1 week.
I/ActivityManager( 587): Resuming delayed broadcast
I/ActivityManager( 587): Delay finish: com.android.providers.calendar/.CalendarProviderBroadcastReceiver
I/ActivityManager( 587): Resuming delayed broadcast
I/ActivityManager( 587): Waited long enough for: ServiceRecord{a5fb9b78 u0 com.android.music/.MediaPlaybackService}