I/lights ( 601): /sys/class/backlight/pwm-backlight/brightness and /sys/class/backlight/tps65217-bl/brightness
E/RenderScript_jni( 782): non fatal RS error, Cannot bind more textuers than available
E/libEGL ( 782): called unimplemented OpenGL ES API
E/libEGL ( 782): called unimplemented OpenGL ES API
E/libEGL ( 782): called unimplemented OpenGL ES API
E/libEGL ( 782): called unimplemented OpenGL ES API
E/libEGL ( 782): called unimplemented OpenGL ES API
E/RenderScript( 782): Attempting to bind 1 textures on shader id 3083960560, but only 0 are available
E/RenderScript_jni( 782): non fatal RS error, Cannot bind more textuers than available
E/libEGL ( 782): called unimplemented OpenGL ES API
E/libEGL ( 782): called unimplemented OpenGL ES API
E/libEGL ( 782): called unimplemented OpenGL ES API
E/libEGL ( 782): called unimplemented OpenGL ES API
E/libEGL ( 782): called unimplemented OpenGL ES API
E/RenderScript( 782): Attempting to bind 1 textures on shader id 3083960560, but only 0 are available
E/RenderScript_jni( 782): non fatal RS error, Cannot bind more textuers than available
I/lights ( 601): write_int failed to open
I/lights ( 601): /sys/class/backlight/pwm-backlight/brightness and /sys/class/backlight/tps65217-bl/brightness
E/libEGL ( 782): called unimplemented OpenGL ES API
E/libEGL ( 782): called unimplemented OpenGL ES API
E/libEGL ( 782): called unimplemented OpenGL ES API
E/libEGL ( 782): called unimplemented OpenGL ES API
E/libEGL ( 782): called unimplemented OpenGL ES API
E/RenderScript( 782): Attempting to bind 1 textures on shader id 3083960560, but only 0 are available
E/RenderScript_jni( 782): non fatal RS error, Cannot bind more textuers than available
E/libEGL ( 782): called unimplemented OpenGL ES API
E/libEGL ( 782): called unimplemented OpenGL ES API
E/libEGL ( 782): called unimplemented OpenGL ES API
E/libEGL ( 782): called unimplemented OpenGL ES API
E/libEGL ( 782): called unimplemented OpenGL ES API
I/lights ( 601): write_int failed to open
I/lights ( 601): /sys/class/backlight/pwm-backlight/brightness and /sys/class/backlight/tps65217-bl/brightness
I/lights ( 601): write_int failed to open
I/lights ( 601): /sys/class/backlight/pwm-backlight/brightness and /sys/class/backlight/tps65217-bl/brightness
E/RenderScript( 782): Attempting to bind 1 textures on shader id 3082566016, but only 0 are available
I/lights ( 601): write_int failed to open
I/lights ( 601): /sys/class/backlight/pwm-backlight/brightness and /sys/class/backlight/tps65217-bl/brightness
E/RenderScript_jni( 782): non fatal RS error, Cannot bind more textuers than available
E/libEGL ( 782): called unimplemented OpenGL ES API
E/libEGL ( 782): called unimplemented OpenGL ES API
E/libEGL ( 782): called unimplemented OpenGL ES API
E/libEGL ( 782): called unimplemented OpenGL ES API
I/lights ( 601): write_int failed to open
I/lights ( 601): /sys/class/backlight/pwm-backlight/brightness and /sys/class/backlight/tps65217-bl/brightness
E/libEGL ( 782): called unimplemented OpenGL ES API
E/libEGL ( 782): called unimplemented OpenGL ES API
E/libEGL ( 782): called unimplemented OpenGL ES API
E/libEGL ( 782): called unimplemented OpenGL ES API
E/libEGL ( 782): called unimplemented OpenGL ES API
I/lights ( 601): write_int failed to open
I/lights ( 601): /sys/class/backlight/pwm-backlight/brightness and /sys/class/backlight/tps65217-bl/brightness
E/libEGL ( 782): called unimplemented OpenGL ES API
E/libEGL ( 782): called unimplemented OpenGL ES API
E/RenderScript( 782): Attempting to bind 1 textures on shader id 3083960560, but only 0 are available
I/lights ( 601): write_int failed to open
I/lights ( 601): /sys/class/backlight/pwm-backlight/brightness and /sys/class/backlight/tps65217-bl/brightness
E/RenderScript_jni( 782): non fatal RS error, Cannot bind more textuers than available
E/libEGL ( 782): called unimplemented OpenGL ES API
E/libEGL ( 782): called unimplemented OpenGL ES API
E/libEGL ( 782): called unimplemented OpenGL ES API
E/libEGL ( 782): called unimplemented OpenGL ES API
E/libEGL ( 782): called unimplemented OpenGL ES API
E/RenderScript( 782): Attempting to bind 1 textures on shader id 3083960560, but only 0 are available
E/RenderScript_jni( 782): non fatal RS error, Cannot bind more textuers than available
E/libEGL ( 782): called unimplemented OpenGL ES API
E/libEGL ( 782): called unimplemented OpenGL ES API
E/libEGL ( 782): called unimplemented OpenGL ES API
E/libEGL ( 782): called unimplemented OpenGL ES API
E/libEGL ( 782): called unimplemented OpenGL ES API
W/View ( 937): requestLayout() improperly called by com.android.launcher2.PagedViewIcon{a5f3fe80 VFED..CL ......ID 0,0-80,76 #0} during layout: running second layout pass
W/ResourceType( 937): No package identifier when getting name for resource number 0x00000001
W/View ( 937): requestLayout() improperly called by com.android.launcher2.PagedViewIcon{a5f6b2d8 VFED..CL ......ID 87,0-167,76 #1} during layout: running second layout pass
W/ResourceType( 937): No package identifier when getting name for resource number 0x00000002
W/View ( 937): requestLayout() improperly called by com.android.launcher2.PagedViewIcon{a5f473d8 VFED..CL ......ID 174,0-254,76 #2} during layout: running second layout pass
W/ResourceType( 937): No package identifier when getting name for resource number 0x00000003
W/View ( 937): requestLayout() improperly called by com.android.launcher2.PagedViewIcon{a5f58430 VFED..CL ......ID 261,0-341,76 #3} during layout: running second layout pass
W/ResourceType( 937): No package identifier when getting name for resource number 0x00000004
W/View ( 937): requestLayout() improperly called by com.android.launcher2.PagedViewIcon{a5f5f0c0 VFED..CL ......ID 348,0-428,76 #4} during layout: running second layout pass
W/ResourceType( 937): No package identifier when getting name for resource number 0x00000005
W/View ( 937): requestLayout() improperly called by com.android.launcher2.PagedViewIcon{a5f629d0 VFED..CL ......ID 0,94-80,170 #5} during layout: running second layout pass
W/ResourceType( 937): No package identifier when getting name for resource number 0x00000006
W/View ( 937): requestLayout() improperly called by com.android.launcher2.PagedViewIcon{a5f6c198 VFED..CL ......ID 87,94-167,170 #6} during layout: running second layout pass
W/ResourceType( 937): No package identifier when getting name for resource number 0x00000007
W/View ( 937): requestLayout() improperly called by com.android.launcher2.PagedViewIcon{a5f49e78 VFED..CL ......ID 174,94-254,170 #7} during layout: running second layout pass
W/ResourceType( 937): No package identifier when getting name for resource number 0x00000008
W/View ( 937): requestLayout() improperly called by com.android.launcher2.PagedViewIcon{a5f615d0 VFED..CL ......ID 261,94-341,170 #8} during layout: running second layout pass
E/RenderScript( 782): Attempting to bind 1 textures on shader id 3083960560, but only 0 are available
W/ResourceType( 937): No package identifier when getting name for resource number 0x00000009
W/View ( 937): requestLayout() improperly called by com.android.launcher2.PagedViewIcon{a5e311d0 VFED..CL ......ID 348,94-428,170 #9} during layout: running second layout pass
E/RenderScript_jni( 782): non fatal RS error, Cannot bind more textuers than available
E/libEGL ( 782): called unimplemented OpenGL ES API
E/libEGL ( 782): called unimplemented OpenGL ES API
E/libEGL ( 782): called unimplemented OpenGL ES API
E/libEGL ( 782): called unimplemented OpenGL ES API
E/libEGL ( 782): called unimplemented OpenGL ES API
E/RenderScript( 782): Attempting to bind 1 textures on shader id 3083960560, but only 0 are available
E/RenderScript_jni( 782): non fatal RS error, Cannot bind more textuers than available
E/libEGL ( 782): called unimplemented OpenGL ES API
E/libEGL ( 782): called unimplemented OpenGL ES API
E/libEGL ( 782): called unimplemented OpenGL ES API
E/libEGL ( 782): called unimplemented OpenGL ES API
E/libEGL ( 782): called unimplemented OpenGL ES API
D/dalvikvm( 937): GC_FOR_ALLOC freed 67K, 35% free 3427K/5272K, paused 30ms, total 32ms
E/RenderScript( 782): Attempting to bind 1 textures on shader id 3083960560, but only 0 are available
E/RenderScript_jni( 782): non fatal RS error, Cannot bind more textuers than available
E/libEGL ( 782): called unimplemented OpenGL ES API
E/libEGL ( 782): called unimplemented OpenGL ES API
E/libEGL ( 782): called unimplemented OpenGL ES API
E/libEGL ( 782): called unimplemented OpenGL ES API
E/libEGL ( 782): called unimplemented OpenGL ES API
E/RenderScript( 782): Attempting to bind 1 textures on shader id 3083960560, but only 0 are available
D/dalvikvm( 937): GC_CONCURRENT freed 4K, 26% free 3915K/5272K, paused 7ms+3ms, total 50ms
D/dalvikvm( 937): WAIT_FOR_CONCURRENT_GC blocked 13ms
E/RenderScript_jni( 782): non fatal RS error, Cannot bind more textuers than available
E/libEGL ( 782): called unimplemented OpenGL ES API
E/libEGL ( 782): called unimplemented OpenGL ES API
E/libEGL ( 782): called unimplemented OpenGL ES API
E/libEGL ( 782): called unimplemented OpenGL ES API
E/libEGL ( 782): called unimplemented OpenGL ES API
E/RenderScript( 782): Attempting to bind 1 textures on shader id 3083960560, but only 0 are available
E/RenderScript_jni( 782): non fatal RS error, Cannot bind more textuers than available
E/libEGL ( 782): called unimplemented OpenGL ES API
E/libEGL ( 782): called unimplemented OpenGL ES API
E/libEGL ( 782): called unimplemented OpenGL ES API
E/libEGL ( 782): called unimplemented OpenGL ES API
E/libEGL ( 782): called unimplemented OpenGL ES API
E/RenderScript( 782): Attempting to bind 1 textures on shader id 3083960560, but only 0 are available
E/RenderScript_jni( 782): non fatal RS error, Cannot bind more textuers than available
E/libEGL ( 782): called unimplemented OpenGL ES API
E/libEGL ( 782): called unimplemented OpenGL ES API
E/libEGL ( 782): called unimplemented OpenGL ES API
E/libEGL ( 782): called unimplemented OpenGL ES API
E/libEGL ( 782): called unimplemented OpenGL ES API
E/RenderScript( 782): Attempting to bind 1 textures on shader id 3083960560, but only 0 are available
E/RenderScript_jni( 782): non fatal RS error, Cannot bind more textuers than available
E/libEGL ( 782): called unimplemented OpenGL ES API
E/libEGL ( 782): called unimplemented OpenGL ES API
E/libEGL ( 782): called unimplemented OpenGL ES API
E/libEGL ( 782): called unimplemented OpenGL ES API
E/libEGL ( 782): called unimplemented OpenGL ES API
E/RenderScript( 782): Attempting to bind 1 textures on shader id 3083960560, but only 0 are available
E/RenderScript_jni( 782): non fatal RS error, Cannot bind more textuers than available
E/libEGL ( 782): called unimplemented OpenGL ES API
E/libEGL ( 782): called unimplemented OpenGL ES API
E/libEGL ( 782): called unimplemented OpenGL ES API
E/libEGL ( 782): called unimplemented OpenGL ES API
E/libEGL ( 782): called unimplemented OpenGL ES API
E/RenderScript( 782): Attempting to bind 1 textures on shader id 3083960560, but only 0 are available
E/RenderScript_jni( 782): non fatal RS error, Cannot bind more textuers than available
E/libEGL ( 782): called unimplemented OpenGL ES API
E/libEGL ( 782): called unimplemented OpenGL ES API
E/libEGL ( 782): called unimplemented OpenGL ES API
E/libEGL ( 782): called unimplemented OpenGL ES API
E/libEGL ( 782): called unimplemented OpenGL ES API
E/RenderScript( 782): Attempting to bind 1 textures on shader id 3083960560, but only 0 are available
E/RenderScript_jni( 782): non fatal RS error, Cannot bind more textuers than available
E/libEGL ( 782): called unimplemented OpenGL ES API
E/libEGL ( 782): called unimplemented OpenGL ES API
E/libEGL ( 782): called unimplemented OpenGL ES API
E/libEGL ( 782): called unimplemented OpenGL ES API
E/libEGL ( 782): called unimplemented OpenGL ES API
E/RenderScript( 782): Attempting to bind 1 textures on shader id 3083960560, but only 0 are available
E/RenderScript_jni( 782): non fatal RS error, Cannot bind more textuers than available
E/libEGL ( 782): called unimplemented OpenGL ES API
E/libEGL ( 782): called unimplemented OpenGL ES API
E/libEGL ( 782): called unimplemented OpenGL ES API
E/libEGL ( 782): called unimplemented OpenGL ES API
E/libEGL ( 782): called unimplemented OpenGL ES API
E/RenderScript( 782): Attempting to bind 1 textures on shader id 3083960560, but only 0 are available
E/RenderScript_jni( 782): non fatal RS error, Cannot bind more textuers than available
E/libEGL ( 782): called unimplemented OpenGL ES API
E/libEGL ( 782): called unimplemented OpenGL ES API
E/libEGL ( 782): called unimplemented OpenGL ES API
E/libEGL ( 782): called unimplemented OpenGL ES API
E/libEGL ( 782): called unimplemented OpenGL ES API
E/RenderScript( 782): Attempting to bind 1 textures on shader id 3083960560, but only 0 are available
E/RenderScript_jni( 782): non fatal RS error, Cannot bind more textuers than available
E/libEGL ( 782): called unimplemented OpenGL ES API
E/libEGL ( 782): called unimplemented OpenGL ES API
E/libEGL ( 782): called unimplemented OpenGL ES API
E/libEGL ( 782): called unimplemented OpenGL ES API
E/libEGL ( 782): called unimplemented OpenGL ES API
E/RenderScript( 782): Attempting to bind 1 textures on shader id 3082566016, but only 0 are available
E/RenderScript_jni( 782): non fatal RS error, Cannot bind more textuers than available
E/libEGL ( 782): called unimplemented OpenGL ES API
E/libEGL ( 782): called unimplemented OpenGL ES API
E/libEGL ( 782): called unimplemented OpenGL ES API
E/libEGL ( 782): called unimplemented OpenGL ES API
E/libEGL ( 782): called unimplemented OpenGL ES API
E/libEGL ( 782): called unimplemented OpenGL ES API
E/libEGL ( 782): called unimplemented OpenGL ES API
E/libEGL ( 782): called unimplemented OpenGL ES API
E/libEGL ( 782): called unimplemented OpenGL ES API
E/libEGL ( 782): called unimplemented OpenGL ES API
E/libEGL ( 782): called unimplemented OpenGL ES API
E/RenderScript( 782): Attempting to bind 1 textures on shader id 3083960560, but only 0 are available
E/RenderScript_jni( 782): non fatal RS error, Cannot bind more textuers than available
E/libEGL ( 782): called unimplemented OpenGL ES API
E/libEGL ( 782): called unimplemented OpenGL ES API
E/libEGL ( 782): called unimplemented OpenGL ES API
E/libEGL ( 782): called unimplemented OpenGL ES API
E/libEGL ( 782): called unimplemented OpenGL ES API
E/RenderScript( 782): Attempting to bind 1 textures on shader id 3083960560, but only 0 are available
E/RenderScript_jni( 782): non fatal RS error, Cannot bind more textuers than available
E/libEGL ( 782): called unimplemented OpenGL ES API
E/libEGL ( 782): called unimplemented OpenGL ES API
E/libEGL ( 782): called unimplemented OpenGL ES API
E/libEGL ( 782): called unimplemented OpenGL ES API
E/libEGL ( 782): called unimplemented OpenGL ES API
E/RenderScript( 782): Attempting to bind 1 textures on shader id 3083960560, but only 0 are available
E/RenderScript_jni( 782): non fatal RS error, Cannot bind more textuers than available
E/libEGL ( 782): called unimplemented OpenGL ES API
E/libEGL ( 782): called unimplemented OpenGL ES API
E/libEGL ( 782): called unimplemented OpenGL ES API
E/libEGL ( 782): called unimplemented OpenGL ES API
E/libEGL ( 782): called unimplemented OpenGL ES API
E/RenderScript( 782): Attempting to bind 1 textures on shader id 3083960560, but only 0 are available
E/RenderScript_jni( 782): non fatal RS error, Cannot bind more textuers than available
E/libEGL ( 782): called unimplemented OpenGL ES API
E/libEGL ( 782): called unimplemented OpenGL ES API
E/libEGL ( 782): called unimplemented OpenGL ES API
E/libEGL ( 782): called unimplemented OpenGL ES API
E/libEGL ( 782): called unimplemented OpenGL ES API
E/RenderScript( 782): Attempting to bind 1 textures on shader id 3083960560, but only 0 are available
E/RenderScript_jni( 782): non fatal RS error, Cannot bind more textuers than available
E/libEGL ( 782): called unimplemented OpenGL ES API
E/libEGL ( 782): called unimplemented OpenGL ES API
E/libEGL ( 782): called unimplemented OpenGL ES API
E/libEGL ( 782): called unimplemented OpenGL ES API
E/libEGL ( 782): called unimplemented OpenGL ES API
E/RenderScript( 782): Attempting to bind 1 textures on shader id 3083960560, but only 0 are available
E/RenderScript_jni( 782): non fatal RS error, Cannot bind more textuers than available
E/libEGL ( 782): called unimplemented OpenGL ES API
E/libEGL ( 782): called unimplemented OpenGL ES API
E/libEGL ( 782): called unimplemented OpenGL ES API
E/libEGL ( 782): called unimplemented OpenGL ES API
E/libEGL ( 782): called unimplemented OpenGL ES API
E/RenderScript( 782): Attempting to bind 1 textures on shader id 3083960560, but only 0 are available
E/RenderScript_jni( 782): non fatal RS error, Cannot bind more textuers than available
E/libEGL ( 782): called unimplemented OpenGL ES API
E/libEGL ( 782): called unimplemented OpenGL ES API
E/libEGL ( 782): called unimplemented OpenGL ES API
D/dalvikvm( 937): GC_FOR_ALLOC freed 3K, 20% free 4224K/5272K, paused 32ms, total 33ms
E/libEGL ( 782): called unimplemented OpenGL ES API
I/dalvikvm-heap( 937): Grow heap (frag case) to 4.798MB for 640016-byte allocation
E/libEGL ( 782): called unimplemented OpenGL ES API
E/RenderScript( 782): Attempting to bind 1 textures on shader id 3083960560, but only 0 are available
E/RenderScript_jni( 782): non fatal RS error, Cannot bind more textuers than available
E/libEGL ( 782): called unimplemented OpenGL ES API
E/libEGL ( 782): called unimplemented OpenGL ES API
E/libEGL ( 782): called unimplemented OpenGL ES API
E/libEGL ( 782): called unimplemented OpenGL ES API
E/libEGL ( 782): called unimplemented OpenGL ES API
E/RenderScript( 782): Attempting to bind 1 textures on shader id 3083960560, but only 0 are available
E/RenderScript_jni( 782): non fatal RS error, Cannot bind more textuers than available
E/libEGL ( 782): called unimplemented OpenGL ES API
D/dalvikvm( 937): GC_FOR_ALLOC freed <1K, 18% free 4849K/5900K, paused 40ms, total 40ms
E/libEGL ( 782): called unimplemented OpenGL ES API
E/libEGL ( 782): called unimplemented OpenGL ES API
E/libEGL ( 782): called unimplemented OpenGL ES API
E/libEGL ( 782): called unimplemented OpenGL ES API
E/RenderScript( 782): Attempting to bind 1 textures on shader id 3083960560, but only 0 are available
E/RenderScript_jni( 782): non fatal RS error, Cannot bind more textuers than available
E/libEGL ( 782): called unimplemented OpenGL ES API
E/libEGL ( 782): called unimplemented OpenGL ES API
D/dalvikvm( 937): GC_CONCURRENT freed <1K, 18% free 4861K/5900K, paused 3ms+5ms, total 57ms
E/libEGL ( 782): called unimplemented OpenGL ES API
E/libEGL ( 782): called unimplemented OpenGL ES API
E/libEGL ( 782): called unimplemented OpenGL ES API
E/RenderScript( 782): Attempting to bind 1 textures on shader id 3083960560, but only 0 are available
E/RenderScript_jni( 782): non fatal RS error, Cannot bind more textuers than available
E/libEGL ( 782): called unimplemented OpenGL ES API
E/libEGL ( 782): called unimplemented OpenGL ES API
E/libEGL ( 782): called unimplemented OpenGL ES API
E/libEGL ( 782): called unimplemented OpenGL ES API
E/libEGL ( 782): called unimplemented OpenGL ES API
E/RenderScript( 782): Attempting to bind 1 textures on shader id 3083960560, but only 0 are available
E/RenderScript_jni( 782): non fatal RS error, Cannot bind more textuers than available
E/libEGL ( 782): called unimplemented OpenGL ES API
E/libEGL ( 782): called unimplemented OpenGL ES API
E/libEGL ( 782): called unimplemented OpenGL ES API
E/libEGL ( 782): called unimplemented OpenGL ES API
E/libEGL ( 782): called unimplemented OpenGL ES API
E/RenderScript( 782): Attempting to bind 1 textures on shader id 3083960560, but only 0 are available
E/RenderScript_jni( 782): non fatal RS error, Cannot bind more textuers than available
E/libEGL ( 782): called unimplemented OpenGL ES API
E/libEGL ( 782): called unimplemented OpenGL ES API
E/libEGL ( 782): called unimplemented OpenGL ES API
E/libEGL ( 782): called unimplemented OpenGL ES API
E/libEGL ( 782): called unimplemented OpenGL ES API
E/RenderScript( 782): Attempting to bind 1 textures on shader id 3083960560, but only 0 are available
E/RenderScript_jni( 782): non fatal RS error, Cannot bind more textuers than available
E/libEGL ( 782): called unimplemented OpenGL ES API
E/libEGL ( 782): called unimplemented OpenGL ES API
E/libEGL ( 782): called unimplemented OpenGL ES API
E/libEGL ( 782): called unimplemented OpenGL ES API
E/libEGL ( 782): called unimplemented OpenGL ES API
E/RenderScript( 782): Attempting to bind 1 textures on shader id 3083960560, but only 0 are available
E/RenderScript_jni( 782): non fatal RS error, Cannot bind more textuers than available
E/libEGL ( 782): called unimplemented OpenGL ES API
E/libEGL ( 782): called unimplemented OpenGL ES API
E/libEGL ( 782): called unimplemented OpenGL ES API
E/libEGL ( 782): called unimplemented OpenGL ES API
D/dalvikvm( 937): GC_FOR_ALLOC freed 29K, 17% free 4943K/5900K, paused 35ms, total 36ms
I/dalvikvm-heap( 937): Grow heap (frag case) to 5.191MB for 315376-byte allocation
D/dalvikvm( 937): GC_FOR_ALLOC freed <1K, 16% free 5250K/6212K, paused 25ms, total 25ms
D/dalvikvm( 937): GC_FOR_ALLOC freed 3K, 16% free 5247K/6212K, paused 24ms, total 25ms
I/dalvikvm-heap( 937): Grow heap (frag case) to 5.600MB for 432760-byte allocation
D/dalvikvm( 937): GC_FOR_ALLOC freed <1K, 15% free 5670K/6636K, paused 25ms, total 25ms
D/dalvikvm( 937): GC_FOR_ALLOC freed <1K, 15% free 5670K/6636K, paused 26ms, total 26ms
I/dalvikvm-heap( 937): Grow heap (frag case) to 6.013MB for 432760-byte allocation
D/dalvikvm( 937): GC_FOR_ALLOC freed 0K, 14% free 6093K/7060K, paused 25ms, total 25ms
I/Choreographer( 937): Skipped 42 frames! The application may be doing too much work on its main thread.
D/dalvikvm( 937): GC_FOR_ALLOC freed 486K, 16% free 5949K/7060K, paused 24ms, total 25ms
D/dalvikvm( 937): GC_FOR_ALLOC freed 491K, 16% free 5932K/7060K, paused 25ms, total 25ms
D/dalvikvm( 937): GC_FOR_ALLOC freed 425K, 16% free 5931K/7060K, paused 24ms, total 24ms
D/dalvikvm( 937): GC_FOR_ALLOC freed 2049K, 39% free 4344K/7048K, paused 33ms, total 34ms
D/dalvikvm( 937): GC_CONCURRENT freed 62K, 33% free 4741K/7048K, paused 4ms+30ms, total 127ms
E/libEGL ( 782): called unimplemented OpenGL ES API
E/RenderScript( 782): Attempting to bind 1 textures on shader id 3082566016, but only 0 are available
E/RenderScript_jni( 782): non fatal RS error, Cannot bind more textuers than available
E/libEGL ( 782): called unimplemented OpenGL ES API
E/libEGL ( 782): called unimplemented OpenGL ES API
E/libEGL ( 782): called unimplemented OpenGL ES API
E/libEGL ( 782): called unimplemented OpenGL ES API
E/libEGL ( 782): called unimplemented OpenGL ES API
E/libEGL ( 782): called unimplemented OpenGL ES API
E/libEGL ( 782): called unimplemented OpenGL ES API
E/libEGL ( 782): called unimplemented OpenGL ES API
E/libEGL ( 782): called unimplemented OpenGL ES API
E/libEGL ( 782): called unimplemented OpenGL ES API
E/libEGL ( 782): called unimplemented OpenGL ES API
E/RenderScript( 782): Attempting to bind 1 textures on shader id 3083960560, but only 0 are available
D/dalvikvm( 937): GC_FOR_ALLOC freed 22K, 26% free 5238K/7048K, paused 106ms, total 110ms
E/RenderScript_jni( 782): non fatal RS error, Cannot bind more textuers than available
E/libEGL ( 782): called unimplemented OpenGL ES API
D/dalvikvm( 601): GC_CONCURRENT freed 456K, 47% free 5318K/10012K, paused 10ms+14ms, total 298ms
E/libEGL ( 782): called unimplemented OpenGL ES API
E/libEGL ( 782): called unimplemented OpenGL ES API
E/libEGL ( 782): called unimplemented OpenGL ES API
E/libEGL ( 782): called unimplemented OpenGL ES API
E/RenderScript( 782): Attempting to bind 1 textures on shader id 3083960560, but only 0 are available
E/RenderScript_jni( 782): non fatal RS error, Cannot bind more textuers than available
E/libEGL ( 782): called unimplemented OpenGL ES API
E/libEGL ( 782): called unimplemented OpenGL ES API
E/libEGL ( 782): called unimplemented OpenGL ES API
E/libEGL ( 782): called unimplemented OpenGL ES API
E/libEGL ( 782): called unimplemented OpenGL ES API
E/RenderScript( 782): Attempting to bind 1 textures on shader id 3083960560, but only 0 are available
E/RenderScript_jni( 782): non fatal RS error, Cannot bind more textuers than available
E/libEGL ( 782): called unimplemented OpenGL ES API
E/libEGL ( 782): called unimplemented OpenGL ES API
E/libEGL ( 782): called unimplemented OpenGL ES API
E/libEGL ( 782): called unimplemented OpenGL ES API
E/libEGL ( 782): called unimplemented OpenGL ES API
E/RenderScript( 782): Attempting to bind 1 textures on shader id 3083960560, but only 0 are available
E/RenderScript_jni( 782): non fatal RS error, Cannot bind more textuers than available
E/libEGL ( 782): called unimplemented OpenGL ES API
E/libEGL ( 782): called unimplemented OpenGL ES API
E/libEGL ( 782): called unimplemented OpenGL ES API
E/libEGL ( 782): called unimplemented OpenGL ES API
E/libEGL ( 782): called unimplemented OpenGL ES API
E/RenderScript( 782): Attempting to bind 1 textures on shader id 3083960560, but only 0 are available
E/RenderScript_jni( 782): non fatal RS error, Cannot bind more textuers than available
E/libEGL ( 782): called unimplemented OpenGL ES API
E/libEGL ( 782): called unimplemented OpenGL ES API
E/libEGL ( 782): called unimplemented OpenGL ES API
E/libEGL ( 782): called unimplemented OpenGL ES API
E/libEGL ( 782): called unimplemented OpenGL ES API
E/RenderScript( 782): Attempting to bind 1 textures on shader id 3083960560, but only 0 are available
E/RenderScript_jni( 782): non fatal RS error, Cannot bind more textuers than available
E/libEGL ( 782): called unimplemented OpenGL ES API
E/libEGL ( 782): called unimplemented OpenGL ES API
E/libEGL ( 782): called unimplemented OpenGL ES API
E/libEGL ( 782): called unimplemented OpenGL ES API
E/libEGL ( 782): called unimplemented OpenGL ES API
E/RenderScript( 782): Attempting to bind 1 textures on shader id 3083960560, but only 0 are available
E/RenderScript_jni( 782): non fatal RS error, Cannot bind more textuers than available
E/libEGL ( 782): called unimplemented OpenGL ES API
E/libEGL ( 782): called unimplemented OpenGL ES API
E/libEGL ( 782): called unimplemented OpenGL ES API
E/libEGL ( 782): called unimplemented OpenGL ES API
E/libEGL ( 782): called unimplemented OpenGL ES API
E/RenderScript( 782): Attempting to bind 1 textures on shader id 3083960560, but only 0 are available
E/RenderScript_jni( 782): non fatal RS error, Cannot bind more textuers than available
E/libEGL ( 782): called unimplemented OpenGL ES API
E/libEGL ( 782): called unimplemented OpenGL ES API
E/libEGL ( 782): called unimplemented OpenGL ES API
E/libEGL ( 782): called unimplemented OpenGL ES API
E/libEGL ( 782): called unimplemented OpenGL ES API
E/RenderScript( 782): Attempting to bind 1 textures on shader id 3083960560, but only 0 are available
E/RenderScript_jni( 782): non fatal RS error, Cannot bind more textuers than available
E/libEGL ( 782): called unimplemented OpenGL ES API
E/libEGL ( 782): called unimplemented OpenGL ES API
E/libEGL ( 782): called unimplemented OpenGL ES API
E/libEGL ( 782): called unimplemented OpenGL ES API
E/libEGL ( 782): called unimplemented OpenGL ES API
E/RenderScript( 782): Attempting to bind 1 textures on shader id 3083960560, but only 0 are available
E/RenderScript_jni( 782): non fatal RS error, Cannot bind more textuers than available
E/libEGL ( 782): called unimplemented OpenGL ES API
E/libEGL ( 782): called unimplemented OpenGL ES API
E/libEGL ( 782): called unimplemented OpenGL ES API
E/libEGL ( 782): called unimplemented OpenGL ES API
E/libEGL ( 782): called unimplemented OpenGL ES API
E/RenderScript( 782): Attempting to bind 1 textures on shader id 3083960560, but only 0 are available
E/RenderScript_jni( 782): non fatal RS error, Cannot bind more textuers than available
E/libEGL ( 782): called unimplemented OpenGL ES API
E/libEGL ( 782): called unimplemented OpenGL ES API
E/libEGL ( 782): called unimplemented OpenGL ES API
E/libEGL ( 782): called unimplemented OpenGL ES API
E/libEGL ( 782): called unimplemented OpenGL ES API
E/RenderScript( 782): Attempting to bind 1 textures on shader id 3083960560, but only 0 are available
E/RenderScript_jni( 782): non fatal RS error, Cannot bind more textuers than available
E/libEGL ( 782): called unimplemented OpenGL ES API
E/libEGL ( 782): called unimplemented OpenGL ES API
E/libEGL ( 782): called unimplemented OpenGL ES API
E/libEGL ( 782): called unimplemented OpenGL ES API
E/libEGL ( 782): called unimplemented OpenGL ES API
E/RenderScript( 782): Attempting to bind 1 textures on shader id 3083960560, but only 0 are available
E/RenderScript_jni( 782): non fatal RS error, Cannot bind more textuers than available
E/libEGL ( 782): called unimplemented OpenGL ES API
E/libEGL ( 782): called unimplemented OpenGL ES API
E/libEGL ( 782): called unimplemented OpenGL ES API
E/libEGL ( 782): called unimplemented OpenGL ES API
E/libEGL ( 782): called unimplemented OpenGL ES API
E/RenderScript( 782): Attempting to bind 1 textures on shader id 3083960560, but only 0 are available
E/RenderScript_jni( 782): non fatal RS error, Cannot bind more textuers than available
E/libEGL ( 782): called unimplemented OpenGL ES API
E/libEGL ( 782): called unimplemented OpenGL ES API
E/libEGL ( 782): called unimplemented OpenGL ES API
E/libEGL ( 782): called unimplemented OpenGL ES API
E/libEGL ( 782): called unimplemented OpenGL ES API
E/RenderScript( 782): Attempting to bind 1 textures on shader id 3083960560, but only 0 are available
E/RenderScript_jni( 782): non fatal RS error, Cannot bind more textuers than available
E/libEGL ( 782): called unimplemented OpenGL ES API
E/libEGL ( 782): called unimplemented OpenGL ES API
E/libEGL ( 782): called unimplemented OpenGL ES API
E/libEGL ( 782): called unimplemented OpenGL ES API
E/libEGL ( 782): called unimplemented OpenGL ES API
D/Launcher.Model( 937): DbDebug Add item (Settings) to db, id: 13 (-100, 2, 2, 1)
E/RenderScript( 782): Attempting to bind 1 textures on shader id 3082566016, but only 0 are available
E/RenderScript_jni( 782): non fatal RS error, Cannot bind more textuers than available
E/libEGL ( 782): called unimplemented OpenGL ES API
E/libEGL ( 782): called unimplemented OpenGL ES API
E/libEGL ( 782): called unimplemented OpenGL ES API
E/libEGL ( 782): called unimplemented OpenGL ES API
E/libEGL ( 782): called unimplemented OpenGL ES API
E/libEGL ( 782): called unimplemented OpenGL ES API
E/libEGL ( 782): called unimplemented OpenGL ES API
E/libEGL ( 782): called unimplemented OpenGL ES API
E/libEGL ( 782): called unimplemented OpenGL ES API
E/libEGL ( 782): called unimplemented OpenGL ES API
E/libEGL ( 782): called unimplemented OpenGL ES API
E/RenderScript( 782): Attempting to bind 1 textures on shader id 3083960560, but only 0 are available
E/RenderScript_jni( 782): non fatal RS error, Cannot bind more textuers than available
E/libEGL ( 782): called unimplemented OpenGL ES API
E/libEGL ( 782): called unimplemented OpenGL ES API
E/libEGL ( 782): called unimplemented OpenGL ES API
E/libEGL ( 782): called unimplemented OpenGL ES API
E/libEGL ( 782): called unimplemented OpenGL ES API
E/RenderScript( 782): Attempting to bind 1 textures on shader id 3083960560, but only 0 are available
E/RenderScript_jni( 782): non fatal RS error, Cannot bind more textuers than available
E/libEGL ( 782): called unimplemented OpenGL ES API
E/libEGL ( 782): called unimplemented OpenGL ES API
E/libEGL ( 782): called unimplemented OpenGL ES API
E/libEGL ( 782): called unimplemented OpenGL ES API
E/libEGL ( 782): called unimplemented OpenGL ES API
E/RenderScript( 782): Attempting to bind 1 textures on shader id 3083960560, but only 0 are available
E/RenderScript_jni( 782): non fatal RS error, Cannot bind more textuers than available
E/libEGL ( 782): called unimplemented OpenGL ES API
E/libEGL ( 782): called unimplemented OpenGL ES API
E/libEGL ( 782): called unimplemented OpenGL ES API
E/libEGL ( 782): called unimplemented OpenGL ES API
E/libEGL ( 782): called unimplemented OpenGL ES API
E/RenderScript( 782): Attempting to bind 1 textures on shader id 3083960560, but only 0 are available
E/RenderScript_jni( 782): non fatal RS error, Cannot bind more textuers than available
E/libEGL ( 782): called unimplemented OpenGL ES API
E/libEGL ( 782): called unimplemented OpenGL ES API
E/libEGL ( 782): called unimplemented OpenGL ES API
E/libEGL ( 782): called unimplemented OpenGL ES API
E/libEGL ( 782): called unimplemented OpenGL ES API
E/RenderScript( 782): Attempting to bind 1 textures on shader id 3083960560, but only 0 are available
E/RenderScript_jni( 782): non fatal RS error, Cannot bind more textuers than available
E/libEGL ( 782): called unimplemented OpenGL ES API
E/libEGL ( 782): called unimplemented OpenGL ES API
E/libEGL ( 782): called unimplemented OpenGL ES API
E/libEGL ( 782): called unimplemented OpenGL ES API
E/libEGL ( 782): called unimplemented OpenGL ES API
E/RenderScript( 782): Attempting to bind 1 textures on shader id 3083960560, but only 0 are available
E/RenderScript_jni( 782): non fatal RS error, Cannot bind more textuers than available
E/libEGL ( 782): called unimplemented OpenGL ES API
E/libEGL ( 782): called unimplemented OpenGL ES API
E/libEGL ( 782): called unimplemented OpenGL ES API
E/libEGL ( 782): called unimplemented OpenGL ES API
E/libEGL ( 782): called unimplemented OpenGL ES API
E/RenderScript( 782): Attempting to bind 1 textures on shader id 3083960560, but only 0 are available
E/RenderScript_jni( 782): non fatal RS error, Cannot bind more textuers than available
E/libEGL ( 782): called unimplemented OpenGL ES API
E/libEGL ( 782): called unimplemented OpenGL ES API
E/libEGL ( 782): called unimplemented OpenGL ES API
E/libEGL ( 782): called unimplemented OpenGL ES API
E/libEGL ( 782): called unimplemented OpenGL ES API
E/RenderScript( 782): Attempting to bind 1 textures on shader id 3083960560, but only 0 are available
E/RenderScript_jni( 782): non fatal RS error, Cannot bind more textuers than available
E/libEGL ( 782): called unimplemented OpenGL ES API
E/libEGL ( 782): called unimplemented OpenGL ES API
E/libEGL ( 782): called unimplemented OpenGL ES API
E/libEGL ( 782): called unimplemented OpenGL ES API
E/libEGL ( 782): called unimplemented OpenGL ES API
E/RenderScript( 782): Attempting to bind 1 textures on shader id 3083960560, but only 0 are available
E/RenderScript_jni( 782): non fatal RS error, Cannot bind more textuers than available
E/libEGL ( 782): called unimplemented OpenGL ES API
E/libEGL ( 782): called unimplemented OpenGL ES API
E/libEGL ( 782): called unimplemented OpenGL ES API
E/libEGL ( 782): called unimplemented OpenGL ES API
E/libEGL ( 782): called unimplemented OpenGL ES API
E/RenderScript( 782): Attempting to bind 1 textures on shader id 3083960560, but only 0 are available
E/RenderScript_jni( 782): non fatal RS error, Cannot bind more textuers than available
E/libEGL ( 782): called unimplemented OpenGL ES API
E/libEGL ( 782): called unimplemented OpenGL ES API
E/libEGL ( 782): called unimplemented OpenGL ES API
D/dalvikvm( 937): GC_FOR_ALLOC freed 1586K, 40% free 4269K/7048K, paused 34ms, total 36ms
E/libEGL ( 782): called unimplemented OpenGL ES API
E/libEGL ( 782): called unimplemented OpenGL ES API
E/RenderScript( 782): Attempting to bind 1 textures on shader id 3083960560, but only 0 are available
E/RenderScript_jni( 782): non fatal RS error, Cannot bind more textuers than available
E/libEGL ( 782): called unimplemented OpenGL ES API
E/libEGL ( 782): called unimplemented OpenGL ES API
E/libEGL ( 782): called unimplemented OpenGL ES API
E/libEGL ( 782): called unimplemented OpenGL ES API
E/libEGL ( 782): called unimplemented OpenGL ES API
E/RenderScript( 782): Attempting to bind 1 textures on shader id 3083960560, but only 0 are available
E/RenderScript_jni( 782): non fatal RS error, Cannot bind more textuers than available
E/libEGL ( 782): called unimplemented OpenGL ES API
D/dalvikvm( 937): GC_CONCURRENT freed <1K, 33% free 4759K/7048K, paused 7ms+5ms, total 44ms
D/dalvikvm( 937): WAIT_FOR_CONCURRENT_GC blocked 34ms
E/libEGL ( 782): called unimplemented OpenGL ES API
E/libEGL ( 782): called unimplemented OpenGL ES API
E/libEGL ( 782): called unimplemented OpenGL ES API
E/libEGL ( 782): called unimplemented OpenGL ES API
E/RenderScript( 782): Attempting to bind 1 textures on shader id 3083960560, but only 0 are available
E/RenderScript_jni( 782): non fatal RS error, Cannot bind more textuers than available
E/libEGL ( 782): called unimplemented OpenGL ES API
E/libEGL ( 782): called unimplemented OpenGL ES API
E/libEGL ( 782): called unimplemented OpenGL ES API
E/libEGL ( 782): called unimplemented OpenGL ES API
D/dalvikvm( 937): GC_FOR_ALLOC freed <1K, 26% free 5249K/7048K, paused 32ms, total 33ms
E/libEGL ( 782): called unimplemented OpenGL ES API
E/RenderScript( 782): Attempting to bind 1 textures on shader id 3083960560, but only 0 are available
E/RenderScript_jni( 782): non fatal RS error, Cannot bind more textuers than available
E/libEGL ( 782): called unimplemented OpenGL ES API
E/libEGL ( 782): called unimplemented OpenGL ES API
E/libEGL ( 782): called unimplemented OpenGL ES API
E/libEGL ( 782): called unimplemented OpenGL ES API
E/libEGL ( 782): called unimplemented OpenGL ES API
E/RenderScript( 782): Attempting to bind 1 textures on shader id 3083960560, but only 0 are available
E/RenderScript_jni( 782): non fatal RS error, Cannot bind more textuers than available
E/libEGL ( 782): called unimplemented OpenGL ES API
E/libEGL ( 782): called unimplemented OpenGL ES API
E/libEGL ( 782): called unimplemented OpenGL ES API
E/libEGL ( 782): called unimplemented OpenGL ES API
E/libEGL ( 782): called unimplemented OpenGL ES API
E/RenderScript( 782): Attempting to bind 1 textures on shader id 3082566016, but only 0 are available
E/RenderScript_jni( 782): non fatal RS error, Cannot bind more textuers than available
E/libEGL ( 782): called unimplemented OpenGL ES API
E/libEGL ( 782): called unimplemented OpenGL ES API
E/libEGL ( 782): called unimplemented OpenGL ES API
E/libEGL ( 782): called unimplemented OpenGL ES API
E/libEGL ( 782): called unimplemented OpenGL ES API
E/libEGL ( 782): called unimplemented OpenGL ES API
E/libEGL ( 782): called unimplemented OpenGL ES API
E/libEGL ( 782): called unimplemented OpenGL ES API
E/libEGL ( 782): called unimplemented OpenGL ES API
E/libEGL ( 782): called unimplemented OpenGL ES API
E/libEGL ( 782): called unimplemented OpenGL ES API
E/RenderScript( 782): Attempting to bind 1 textures on shader id 3083960560, but only 0 are available
E/RenderScript_jni( 782): non fatal RS error, Cannot bind more textuers than available
E/libEGL ( 782): called unimplemented OpenGL ES API
E/libEGL ( 782): called unimplemented OpenGL ES API
E/libEGL ( 782): called unimplemented OpenGL ES API
E/libEGL ( 782): called unimplemented OpenGL ES API
E/libEGL ( 782): called unimplemented OpenGL ES API
E/RenderScript( 782): Attempting to bind 1 textures on shader id 3083960560, but only 0 are available
E/RenderScript_jni( 782): non fatal RS error, Cannot bind more textuers than available
E/libEGL ( 782): called unimplemented OpenGL ES API
E/libEGL ( 782): called unimplemented OpenGL ES API
E/libEGL ( 782): called unimplemented OpenGL ES API
E/libEGL ( 782): called unimplemented OpenGL ES API
E/libEGL ( 782): called unimplemented OpenGL ES API
E/RenderScript( 782): Attempting to bind 1 textures on shader id 3083960560, but only 0 are available
E/RenderScript_jni( 782): non fatal RS error, Cannot bind more textuers than available
E/libEGL ( 782): called unimplemented OpenGL ES API
E/libEGL ( 782): called unimplemented OpenGL ES API
E/libEGL ( 782): called unimplemented OpenGL ES API
E/libEGL ( 782): called unimplemented OpenGL ES API
E/libEGL ( 782): called unimplemented OpenGL ES API
E/RenderScript( 782): Attempting to bind 1 textures on shader id 3083960560, but only 0 are available
E/RenderScript_jni( 782): non fatal RS error, Cannot bind more textuers than available
E/libEGL ( 782): called unimplemented OpenGL ES API
E/libEGL ( 782): called unimplemented OpenGL ES API
E/libEGL ( 782): called unimplemented OpenGL ES API
E/libEGL ( 782): called unimplemented OpenGL ES API
E/libEGL ( 782): called unimplemented OpenGL ES API
E/RenderScript( 782): Attempting to bind 1 textures on shader id 3083960560, but only 0 are available
E/RenderScript_jni( 782): non fatal RS error, Cannot bind more textuers than available
E/libEGL ( 782): called unimplemented OpenGL ES API
E/libEGL ( 782): called unimplemented OpenGL ES API
E/libEGL ( 782): called unimplemented OpenGL ES API
E/libEGL ( 782): called unimplemented OpenGL ES API
E/libEGL ( 782): called unimplemented OpenGL ES API
E/RenderScript( 782): Attempting to bind 1 textures on shader id 3083960560, but only 0 are available
E/RenderScript_jni( 782): non fatal RS error, Cannot bind more textuers than available
E/libEGL ( 782): called unimplemented OpenGL ES API
E/libEGL ( 782): called unimplemented OpenGL ES API
E/libEGL ( 782): called unimplemented OpenGL ES API
E/libEGL ( 782): called unimplemented OpenGL ES API
E/libEGL ( 782): called unimplemented OpenGL ES API
E/RenderScript( 782): Attempting to bind 1 textures on shader id 3083960560, but only 0 are available
E/RenderScript_jni( 782): non fatal RS error, Cannot bind more textuers than available
E/libEGL ( 782): called unimplemented OpenGL ES API
E/libEGL ( 782): called unimplemented OpenGL ES API
E/libEGL ( 782): called unimplemented OpenGL ES API
E/libEGL ( 782): called unimplemented OpenGL ES API
E/libEGL ( 782): called unimplemented OpenGL ES API
E/RenderScript( 782): Attempting to bind 1 textures on shader id 3083960560, but only 0 are available
E/RenderScript_jni( 782): non fatal RS error, Cannot bind more textuers than available
E/libEGL ( 782): called unimplemented OpenGL ES API
E/libEGL ( 782): called unimplemented OpenGL ES API
E/libEGL ( 782): called unimplemented OpenGL ES API
E/libEGL ( 782): called unimplemented OpenGL ES API
E/libEGL ( 782): called unimplemented OpenGL ES API
E/RenderScript( 782): Attempting to bind 1 textures on shader id 3083960560, but only 0 are available
E/RenderScript_jni( 782): non fatal RS error, Cannot bind more textuers than available
E/libEGL ( 782): called unimplemented OpenGL ES API
E/libEGL ( 782): called unimplemented OpenGL ES API
E/libEGL ( 782): called unimplemented OpenGL ES API
E/libEGL ( 782): called unimplemented OpenGL ES API
E/libEGL ( 782): called unimplemented OpenGL ES API
E/RenderScript( 782): Attempting to bind 1 textures on shader id 3083960560, but only 0 are available
E/RenderScript_jni( 782): non fatal RS error, Cannot bind more textuers than available
E/libEGL ( 782): called unimplemented OpenGL ES API
E/libEGL ( 782): called unimplemented OpenGL ES API
E/libEGL ( 782): called unimplemented OpenGL ES API
E/libEGL ( 782): called unimplemented OpenGL ES API
E/libEGL ( 782): called unimplemented OpenGL ES API
E/RenderScript( 782): Attempting to bind 1 textures on shader id 3083960560, but only 0 are available
E/RenderScript_jni( 782): non fatal RS error, Cannot bind more textuers than available
E/libEGL ( 782): called unimplemented OpenGL ES API
E/libEGL ( 782): called unimplemented OpenGL ES API
E/libEGL ( 782): called unimplemented OpenGL ES API
E/libEGL ( 782): called unimplemented OpenGL ES API
E/libEGL ( 782): called unimplemented OpenGL ES API
E/RenderScript( 782): Attempting to bind 1 textures on shader id 3083960560, but only 0 are available
E/RenderScript_jni( 782): non fatal RS error, Cannot bind more textuers than available
E/libEGL ( 782): called unimplemented OpenGL ES API
E/libEGL ( 782): called unimplemented OpenGL ES API
E/libEGL ( 782): called unimplemented OpenGL ES API
E/libEGL ( 782): called unimplemented OpenGL ES API
E/libEGL ( 782): called unimplemented OpenGL ES API
E/RenderScript( 782): Attempting to bind 1 textures on shader id 3083960560, but only 0 are available
E/RenderScript_jni( 782): non fatal RS error, Cannot bind more textuers than available
E/libEGL ( 782): called unimplemented OpenGL ES API
E/libEGL ( 782): called unimplemented OpenGL ES API
E/libEGL ( 782): called unimplemented OpenGL ES API
E/libEGL ( 782): called unimplemented OpenGL ES API
E/libEGL ( 782): called unimplemented OpenGL ES API
E/RenderScript( 782): Attempting to bind 1 textures on shader id 3083960560, but only 0 are available
E/RenderScript_jni( 782): non fatal RS error, Cannot bind more textuers than available
E/libEGL ( 782): called unimplemented OpenGL ES API
E/libEGL ( 782): called unimplemented OpenGL ES API
E/libEGL ( 782): called unimplemented OpenGL ES API
E/libEGL ( 782): called unimplemented OpenGL ES API
E/libEGL ( 782): called unimplemented OpenGL ES API
E/RenderScript( 782): Attempting to bind 1 textures on shader id 3083960560, but only 0 are available
E/RenderScript_jni( 782): non fatal RS error, Cannot bind more textuers than available
E/libEGL ( 782): called unimplemented OpenGL ES API
E/libEGL ( 782): called unimplemented OpenGL ES API
E/libEGL ( 782): called unimplemented OpenGL ES API
E/libEGL ( 782): called unimplemented OpenGL ES API
E/libEGL ( 782): called unimplemented OpenGL ES API
E/RenderScript( 782): Attempting to bind 1 textures on shader id 3082566016, but only 0 are available
E/RenderScript_jni( 782): non fatal RS error, Cannot bind more textuers than available
E/libEGL ( 782): called unimplemented OpenGL ES API
E/libEGL ( 782): called unimplemented OpenGL ES API
E/libEGL ( 782): called unimplemented OpenGL ES API
E/libEGL ( 782): called unimplemented OpenGL ES API
E/libEGL ( 782): called unimplemented OpenGL ES API
E/libEGL ( 782): called unimplemented OpenGL ES API
E/libEGL ( 782): called unimplemented OpenGL ES API
E/libEGL ( 782): called unimplemented OpenGL ES API
E/libEGL ( 782): called unimplemented OpenGL ES API
E/libEGL ( 782): called unimplemented OpenGL ES API
E/libEGL ( 782): called unimplemented OpenGL ES API
E/RenderScript( 782): Attempting to bind 1 textures on shader id 3083960560, but only 0 are available
E/RenderScript_jni( 782): non fatal RS error, Cannot bind more textuers than available
E/libEGL ( 782): called unimplemented OpenGL ES API
E/libEGL ( 782): called unimplemented OpenGL ES API
E/libEGL ( 782): called unimplemented OpenGL ES API
E/libEGL ( 782): called unimplemented OpenGL ES API
E/libEGL ( 782): called unimplemented OpenGL ES API
E/RenderScript( 782): Attempting to bind 1 textures on shader id 3083960560, but only 0 are available
E/RenderScript_jni( 782): non fatal RS error, Cannot bind more textuers than available
E/libEGL ( 782): called unimplemented OpenGL ES API
E/libEGL ( 782): called unimplemented OpenGL ES API
E/libEGL ( 782): called unimplemented OpenGL ES API
E/libEGL ( 782): called unimplemented OpenGL ES API
E/libEGL ( 782): called unimplemented OpenGL ES API
E/RenderScript( 782): Attempting to bind 1 textures on shader id 3083960560, but only 0 are available
E/RenderScript_jni( 782): non fatal RS error, Cannot bind more textuers than available
E/libEGL ( 782): called unimplemented OpenGL ES API
E/libEGL ( 782): called unimplemented OpenGL ES API
E/libEGL ( 782): called unimplemented OpenGL ES API
E/libEGL ( 782): called unimplemented OpenGL ES API
E/libEGL ( 782): called unimplemented OpenGL ES API
E/RenderScript( 782): Attempting to bind 1 textures on shader id 3083960560, but only 0 are available
E/RenderScript_jni( 782): non fatal RS error, Cannot bind more textuers than available
E/libEGL ( 782): called unimplemented OpenGL ES API
E/libEGL ( 782): called unimplemented OpenGL ES API
E/libEGL ( 782): called unimplemented OpenGL ES API
E/libEGL ( 782): called unimplemented OpenGL ES API
E/libEGL ( 782): called unimplemented OpenGL ES API
E/RenderScript( 782): Attempting to bind 1 textures on shader id 3083960560, but only 0 are available
E/RenderScript_jni( 782): non fatal RS error, Cannot bind more textuers than available
E/libEGL ( 782): called unimplemented OpenGL ES API
E/libEGL ( 782): called unimplemented OpenGL ES API
E/libEGL ( 782): called unimplemented OpenGL ES API
E/libEGL ( 782): called unimplemented OpenGL ES API
E/libEGL ( 782): called unimplemented OpenGL ES API
E/RenderScript( 782): Attempting to bind 1 textures on shader id 3083960560, but only 0 are available
E/RenderScript_jni( 782): non fatal RS error, Cannot bind more textuers than available
E/libEGL ( 782): called unimplemented OpenGL ES API
E/libEGL ( 782): called unimplemented OpenGL ES API
E/libEGL ( 782): called unimplemented OpenGL ES API
E/libEGL ( 782): called unimplemented OpenGL ES API
E/libEGL ( 782): called unimplemented OpenGL ES API
E/RenderScript( 782): Attempting to bind 1 textures on shader id 3083960560, but only 0 are available
E/RenderScript_jni( 782): non fatal RS error, Cannot bind more textuers than available
E/libEGL ( 782): called unimplemented OpenGL ES API
E/libEGL ( 782): called unimplemented OpenGL ES API
E/libEGL ( 782): called unimplemented OpenGL ES API
E/libEGL ( 782): called unimplemented OpenGL ES API
E/libEGL ( 782): called unimplemented OpenGL ES API
E/RenderScript( 782): Attempting to bind 1 textures on shader id 3083960560, but only 0 are available
E/RenderScript_jni( 782): non fatal RS error, Cannot bind more textuers than available
E/libEGL ( 782): called unimplemented OpenGL ES API
E/libEGL ( 782): called unimplemented OpenGL ES API
E/libEGL ( 782): called unimplemented OpenGL ES API
E/libEGL ( 782): called unimplemented OpenGL ES API
E/libEGL ( 782): called unimplemented OpenGL ES API
E/RenderScript( 782): Attempting to bind 1 textures on shader id 3083960560, but only 0 are available
E/RenderScript_jni( 782): non fatal RS error, Cannot bind more textuers than available
