04-02 18:28:11.739 3357 3357 W ChreGmsCore: at com.google.android.location.internal.GoogleLocationManagerChimeraService.onCreate(:com.google.android.gms@15090023@15.0.90 (040800-231259764):6)
04-02 18:28:11.739 3357 3357 W ChreGmsCore: at dxm.onCreate(:com.google.android.gms@15090023@15.0.90 (040800-231259764):1)
04-02 18:28:11.739 3357 3357 W ChreGmsCore: at poq.onCreate(:com.google.android.gms@15090023@15.0.90 (040800-231259764):4)
04-02 18:28:11.739 3357 3357 W ChreGmsCore: at android.app.ActivityThread.handleCreateService(ActivityThread.java:3339)
04-02 18:28:11.739 3357 3357 W ChreGmsCore: at android.app.ActivityThread.-wrap4(Unknown Source:0)
04-02 18:28:11.739 3357 3357 W ChreGmsCore: at android.app.ActivityThread$H.handleMessage(ActivityThread.java:1677)
04-02 18:28:11.739 3357 3357 W ChreGmsCore: at android.os.Handler.dispatchMessage(Handler.java:106)
04-02 18:28:11.739 3357 3357 W ChreGmsCore: at android.os.Looper.loop(Looper.java:164)
04-02 18:28:11.739 3357 3357 W ChreGmsCore: at android.app.ActivityThread.main(ActivityThread.java:6494)
04-02 18:28:11.739 3357 3357 W ChreGmsCore: at java.lang.reflect.Method.invoke(Native Method)
04-02 18:28:11.739 3357 3357 W ChreGmsCore: at com.android.internal.os.RuntimeInit$MethodAndArgsCaller.run(RuntimeInit.java:463)
04-02 18:28:11.739 3357 3357 W ChreGmsCore: at com.android.internal.os.ZygoteInit.main(ZygoteInit.java:807)
04-02 18:28:11.769 2768 3425 D WificondControl: Scan result ready event
04-02 18:28:11.771 3701 3735 I ContactLocale: AddressBook Labels [[fr_FR]]: […, A, B, C, D, E, F, G, H, I, J, K, L, M, N, O, P, Q, R, S, T, U, V, W, X, Y, Z, Α, Β, Γ, Δ, Ε, Ζ, Η, Θ, Ι, Κ, Λ, Μ, Ν, Ξ, Ο, Π, Ρ, Σ, Τ, Υ, Φ, Χ, Ψ, Ω, …, А, Б, В, Г, Д, Ђ, Е, Є, Ж, З, И, І, Й, Ј, К, Л, Љ, М, Н, Њ, О, П, Р, С, Т, Ћ, У, Ф, Х, Ц, Ч, Џ, Ш, Щ, Ю, Я, …, א, ב, ג, ד, ה, ו, ז, ח, ט, י, כ, ל, מ, נ, ס, ע, פ, צ, ק, ר, ש, ת, …, ا, ب, ت, ث, ج, ح, خ, د, ذ, ر, ز, س, ش, ص, ض, ط, ظ, ع, غ, ف, ق, ك, ل, م, ن, ه, و, ي, …, ก, ข, ฃ, ค, ฅ, ฆ, ง, จ, ฉ, ช, ซ, ฌ, ญ, ฎ, ฏ, ฐ, ฑ, ฒ, ณ, ด, ต, ถ, ท, ธ, น, บ, ป, ผ, ฝ, พ, ฟ, ภ, ม, ย, ร, ฤ, ล, ฦ, ว, ศ, ษ, ส, ห, ฬ, อ, ฮ, …, ㄱ, ㄴ, ㄷ, ㄹ, ㅁ, ㅂ, ㅅ, ㅇ, ㅈ, ㅊ, ㅋ, ㅌ, ㅍ, ㅎ, …, あ, か, さ, た, な, は, ま, や, ら, わ, #, …]
04-02 18:28:11.780 3357 3362 I zygote64: Compiler allocated 6MB to compile void bqaj.a(java.lang.Object, bqcs)
04-02 18:28:11.840 2768 3425 I WifiService: getWifiEnabledState uid=10015
04-02 18:28:11.840 2768 3425 I WifiService: isScanAlwaysAvailable uid=10015
04-02 18:28:11.841 3357 3357 W Settings: Setting airplane_mode_on has moved from android.provider.Settings.System to android.provider.Settings.Global, returning read-only value.
04-02 18:28:11.848 3357 3610 E ctxmgr : [FencePendingIntentCache]Expected to find a PendingIntent for pendingIntentKey=86b28329-e14b-490f-9d1c-099c16dbec9e
04-02 18:28:11.893 3357 3475 I GeofencerStateMachine: removeGeofences: removeRequest=RemoveGeofencingRequest[REMOVE_BY_PENDING_INTENT pendingIntent=PendingIntent[creatorPackage=com.google.android.gms], packageName=null]
04-02 18:28:11.906 3357 3362 I zygote64: Compiler allocated 5MB to compile void com.google.android.location.internal.server.GoogleLocationChimeraService.a(android.content.Intent, boolean)
04-02 18:28:11.931 3357 3362 I zygote64: Do full code cache collection, code=239KB, data=130KB
04-02 18:28:12.131 3357 3362 I zygote64: After code cache collection, code=209KB, data=113KB
04-02 18:28:12.164 3357 3370 I zygote64: Background concurrent copying GC freed 24405(1578KB) AllocSpace objects, 2(40KB) LOS objects, 49% free, 3MB/7MB, paused 90us total 294.289ms
04-02 18:28:12.175 3357 3762 I zygote64: Deoptimizing void aqfq.(android.content.Context, int, java.lang.String, java.lang.String, java.lang.String, java.lang.String) due to JIT inline cache
04-02 18:28:12.385 3701 3735 D ContactsDatabaseHelper: WAL enabled for profile.db: false
04-02 18:28:13.117 3479 3740 V MediaProvider: pruneThumbnails
04-02 18:28:13.118 3479 3740 V MediaProvider: /pruneDeadThumbnailFiles...
04-02 18:28:13.150 2768 2768 I Binder:2768_5: type=1400 audit(0.0:538): avc: denied { write } for name="timerslack_ns" dev="proc" ino=24351 scontext=u:r:system_server:s0 tcontext=u:r:priv_app:s0:c512,c768 tclass=file permissive=1
04-02 18:28:13.368 2768 3507 I WifiService: getWifiEnabledState uid=10015
04-02 18:28:13.368 2768 3507 I WifiService: getWifiEnabledState uid=10015
04-02 18:28:13.368 3357 3762 W Settings: Setting airplane_mode_on has moved from android.provider.Settings.System to android.provider.Settings.Global, returning read-only value.
04-02 18:28:13.368 2768 3507 I WifiService: isScanAlwaysAvailable uid=10015
04-02 18:28:13.372 3357 3762 W Settings: Setting airplane_mode_on has moved from android.provider.Settings.System to android.provider.Settings.Global, returning read-only value.
04-02 18:28:13.563 2768 3055 I WifiService: getWifiEnabledState uid=10015
04-02 18:28:13.563 2768 3055 I WifiService: getWifiEnabledState uid=10015
04-02 18:28:13.563 3357 3762 W Settings: Setting airplane_mode_on has moved from android.provider.Settings.System to android.provider.Settings.Global, returning read-only value.
04-02 18:28:13.564 2768 3055 I WifiService: isScanAlwaysAvailable uid=10015
04-02 18:28:13.574 3357 3762 W Settings: Setting airplane_mode_on has moved from android.provider.Settings.System to android.provider.Settings.Global, returning read-only value.
04-02 18:28:13.612 3743 3774 I Finsky : [128] nsl.a(36): Started reading experiment flags from file [SKocQA9EQQFTb-1gQsc5WsjVhGA].
04-02 18:28:13.631 3743 3774 I Finsky : [128] nsl.a(37): Finished reading experiment flags from file [SKocQA9EQQFTb-1gQsc5WsjVhGA].
04-02 18:28:13.632 2768 3507 I WifiService: getWifiEnabledState uid=10015
04-02 18:28:13.637 2768 3779 I WifiService: getWifiEnabledState uid=10015
04-02 18:28:13.638 3357 3762 W Settings: Setting airplane_mode_on has moved from android.provider.Settings.System to android.provider.Settings.Global, returning read-only value.
04-02 18:28:13.638 3743 3774 I Finsky : [128] nsl.a(36): Started reading experiment flags from file [Cl6l7qN389EJVXoiS2j1Le5JDCc].
04-02 18:28:13.639 2768 3507 I WifiService: isScanAlwaysAvailable uid=10015
04-02 18:28:13.642 3357 3610 I GCoreUlr: Starting service, intent=Intent { act=com.google.android.location.reporting.ACTION_UPDATE_WORLD cmp=com.google.android.gms/com.google.android.location.reporting.service.DispatchingService (has extras) }, extras=Bundle[{receiverAction=com.google.android.location.internal.server.ACTION_RESTARTED}]
04-02 18:28:13.669 3743 3774 I Finsky : [128] nsl.a(37): Finished reading experiment flags from file [Cl6l7qN389EJVXoiS2j1Le5JDCc].
04-02 18:28:13.810 3357 3603 W ctxmgr : [WorkManager]Long workInfo: pkg=com.google.android.gms, lbl=Prune, start=2019-04-02 18:28:11.658+0200, stop=2019-04-02 18:28:13.810+0200, durtn=2152ms
04-02 18:28:13.833 3357 3475 I GeofencerStateMachine: removeGeofences: removeRequest=RemoveGeofencingRequest[REMOVE_BY_PENDING_INTENT pendingIntent=PendingIntent[creatorPackage=com.google.android.gms], packageName=null]
04-02 18:28:13.849 3357 3572 I zygote64: Deoptimizing int bpxk.a() due to JIT inline cache
04-02 18:28:13.849 3357 3572 I zygote64: Deoptimizing java.lang.Object bpxk.c(bqba, bpxz) due to JIT inline cache
04-02 18:28:13.882 3357 3656 W atfg : Empty context buffer. Thus might mean that the context is not synced down.
04-02 18:28:13.891 3357 3656 W atbf : Empty context model while retrieving upload opt-in status!
04-02 18:28:14.048 3743 3771 I Finsky : [125] dgb.ag(6): Not a unicorn account
04-02 18:28:14.066 3743 3771 W PrimesInit: Primes instant initialization
04-02 18:28:14.067 3743 3807 W Primes : background initialization
04-02 18:28:14.166 3743 3807 I PrimesTesting: GserviceFlagsSupplier.get()
04-02 18:28:14.227 3743 3772 I Finsky : [126] com.google.android.finsky.packagemanager.impl.PackageMonitorReceiverImpl.(5): Registering in memory receiver for android.intent.action.PACKAGE_ADDED
04-02 18:28:14.233 3743 3772 W Settings: Setting download_manager_max_bytes_over_mobile has moved from android.provider.Settings.Secure to android.provider.Settings.Global.
04-02 18:28:14.233 3743 3772 I Finsky : [126] mvm.a(8): SettingNotFoundException, fall through to G.downloadBytesOverMobileMaximum
04-02 18:28:14.233 3743 3772 W Settings: Setting download_manager_recommended_max_bytes_over_mobile has moved from android.provider.Settings.Secure to android.provider.Settings.Global.
04-02 18:28:14.233 3743 3772 I Finsky : [126] mvm.b(3): SettingNotFoundException, fall through to G.downloadBytesOverMobileRecommended
04-02 18:28:14.235 3743 3791 I PlayCommon: [139] adix.d(23): Preparing logs for uploading
04-02 18:28:14.238 3743 3791 I PlayCommon: [139] adix.d(206): Connecting to server for timestamp: https://play.googleapis.com/play/log/timestamp
04-02 18:28:14.239 3743 3791 D NetworkSecurityConfig: No Network Security Config specified, using platform default
04-02 18:28:14.243 3743 3791 E PlayCommon: [139] adix.d(287): Failed to connect to server for server timestamp: java.net.UnknownHostException: Unable to resolve host "play.googleapis.com": No address associated with hostname
04-02 18:28:14.263 3743 3772 I Finsky : [126] ugq.d(1): Setup app restrictions monitor
04-02 18:28:14.267 3743 3772 I Finsky : [126] uid.a(5): Device wide unknown source restriction is changed.
04-02 18:28:14.310 3743 3743 I Finsky : [2] ppi.(6): Resetting scheduler db
04-02 18:28:14.311 3743 3743 I Finsky : [2] jix.a(1): Scheduling NO_RECENT_SUCCESS in onApplicationCreate
04-02 18:28:14.315 3743 3743 I Finsky : [2] pnu.a(21): Scheduling fallback job with id: 9034, and delay: 43200000 ms
04-02 18:28:14.315 3743 3743 I Finsky : [2] pnu.a(5): Scheduling fallback in 64799999 (absolute: 64909262)
04-02 18:28:14.353 3743 3781 I Finsky : [130] mdn.a(13): Loaded library for account: [ANqMuE0dJv6Y6qfT6ZzagQtzjhY]
04-02 18:28:14.353 3743 3781 I Finsky : [130] mdn.a(15): Finished loading 1 libraries.
04-02 18:28:14.380 3357 3357 W ChimeraUtils: Non Chimera context
04-02 18:28:14.380 3357 3357 W ChimeraUtils: Non Chimera context
04-02 18:28:14.383 3743 3743 I Finsky : [2] kbn.a(52): Installer: Attempting to start installer
04-02 18:28:14.384 3357 3357 W SystemServiceRegistry: No service published for: persistent_data_block
04-02 18:28:14.384 3743 3743 I Finsky : [2] kav.(8): Not checking if recovering from paused session because experiment is off
04-02 18:28:14.393 3743 3743 I Finsky : [2] kbn.a(244): Installer kick - no action, not running yet
04-02 18:28:14.395 3357 3761 W GCoreFlp: No location to return for getLastLocation()
04-02 18:28:14.418 3290 3290 W Notification: Use of stream types is deprecated for operations other than volume control
04-02 18:28:14.418 3290 3290 W Notification: See the documentation of setSound() for what to use instead with android.media.AudioAttributes to qualify your playback use case
04-02 18:28:14.421 2768 2783 W TelecomManager: Telecom Service not found.
04-02 18:28:14.422 2768 2783 W TelecomManager: Telecom Service not found.
04-02 18:28:14.422 2873 2873 D TileServices: Couldn't find tile for ComponentInfo{com.farmerbb.taskbar.androidx86/com.farmerbb.taskbar.service.QuickSettingsTileService}
04-02 18:28:14.425 3357 3572 I GCoreUlr: WorldUpdater received intent Intent { act=com.google.android.location.reporting.ACTION_UPDATE_WORLD cmp=com.google.android.gms/com.google.android.location.reporting.service.DispatchingService (has extras) } with receiverAction com.google.android.location.internal.server.ACTION_RESTARTED
04-02 18:28:14.443 3357 3572 I GCoreUlr: WorldUpdater:com.google.android.location.internal.server.ACTION_RESTARTED: Ensuring that reporting is stopped because of reasons: {account#-1#=[InactiveReason{mIdentifier=6, mName='ReportingNotEnabled'}, InactiveReason{mIdentifier=14, mName='HistoryNotEnabled'}]}
04-02 18:28:14.451 3357 3572 I GCoreUlr: Unbound from all signal providers.
04-02 18:28:14.451 3357 3576 I GCoreUlr: Successfully accounts update
04-02 18:28:14.460 3357 3357 I GCoreUlr: Unbound from all signal providers.
04-02 18:28:14.461 3357 3357 I GCoreUlr: Stopping handler for UlrDispSvcFast
04-02 18:28:14.461 3357 3576 I GCoreUlr: Successfully accounts update
04-02 18:28:14.462 3357 3572 I GCoreUlr: DispatchingService ignoring Intent { act=android.net.wifi.WIFI_STATE_CHANGED flg=0x4000010 (has extras) } because ULR inactive
04-02 18:28:14.739 3357 3357 W ChimeraUtils: Non Chimera context
04-02 18:28:14.739 3357 3357 W ChimeraUtils: Non Chimera context
04-02 18:28:14.748 3411 3489 E ConfigFileUtils: Failed to read config file: /data/user_de/0/com.google.android.gms/app_chimera/current_modules_init.pb (No such file or directory)
04-02 18:28:14.753 3357 3610 W ChimeraUtils: Non Chimera context
04-02 18:28:14.753 3357 3610 W ChimeraUtils: Non Chimera context
04-02 18:28:14.756 3290 3824 D OpenGLRenderer: HWUI GL Pipeline
04-02 18:28:14.759 3826 3826 I main : type=1400 audit(0.0:539): avc: denied { dac_read_search } for capability=2 scontext=u:r:zygote:s0 tcontext=u:r:zygote:s0 tclass=capability permissive=1
04-02 18:28:14.761 3826 3826 W zygote64: Unexpected CPU variant for X86 using defaults: x86_64
04-02 18:28:14.863 3826 3826 I zygote64: The ClassLoaderContext is a special shared library.
04-02 18:28:14.868 3826 3826 V OneTimeInitializerReceiver: OneTimeInitializerReceiver.onReceive
04-02 18:28:14.869 3826 3843 V OneTimeInitializer: OneTimeInitializer.initialize
04-02 18:28:14.894 3357 3357 E BaseAppContext: Tried to stop global GMSCore RequestQueue. This is likely unintended, so ignoring.
04-02 18:28:14.899 2666 2755 D gralloc : Registering a buffer in the process that created it. This may cause memory ordering problems.
04-02 18:28:14.899 2666 2755 I chatty : uid=0(root) Binder:2666_3 identical 1 line
04-02 18:28:14.899 2666 2755 D gralloc : Registering a buffer in the process that created it. This may cause memory ordering problems.
04-02 18:28:14.900 3290 3824 I com.farmerbb.taskbar.androidx86: android::hardware::configstore::V1_0::ISurfaceFlingerConfigs::hasWideColorDisplay retrieved: 0
04-02 18:28:14.901 3290 3824 I OpenGLRenderer: Initialized EGL, version 1.4
04-02 18:28:14.901 3290 3824 D OpenGLRenderer: Swap behavior 1
04-02 18:28:14.949 3826 3843 V OneTimeInitializer: Already run, doing nothing.
04-02 18:28:15.004 3852 3852 W zygote64: Unexpected CPU variant for X86 using defaults: x86_64
04-02 18:28:15.267 3411 3506 W ChimeraUtils: Non Chimera context
04-02 18:28:15.267 3411 3506 W ChimeraUtils: Non Chimera context
04-02 18:28:15.320 3357 3357 W ChimeraUtils: Non Chimera context
04-02 18:28:15.320 3357 3357 W ChimeraUtils: Non Chimera context
04-02 18:28:15.325 3411 3506 I Auth : [WorkAccount] update authenticator enabled for boot or update
04-02 18:28:15.335 3743 3743 I Finsky : [2] ppi.b(7): Jobs in database: 1-1337 12-1 24-77777777 26-1414141414
04-02 18:28:15.336 3743 3743 I Finsky : [2] pnb.a(66): ConstraintMapping: 24-77777777, -> L: 0ms, D: 0ms, C: false, I: true, N: 0
04-02 18:28:15.340 3743 3743 I Finsky : [2] pnb.a(66): ConstraintMapping: 12-1, -> L: 0ms, D: 4332043ms, C: false, I: false, N: 1
04-02 18:28:15.341 3743 3743 I Finsky : [2] pnb.a(66): ConstraintMapping: 1-1337, 26-1414141414, -> L: 0ms, D: 13112740ms, C: false, I: false, N: 0
04-02 18:28:15.342 3743 3743 I Finsky : [2] com.google.android.finsky.scheduler.JobSchedulerEngine.a(4): Scheduling job Id: 9000, L: 0, D: 0, C: false, I: true, N: 0
04-02 18:28:15.345 3743 3743 I Finsky : [2] com.google.android.finsky.scheduler.JobSchedulerEngine.a(4): Scheduling job Id: 9001, L: 0, D: 4332043, C: false, I: false, N: 1
04-02 18:28:15.348 3743 3743 I Finsky : [2] com.google.android.finsky.scheduler.JobSchedulerEngine.a(4): Scheduling job Id: 9002, L: 0, D: 13112740, C: false, I: false, N: 0
04-02 18:28:15.355 3743 3743 I Finsky : [2] com.google.android.finsky.scheduler.JobSchedulerEngine$PhoneskyJobSchedulerJobService.onStartJob(3): onJobSchedulerWakeup with jobId 9002
04-02 18:28:15.357 3852 3852 I zygote64: The ClassLoaderContext is a special shared library.
04-02 18:28:15.363 3290 3290 I Choreographer: Skipped 40 frames! The application may be doing too much work on its main thread.
04-02 18:28:15.363 3743 3743 I Finsky : [2] pnu.a(21): Scheduling fallback job with id: 9034, and delay: 43200000 ms
04-02 18:28:15.368 3743 3743 I Finsky : [2] pnu.a(5): Scheduling fallback in 64799996 (absolute: 64910312)
04-02 18:28:15.370 3743 3743 I Finsky : [2] com.google.android.finsky.scheduler.JobSchedulerEngine$PhoneskyJobSchedulerJobService.onStartJob(3): onJobSchedulerWakeup with jobId 9000
04-02 18:28:15.371 3743 3743 I Finsky : [2] pnu.a(21): Scheduling fallback job with id: 9034, and delay: 43200000 ms
04-02 18:28:15.403 3357 3606 I Auth : [WorkAccount] init work authenticator
04-02 18:28:15.410 3743 3743 I Finsky : [2] pnu.a(5): Scheduling fallback in 64799962 (absolute: 64910319)
04-02 18:28:15.410 3743 3743 W Finsky : [2] com.google.android.finsky.scheduler.JobSchedulerEngine$PhoneskyJobSchedulerJobService.onStartJob(6): onJobSchedulerWakeup while already running
04-02 18:28:15.451 3357 3778 I Auth : [ReflectiveChannelBinder] Successfully bound channel!
04-02 18:28:15.460 3743 3743 I Finsky : [2] pqg.a(2): Not scheduling immediate wakeup as already running
04-02 18:28:15.460 3357 3869 W WakefulBroadcastReceiv.: No active wake lock id #1
04-02 18:28:15.462 3743 3743 I Finsky : [2] com.google.android.finsky.scheduler.JobSchedulerEngine.a(40): Cancelling existing job with id: 9001
04-02 18:28:15.463 3743 3743 I Finsky : [2] com.google.android.finsky.scheduler.JobSchedulerEngine.a(40): Cancelling existing job with id: 9002
04-02 18:28:15.464 3743 3743 I Finsky : [2] com.google.android.finsky.scheduler.JobSchedulerEngine.a(55): Scheduling immediate wakeup job with id: 9000
04-02 18:28:15.468 3743 3743 I Finsky : [2] com.google.android.finsky.scheduler.JobSchedulerEngine$PhoneskyJobSchedulerJobService.onStartJob(3): onJobSchedulerWakeup with jobId 9000
04-02 18:28:15.471 3743 3743 I Finsky : [2] pnu.a(21): Scheduling fallback job with id: 9034, and delay: 43200000 ms
04-02 18:28:15.489 3743 3743 I Finsky : [2] pnu.a(5): Scheduling fallback in 64799994 (absolute: 64910430)
04-02 18:28:15.489 3743 3743 W Finsky : [2] com.google.android.finsky.scheduler.JobSchedulerEngine$PhoneskyJobSchedulerJobService.onStartJob(6): onJobSchedulerWakeup while already running
04-02 18:28:15.490 3743 3743 I Finsky : [2] poc.handleMessage(10): DeviceState: DeviceState{currentTime=1554222495466, isCharging=true, isIdle=false, netAny=false, netNotRoaming=false, netUnmetered=false}
04-02 18:28:15.500 3357 3778 E Auth : [GoogleAccountDataServiceImpl] getToken() -> NETWORK_ERROR. Account: , App: com.android.vending, Service: oauth2:https://www.googleapis.com/auth/googleplay
04-02 18:28:15.501 3357 3778 W Auth : [GetToken] GetToken failed with status code: NetworkError
04-02 18:28:15.525 3743 3748 I zygote64: Do partial code cache collection, code=29KB, data=23KB
04-02 18:28:15.525 3743 3748 I zygote64: After code cache collection, code=29KB, data=23KB
04-02 18:28:15.525 3743 3748 I zygote64: Increasing code cache capacity to 128KB
04-02 18:28:15.579 3411 3416 I zygote64: Do partial code cache collection, code=62KB, data=57KB
04-02 18:28:15.619 3411 3416 I zygote64: After code cache collection, code=60KB, data=57KB
04-02 18:28:15.619 3411 3416 I zygote64: Increasing code cache capacity to 256KB
04-02 18:28:15.657 3743 3817 I Finsky : [163] ppi.b(7): Jobs in database: 1-1337 12-1 24-77777777 26-1414141414
04-02 18:28:15.660 3743 3743 I Finsky : [2] pnx.a(45): Running job: 1-1337
04-02 18:28:15.671 3411 3422 I zygote64: Background concurrent copying GC freed 10871(918KB) AllocSpace objects, 2(40KB) LOS objects, 49% free, 2MB/5MB, paused 30.284ms total 161.431ms
04-02 18:28:15.684 2666 2716 D gralloc : Registering a buffer in the process that created it. This may cause memory ordering problems.
04-02 18:28:15.684 3290 3824 D vndksupport: Loading /vendor/lib64/hw/android.hardware.graphics.mapper@2.0-impl.so from current namespace instead of sphal namespace.
04-02 18:28:15.685 3290 3824 D vndksupport: Loading /vendor/lib64/hw/gralloc.default.so from current namespace instead of sphal namespace.
04-02 18:28:15.685 3290 3824 D vndksupport: Loading /vendor/lib64/hw/gralloc.default.so from current namespace instead of sphal namespace.
04-02 18:28:15.751 3357 3778 W GLSActivity:
04-02 18:28:15.751 3357 3778 W GLSActivity: java.io.IOException: NetworkError
04-02 18:28:15.751 3357 3778 W GLSActivity: at gwr.a(:com.google.android.gms@15090023@15.0.90 (040800-231259764):9)
04-02 18:28:15.751 3357 3778 W GLSActivity: at gwq.a(:com.google.android.gms@15090023@15.0.90 (040800-231259764):2)
04-02 18:28:15.751 3357 3778 W GLSActivity: at gwq.c(:com.google.android.gms@15090023@15.0.90 (040800-231259764):6)
04-02 18:28:15.751 3357 3778 W GLSActivity: at gwp.a(:com.google.android.gms@15090023@15.0.90 (040800-231259764):1)
04-02 18:28:15.751 3357 3778 W GLSActivity: at gyn.getAuthToken(:com.google.android.gms@15090023@15.0.90 (040800-231259764):9)
04-02 18:28:15.751 3357 3778 W GLSActivity: at android.accounts.AbstractAccountAuthenticator$Transport.getAuthToken(AbstractAccountAuthenticator.java:244)
04-02 18:28:15.751 3357 3778 W GLSActivity: at android.accounts.IAccountAuthenticator$Stub.onTransact(IAccountAuthenticator.java:113)
04-02 18:28:15.751 3357 3778 W GLSActivity: at android.os.Binder.transact(Binder.java:627)
04-02 18:28:15.751 3357 3778 W GLSActivity: at dvm.onTransact(:com.google.android.gms@15090023@15.0.90 (040800-231259764):3)
04-02 18:28:15.751 3357 3778 W GLSActivity: at android.os.Binder.execTransact(Binder.java:697)
04-02 18:28:15.754 2768 2790 D OpenGLRenderer: HWUI GL Pipeline
04-02 18:28:15.755 2768 2790 W TelecomManager: Telecom Service not found.
04-02 18:28:15.755 3743 3791 I zygote64: Deoptimizing java.lang.String vnt.a(java.lang.String, java.lang.Object[]) due to JIT inline cache
04-02 18:28:15.755 3743 3791 E PlayCommon: [139] adix.a(5): Failed to get auth token: java.io.IOException: NetworkError
04-02 18:28:15.755 3743 3791 W PlayCommon: [139] adix.d(104): Deferring log upload because couldn't retrieve auth token
04-02 18:28:15.815 3411 3859 I Auth : [SupervisedAccountIntentOperation] onHandleIntent(): android.intent.action.BOOT_COMPLETED
04-02 18:28:15.819 3411 3859 I Auth : [SupervisedAccountIntentOperation] This operation is disabled
04-02 18:28:15.858 3411 3890 W ChimeraUtils: Non Chimera context
04-02 18:28:15.858 3411 3890 W ChimeraUtils: Non Chimera context
04-02 18:28:15.870 3411 3506 W ChimeraUtils: Non Chimera context
04-02 18:28:15.870 3411 3506 W ChimeraUtils: Non Chimera context
04-02 18:28:15.873 3411 3890 E BaseAppContext: Tried to stop global GMSCore RequestQueue. This is likely unintended, so ignoring.
04-02 18:28:15.894 3411 3889 I AutofillModuleInitInten: AutofillModuleInitIntentOperation onInitRuntimeState(2) [CONTEXT service_id=177 ]
04-02 18:28:15.923 3411 3890 I Authzen : [AuthZenEventHandler] Handling event: android.intent.action.BOOT_COMPLETED
04-02 18:28:15.948 3411 3506 V Backup : [MigrateUtil] Clearing migrate temp dir: /data/user/0/com.google.android.gms/files/migrate_dir
04-02 18:28:15.950 3411 3889 V Backup : [SettingsModuleInit] onInitRuntimeState
04-02 18:28:15.955 3411 3506 D Backup : [MigrateCleaner] D2D transport was not selected, not selecting cloud transport.
04-02 18:28:15.955 3411 3889 V Backup : [NoBackupNotification] Disabled, not scheduling
04-02 18:28:15.972 3411 3884 D CAR.SETUP: onInitRuntimeState: Intent { act=android.intent.action.BOOT_COMPLETED flg=0x9000010 cmp=com.google.android.gms/.chimera.GmsIntentOperationService (has extras) }
04-02 18:28:15.974 3411 3506 I Backup : [TargetEnabler] Setting target components to enabled = false
04-02 18:28:15.977 3411 3506 I Backup : [SourceEnabler] Setting source components to enabled = true
04-02 18:28:15.978 3411 3506 V Backup : [MigrateUtil] Using O+ select transport api
04-02 18:28:15.979 3411 3506 W Backup : [ComponentEnablerUtil] Unable to set component 'com.google.android.gms.backup.component.D2dMigrateFlowActivity' to enabled=false
04-02 18:28:15.980 3411 3506 W Backup : [ComponentEnablerUtil] Unable to set component 'com.google.android.gms.backup.component.UsbDeviceAttachedActivity' to enabled=false
04-02 18:28:15.985 3411 3884 D CAR.SETUP: update DrivingMode components to false
04-02 18:28:15.993 3411 3506 V Backup : [GmsBackupScheduler] Disabled, not scheduling.
04-02 18:28:15.997 3411 3889 I ChromeSync: [Sync,SyncIntentOperation] Handling the intent: Intent { act=android.intent.action.BOOT_COMPLETED flg=0x9000010 cmp=com.google.android.gms/.chimera.GmsIntentOperationService (has extras) }.
04-02 18:28:16.000 3411 3691 I CheckinCompat: Disabling old GoogleServicesFramework version
04-02 18:28:16.000 3411 3691 I CheckinCompat: No service .checkin.CheckinService$Receiver to disable
04-02 18:28:16.001 3411 3691 I CheckinCompat: No service .checkin.CheckinService$TriggerReceiver to disable
04-02 18:28:16.002 3411 3691 I CheckinCompat: No service .checkin.CheckinService$SecretCodeReceiver to disable
04-02 18:28:16.003 3411 3506 V Backup : [GmsBackupSchedulerLog] Logging to Clearcut eventCode: GMS_BACKUP_SCHEDULE, event: d: # meu@5a098004
04-02 18:28:16.009 3743 3743 I Finsky : [2] jjp.b(5): Probe [ANqMuE0dJv6Y6qfT6ZzagQtzjhY] for hygiene pass
04-02 18:28:16.012 3743 3743 I Finsky : [2] poc.handleMessage(81): RunningQueue size: 1, PendingQueue size: 1
04-02 18:28:16.012 3743 3743 I Finsky : [2] poc.handleMessage(90): Running queue: 1-1337
04-02 18:28:16.013 3743 3743 I Finsky : [2] kca.a(3): Installer: Installer starting, recovering 0 running downloads
04-02 18:28:16.014 3743 3805 I Finsky : [153] kcl.run(2): Installer: Installer starting, cleaning up sessions.
04-02 18:28:16.018 3743 3805 I Finsky : [153] kcl.run(5): Installer: Installer started.
04-02 18:28:16.021 3743 3743 I Finsky : [2] qsi.a(31): Connecting InstallListener to SplitInstallService broadcaster...
04-02 18:28:16.021 3743 3743 I zygote64: Deoptimizing java.lang.Object j$.util.concurrent.ConcurrentHashMap.putVal(java.lang.Object, java.lang.Object, boolean) due to JIT inline cache
04-02 18:28:16.104 3411 3506 V Backup : [MmsBackupScheduler] Disabled, not scheduling.
04-02 18:28:16.110 3411 3506 V Backup : [MmsBackupSchedulerLog] Logging is disabled.
04-02 18:28:16.117 3411 3859 I constellation: [intent_handler] Received onBootCompleted intent
04-02 18:28:16.129 3411 3859 I constellation: [reboot_checker] Reboot checker check status.
04-02 18:28:16.132 3411 3859 I constellation: [reboot_checker] reboot checker is disabled.
04-02 18:28:16.132 3411 3859 I constellation: [intent_handler] on init with intent Intent { act=android.intent.action.BOOT_COMPLETED flg=0x9000010 cmp=com.google.android.gms/.chimera.GmsIntentOperationService (has extras) }
04-02 18:28:16.160 3357 3362 I zygote64: Do partial code cache collection, code=251KB, data=155KB
04-02 18:28:16.161 3357 3362 I zygote64: After code cache collection, code=245KB, data=152KB
04-02 18:28:16.161 3357 3362 I zygote64: Increasing code cache capacity to 1024KB
04-02 18:28:16.203 3411 3889 I Fido : [FidoInitIntentOperation] Initializing Fido module, InitRuntimeState=2
04-02 18:28:16.248 3411 3506 I GCM-GMS : Scheduling task to register GMS
04-02 18:28:16.339 2873 2873 W StaticLayout: maxLineHeight should not be -1. maxLines:1 lineCount:1
04-02 18:28:16.345 2873 2873 I zygote64: Deoptimizing void com.android.systemui.statusbar.stack.NotificationStackScrollLayout.updateViewShadows() due to JIT inline cache
04-02 18:28:16.351 2873 2888 I zygote64: Do full code cache collection, code=126KB, data=91KB
04-02 18:28:16.351 2873 2888 I zygote64: After code cache collection, code=80KB, data=47KB
04-02 18:28:16.587 3743 3886 I PlayCommon: [169] adix.d(23): Preparing logs for uploading
04-02 18:28:16.589 3743 3886 I PlayCommon: [169] adix.d(206): Connecting to server for timestamp: https://play.googleapis.com/play/log/timestamp
04-02 18:28:16.591 3743 3886 E PlayCommon: [169] adix.d(287): Failed to connect to server for server timestamp: java.net.UnknownHostException: Unable to resolve host "play.googleapis.com": No address associated with hostname
04-02 18:28:16.591 3743 3886 W PlayCommon: [169] adix.a(1): No account for auth token provided
04-02 18:28:16.591 3743 3886 I PlayCommon: [169] adix.d(114): Connecting to server: https://play.googleapis.com/play/log?format=raw&proto_v2=true
04-02 18:28:16.592 3743 3886 E PlayCommon: [169] adix.d(265): Failed to connect to server: java.net.UnknownHostException: Unable to resolve host "play.googleapis.com": No address associated with hostname
04-02 18:28:16.606 3743 3743 I zygote64: Deoptimizing fgz fgy.b(java.lang.String) due to JIT inline cache
04-02 18:28:16.610 3411 3912 I CheckinChimeraService: Starting Checkin Task: CheckinNowTaskTag Reason : 1 Force : false UserId: 0
04-02 18:28:16.621 3411 3489 I Ads : Parental control value is stale. Refreshing.
04-02 18:28:16.635 3411 3489 I Ads : Initialized AdMob in container 15.0.90 (040800-231259764)
04-02 18:28:16.661 3411 3489 I MagicTether: [HostValidator] InvalidHost. MobileData: false, Tethering: true, whitelist: false, ble: true
04-02 18:28:16.713 3411 3889 I SystemUpdate: [Installation,ReceiverIntentOperation] Received intent: Intent { act=com.google.android.gms.update.BASE_MODULE_INIT cat=[targeted_intent_op_prefix:.update.control.ReceiverIntentOperation] cmp=com.google.android.gms/.chimera.GmsIntentOperationService }.
04-02 18:28:16.716 3411 3485 W SystemServiceRegistry: No service published for: persistent_data_block
04-02 18:28:16.716 3411 3884 I Auth : [FRP,FrpUpdateIntentOperation] Frp is not supported for this device / user
04-02 18:28:16.716 3411 3485 W ChimeraUtils: Non Chimera context
04-02 18:28:16.717 3411 3485 I chatty : uid=10015(com.google.android.gms) identical 2 lines
04-02 18:28:16.717 3411 3485 W ChimeraUtils: Non Chimera context
04-02 18:28:16.772 3927 3927 W zygote64: Unexpected CPU variant for X86 using defaults: x86_64
04-02 18:28:16.834 3411 3422 I zygote64: Background concurrent copying GC freed 11565(1240KB) AllocSpace objects, 2(40KB) LOS objects, 50% free, 5MB/10MB, paused 81.910ms total 842.953ms
04-02 18:28:16.957 3411 3859 I Icing : Using regular flags by method 2
04-02 18:28:16.968 3411 3859 I MobileDataHub: Scheduling periodic tasks
04-02 18:28:16.972 3927 3927 I zygote64: The ClassLoaderContext is a special shared library.
04-02 18:28:17.455 3743 3786 D SharedPreferencesImpl: Time required to fsync /data/user/0/com.android.vending/shared_prefs/finsky.xml: [<1: 0, <2: 0, <4: 0, <8: 0, <16: 0, <32: 0, <64: 0, <128: 0, <256: 2, <512: 0, <1024: 1, <2048: 0, <4096: 0, <8192: 0, <16384: 0, >=16384: 0]
04-02 18:28:17.456 3411 3411 D SharedPreferencesImpl: Time required to fsync /data/user/0/com.google.android.gms/shared_prefs/Checkin.xml: [<1: 0, <2: 0, <4: 0, <8: 0, <16: 0, <32: 0, <64: 0, <128: 0, <256: 0, <512: 0, <1024: 1, <2048: 0, <4096: 0, <8192: 0, <16384: 0, >=16384: 0]
04-02 18:28:17.456 3411 3411 D QueuedWork: waited: [<1: 0, <2: 1, <4: 0, <8: 1, <16: 0, <32: 0, <64: 0, <128: 0, <256: 0, <512: 0, <1024: 1, <2048: 0, <4096: 0, <8192: 0, <16384: 0, >=16384: 0]
04-02 18:28:17.472 3743 3871 I Finsky : [167] fhr.a(6): Received content filters request from sharedUserId=com.google.uid.shared:10015
04-02 18:28:17.497 3411 3416 I zygote64: Do full code cache collection, code=120KB, data=91KB
04-02 18:28:17.497 3411 3416 I zygote64: After code cache collection, code=94KB, data=61KB
04-02 18:28:17.555 3411 3889 D SharedPreferencesImpl: Time required to fsync /data/user/0/com.google.android.gms/shared_prefs/com.google.android.gms.update.storage.xml: [<1: 0, <2: 0, <4: 0, <8: 0, <16: 0, <32: 0, <64: 0, <128: 0, <256: 0, <512: 0, <1024: 1, <2048: 0, <4096: 0, <8192: 0, <16384: 0, >=16384: 0]
04-02 18:28:17.748 3411 3912 I EventLogChimeraService: Accumulating logs since 1554193869649
04-02 18:28:17.750 3411 3859 W MobileDataHub: [Service] appsupload-periodic periodic task disabled
04-02 18:28:19.205 3411 3411 D SharedPreferencesImpl: Time required to fsync /data/user/0/com.google.android.gms/shared_prefs/DownloadService.xml: [<1: 0, <2: 0, <4: 0, <8: 0, <16: 0, <32: 0, <64: 0, <128: 0, <256: 0, <512: 0, <1024: 1, <2048: 0, <4096: 0, <8192: 0, <16384: 0, >=16384: 0]
04-02 18:28:19.205 3411 3889 D SharedPreferencesImpl: Time required to fsync /data/user/0/com.google.android.gms/shared_prefs/com.google.android.gms.update.storage.xml: [<1: 0, <2: 0, <4: 0, <8: 0, <16: 0, <32: 0, <64: 0, <128: 0, <256: 1, <512: 0, <1024: 2, <2048: 0, <4096: 0, <8192: 0, <16384: 0, >=16384: 0]
04-02 18:28:19.205 3411 3486 W zygote64: Long monitor contention with owner main (3411) at boolean java.io.UnixFileSystem.rename0(java.io.File, java.io.File)(UnixFileSystem.java:-2) waiters=0 in void android.app.QueuedWork.processPendingWork() for 1.358s
04-02 18:28:19.206 3411 3411 D QueuedWork: waited: [<1: 0, <2: 1, <4: 0, <8: 1, <16: 0, <32: 0, <64: 0, <128: 0, <256: 0, <512: 0, <1024: 1, <2048: 1, <4096: 0, <8192: 0, <16384: 0, >=16384: 0]
04-02 18:28:19.227 3357 3761 W GCoreFlp: No location to return for getLastLocation()
04-02 18:28:19.232 3411 3889 W ChimeraUtils: Non Chimera context
04-02 18:28:19.232 3411 3889 I chatty : uid=10015(com.google.android.gms) identical 2 lines
04-02 18:28:19.233 3411 3889 W ChimeraUtils: Non Chimera context
04-02 18:28:19.233 3411 3859 I SystemUpdate: [Execution,InstallationEventIntentOperation] Handling event of type 1.
04-02 18:28:19.238 3411 3884 I SystemUpdate: [Execution,InstallationIntentOperation] Received intent: Intent { act=com.google.android.gms.update.INSTALL_UPDATE cat=[targeted_intent_op_prefix:.update.execution.InstallationIntentOperation] cmp=com.google.android.gms/.chimera.GmsIntentOperationService }.
04-02 18:28:19.339 3411 3946 I MobileDataPlan: [159] MobileDataPlanModuleInitIntentOperation.a: Periodic service false update false CPID management false
04-02 18:28:19.346 3411 3422 I zygote64: Background concurrent copying GC freed 23420(2017KB) AllocSpace objects, 50(1320KB) LOS objects, 50% free, 4MB/9MB, paused 24us total 123.724ms
04-02 18:28:19.347 3411 3946 W ChimeraUtils: Non Chimera context
04-02 18:28:19.347 3411 3946 W ChimeraUtils: Non Chimera context
04-02 18:28:19.350 3411 3946 I MobileDataPlan: [159] MobileDataPlanModuleInitIntentOperation.a: Periodic service will not be started.
04-02 18:28:19.351 3411 3946 I MobileDataPlan: [159] MobileDataPlanModuleInitIntentOperation.a: Module is initialized with flag 10.
04-02 18:28:19.443 3411 3912 I CheckinRequestProcessor: Gmscore running on device, checkin will use Gmscore context
04-02 18:28:19.444 3411 3912 I CheckinRequestBuilder: Checkin reason type: 1 attempt count: 1
04-02 18:28:19.448 3411 3884 W zygote64: Long monitor contention with owner [dws] processing pop for action com.google.android.gms.update.BASE_MODULE_INIT (3889) at void java.io.FileDescriptor.sync()(FileDescriptor.java:-2) waiters=1 in java.lang.Object atqz.a(atqu) for 208ms
04-02 18:28:19.570 3411 3963 I PeopleInitIntentOp: Not initializing debuggability
04-02 18:28:19.570 3411 3963 I PeopleInitIntentOp: Clean up Google+ contacts from CP2.
04-02 18:28:19.655 3411 3884 I SystemUpdate: [Execution,ExecutionManager] Action finished-execution executed for 0.00 seconds.
04-02 18:28:19.837 2768 2850 D NotificationSQLiteLog: Pruned event entries: 24
04-02 18:28:20.028 3411 3963 W zygote64: Long monitor contention with owner [dws] processing pop for action com.google.android.gms.people.sync.focus.contacts_sync_action (3962) at boolean android.os.BinderProxy.transactNative(int, android.os.Parcel, android.os.Parcel, int)(Binder.java:-2) waiters=0 in java.util.Map azpf.a() for 455ms
04-02 18:28:20.031 3411 3963 I PeopleContactsSync: CP2 sync enabled.
04-02 18:28:20.043 3411 3962 V SmartDevice: [service,SmartDeviceIntentHandlers] OnUpgradeOrBootOperation got intent: Intent { act=android.intent.action.BOOT_COMPLETED flg=0x9000010 cmp=com.google.android.gms/.chimera.GmsIntentOperationService (has extras) } with flag 2
04-02 18:28:20.043 3411 3962 W ChimeraUtils: Non Chimera context
04-02 18:28:20.043 3411 3962 W ChimeraUtils: Non Chimera context
04-02 18:28:20.071 3976 3976 W zygote64: Unexpected CPU variant for X86 using defaults: x86_64
04-02 18:28:20.085 3976 3976 I zygote64: The ClassLoaderContext is a special shared library.
04-02 18:28:20.086 3976 3976 I zygote64: The ClassLoaderContext is a special shared library.
04-02 18:28:20.115 3976 3976 W DynamiteModule: Local module descriptor class for providerinstaller not found.
04-02 18:28:20.118 3976 3976 W ProviderHelper: Unknown dynamite feature providerinstaller
04-02 18:28:20.118 3976 3976 I DynamiteModule: Considering local module providerinstaller:0 and remote module providerinstaller:0
04-02 18:28:20.118 3976 3976 W ProviderInstaller: Failed to load providerinstaller module: No acceptable module found. Local version is 0 and remote version is 0.
04-02 18:28:20.120 3976 3976 V NativeCrypto: Registering com/google/android/gms/org/conscrypt/NativeCrypto's 287 native methods...
04-02 18:28:20.128 3976 3976 D NetworkSecurityConfig: Using Network Security Config from resource network_security_config debugBuild: false
04-02 18:28:20.129 3976 3976 I ProviderInstaller: Installed default security provider GmsCore_OpenSSL
04-02 18:28:20.131 3976 3976 I FixerFramework: Checking safeboot...
04-02 18:28:20.131 3976 3976 I FixerFramework: Not entering safeboot; wrong process.
04-02 18:28:20.178 3976 3976 W Primes : Primes not initialized, returning default (no-op) Primes instance which will ignore all calls. Please call Primes.initialize(...) before using any Primes API.
04-02 18:28:20.388 3411 3960 I SubscribedFeeds: Collected 10 certs in 264ms
04-02 18:28:20.592 3411 3889 I TelephonySpam: TelephonySpamInit - On boot completed TelephonySpam module initialized
04-02 18:28:20.592 3411 3889 I TelephonySpam: TelephonySpamInit - onModuleUpdated TelephonySpam module initialized
04-02 18:28:20.592 3411 3889 I TelephonySpam: TelephonySpamInit - onModuleUpdated calling setComponentEnabled for com.google.android.gms.telephonyspam.sync.SpamListSyncTaskService
04-02 18:28:20.592 3411 3889 I TelephonySpam: TelephonySpamInit - onModuleUpdated completed setComponentEnabled for com.google.android.gms.telephonyspam.sync.SpamListSyncTaskService
04-02 18:28:20.592 3411 3889 I TelephonySpam: SpamListSync - scheduleSyncTasks
04-02 18:28:20.592 3411 3889 I TelephonySpam: SpamListSync - schedulePeriodicTask
04-02 18:28:20.602 3411 3889 I TelephonySpam: SpamListSync - scheduleOneTimeTask
04-02 18:28:20.604 3411 3889 I TelephonySpam: ShortCodeSync - Schedule Short Code Sync Tasks
04-02 18:28:20.604 3411 3889 I TelephonySpam: ShortCodeSync - Schedule Short Code Periodic Task
04-02 18:28:20.606 3411 3889 I TelephonySpam: ShortCodeSync - Schedule Short Code One Time Task
04-02 18:28:20.700 2768 2782 E memtrack: Couldn't load memtrack module
04-02 18:28:20.700 2768 2782 W android.os.Debug: failed to get memory consumption info: -1
04-02 18:28:20.703 2768 2782 E memtrack: Couldn't load memtrack module
04-02 18:28:20.703 2768 2782 W android.os.Debug: failed to get memory consumption info: -1
04-02 18:28:20.807 3411 3693 I TelephonySpam: TelephonySpamInit - Creating a looper to listen to call state changes.
04-02 18:28:20.822 3411 3960 I UdcContextInitChimeraSe: Scheduling context registration change job.
04-02 18:28:20.964 3357 3572 E EasyUnlock: [HostValidator] Error getting feature enabled state.
04-02 18:28:20.964 3357 3572 E EasyUnlock: java.util.concurrent.TimeoutException: Timed out waiting for Task
04-02 18:28:20.964 3357 3572 E EasyUnlock: at asau.a(:com.google.android.gms@15090023@15.0.90 (040800-231259764):28)
04-02 18:28:20.964 3357 3572 E EasyUnlock: at iqh.b(:com.google.android.gms@15090023@15.0.90 (040800-231259764):4)
04-02 18:28:20.964 3357 3572 E EasyUnlock: at ips.a(:com.google.android.gms@15090023@15.0.90 (040800-231259764):2)
04-02 18:28:20.964 3357 3572 E EasyUnlock: at ips.run(:com.google.android.gms@15090023@15.0.90 (040800-231259764):4)
04-02 18:28:20.964 3357 3572 E EasyUnlock: at java.util.concurrent.Executors$RunnableAdapter.call(Executors.java:457)
04-02 18:28:20.964 3357 3572 E EasyUnlock: at java.util.concurrent.FutureTask.run(FutureTask.java:266)
04-02 18:28:20.964 3357 3572 E EasyUnlock: at rrm.run(:com.google.android.gms@15090023@15.0.90 (040800-231259764):21)
04-02 18:28:20.964 3357 3572 E EasyUnlock: at java.util.concurrent.ThreadPoolExecutor.runWorker(ThreadPoolExecutor.java:1162)
04-02 18:28:20.964 3357 3572 E EasyUnlock: at java.util.concurrent.ThreadPoolExecutor$Worker.run(ThreadPoolExecutor.java:636)
04-02 18:28:20.964 3357 3572 E EasyUnlock: at rxo.run(Unknown Source:7)
04-02 18:28:20.964 3357 3572 E EasyUnlock: at java.lang.Thread.run(Thread.java:764)
04-02 18:28:21.823 2768 2782 E memtrack: Couldn't load memtrack module
04-02 18:28:21.823 2768 2782 W android.os.Debug: failed to get memory consumption info: -1
04-02 18:28:21.972 3357 3357 W ChimeraUtils: Non Chimera context
04-02 18:28:21.972 3357 3357 W ChimeraUtils: Non Chimera context
04-02 18:28:21.988 3357 3357 I ChimeraSrvcProxy: com.google.android.gms.chimera.PersistentBoundBrokerService returning NullBinder for action com.google.android.gms.ipa.mediastoreindexer.PERSISTENT_START
04-02 18:28:21.989 3411 3960 I Wear_Controller: Wear requires a companion app to be installed.
04-02 18:28:21.989 3411 3960 I Wear_Controller: onStartup - Wear is not available on this device.
04-02 18:28:21.992 3357 3357 I ChimeraSrvcProxy: com.google.android.gms.chimera.PersistentBoundBrokerService returning NullBinder for action com.google.android.gms.ipa.smsindexer.PERSISTENT_START
04-02 18:28:21.995 3357 3357 W SystemServiceRegistry: No service published for: persistent_data_block
04-02 18:28:22.012 3357 3742 E Auth : [GoogleAccountDataServiceImpl] getToken() -> NETWORK_ERROR. Account: , App: com.android.vending, Service: oauth2:https://www.googleapis.com/auth/googleplay
04-02 18:28:22.013 3357 3742 W Auth : [GetToken] GetToken failed with status code: NetworkError
04-02 18:28:22.013 3357 3742 W GLSActivity:
04-02 18:28:22.013 3357 3742 W GLSActivity: java.io.IOException: NetworkError
04-02 18:28:22.013 3357 3742 W GLSActivity: at gwr.a(:com.google.android.gms@15090023@15.0.90 (040800-231259764):9)
04-02 18:28:22.013 3357 3742 W GLSActivity: at gwq.a(:com.google.android.gms@15090023@15.0.90 (040800-231259764):2)
04-02 18:28:22.013 3357 3742 W GLSActivity: at gwq.c(:com.google.android.gms@15090023@15.0.90 (040800-231259764):6)
04-02 18:28:22.013 3357 3742 W GLSActivity: at gwp.a(:com.google.android.gms@15090023@15.0.90 (040800-231259764):1)
04-02 18:28:22.013 3357 3742 W GLSActivity: at gyn.getAuthToken(:com.google.android.gms@15090023@15.0.90 (040800-231259764):9)
04-02 18:28:22.013 3357 3742 W GLSActivity: at android.accounts.AbstractAccountAuthenticator$Transport.getAuthToken(AbstractAccountAuthenticator.java:244)
04-02 18:28:22.013 3357 3742 W GLSActivity: at android.accounts.IAccountAuthenticator$Stub.onTransact(IAccountAuthenticator.java:113)
04-02 18:28:22.013 3357 3742 W GLSActivity: at android.os.Binder.transact(Binder.java:627)
04-02 18:28:22.013 3357 3742 W GLSActivity: at dvm.onTransact(:com.google.android.gms@15090023@15.0.90 (040800-231259764):3)
04-02 18:28:22.013 3357 3742 W GLSActivity: at android.os.Binder.execTransact(Binder.java:697)
04-02 18:28:22.015 3743 3743 I Finsky : [2] cxo.b(7): Not delivering error response for request=[[ ] https://android.clients.google.com/fdfe/toc 0xe8d195d1 NORMAL 1], error=[com.android.volley.AuthFailureError: Error while retrieving auth token] because response already delivered.
04-02 18:28:22.021 3357 3763 E Auth : [GoogleAccountDataServiceImpl] getToken() -> NETWORK_ERROR. Account: , App: com.android.vending, Service: oauth2:https://www.googleapis.com/auth/experimentsandconfigs
04-02 18:28:22.021 3357 3763 W Auth : [GetToken] GetToken failed with status code: NetworkError
04-02 18:28:22.022 3357 3763 W GLSActivity:
04-02 18:28:22.022 3357 3763 W GLSActivity: java.io.IOException: NetworkError
04-02 18:28:22.022 3357 3763 W GLSActivity: at gwr.a(:com.google.android.gms@15090023@15.0.90 (040800-231259764):9)
04-02 18:28:22.022 3357 3763 W GLSActivity: at gwq.a(:com.google.android.gms@15090023@15.0.90 (040800-231259764):2)
04-02 18:28:22.022 3357 3763 W GLSActivity: at gwq.c(:com.google.android.gms@15090023@15.0.90 (040800-231259764):6)
04-02 18:28:22.022 3357 3763 W GLSActivity: at gwp.a(:com.google.android.gms@15090023@15.0.90 (040800-231259764):1)
04-02 18:28:22.022 3357 3763 W GLSActivity: at gyn.getAuthToken(:com.google.android.gms@15090023@15.0.90 (040800-231259764):9)
04-02 18:28:22.022 3357 3763 W GLSActivity: at android.accounts.AbstractAccountAuthenticator$Transport.getAuthToken(AbstractAccountAuthenticator.java:244)
04-02 18:28:22.022 3357 3763 W GLSActivity: at android.accounts.IAccountAuthenticator$Stub.onTransact(IAccountAuthenticator.java:113)
04-02 18:28:22.022 3357 3763 W GLSActivity: at android.os.Binder.transact(Binder.java:627)
04-02 18:28:22.022 3357 3763 W GLSActivity: at dvm.onTransact(:com.google.android.gms@15090023@15.0.90 (040800-231259764):3)
04-02 18:28:22.022 3357 3763 W GLSActivity: at android.os.Binder.execTransact(Binder.java:697)
04-02 18:28:22.022 3743 3820 E Finsky : [165] jgw.a(32): Failed to get auth token
04-02 18:28:22.022 3743 3820 E Finsky : com.android.volley.AuthFailureError: Error while retrieving auth token
04-02 18:28:22.022 3743 3820 E Finsky : at bec.a(SourceFile:8)
04-02 18:28:22.022 3743 3820 E Finsky : at jgw.a(SourceFile:26)
04-02 18:28:22.022 3743 3820 E Finsky : at abgv.a(SourceFile:407)
04-02 18:28:22.022 3743 3820 E Finsky : at abgv.a(SourceFile:409)
04-02 18:28:22.022 3743 3820 E Finsky : at jgx.a(Unknown Source:2)
04-02 18:28:22.022 3743 3820 E Finsky : at jgw.a(SourceFile:8)
04-02 18:28:22.022 3743 3820 E Finsky : at jgw.a(SourceFile:3)
04-02 18:28:22.022 3743 3820 E Finsky : at jgw.a(SourceFile:40)
04-02 18:28:22.022 3743 3820 E Finsky : at jjt.doInBackground(SourceFile:5)
04-02 18:28:22.022 3743 3820 E Finsky : at android.os.AsyncTask$2.call(AsyncTask.java:333)
04-02 18:28:22.022 3743 3820 E Finsky : at java.util.concurrent.FutureTask.run(FutureTask.java:266)
04-02 18:28:22.022 3743 3820 E Finsky : at java.util.concurrent.ThreadPoolExecutor.runWorker(ThreadPoolExecutor.java:1162)
04-02 18:28:22.022 3743 3820 E Finsky : at java.util.concurrent.ThreadPoolExecutor$Worker.run(ThreadPoolExecutor.java:636)
04-02 18:28:22.022 3743 3820 E Finsky : at java.lang.Thread.run(Thread.java:764)
04-02 18:28:22.022 3743 3820 E Finsky : Caused by: java.io.IOException: NetworkError
04-02 18:28:22.022 3743 3820 E Finsky : at android.accounts.AccountManager.convertErrorToException(AccountManager.java:2499)
04-02 18:28:22.022 3743 3820 E Finsky : at android.accounts.AccountManager.-wrap0(Unknown Source:0)
04-02 18:28:22.022 3743 3820 E Finsky : at android.accounts.AccountManager$AmsTask$Response.onError(AccountManager.java:2350)
04-02 18:28:22.022 3743 3820 E Finsky : at android.accounts.IAccountManagerResponse$Stub.onTransact(IAccountManagerResponse.java:69)
04-02 18:28:22.022 3743 3820 E Finsky : at android.os.Binder.execTransact(Binder.java:697)
04-02 18:28:22.024 3411 3947 I Ads : Successfully received play store parental controls the result.
04-02 18:28:22.103 3357 3357 W ChimeraUtils: Non Chimera context
04-02 18:28:22.103 3357 3357 W ChimeraUtils: Non Chimera context
04-02 18:28:22.125 3743 3820 I zygote64: Deoptimizing java.lang.Object j$.util.concurrent.ConcurrentHashMap.get(java.lang.Object) due to JIT inline cache
04-02 18:28:22.257 3357 3357 W ChimeraUtils: Non Chimera context
04-02 18:28:22.257 3357 3357 W ChimeraUtils: Non Chimera context
04-02 18:28:22.316 3357 3892 I NetRec : [154] BootCompletedOrAppUpdatedIntentOperation.onHandleIntent: onBootCompleted()
04-02 18:28:22.321 3357 3357 I GeofencerStateMachine: sendQueryLocationOptIn
04-02 18:28:22.353 2768 3779 I WifiService: getConnectionInfo uid=10015
04-02 18:28:22.354 3411 3912 I CheckinRequestBuilder: Unknown state of subscriptions on the device
04-02 18:28:22.365 3357 3742 E Auth : [GoogleAccountDataServiceImpl] getToken() -> NETWORK_ERROR. Account: , App: com.google.android.gms, Service: AndroidCheckInServer
04-02 18:28:22.366 3357 3742 W Auth : [GetToken] GetToken failed with status code: NetworkError
04-02 18:28:22.367 3411 3912 W CheckinRequestBuilder: error reading account token
04-02 18:28:22.367 3411 3912 W CheckinRequestBuilder: java.io.IOException: NetworkError
04-02 18:28:22.367 3411 3912 W CheckinRequestBuilder: at gwr.a(:com.google.android.gms@15090023@15.0.90 (040800-231259764):9)
04-02 18:28:22.367 3411 3912 W CheckinRequestBuilder: at gwq.a(:com.google.android.gms@15090023@15.0.90 (040800-231259764):2)
04-02 18:28:22.367 3411 3912 W CheckinRequestBuilder: at gwq.c(:com.google.android.gms@15090023@15.0.90 (040800-231259764):6)
04-02 18:28:22.367 3411 3912 W CheckinRequestBuilder: at gwo.d(:com.google.android.gms@15090023@15.0.90 (040800-231259764):2)
04-02 18:28:22.367 3411 3912 W CheckinRequestBuilder: at gwo.a(Unknown Source:11)
04-02 18:28:22.367 3411 3912 W CheckinRequestBuilder: at pkg.a(:com.google.android.gms@15090023@15.0.90 (040800-231259764):197)
04-02 18:28:22.367 3411 3912 W CheckinRequestBuilder: at pkh.a(:com.google.android.gms@15090023@15.0.90 (040800-231259764):147)
04-02 18:28:22.367 3411 3912 W CheckinRequestBuilder: at com.google.android.gms.checkin.CheckinChimeraService.a(:com.google.android.gms@15090023@15.0.90 (040800-231259764):132)
04-02 18:28:22.367 3411 3912 W CheckinRequestBuilder: at pkc.run(Unknown Source:4)
04-02 18:28:22.367 3411 3912 W CheckinRequestBuilder: at rrm.run(:com.google.android.gms@15090023@15.0.90 (040800-231259764):21)
