04-02 18:27:05.996 2634 2634 I main : type=1400 audit(0.0:263): avc: denied { map } for path="/system/lib/libhoudini.so" dev="loop1" ino=80 scontext=u:r:zygote:s0 tcontext=u:object_r:unlabeled:s0 tclass=file permissive=1
04-02 18:27:06.093 2633 2633 E libnb : Unable to open /system/lib64/libhoudini.so
04-02 18:27:06.204 2634 2634 I main : type=1400 audit(0.0:264): avc: denied { execute } for path="/system/lib/libhoudini.so" dev="loop1" ino=80 scontext=u:r:zygote:s0 tcontext=u:object_r:unlabeled:s0 tclass=file permissive=1
04-02 18:27:06.223 2634 2634 I libnb : Found /system/lib/libhoudini.so version 3
04-02 18:27:06.558 2633 2633 I main : type=1400 audit(0.0:265): avc: denied { read } for name="etc" dev="tmpfs" ino=6207 scontext=u:r:zygote:s0 tcontext=u:object_r:tmpfs:s0 tclass=lnk_file permissive=1
04-02 18:27:07.372 2666 2744 D vndksupport: Loading /vendor/lib64/hw/gralloc.default.so from current namespace instead of sphal namespace.
04-02 18:27:07.376 2666 2666 D SurfaceFlinger: Set power mode=0, type=0 flinger=0x7eaf2866d000
04-02 18:27:08.995 2633 2633 D Zygote : begin preload
04-02 18:27:08.995 2633 2633 I Zygote : Installing ICU cache reference pinning...
04-02 18:27:08.995 2633 2633 I Zygote : Preloading ICU data...
04-02 18:27:09.075 2634 2634 I zygote : Explicit concurrent copying GC freed 180(9KB) AllocSpace objects, 0(0B) LOS objects, 98% free, 22KB/1558KB, paused 38us total 35.404ms
04-02 18:27:09.078 2634 2634 I zygote : Explicit concurrent copying GC freed 5(32KB) AllocSpace objects, 0(0B) LOS objects, 98% free, 22KB/1558KB, paused 18us total 3.105ms
04-02 18:27:09.078 2634 2634 I main : type=1400 audit(0.0:266): avc: denied { mounton } for path="/" dev="tmpfs" ino=1630 scontext=u:r:zygote:s0 tcontext=u:object_r:tmpfs:s0 tclass=dir permissive=1
04-02 18:27:09.089 2634 2634 I : seccomp disabled by setenforce 0
04-02 18:27:09.089 2634 2634 I Zygote : Accepting command socket connections
04-02 18:27:09.296 2633 2633 I Zygote : Preloading classes...
04-02 18:27:10.209 2633 2633 E ActivityRecognitionHardware: activity_recognition HAL is deprecated. class_init is effectively a no-op
04-02 18:27:10.322 2633 2633 W Zygote : Class not found for preloading: android.icu.impl.number.Parse
04-02 18:27:10.369 2633 2633 I zygote64: Thread[1,tid=2633,Native,Thread*=0x71da04ebea00,peer=0x12c01d10,"main"] recursive attempt to load library "/system/lib64/libmedia_jni.so"
04-02 18:27:10.370 2633 2633 D MtpDeviceJNI: register_android_mtp_MtpDevice
04-02 18:27:10.370 2633 2633 I zygote64: Thread[1,tid=2633,Native,Thread*=0x71da04ebea00,peer=0x12c01d10,"main"] recursive attempt to load library "/system/lib64/libmedia_jni.so"
04-02 18:27:10.370 2633 2633 I zygote64: Thread[1,tid=2633,Native,Thread*=0x71da04ebea00,peer=0x12c01d10,"main"] recursive attempt to load library "/system/lib64/libmedia_jni.so"
04-02 18:27:10.653 2633 2633 I Zygote : ...preloaded 4715 classes in 1357ms.
04-02 18:27:10.653 2633 2633 I zygote64: VMRuntime.preloadDexCaches starting
04-02 18:27:10.731 2633 2633 I zygote64: VMRuntime.preloadDexCaches strings total=313177 before=10352 after=10352
04-02 18:27:10.731 2633 2633 I zygote64: VMRuntime.preloadDexCaches types total=26677 before=5508 after=5510
04-02 18:27:10.731 2633 2633 I zygote64: VMRuntime.preloadDexCaches fields total=126901 before=5508 after=5538
04-02 18:27:10.731 2633 2633 I zygote64: VMRuntime.preloadDexCaches methods total=225445 before=9943 after=9943
04-02 18:27:10.731 2633 2633 I zygote64: VMRuntime.preloadDexCaches finished
04-02 18:27:10.738 2767 2767 I idmap : type=1400 audit(0.0:267): avc: denied { getattr } for path="/vendor" dev="tmpfs" ino=6244 scontext=u:r:zygote:s0 tcontext=u:object_r:tmpfs:s0 tclass=lnk_file permissive=1
04-02 18:27:11.053 2633 2633 I Zygote : Preloading resources...
04-02 18:27:11.142 2633 2633 W Resources: Preloaded drawable resource #0x1080264 (android:drawable/dialog_background_material) that varies with configuration!!
04-02 18:27:11.150 2633 2633 I Zygote : ...preloaded 64 resources in 97ms.
04-02 18:27:11.152 2633 2633 W Resources: Preloaded color resource #0x1060053 (android:color/btn_default_material_dark) that varies with configuration!!
04-02 18:27:11.152 2633 2633 I Zygote : ...preloaded 41 resources in 3ms.
04-02 18:27:11.153 2633 2633 I Zygote : ...preloaded 2 resource in 0ms.
04-02 18:27:11.153 2633 2633 D vndksupport: Loading /vendor/lib64/hw/android.hardware.graphics.mapper@2.0-impl.so from current namespace instead of sphal namespace.
04-02 18:27:11.154 2633 2633 D vndksupport: Loading /vendor/lib64/egl/libEGL_swiftshader.so from current namespace instead of sphal namespace.
04-02 18:27:11.156 2633 2633 D libEGL : loaded /vendor/lib64/egl/libEGL_swiftshader.so
04-02 18:27:11.163 2633 2633 D vndksupport: Loading /vendor/lib64/egl/libGLESv1_CM_swiftshader.so from current namespace instead of sphal namespace.
04-02 18:27:11.163 2633 2633 D libEGL : loaded /vendor/lib64/egl/libGLESv1_CM_swiftshader.so
04-02 18:27:11.177 2633 2633 D vndksupport: Loading /vendor/lib64/egl/libGLESv2_swiftshader.so from current namespace instead of sphal namespace.
04-02 18:27:11.178 2633 2633 D libEGL : loaded /vendor/lib64/egl/libGLESv2_swiftshader.so
04-02 18:27:11.192 2633 2633 I Zygote : Preloading shared libraries...
04-02 18:27:11.249 2633 2633 I Zygote : Uninstalled ICU cache reference pinning...
04-02 18:27:11.259 2633 2633 I Zygote : Installed AndroidKeyStoreProvider in 10ms.
04-02 18:27:11.265 2633 2633 I Zygote : Warmed up JCA providers in 6ms.
04-02 18:27:11.265 2633 2633 D Zygote : end preload
04-02 18:27:11.276 2633 2633 I zygote64: Explicit concurrent copying GC freed 29747(2MB) AllocSpace objects, 23(432KB) LOS objects, 50% free, 1534KB/2MB, paused 29us total 10.167ms
04-02 18:27:11.282 2633 2633 I zygote64: Explicit concurrent copying GC freed 5481(200KB) AllocSpace objects, 0(0B) LOS objects, 52% free, 1366KB/2MB, paused 12us total 4.681ms
04-02 18:27:11.288 2633 2633 I : seccomp disabled by setenforce 0
04-02 18:27:11.309 2633 2633 I Zygote : System server process 2768 has been created
04-02 18:27:11.312 2633 2633 I Zygote : Accepting command socket connections
04-02 18:27:11.309 2633 2633 I main : type=1400 audit(0.0:268): avc: denied { dac_read_search } for capability=2 scontext=u:r:zygote:s0 tcontext=u:r:zygote:s0 tclass=capability permissive=1
04-02 18:27:11.309 2633 2633 I main : type=1400 audit(0.0:269): avc: denied { create } for name="tasks" scontext=u:r:zygote:s0 tcontext=u:object_r:cgroup:s0 tclass=file permissive=1
04-02 18:27:11.405 2768 2768 I Zygote : Process: zygote socket zygote_secondary opened, supported ABIS: x86,armeabi-v7a,armeabi
04-02 18:27:11.520 2768 2768 I zygote64: The ClassLoaderContext is a special shared library.
04-02 18:27:11.546 2768 2768 I chatty : uid=1000 system_server identical 2 lines
04-02 18:27:11.551 2768 2768 I zygote64: The ClassLoaderContext is a special shared library.
04-02 18:27:12.161 2768 2768 I system-server-i: type=1400 audit(0.0:270): avc: denied { read } for name="vendor" dev="tmpfs" ino=6244 scontext=u:r:system_server:s0 tcontext=u:object_r:tmpfs:s0 tclass=lnk_file permissive=1
04-02 18:27:12.310 2768 2786 E BluetoothAdapter: Bluetooth binder is null
04-02 18:27:12.323 2768 2786 I PowerManagerService-JNI: Loaded power HAL service
04-02 18:27:12.342 2577 2577 W /system/bin/hwservicemanager: getTransport: Cannot find entry android.hardware.memtrack@1.0::IMemtrack/default in either framework or device manifest.
04-02 18:27:12.342 2768 2768 E memtrack: Couldn't load memtrack module
04-02 18:27:12.342 2768 2768 W android.os.Debug: failed to get memory consumption info: -1
04-02 18:27:12.491 2768 2768 W system_server: Failed to remove /dev/memcg/apps/uid_1003/pid_2749: Device or resource busy
04-02 18:27:12.491 2768 2768 W system_server: Failed to remove /dev/memcg/apps/uid_1003: Device or resource busy
04-02 18:27:12.491 2768 2768 W system_server: Failed to remove /dev/memcg/apps/uid_1001/pid_2686: Device or resource busy
04-02 18:27:12.491 2768 2768 W system_server: Failed to remove /dev/memcg/apps/uid_1001: Device or resource busy
04-02 18:27:12.491 2768 2768 W system_server: Failed to remove /dev/memcg/apps/uid_1058/pid_2688: Device or resource busy
04-02 18:27:12.491 2768 2768 W system_server: Failed to remove /dev/memcg/apps/uid_1058: Device or resource busy
04-02 18:27:12.491 2768 2768 W system_server: Failed to remove /dev/memcg/apps/uid_1046/pid_2685: Device or resource busy
04-02 18:27:12.491 2768 2768 W system_server: Failed to remove /dev/memcg/apps/uid_1046: Device or resource busy
04-02 18:27:12.492 2768 2768 W system_server: Failed to remove /dev/memcg/apps/uid_1036/pid_2575: Device or resource busy
04-02 18:27:12.492 2768 2768 W system_server: Failed to remove /dev/memcg/apps/uid_1036: Device or resource busy
04-02 18:27:12.492 2768 2768 W system_server: Failed to remove /dev/memcg/apps/uid_1040/pid_2680: Device or resource busy
04-02 18:27:12.492 2768 2768 W system_server: Failed to remove /dev/memcg/apps/uid_1040: Device or resource busy
04-02 18:27:12.492 2768 2768 W system_server: Failed to remove /dev/memcg/apps/uid_1002/pid_2655: Device or resource busy
04-02 18:27:12.492 2768 2768 W system_server: Failed to remove /dev/memcg/apps/uid_1002: Device or resource busy
04-02 18:27:12.492 2768 2768 W system_server: Failed to remove /dev/memcg/apps/uid_1020/pid_2705: Device or resource busy
04-02 18:27:12.492 2768 2768 W system_server: Failed to remove /dev/memcg/apps/uid_1020: Device or resource busy
04-02 18:27:12.492 2768 2768 W system_server: Failed to remove /dev/memcg/apps/uid_1010/pid_2663: Device or resource busy
04-02 18:27:12.492 2768 2768 W system_server: Failed to remove /dev/memcg/apps/uid_1010/pid_2684: Device or resource busy
04-02 18:27:12.492 2768 2768 W system_server: Failed to remove /dev/memcg/apps/uid_1010: Device or resource busy
04-02 18:27:12.492 2768 2768 W system_server: Failed to remove /dev/memcg/apps/uid_1000/pid_2576: Device or resource busy
04-02 18:27:12.492 2768 2768 W system_server: Failed to remove /dev/memcg/apps/uid_1000/pid_2660: Device or resource busy
04-02 18:27:12.492 2768 2768 W system_server: Failed to remove /dev/memcg/apps/uid_1000/pid_2659: Device or resource busy
04-02 18:27:12.492 2768 2768 W system_server: Failed to remove /dev/memcg/apps/uid_1000/pid_2687: Device or resource busy
04-02 18:27:12.492 2768 2768 W system_server: Failed to remove /dev/memcg/apps/uid_1000/pid_2653: Device or resource busy
04-02 18:27:12.492 2768 2768 W system_server: Failed to remove /dev/memcg/apps/uid_1000/pid_2577: Device or resource busy
04-02 18:27:12.492 2768 2768 W system_server: Failed to remove /dev/memcg/apps/uid_1000/pid_2661: Device or resource busy
04-02 18:27:12.492 2768 2768 W system_server: Failed to remove /dev/memcg/apps/uid_1000/pid_2658: Device or resource busy
04-02 18:27:12.492 2768 2768 W system_server: Failed to remove /dev/memcg/apps/uid_1000/pid_2578: Device or resource busy
04-02 18:27:12.492 2768 2768 W system_server: Failed to remove /dev/memcg/apps/uid_1000/pid_2662: Device or resource busy
04-02 18:27:12.492 2768 2768 W system_server: Failed to remove /dev/memcg/apps/uid_1000: Device or resource busy
04-02 18:27:12.492 2768 2768 W system_server: Failed to remove /dev/memcg/apps/uid_1019/pid_2676: Device or resource busy
04-02 18:27:12.492 2768 2768 W system_server: Failed to remove /dev/memcg/apps/uid_1019: Device or resource busy
04-02 18:27:12.492 2768 2768 W system_server: Failed to remove /dev/memcg/apps/uid_1047/pid_2675: Device or resource busy
04-02 18:27:12.492 2768 2768 W system_server: Failed to remove /dev/memcg/apps/uid_1047/pid_2656: Device or resource busy
04-02 18:27:12.492 2768 2768 W system_server: Failed to remove /dev/memcg/apps/uid_1047: Device or resource busy
04-02 18:27:12.492 2768 2768 W system_server: Failed to remove /dev/memcg/apps/uid_1017/pid_2678: Device or resource busy
04-02 18:27:12.492 2768 2768 W system_server: Failed to remove /dev/memcg/apps/uid_1017: Device or resource busy
04-02 18:27:12.492 2768 2768 W system_server: Failed to remove /dev/memcg/apps/uid_0/pid_2670: Device or resource busy
04-02 18:27:12.492 2768 2768 W system_server: Failed to remove /dev/memcg/apps/uid_0/pid_2632: Device or resource busy
04-02 18:27:12.492 2768 2768 W system_server: Failed to remove /dev/memcg/apps/uid_0/pid_2669: Device or resource busy
04-02 18:27:12.492 2768 2768 W system_server: Failed to remove /dev/memcg/apps/uid_0/pid_2677: Device or resource busy
04-02 18:27:12.492 2768 2768 W system_server: Failed to remove /dev/memcg/apps/uid_0/pid_2667: Device or resource busy
04-02 18:27:12.492 2768 2768 W system_server: Failed to remove /dev/memcg/apps/uid_0/pid_2665: Device or resource busy
04-02 18:27:12.492 2768 2768 W system_server: Failed to remove /dev/memcg/apps/uid_0/pid_2683: Device or resource busy
04-02 18:27:12.492 2768 2768 W system_server: Failed to remove /dev/memcg/apps/uid_0/pid_2673: Device or resource busy
04-02 18:27:12.493 2768 2768 W system_server: Failed to remove /dev/memcg/apps/uid_0/pid_2625: Device or resource busy
04-02 18:27:12.493 2768 2768 W system_server: Failed to remove /dev/memcg/apps/uid_0/pid_2633: Device or resource busy
04-02 18:27:12.493 2768 2768 W system_server: Failed to remove /dev/memcg/apps/uid_0/pid_2668: Device or resource busy
04-02 18:27:12.493 2768 2768 W system_server: Failed to remove /dev/memcg/apps/uid_0/pid_2563: Device or resource busy
04-02 18:27:12.493 2768 2768 W system_server: Failed to remove /dev/memcg/apps/uid_0/pid_2666: Device or resource busy
04-02 18:27:12.493 2768 2768 W system_server: Failed to remove /dev/memcg/apps/uid_0/pid_2664: Device or resource busy
04-02 18:27:12.493 2768 2768 W system_server: Failed to remove /dev/memcg/apps/uid_0/pid_2634: Device or resource busy
04-02 18:27:12.493 2768 2768 W system_server: Failed to remove /dev/memcg/apps/uid_0: Device or resource busy
04-02 18:27:12.493 2768 2768 W system_server: Failed to remove /dev/memcg/apps/uid_1013/pid_2679: Device or resource busy
04-02 18:27:12.493 2768 2768 W system_server: Failed to remove /dev/memcg/apps/uid_1013/pid_2657: Device or resource busy
04-02 18:27:12.493 2768 2768 W system_server: Failed to remove /dev/memcg/apps/uid_1013/pid_2681: Device or resource busy
04-02 18:27:12.493 2768 2768 W system_server: Failed to remove /dev/memcg/apps/uid_1013/pid_2682: Device or resource busy
04-02 18:27:12.493 2768 2768 W system_server: Failed to remove /dev/memcg/apps/uid_1013: Device or resource busy
04-02 18:27:12.493 2768 2768 W system_server: Failed to remove /dev/memcg/apps/uid_1041/pid_2674: Device or resource busy
04-02 18:27:12.493 2768 2768 W system_server: Failed to remove /dev/memcg/apps/uid_1041/pid_2654: Device or resource busy
04-02 18:27:12.493 2768 2768 W system_server: Failed to remove /dev/memcg/apps/uid_1041: Device or resource busy
04-02 18:27:12.519 2768 2768 I libsuspend: Selected wakeup count
04-02 18:27:12.520 2768 2793 I libsuspend: open event3(Power Button) ok fd=64
04-02 18:27:12.507 2768 2768 I system_server: type=1400 audit(0.0:271): avc: denied { write } for name="uinput" dev="tmpfs" ino=7680 scontext=u:r:system_server:s0 tcontext=u:object_r:uhid_device:s0 tclass=chr_file permissive=1
04-02 18:27:12.507 2768 2768 I system_server: type=1400 audit(0.0:272): avc: denied { open } for path="/dev/uinput" dev="tmpfs" ino=7680 scontext=u:r:system_server:s0 tcontext=u:object_r:uhid_device:s0 tclass=chr_file permissive=1
04-02 18:27:12.507 2768 2768 I system_server: type=1400 audit(0.0:273): avc: denied { ioctl } for path="/dev/uinput" dev="tmpfs" ino=7680 ioctlcmd=0x5564 scontext=u:r:system_server:s0 tcontext=u:object_r:uhid_device:s0 tclass=chr_file permissive=1
04-02 18:27:12.515 2563 2563 I ueventd : type=1400 audit(0.0:274): avc: denied { sys_module } for capability=16 scontext=u:r:ueventd:s0 tcontext=u:r:ueventd:s0 tclass=capability permissive=1
04-02 18:27:12.515 2563 2563 I ueventd : type=1400 audit(0.0:275): avc: denied { module_load } for path="/system/lib/modules/4.19.15-android-x86_64-g321974c62e4b/kernel/drivers/macintosh/mac_hid.ko" dev="loop0" ino=4225 scontext=u:r:ueventd:s0 tcontext=u:object_r:system_file:s0 tclass=system permissive=1
04-02 18:27:12.519 2661 2661 I power@1.0-servi: type=1400 audit(0.0:276): avc: denied { read } for name="u:object_r:wifi_prop:s0" dev="tmpfs" ino=7551 scontext=u:r:hal_power_default:s0 tcontext=u:object_r:wifi_prop:s0 tclass=file permissive=1
04-02 18:27:12.519 2661 2661 I power@1.0-servi: type=1400 audit(0.0:277): avc: denied { open } for path="/dev/__properties__/u:object_r:wifi_prop:s0" dev="tmpfs" ino=7551 scontext=u:r:hal_power_default:s0 tcontext=u:object_r:wifi_prop:s0 tclass=file permissive=1
04-02 18:27:12.519 2661 2661 I power@1.0-servi: type=1400 audit(0.0:278): avc: denied { getattr } for path="/dev/__properties__/u:object_r:wifi_prop:s0" dev="tmpfs" ino=7551 scontext=u:r:hal_power_default:s0 tcontext=u:object_r:wifi_prop:s0 tclass=file permissive=1
04-02 18:27:12.519 2661 2661 I power@1.0-servi: type=1400 audit(0.0:279): avc: denied { map } for path="/dev/__properties__/u:object_r:wifi_prop:s0" dev="tmpfs" ino=7551 scontext=u:r:hal_power_default:s0 tcontext=u:object_r:wifi_prop:s0 tclass=file permissive=1
04-02 18:27:12.519 2661 2661 I power@1.0-servi: type=1400 audit(0.0:280): avc: denied { write } for name="online" dev="sysfs" ino=426 scontext=u:r:hal_power_default:s0 tcontext=u:object_r:sysfs_devices_system_cpu:s0 tclass=file permissive=1
04-02 18:27:12.572 2768 2793 I libsuspend: open event1(Power Button) ok fd=65
04-02 18:27:12.632 2666 2666 D SurfaceFlinger: Set power mode=2, type=0 flinger=0x7eaf2866d000
04-02 18:27:12.633 2768 2790 E LightsService: Light requested not available on this device. 0
04-02 18:27:12.782 2768 2768 I system_server: type=1400 audit(0.0:281): avc: denied { read } for name="vendor" dev="tmpfs" ino=6244 scontext=u:r:system_server:s0 tcontext=u:object_r:tmpfs:s0 tclass=lnk_file permissive=1
04-02 18:27:16.741 2768 2768 D PackageManager: No files in app dir /system/vendor/app
04-02 18:27:16.741 2768 2768 D PackageManager: No files in app dir /oem/app
04-02 18:27:16.740 2768 2768 I system_server: type=1400 audit(0.0:282): avc: denied { getattr } for path="/vendor" dev="tmpfs" ino=6244 scontext=u:r:system_server:s0 tcontext=u:object_r:tmpfs:s0 tclass=lnk_file permissive=1
04-02 18:27:18.951 2768 2768 D PackageManager: No files in app dir /data/app-private
04-02 18:27:19.074 2677 2677 I Binder:2677_1: type=1400 audit(0.0:283): avc: denied { dac_read_search } for capability=2 scontext=u:r:installd:s0 tcontext=u:r:installd:s0 tclass=capability permissive=1
04-02 18:27:19.097 2677 2702 I SELinux : SELinux: Loaded file_contexts
04-02 18:27:19.289 2677 2702 W installd: Ignoring /data/data/com.gmail.heagoo.apkeditor.pro/lib with unexpected GID 0 instead of 10093
04-02 18:27:19.572 2677 2702 W installd: Ignoring /data/data/com.svox.pico/lib with unexpected GID 0 instead of 10066
04-02 18:27:19.635 2677 2702 W installd: Ignoring /data/data/jackpal.androidterm/lib with unexpected GID 0 instead of 10036
04-02 18:27:19.854 2677 2702 W installd: Ignoring /data/data/com.keramidas.TitaniumBackup/lib with unexpected GID 0 instead of 10079
04-02 18:27:19.879 2677 2702 W installd: Ignoring /data/data/com.tws.aviwatch/lib with unexpected GID 0 instead of 10090
04-02 18:27:19.879 2677 2702 W installd: Ignoring /data/data/com.tws.aviwatch/data.data.Aviwatch with unexpected GID 0 instead of 10090
04-02 18:27:19.883 2677 2702 W installd: Ignoring /data/data/com.tws.aviwatch/data.data.Aviwatch with unexpected GID 0 instead of 10090
04-02 18:27:19.923 2768 2782 W zygote64: Long monitor contention with owner main (2768) at void java.io.FileDescriptor.sync()(FileDescriptor.java:-2) waiters=0 in void com.android.server.pm.Settings$RuntimePermissionPersistence.writePermissionsSync(int) for 655ms
04-02 18:27:19.981 2677 2702 W installd: Ignoring /data/data/com.rami.puissance4/lib with unexpected GID 0 instead of 10059
04-02 18:27:19.985 2768 2768 I zygote64: Explicit concurrent copying GC freed 18561(1054KB) AllocSpace objects, 7(268KB) LOS objects, 42% free, 5MB/9MB, paused 36us total 63.841ms
04-02 18:27:19.986 2768 2768 D FallbackCategoryProvider: Found 1 fallback categories
04-02 18:27:20.264 2665 2665 I lowmemorykiller: ActivityManager connected
04-02 18:27:20.265 2665 2665 E lowmemorykiller: Error opening /dev/memcg/apps/uid_1000/pid_2768/memory.soft_limit_in_bytes; errno=2
04-02 18:27:20.265 2665 2665 I lmkd : type=1400 audit(0.0:284): avc: denied { dac_read_search } for capability=2 scontext=u:r:lmkd:s0 tcontext=u:r:lmkd:s0 tclass=capability permissive=1
04-02 18:27:20.295 2677 2702 W installd: Ignoring /data/data/com.android.chrome/lib with unexpected GID 0 instead of 10033
04-02 18:27:20.675 2768 2820 D SensorService: nuSensorService starting...
04-02 18:27:20.676 2768 2820 D vndksupport: Loading /vendor/lib64/hw/android.hardware.sensors@1.0-impl.so from current namespace instead of sphal namespace.
04-02 18:27:20.683 2677 2702 W installd: Ignoring /data/data/org.mozilla.firefox/lib with unexpected GID 0 instead of 10084
04-02 18:27:20.711 2768 2780 E LightsService: Light requested not available on this device. 3
04-02 18:27:20.806 2677 2702 W installd: Ignoring /data/data/com.finalwire.aida64/lib with unexpected GID 0 instead of 10085
04-02 18:27:20.807 2768 2820 D vndksupport: Loading /vendor/lib64/hw/sensors.kbd.so from current namespace instead of sphal namespace.
04-02 18:27:20.845 2768 2820 D KbdSensor: open_kbd_sensor: id=poll
04-02 18:27:20.923 2677 2702 W installd: Ignoring /data/data/com.king.candycrushsaga/lib with unexpected GID 0 instead of 10095
04-02 18:27:20.960 2768 2820 I KbdSensor: Open AT Translated Set 2 keyboard ok, fd=76
04-02 18:27:20.960 2768 2820 D KbdSensor: SensorPollContext: module=0x71d9e90262b8 dev=0x71d9fd471f00 fd=76
04-02 18:27:20.962 2768 2820 D KbdSensor: poll_activate: dev=0x71d9fd471f00 handle=0 enabled=0
04-02 18:27:21.052 2677 2702 W cutils : Expected path /data/data/com.oasisfeng.greenify with mode 700 but found 751
04-02 18:27:21.052 2677 2702 W cutils : Expected path /data/user_de/0/com.oasisfeng.greenify with mode 700 but found 751
04-02 18:27:21.127 2677 2702 W cutils : Expected path /data/data/com.keramidas.TitaniumBackup with mode 751 but found 755
04-02 18:27:21.167 2768 2823 D SensorService: nuSensorService thread starting...
04-02 18:27:21.167 2768 2822 D SensorService: new thread SensorEventAckReceiver
04-02 18:27:21.369 2768 2781 I Zygote : Process: zygote socket zygote opened, supported ABIS: x86_64
04-02 18:27:21.380 2768 2781 I Zygote : Process: zygote socket zygote_secondary opened, supported ABIS: x86,armeabi-v7a,armeabi
04-02 18:27:21.381 2634 2634 I Zygote : Lazily preloading resources.
04-02 18:27:21.381 2634 2634 D Zygote : begin preload
04-02 18:27:21.381 2634 2634 I Zygote : Installing ICU cache reference pinning...
04-02 18:27:21.381 2634 2634 I Zygote : Preloading ICU data...
04-02 18:27:21.469 2677 2814 W cutils : Expected path /data/data/com.google.android.gms with mode 700 but found 711
04-02 18:27:21.469 2677 2814 W cutils : Expected path /data/user_de/0/com.google.android.gms with mode 700 but found 711
04-02 18:27:21.470 2677 2814 W cutils : Expected path /data/data/com.google.android.gms with mode 700 but found 711
04-02 18:27:21.470 2677 2814 W cutils : Expected path /data/user_de/0/com.google.android.gms with mode 700 but found 711
04-02 18:27:21.766 2825 2825 I idmap : type=1400 audit(0.0:285): avc: denied { getattr } for path="/vendor" dev="tmpfs" ino=6244 scontext=u:r:idmap:s0 tcontext=u:object_r:tmpfs:s0 tclass=lnk_file permissive=1
04-02 18:27:21.766 2825 2825 I idmap : type=1400 audit(0.0:286): avc: denied { read } for name="vendor" dev="tmpfs" ino=6244 scontext=u:r:idmap:s0 tcontext=u:object_r:tmpfs:s0 tclass=lnk_file permissive=1
04-02 18:27:22.103 2634 2634 I Zygote : Preloading classes...
04-02 18:27:22.202 2768 2768 I zygote64: The ClassLoaderContext is a special shared library.
04-02 18:27:22.292 2577 2577 W /system/bin/hwservicemanager: getTransport: Cannot find entry android.hardware.vibrator@1.0::IVibrator/default in either framework or device manifest.
04-02 18:27:22.293 2577 2577 W /system/bin/hwservicemanager: getTransport: Cannot find entry android.hardware.vibrator@1.0::IVibrator/default in either framework or device manifest.
04-02 18:27:22.293 2768 2768 E VibratorService: vibratorOff command failed (1).
04-02 18:27:22.293 2577 2577 W /system/bin/hwservicemanager: getTransport: Cannot find entry android.hardware.vibrator@1.0::IVibrator/default in either framework or device manifest.
04-02 18:27:22.295 2577 2577 W /system/bin/hwservicemanager: getTransport: Cannot find entry android.hardware.ir@1.0::IConsumerIr/default in either framework or device manifest.
04-02 18:27:22.338 2768 2768 D AlarmManagerService: Kernel timezone updated to -120 minutes west of GMT
04-02 18:27:22.523 2634 2634 I main : type=1400 audit(0.0:287): avc: denied { read } for name="etc" dev="tmpfs" ino=6207 scontext=u:r:zygote:s0 tcontext=u:object_r:tmpfs:s0 tclass=lnk_file permissive=1
04-02 18:27:22.595 2577 2577 W /system/bin/hwservicemanager: getTransport: Cannot find entry android.hardware.vr@1.0::IVr/default in either framework or device manifest.
04-02 18:27:22.595 2768 2768 W VrManagerService: init_native: Could not open IVr interface
04-02 18:27:22.629 2768 2832 D EventHub: No input device configuration file found for device 'Android Power Button'.
04-02 18:27:22.679 2634 2634 E ActivityRecognitionHardware: activity_recognition HAL is deprecated. class_init is effectively a no-op
04-02 18:27:22.680 2768 2832 W EventHub: Unable to disable kernel key repeat for /dev/input/event16: Function not implemented
04-02 18:27:22.680 2768 2832 I EventHub: wakeMechanism=EPOLLWAKEUP, usingClockIoctl=true
04-02 18:27:22.680 2768 2832 I EventHub: New device: id=1, fd=107, path='/dev/input/event16', name='Android Power Button', classes=0x1, configuration='', keyLayout='/system/usr/keylayout/Generic.kl', keyCharacterMap='/system/usr/keychars/Generic.kcm', builtinKeyboard=false,
04-02 18:27:22.680 2768 2832 I EventHub: ignoring event id /dev/input/event3 driver Power Button
04-02 18:27:22.686 2768 2832 D EventHub: No input device configuration file found for device 'Video Bus'.
04-02 18:27:22.688 2768 2832 W EventHub: Unable to disable kernel key repeat for /dev/input/event4: Function not implemented
04-02 18:27:22.688 2768 2832 I EventHub: wakeMechanism=EPOLLWAKEUP, usingClockIoctl=true
04-02 18:27:22.688 2768 2832 I EventHub: New device: id=2, fd=108, path='/dev/input/event4', name='Video Bus', classes=0x1, configuration='', keyLayout='/system/usr/keylayout/Generic.kl', keyCharacterMap='/system/usr/keychars/Generic.kcm', builtinKeyboard=false,
04-02 18:27:22.688 2768 2832 D EventHub: No input device configuration file found for device 'Asus Wireless Radio Control'.
04-02 18:27:22.690 2768 2832 W EventHub: Unable to disable kernel key repeat for /dev/input/event8: Function not implemented
04-02 18:27:22.690 2768 2832 I EventHub: wakeMechanism=EPOLLWAKEUP, usingClockIoctl=true
04-02 18:27:22.690 2768 2832 I EventHub: New device: id=3, fd=109, path='/dev/input/event8', name='Asus Wireless Radio Control', classes=0x1, configuration='', keyLayout='/system/usr/keylayout/Generic.kl', keyCharacterMap='/system/usr/keychars/Generic.kcm', builtinKeyboard=false,
04-02 18:27:22.722 2634 2634 W Zygote : Class not found for preloading: android.icu.impl.number.Parse
04-02 18:27:22.752 2768 2832 E EventHub: could not get driver version for /dev/input/mice, Not a typewriter
04-02 18:27:22.769 2768 2832 D EventHub: No input device configuration file found for device 'Video Bus'.
04-02 18:27:22.772 2768 2832 W EventHub: Unable to disable kernel key repeat for /dev/input/event5: Function not implemented
04-02 18:27:22.772 2768 2832 I EventHub: wakeMechanism=EPOLLWAKEUP, usingClockIoctl=true
04-02 18:27:22.772 2768 2832 I EventHub: New device: id=4, fd=115, path='/dev/input/event5', name='Video Bus', classes=0x1, configuration='', keyLayout='/system/usr/keylayout/Generic.kl', keyCharacterMap='/system/usr/keychars/Generic.kcm', builtinKeyboard=false,
04-02 18:27:22.774 2768 2832 D EventHub: No input device configuration file found for device 'Lid Switch'.
04-02 18:27:22.774 2768 2832 I EventHub: wakeMechanism=EPOLLWAKEUP, usingClockIoctl=true
04-02 18:27:22.774 2768 2832 I EventHub: New device: id=5, fd=116, path='/dev/input/event0', name='Lid Switch', classes=0x80, configuration='', keyLayout='', keyCharacterMap='', builtinKeyboard=false,
04-02 18:27:22.774 2768 2832 D EventHub: No input device configuration file found for device 'Sleep Button'.
04-02 18:27:22.776 2768 2832 W EventHub: Unable to disable kernel key repeat for /dev/input/event2: Function not implemented
04-02 18:27:22.776 2768 2832 I EventHub: wakeMechanism=EPOLLWAKEUP, usingClockIoctl=true
04-02 18:27:22.776 2768 2832 I EventHub: New device: id=6, fd=117, path='/dev/input/event2', name='Sleep Button', classes=0x1, configuration='', keyLayout='/system/usr/keylayout/Generic.kl', keyCharacterMap='/system/usr/keychars/Generic.kcm', builtinKeyboard=false,
04-02 18:27:22.776 2768 2832 I EventHub: ignoring event id /dev/input/event1 driver Power Button
04-02 18:27:22.836 2768 2832 E EventHub: could not get driver version for /dev/input/mouse0, Not a typewriter
04-02 18:27:22.848 2768 2832 E EventHub: could not get driver version for /dev/input/mouse1, Not a typewriter
04-02 18:27:22.849 2634 2634 I zygote : Thread[1,tid=2634,Native,Thread*=0xe8232000,peer=0x12d80000,"main"] recursive attempt to load library "/system/lib/libmedia_jni.so"
04-02 18:27:22.849 2634 2634 D MtpDeviceJNI: register_android_mtp_MtpDevice
04-02 18:27:22.850 2634 2634 I zygote : Thread[1,tid=2634,Native,Thread*=0xe8232000,peer=0x12d80000,"main"] recursive attempt to load library "/system/lib/libmedia_jni.so"
04-02 18:27:22.850 2634 2634 I zygote : Thread[1,tid=2634,Native,Thread*=0xe8232000,peer=0x12d80000,"main"] recursive attempt to load library "/system/lib/libmedia_jni.so"
04-02 18:27:22.852 2768 2768 I system_server: Looking for service android.hardware.oemlock@1.0::IOemLock/default
04-02 18:27:22.853 2577 2577 W /system/bin/hwservicemanager: getTransport: Cannot find entry android.hardware.oemlock@1.0::IOemLock/default in either framework or device manifest.
04-02 18:27:22.856 2768 2832 D EventHub: No input device configuration file found for device 'AT Translated Set 2 keyboard'.
04-02 18:27:22.858 2768 2832 I EventHub: wakeMechanism=EPOLLWAKEUP, usingClockIoctl=true
04-02 18:27:22.858 2768 2832 I EventHub: New device: id=7, fd=118, path='/dev/input/event7', name='AT Translated Set 2 keyboard', classes=0x3, configuration='', keyLayout='/system/usr/keylayout/Generic.kl', keyCharacterMap='/system/usr/keychars/Generic.kcm', builtinKeyboard=false,
04-02 18:27:22.858 2768 2832 D EventHub: No input device configuration file found for device 'Asus WMI hotkeys'.
04-02 18:27:22.860 2768 2832 I EventHub: wakeMechanism=EPOLLWAKEUP, usingClockIoctl=true
04-02 18:27:22.860 2768 2832 I EventHub: New device: id=8, fd=120, path='/dev/input/event12', name='Asus WMI hotkeys', classes=0x1, configuration='', keyLayout='/system/usr/keylayout/Generic.kl', keyCharacterMap='/system/usr/keychars/Generic.kcm', builtinKeyboard=false,
04-02 18:27:22.860 2768 2832 D EventHub: No input device configuration file found for device 'HD-Audio Generic Headphone'.
04-02 18:27:22.860 2768 2832 I EventHub: wakeMechanism=EPOLLWAKEUP, usingClockIoctl=true
04-02 18:27:26.283 2907 2907 I sdcard : type=1400 audit(0.0:307): avc: denied { getattr } for path="/vendor" dev="tmpfs" ino=6244 scontext=u:r:sdcardd:s0 tcontext=u:object_r:tmpfs:s0 tclass=lnk_file permissive=1
04-02 18:27:26.283 2907 2907 I sdcard : type=1400 audit(0.0:308): avc: denied { read } for name="vendor" dev="tmpfs" ino=6244 scontext=u:r:sdcardd:s0 tcontext=u:object_r:tmpfs:s0 tclass=lnk_file permissive=1
04-02 18:27:26.334 2868 2868 I zygote64: The ClassLoaderContext is a special shared library.
04-02 18:27:26.342 2907 2907 W /system/bin/sdcard: Device explicitly enabled sdcardfs
04-02 18:27:26.362 2873 2873 I zygote64: The ClassLoaderContext is a special shared library.
04-02 18:27:26.393 2909 2909 I main : type=1400 audit(0.0:309): avc: denied { dac_read_search } for capability=2 scontext=u:r:zygote:s0 tcontext=u:r:zygote:s0 tclass=capability permissive=1
04-02 18:27:26.394 2909 2909 I main : type=1400 audit(0.0:310): avc: denied { create } for name="cgroup.procs" scontext=u:r:zygote:s0 tcontext=u:object_r:cgroup:s0 tclass=file permissive=1
04-02 18:27:26.399 1 1 I init : type=1400 audit(0.0:311): avc: denied { dac_read_search } for capability=2 scontext=u:r:init:s0 tcontext=u:r:init:s0 tclass=capability permissive=1
04-02 18:27:26.400 1 1 I init : type=1400 audit(0.0:312): avc: denied { create } for name="cgroup.procs" scontext=u:r:init:s0 tcontext=u:object_r:cgroup:s0 tclass=file permissive=1
04-02 18:27:26.400 2768 2882 V NuMediaExtractor: track of type 'audio/vorbis' does not publish bitrate
04-02 18:27:26.425 2915 2915 W zygote64: Unexpected CPU variant for X86 using defaults: x86_64
04-02 18:27:26.436 2915 2915 V WebViewLibraryLoader: RelroFileCreator (64bit = true), 32-bit lib: /system/priv-app/com.android.chrome/lib/x86/libmonochrome.so, 64-bit lib: /system/priv-app/com.android.chrome/lib/x86_64/libmonochrome.so
04-02 18:27:26.481 2909 2909 W zygote : Unexpected CPU variant for X86 using defaults: x86_64
04-02 18:27:26.522 2920 2920 I webview_zygote3: type=1400 audit(0.0:313): avc: denied { getattr } for path="/vendor" dev="tmpfs" ino=6244 scontext=u:r:webview_zygote:s0 tcontext=u:object_r:tmpfs:s0 tclass=lnk_file permissive=1
04-02 18:27:26.522 2920 2920 I webview_zygote3: type=1400 audit(0.0:314): avc: denied { read } for name="vendor" dev="tmpfs" ino=6244 scontext=u:r:webview_zygote:s0 tcontext=u:object_r:tmpfs:s0 tclass=lnk_file permissive=1
04-02 18:27:26.630 2909 2909 V WebViewLibraryLoader: RelroFileCreator (64bit = false), 32-bit lib: /system/priv-app/com.android.chrome/lib/x86/libmonochrome.so, 64-bit lib: /system/priv-app/com.android.chrome/lib/x86_64/libmonochrome.so
04-02 18:27:26.717 2682 2724 I OMXClient: Treble IOmx obtained
04-02 18:27:26.718 2685 2718 I OMXMaster: makeComponentInstance(OMX.google.aac.decoder) in omx@1.0-service process
04-02 18:27:26.771 2920 2920 D AndroidRuntime: >>>>>> START com.android.internal.os.WebViewZygoteInit uid 1053 <<<<<<
04-02 18:27:26.773 2920 2920 I /system/bin/webview_zygote32: option[0]=-Xzygote
04-02 18:27:26.773 2920 2920 I /system/bin/webview_zygote32: option[1]=-Xusetombstonedtraces
04-02 18:27:26.773 2920 2920 I /system/bin/webview_zygote32: option[2]=exit
04-02 18:27:26.773 2920 2920 I /system/bin/webview_zygote32: option[3]=vfprintf
04-02 18:27:26.773 2920 2920 I /system/bin/webview_zygote32: option[4]=sensitiveThread
04-02 18:27:26.773 2920 2920 I /system/bin/webview_zygote32: option[5]=-verbose:gc
04-02 18:27:26.773 2920 2920 I /system/bin/webview_zygote32: option[6]=-Xms16m
04-02 18:27:26.773 2920 2920 I /system/bin/webview_zygote32: option[7]=-Xmx512m
04-02 18:27:26.773 2920 2920 I /system/bin/webview_zygote32: option[8]=-XX:HeapGrowthLimit=192m
04-02 18:27:26.773 2920 2920 I /system/bin/webview_zygote32: option[9]=-XX:HeapMinFree=512k
04-02 18:27:26.773 2920 2920 I /system/bin/webview_zygote32: option[10]=-XX:HeapMaxFree=8m
04-02 18:27:26.773 2920 2920 I /system/bin/webview_zygote32: option[11]=-XX:HeapTargetUtilization=0.75
04-02 18:27:26.773 2920 2920 I /system/bin/webview_zygote32: option[12]=-Xusejit:true
04-02 18:27:26.773 2920 2920 I /system/bin/webview_zygote32: option[13]=-Xjitsaveprofilinginfo
04-02 18:27:26.773 2920 2920 I /system/bin/webview_zygote32: option[14]=-agentlib:jdwp=transport=dt_android_adb,suspend=n,server=y
04-02 18:27:26.773 2920 2920 I /system/bin/webview_zygote32: option[15]=-Xlockprofthreshold:500
04-02 18:27:26.773 2920 2920 I /system/bin/webview_zygote32: option[16]=-Ximage-compiler-option
04-02 18:27:26.773 2920 2920 I /system/bin/webview_zygote32: option[17]=--runtime-arg
04-02 18:27:26.773 2920 2920 I /system/bin/webview_zygote32: option[18]=-Ximage-compiler-option
04-02 18:27:26.773 2920 2920 I /system/bin/webview_zygote32: option[19]=-Xms64m
04-02 18:27:26.773 2920 2920 I /system/bin/webview_zygote32: option[20]=-Ximage-compiler-option
04-02 18:27:26.773 2920 2920 I /system/bin/webview_zygote32: option[21]=--runtime-arg
04-02 18:27:26.773 2920 2920 I /system/bin/webview_zygote32: option[22]=-Ximage-compiler-option
04-02 18:27:26.773 2920 2920 I /system/bin/webview_zygote32: option[23]=-Xmx64m
04-02 18:27:26.773 2920 2920 I /system/bin/webview_zygote32: option[24]=-Ximage-compiler-option
04-02 18:27:26.773 2920 2920 I /system/bin/webview_zygote32: option[25]=--image-classes=/system/etc/preloaded-classes
04-02 18:27:26.773 2920 2920 I /system/bin/webview_zygote32: option[26]=-Ximage-compiler-option
04-02 18:27:26.773 2920 2920 I /system/bin/webview_zygote32: option[27]=--compiled-classes=/system/etc/compiled-classes
04-02 18:27:26.773 2920 2920 I /system/bin/webview_zygote32: option[28]=-Ximage-compiler-option
04-02 18:27:26.773 2920 2920 I /system/bin/webview_zygote32: option[29]=--dirty-image-objects=/system/etc/dirty-image-objects
04-02 18:27:26.773 2920 2920 I /system/bin/webview_zygote32: option[30]=-Xcompiler-option
04-02 18:27:26.773 2920 2920 I /system/bin/webview_zygote32: option[31]=--runtime-arg
04-02 18:27:26.773 2920 2920 I /system/bin/webview_zygote32: option[32]=-Xcompiler-option
04-02 18:27:26.773 2920 2920 I /system/bin/webview_zygote32: option[33]=-Xms64m
04-02 18:27:26.773 2920 2920 I /system/bin/webview_zygote32: option[34]=-Xcompiler-option
04-02 18:27:26.773 2920 2920 I /system/bin/webview_zygote32: option[35]=--runtime-arg
04-02 18:27:26.773 2920 2920 I /system/bin/webview_zygote32: option[36]=-Xcompiler-option
04-02 18:27:26.773 2920 2920 I /system/bin/webview_zygote32: option[37]=-Xmx512m
04-02 18:27:26.773 2920 2920 I /system/bin/webview_zygote32: option[38]=-Ximage-compiler-option
04-02 18:27:26.773 2920 2920 I /system/bin/webview_zygote32: option[39]=--instruction-set-variant=x86_64
04-02 18:27:26.773 2920 2920 I /system/bin/webview_zygote32: option[40]=-Xcompiler-option
04-02 18:27:26.773 2920 2920 I /system/bin/webview_zygote32: option[41]=--instruction-set-variant=x86_64
04-02 18:27:26.773 2920 2920 I /system/bin/webview_zygote32: option[42]=-Ximage-compiler-option
04-02 18:27:26.773 2920 2920 I /system/bin/webview_zygote32: option[43]=--instruction-set-features=default
04-02 18:27:26.773 2920 2920 I /system/bin/webview_zygote32: option[44]=-Xcompiler-option
04-02 18:27:26.773 2920 2920 I /system/bin/webview_zygote32: option[45]=--instruction-set-features=default
04-02 18:27:26.773 2920 2920 I /system/bin/webview_zygote32: option[46]=-Duser.locale=fr-FR
04-02 18:27:26.773 2920 2920 I /system/bin/webview_zygote32: option[47]=-XX:NativeBridge=libnb.so
04-02 18:27:26.773 2920 2920 I /system/bin/webview_zygote32: option[48]=--cpu-abilist=x86,armeabi-v7a,armeabi
04-02 18:27:26.773 2920 2920 I /system/bin/webview_zygote32: option[49]=-Xfingerprint:Android-x86/android_x86_64/x86_64:8.1.0/OPM8.190105.002/cwhuang0115:userdebug/test-keys
04-02 18:27:26.776 2920 2920 W /system/bin/webview_zygote32: Could not reserve sentinel fault page
04-02 18:27:26.797 2682 2724 I OMXClient: Treble IOmx obtained
04-02 18:27:26.798 2685 2717 I OMXMaster: makeComponentInstance(OMX.ffmpeg.aac.decoder) in omx@1.0-service process
04-02 18:27:26.798 2685 2717 V FFmpegOMXPlugin: makeComponentInstance 'OMX.ffmpeg.aac.decoder'
04-02 18:27:26.798 2685 2717 D SoftFFmpegAudio: SoftFFmpegAudio component: OMX.ffmpeg.aac.decoder mCodingType: 21
04-02 18:27:26.834 2867 2867 D wpa_supplicant: netlink: Operstate: ifindex=4 linkmode=1 (userspace-control), operstate=5 (IF_OPER_DORMANT)
04-02 18:27:26.834 2867 2867 D wpa_supplicant: Add interface wlan0 to a new radio phy0
04-02 18:27:26.835 2867 2867 D wpa_supplicant: nl80211: Regulatory information - country=00
04-02 18:27:26.835 2867 2867 D wpa_supplicant: nl80211: 2402-2472 @ 40 MHz 20 mBm
04-02 18:27:26.835 2867 2867 D wpa_supplicant: nl80211: 2457-2482 @ 20 MHz 20 mBm (no IR)
04-02 18:27:26.835 2867 2867 D wpa_supplicant: nl80211: 2474-2494 @ 20 MHz 20 mBm (no OFDM) (no IR)
04-02 18:27:26.835 2867 2867 D wpa_supplicant: nl80211: 5170-5250 @ 80 MHz 20 mBm (no IR)
04-02 18:27:26.835 2867 2867 D wpa_supplicant: nl80211: 5250-5330 @ 80 MHz 20 mBm (DFS) (no IR)
04-02 18:27:26.835 2867 2867 D wpa_supplicant: nl80211: 5490-5730 @ 160 MHz 20 mBm (DFS) (no IR)
04-02 18:27:26.835 2867 2867 D wpa_supplicant: nl80211: 5735-5835 @ 80 MHz 20 mBm (no IR)
04-02 18:27:26.835 2867 2867 D wpa_supplicant: nl80211: 57240-63720 @ 2160 MHz 0 mBm
04-02 18:27:26.835 2867 2867 D wpa_supplicant: nl80211: Added 802.11b mode based on 802.11g information
04-02 18:27:26.840 2867 2867 D wpa_supplicant: wlan0: Own MAC address: 98:22:ef:11:ea:5e
04-02 18:27:26.840 2867 2867 D wpa_supplicant: wpa_driver_nl80211_set_key: ifindex=4 (wlan0) alg=0 addr=0x0 key_idx=0 set_tx=0 seq_len=0 key_len=0
04-02 18:27:26.840 2867 2867 D wpa_supplicant: wpa_driver_nl80211_set_key: ifindex=4 (wlan0) alg=0 addr=0x0 key_idx=1 set_tx=0 seq_len=0 key_len=0
04-02 18:27:26.840 2867 2867 D wpa_supplicant: wpa_driver_nl80211_set_key: ifindex=4 (wlan0) alg=0 addr=0x0 key_idx=2 set_tx=0 seq_len=0 key_len=0
04-02 18:27:26.840 2867 2867 D wpa_supplicant: wpa_driver_nl80211_set_key: ifindex=4 (wlan0) alg=0 addr=0x0 key_idx=3 set_tx=0 seq_len=0 key_len=0
04-02 18:27:26.840 2867 2867 D wpa_supplicant: wpa_driver_nl80211_set_key: ifindex=4 (wlan0) alg=0 addr=0x0 key_idx=4 set_tx=0 seq_len=0 key_len=0
04-02 18:27:26.840 2867 2867 D wpa_supplicant: wpa_driver_nl80211_set_key: ifindex=4 (wlan0) alg=0 addr=0x0 key_idx=5 set_tx=0 seq_len=0 key_len=0
04-02 18:27:26.840 2867 2867 D wpa_supplicant: wlan0: RSN: flushing PMKID list in the driver
04-02 18:27:26.840 2867 2867 D wpa_supplicant: nl80211: Flush PMKIDs
04-02 18:27:26.840 2867 2867 D wpa_supplicant: wlan0: State: DISCONNECTED -> INACTIVE
04-02 18:27:26.840 2867 2867 D wpa_supplicant: Notifying state change event to hidl control: 2
04-02 18:27:26.849 2920 2920 I libnb : Found /system/lib/libhoudini.so version 3
04-02 18:27:26.848 2920 2920 I main : type=1400 audit(0.0:315): avc: denied { read } for name="libhoudini.so" dev="loop1" ino=80 scontext=u:r:webview_zygote:s0 tcontext=u:object_r:unlabeled:s0 tclass=file permissive=1
04-02 18:27:26.848 2920 2920 I main : type=1400 audit(0.0:316): avc: denied { open } for path="/system/lib/libhoudini.so" dev="loop1" ino=80 scontext=u:r:webview_zygote:s0 tcontext=u:object_r:unlabeled:s0 tclass=file permissive=1
04-02 18:27:26.848 2920 2920 I main : type=1400 audit(0.0:317): avc: denied { getattr } for path="/system/lib/libhoudini.so" dev="loop1" ino=80 scontext=u:r:webview_zygote:s0 tcontext=u:object_r:unlabeled:s0 tclass=file permissive=1
04-02 18:27:26.848 2920 2920 I main : type=1400 audit(0.0:318): avc: denied { map } for path="/system/lib/libhoudini.so" dev="loop1" ino=80 scontext=u:r:webview_zygote:s0 tcontext=u:object_r:unlabeled:s0 tclass=file permissive=1
04-02 18:27:26.848 2920 2920 I main : type=1400 audit(0.0:319): avc: denied { execute } for path="/system/lib/libhoudini.so" dev="loop1" ino=80 scontext=u:r:webview_zygote:s0 tcontext=u:object_r:unlabeled:s0 tclass=file permissive=1
04-02 18:27:26.902 2867 2867 D wpa_supplicant: TDLS: TDLS operation not supported by driver
04-02 18:27:26.902 2867 2867 D wpa_supplicant: TDLS: Driver uses internal link setup
04-02 18:27:26.902 2867 2867 D wpa_supplicant: TDLS: Driver does not support TDLS channel switching
04-02 18:27:26.902 2867 2867 D wpa_supplicant: wlan0: WPS: UUID based on MAC address: 94971baf-dfa5-5774-822a-bc71c30bee3b
04-02 18:27:26.902 2867 2867 D wpa_supplicant: EAPOL: SUPP_PAE entering state DISCONNECTED
04-02 18:27:26.902 2867 2867 D wpa_supplicant: EAPOL: Supplicant port status: Unauthorized
04-02 18:27:26.902 2867 2867 D wpa_supplicant: nl80211: Skip set_supp_port(unauthorized) while not associated
04-02 18:27:26.902 2867 2867 D wpa_supplicant: EAPOL: KEY_RX entering state NO_KEY_RECEIVE
04-02 18:27:26.902 2867 2867 D wpa_supplicant: EAPOL: SUPP_BE entering state INITIALIZE
04-02 18:27:26.902 2867 2867 D wpa_supplicant: EAP: EAP entering state DISABLED
04-02 18:27:26.902 2867 2867 D wpa_supplicant: Using existing control interface directory.
04-02 18:27:26.902 2867 2867 D wpa_supplicant: Registering interface to hidl control: wlan0
04-02 18:27:26.902 2867 2867 D wpa_supplicant: wlan0: Added interface wlan0
04-02 18:27:26.902 2867 2867 D wpa_supplicant: wlan0: State: INACTIVE -> DISCONNECTED
04-02 18:27:26.902 2867 2867 D wpa_supplicant: nl80211: Set wlan0 operstate 0->0 (DORMANT)
04-02 18:27:26.902 2867 2867 D wpa_supplicant: netlink: Operstate: ifindex=4 linkmode=-1 (no change), operstate=5 (IF_OPER_DORMANT)
04-02 18:27:26.902 2867 2867 D wpa_supplicant: Notifying state change event to hidl control: 0
04-02 18:27:26.902 2867 2867 D wpa_supplicant: random: Got 20/20 bytes from /dev/random
04-02 18:27:26.902 2867 2867 D wpa_supplicant: Get randomness: len=20 entropy=0
04-02 18:27:26.903 2867 2867 D wpa_supplicant: random: Updated entropy file /data/misc/wifi/entropy.bin (own_pool_ready=2)
04-02 18:27:26.903 2867 2867 D wpa_supplicant: RTM_NEWLINK: ifi_index=4 ifname=wlan0 operstate=0 linkmode=0 ifi_family=0 ifi_flags=0x1043 ([UP][RUNNING])
04-02 18:27:26.903 2867 2867 D wpa_supplicant: RTM_NEWLINK: ifi_index=4 ifname=wlan0 operstate=2 linkmode=0 ifi_family=0 ifi_flags=0x1003 ([UP])
04-02 18:27:26.903 2867 2867 D wpa_supplicant: RTM_NEWLINK: ifi_index=4 ifname=wlan0 operstate=2 linkmode=1 ifi_family=0 ifi_flags=0x1003 ([UP])
04-02 18:27:26.926 2868 2868 I LatinIME: Hardware accelerated drawing: true
04-02 18:27:27.061 2768 2830 I SupplicantStaIfaceHal: Completed initialization of ISupplicant interfaces.
04-02 18:27:27.062 2768 2841 W zygote64: Long monitor contention with owner HwBinder:2768_2 (2830) at android.hardware.wifi.supplicant.V1_0.ISupplicant android.hardware.wifi.supplicant.V1_0.ISupplicant.asInterface(android.os.IHwBinder)(ISupplicant.java:18) waiters=0 in boolean com.android.server.wifi.SupplicantStaIfaceHal.isInitializationStarted() for 1.181s
04-02 18:27:27.063 2768 2841 E SupplicantStaIfaceHal: ISupplicantStaIface.getMacAddress failed: FAILURE_UNKNOWN,
04-02 18:27:27.064 2768 2841 D WifiStateMachine: Setting OUI to DA-A1-19
04-02 18:27:27.066 2768 2841 W WifiDiags: no ring buffers found
04-02 18:27:27.066 2768 2841 W WifiDiags: Failed to start packet fate monitoring
04-02 18:27:27.068 2768 2786 I WifiService: requestActivityInfo uid=1000
04-02 18:27:27.068 2768 2786 I WifiService: reportActivityInfo uid=1000
04-02 18:27:27.068 2768 2786 I WifiService: getSupportedFeatures uid=1000
04-02 18:27:27.068 2768 2841 E SupplicantStaIfaceHal: ISupplicantStaIface.setBtCoexistenceScanModeEnabled failed: FAILURE_UNKNOWN,
04-02 18:27:27.069 2768 2841 E SupplicantStaIfaceHal: ISupplicantStaIface.stopRxFilter failed: FAILURE_UNKNOWN,
04-02 18:27:27.069 2768 2841 E SupplicantStaIfaceHal: ISupplicantStaIface.stopRxFilter failed: FAILURE_UNKNOWN,
04-02 18:27:27.101 2768 2841 E SupplicantStaIfaceHal: ISupplicantStaIface.setSuspendModeEnabled failed: FAILURE_UNKNOWN,
04-02 18:27:27.102 2768 2786 I WifiService: requestActivityInfo uid=1000
04-02 18:27:27.102 2768 2786 I WifiService: reportActivityInfo uid=1000
04-02 18:27:27.102 2768 2786 I WifiService: getSupportedFeatures uid=1000
04-02 18:27:27.147 2873 2873 V SystemUIService: Starting SystemUI services for user 0.
04-02 18:27:27.291 2868 2868 W InputAttributes: No editor info for this field. Bug?
04-02 18:27:27.380 2868 2951 I LatinIME:LogUtils: Dictionary info: dictionary = UserHistoryDictionary.fr ; version = 1554222447 ; date = ?
04-02 18:27:27.381 2868 2951 I LatinIME:LogUtils: Dictionary info: dictionary = userunigram.fr ; version = 1554222447 ; date = ?
04-02 18:27:27.500 2665 2665 I lmkd : type=1400 audit(0.0:321): avc: denied { dac_read_search } for capability=2 scontext=u:r:lmkd:s0 tcontext=u:r:lmkd:s0 tclass=capability permissive=1
04-02 18:27:27.500 2768 2768 I Binder:2768_3: type=1400 audit(0.0:322): avc: denied { write } for name="timerslack_ns" dev="proc" ino=13917 scontext=u:r:system_server:s0 tcontext=u:r:untrusted_app_25:s0:c512,c768 tclass=file permissive=1
04-02 18:27:27.519 2909 2909 I WebViewLoader-x86: System.exit called, status: 0
04-02 18:27:27.519 2909 2909 I AndroidRuntime: VM exiting with result code 0, cleanup skipped.
04-02 18:27:27.527 2868 2951 I LatinIME:LogUtils: Dictionary info: dictionary = main:fr ; version = 54 ; date = 1414726264
04-02 18:27:27.539 2685 2717 E OMXNodeInstance: getParameter(0xea29b060:ffmpeg.aac.decoder, ParamAudioProfileQuerySupported(0x6f400005)) ERROR: UnsupportedIndex(0x8000101a)
04-02 18:27:27.539 2682 2724 W ACodec : component OMX.ffmpeg.aac.decoder doesn't support profile query.
04-02 18:27:27.541 2682 2724 I OMXClient: Treble IOmx obtained
04-02 18:27:27.541 2685 2943 I OMXMaster: makeComponentInstance(OMX.ffmpeg.ac3.decoder) in omx@1.0-service process
04-02 18:27:27.541 2685 2943 V FFmpegOMXPlugin: makeComponentInstance 'OMX.ffmpeg.ac3.decoder'
04-02 18:27:27.542 2685 2943 D SoftFFmpegAudio: SoftFFmpegAudio component: OMX.ffmpeg.ac3.decoder mCodingType: 2130706434
04-02 18:27:27.543 2873 2873 V MediaRouter: Adding route: RouteInfo{ name=Tablette, description=null, status=null, category=RouteCategory{ name=Système types=ROUTE_TYPE_LIVE_AUDIO ROUTE_TYPE_LIVE_VIDEO groupable=false }, supportedTypes=ROUTE_TYPE_LIVE_AUDIO ROUTE_TYPE_LIVE_VIDEO , presentationDisplay=null }
04-02 18:27:27.544 2682 2724 I OMXClient: Treble IOmx obtained
04-02 18:27:27.544 2685 2943 I OMXMaster: makeComponentInstance(OMX.google.amrnb.decoder) in omx@1.0-service process
