--------- beginning of main
04-02 20:26:24.040 2575 2575 W auditd : type=2000 audit(0.0:1): state=initialized audit_enabled=0 res=1
04-02 20:26:54.148 2575 2575 W auditd : type=1403 audit(0.0:2): auid=4294967295 ses=4294967295 lsm=selinux res=1
04-02 20:26:54.154 1 1 I init : type=1400 audit(0.0:3): avc: denied { getattr } for path="/plat_file_contexts" dev="tmpfs" ino=6225 scontext=u:r:kernel:s0 tcontext=u:object_r:tmpfs:s0 tclass=file permissive=1
04-02 20:26:54.154 1 1 I init : type=1400 audit(0.0:4): avc: denied { read } for name="plat_file_contexts" dev="tmpfs" ino=6225 scontext=u:r:kernel:s0 tcontext=u:object_r:tmpfs:s0 tclass=file permissive=1
04-02 20:26:54.154 1 1 I init : type=1400 audit(0.0:5): avc: denied { open } for path="/plat_file_contexts" dev="tmpfs" ino=6225 scontext=u:r:kernel:s0 tcontext=u:object_r:tmpfs:s0 tclass=file permissive=1
04-02 20:26:54.155 1 1 I init : type=1400 audit(0.0:6): avc: denied { map } for path="/plat_file_contexts" dev="tmpfs" ino=6225 scontext=u:r:kernel:s0 tcontext=u:object_r:tmpfs:s0 tclass=file permissive=1
04-02 20:26:54.160 1 1 I init : type=1400 audit(0.0:7): avc: denied { relabelfrom } for name="init" dev="tmpfs" ino=6209 scontext=u:r:kernel:s0 tcontext=u:object_r:tmpfs:s0 tclass=file permissive=1
04-02 20:26:54.164 1 1 I init : type=1400 audit(0.0:8): avc: denied { getattr } for path="/plat_property_contexts" dev="tmpfs" ino=6227 scontext=u:r:init:s0 tcontext=u:object_r:tmpfs:s0 tclass=file permissive=1
04-02 20:26:54.168 1 1 I init : type=1400 audit(0.0:9): avc: denied { map } for path="/plat_file_contexts" dev="tmpfs" ino=6225 scontext=u:r:init:s0 tcontext=u:object_r:tmpfs:s0 tclass=file permissive=1
04-02 20:26:54.184 1 1 I init : type=1400 audit(0.0:10): avc: denied { relabelfrom } for name="plat_file_contexts" dev="tmpfs" ino=6225 scontext=u:r:init:s0 tcontext=u:object_r:tmpfs:s0 tclass=file permissive=1
04-02 20:26:54.198 1229 1229 I loop0 : type=1400 audit(0.0:11): avc: denied { read } for path="/mnt/android-8.1-r1/system.img" dev="sda8" ino=312225 scontext=u:r:kernel:s0 tcontext=u:object_r:unlabeled:s0 tclass=file permissive=1
04-02 18:26:55.975 2579 2579 I sh : + init_hal_audio
04-02 18:26:55.976 2579 2579 I sh : + init_hal_bluetooth
04-02 18:26:55.976 2579 2579 I sh : + cat /sys/class/rfkill/rfkill0/type
04-02 18:26:55.981 2580 2580 I sh : type=1400 audit(0.0:58): avc: denied { add_name } for name="state" scontext=u:r:init:s0 tcontext=u:object_r:sysfs:s0 tclass=dir permissive=1
04-02 18:26:55.981 2580 2580 I sh : type=1400 audit(0.0:59): avc: denied { create } for name="state" scontext=u:r:init:s0 tcontext=u:object_r:sysfs:s0 tclass=file permissive=1
04-02 18:26:55.981 2579 2579 I sh : + type=wlan
04-02 18:26:55.981 2579 2579 I sh : + '[' wlan '=' wlan -o wlan '=' bluetooth ']'
04-02 18:26:55.981 2579 2579 I sh : + >/sys/class/rfkill/rfkill0/state
04-02 18:26:55.982 2579 2579 I sh : + echo 1
04-02 18:26:55.982 2579 2579 I sh : + cat /sys/class/rfkill/rfkill1/type
04-02 18:26:55.987 2579 2579 I sh : + type=bluetooth
04-02 18:26:55.987 2579 2579 I sh : + '[' bluetooth '=' wlan -o bluetooth '=' bluetooth ']'
04-02 18:26:55.987 2579 2579 I sh : + >/sys/class/rfkill/rfkill1/state
04-02 18:26:55.987 2579 2579 I sh : + echo 1
04-02 18:26:55.988 2579 2579 I sh : + busybox lsusb -v
04-02 18:26:55.988 2579 2579 I sh : + awk ' /Class:.E0/ { print $9 } '
04-02 18:26:56.000 2579 2579 I sh : + chown 1002.1002 /dev/bus/usb/001/003
04-02 18:26:56.006 2604 2604 I chown : type=1400 audit(0.0:60): avc: denied { getattr } for path="/dev/bus/usb/001/003" dev="tmpfs" ino=9670 scontext=u:r:toolbox:s0 tcontext=u:object_r:usb_device:s0 tclass=chr_file permissive=1
04-02 18:26:56.006 2604 2604 I chown : type=1400 audit(0.0:61): avc: denied { setattr } for name="003" dev="tmpfs" ino=9670 scontext=u:r:toolbox:s0 tcontext=u:object_r:usb_device:s0 tclass=chr_file permissive=1
04-02 18:26:56.006 2604 2604 I chown : type=1400 audit(0.0:62): avc: denied { chown } for capability=0 scontext=u:r:toolbox:s0 tcontext=u:r:toolbox:s0 tclass=capability permissive=1
04-02 18:26:56.008 2579 2579 I sh : + chmod 660 /dev/bus/usb/001/003
04-02 18:26:56.011 2605 2605 I chmod : type=1400 audit(0.0:63): avc: denied { fowner } for capability=3 scontext=u:r:toolbox:s0 tcontext=u:r:toolbox:s0 tclass=capability permissive=1
04-02 18:26:56.011 2605 2605 I chmod : type=1400 audit(0.0:64): avc: denied { fsetid } for capability=4 scontext=u:r:toolbox:s0 tcontext=u:r:toolbox:s0 tclass=capability permissive=1
04-02 18:26:56.014 2579 2579 I sh : + '[' -n ']'
04-02 18:26:56.014 2579 2579 I sh : + dmesg -t
04-02 18:26:56.017 2579 2579 I sh : + grep -qE '8723bs.*BT'
04-02 18:26:56.019 2606 2606 I dmesg : type=1400 audit(0.0:65): avc: denied { ioctl } for path="pipe:[10264]" dev="pipefs" ino=10264 ioctlcmd=0x5401 scontext=u:r:toolbox:s0 tcontext=u:r:init:s0 tclass=fifo_file permissive=1
04-02 18:26:56.019 2606 2606 I dmesg : type=1400 audit(0.0:66): avc: denied { read } for name="kmsg" dev="tmpfs" ino=7544 scontext=u:r:toolbox:s0 tcontext=u:object_r:kmsg_device:s0 tclass=chr_file permissive=1
04-02 18:26:56.019 2606 2606 I dmesg : type=1400 audit(0.0:67): avc: denied { open } for path="/dev/kmsg" dev="tmpfs" ino=7544 scontext=u:r:toolbox:s0 tcontext=u:object_r:kmsg_device:s0 tclass=chr_file permissive=1
04-02 18:26:56.019 2606 2606 I dmesg : type=1400 audit(0.0:68): avc: denied { syslog_read } for scontext=u:r:toolbox:s0 tcontext=u:r:kernel:s0 tclass=system permissive=1
04-02 18:26:56.025 2579 2579 I sh : + init_hal_camera
04-02 18:26:56.025 2579 2579 I sh : + return
04-02 18:26:56.025 2579 2579 I sh : + init_hal_gps
04-02 18:26:56.025 2579 2579 I sh : + return
04-02 18:26:56.025 2579 2579 I sh : + init_hal_gralloc
04-02 18:26:56.025 2579 2579 I sh : + '[' '=' 1 ']'
04-02 18:26:56.025 2579 2579 I sh : + head -1
04-02 18:26:56.026 2609 2609 I head : type=1400 audit(0.0:69): avc: denied { read } for path="pipe:[10280]" dev="pipefs" ino=10280 scontext=u:r:toolbox:s0 tcontext=u:r:init:s0 tclass=fifo_file permissive=1
04-02 18:26:56.026 2579 2579 I sh : + cat /proc/fb
04-02 18:26:56.031 2579 2579 I sh : + '[' -n 2 ']'
04-02 18:26:56.031 2579 2579 I sh : + set_property debug.egl.trace error
04-02 18:26:56.031 2579 2579 I sh : + setprop debug.egl.trace error
04-02 18:26:56.042 2579 2579 I sh : + '[' -n 2 ']'
04-02 18:26:56.042 2579 2579 I sh : + >>/dev/x86.prop
04-02 18:26:56.042 2579 2579 I sh : + echo 'debug.egl.trace=error'
04-02 18:26:56.042 2579 2579 I sh : + init_hal_hwcomposer
04-02 18:26:56.042 2579 2579 I sh : + return
04-02 18:26:56.042 2579 2579 I sh : + init_hal_vulkan
04-02 18:26:56.042 2579 2579 I sh : + cat /proc/fb
04-02 18:26:56.046 2577 2577 E hwservicemanager: BINDER_SET_INHERIT_FIFO_PRIO failed with error -1
04-02 18:26:56.046 2579 2579 I sh : + head -1
04-02 18:26:56.051 2579 2579 I sh : + init_hal_lights
04-02 18:26:56.051 2579 2579 I sh : + chown 1000.1000 '/sys/class/backlight/*/brightness'
04-02 18:26:56.056 2579 2579 I sh : chown: /sys/class/backlight/*/brightness: No such file or directory
04-02 18:26:56.056 2579 2579 I sh : + init_hal_power
04-02 18:26:56.056 2579 2579 I sh : + >/sys/class/rtc/rtc0/device/power/wakeup
04-02 18:26:56.056 2579 2579 I sh : + echo disabled
04-02 18:26:56.056 2579 2579 I sh : + init_hal_sensors
04-02 18:26:56.057 2579 2579 I sh : + getprop ro.hardware
04-02 18:26:56.061 1229 1229 I loop0 : type=1400 audit(0.0:70): avc: denied { read } for path="/mnt/android-8.1-r1/system.img" dev="sda8" ino=312225 scontext=u:r:kernel:s0 tcontext=u:object_r:unlabeled:s0 tclass=file permissive=1
04-02 18:26:56.061 2579 2579 I sh : + ro_hardware=android_x86_64
04-02 18:26:56.061 2579 2579 I sh : + '[' -f /system/lib/hw/sensors.android_x86_64.so ']'
04-02 18:26:56.078 2579 2579 I sh : + typeset 'hal_sensors=kbd'
04-02 18:26:56.078 2579 2579 I sh : + typeset 'has_sensors=false'
04-02 18:26:56.078 2579 2579 I sh : + cat /sys/class/dmi/id/uevent
04-02 18:26:56.084 2579 2579 I sh : + has_sensors=false
04-02 18:26:56.085 2579 2579 I sh : + 2>/dev/null
04-02 18:26:56.085 2579 2579 I sh : + ls '/sys/bus/iio/devices/iio:device*'
04-02 18:26:56.091 2617 2617 I sh : type=1400 audit(0.0:71): avc: denied { execute } for name="busybox" dev="tmpfs" ino=1842 scontext=u:r:init:s0 tcontext=u:object_r:tmpfs:s0 tclass=file permissive=1
04-02 18:26:56.091 2617 2617 I sh : type=1400 audit(0.0:72): avc: denied { execute_no_trans } for path="/bin/busybox" dev="tmpfs" ino=1842 scontext=u:r:init:s0 tcontext=u:object_r:tmpfs:s0 tclass=file permissive=1
04-02 18:26:56.091 2579 2579 I sh : + '[' -n ']'
04-02 18:26:56.091 2579 2579 I sh : + lsmod
04-02 18:26:56.091 2579 2579 I sh : + grep -q lis3lv02d_i2c
04-02 18:26:56.092 2617 2617 I lsmod : type=1400 audit(0.0:73): avc: denied { getattr } for path="/proc/modules" dev="proc" ino=4026532063 scontext=u:r:init:s0 tcontext=u:object_r:proc_modules:s0 tclass=file permissive=1
04-02 18:26:56.095 2579 2579 I sh : + '[' kbd '!=' kbd ']'
04-02 18:26:56.095 2579 2579 I sh : + set_property ro.hardware.sensors kbd
04-02 18:26:56.095 2579 2579 I sh : + setprop ro.hardware.sensors kbd
04-02 18:26:56.100 2579 2579 I sh : + '[' -n 2 ']'
04-02 18:26:56.100 2579 2579 I sh : + >>/dev/x86.prop
04-02 18:26:56.100 2579 2579 I sh : + echo 'ro.hardware.sensors=kbd'
04-02 18:26:56.100 2579 2579 I sh : + set_property config.override_forced_orient false
04-02 18:26:56.100 2579 2579 I sh : + setprop config.override_forced_orient false
04-02 18:26:56.105 2579 2579 I sh : + '[' -n 2 ']'
04-02 18:26:56.105 2579 2579 I sh : + >>/dev/x86.prop
04-02 18:26:56.105 2579 2579 I sh : + echo 'config.override_forced_orient=false'
04-02 18:26:56.105 2579 2579 I sh : + init_tscal
04-02 18:26:56.106 2579 2579 I sh : + lsusb
04-02 18:26:56.106 2579 2579 I sh : + awk '{ print $6 }'
04-02 18:26:56.112 2579 2579 I sh : + init_ril
04-02 18:26:56.112 2579 2579 I sh : + cat /sys/class/dmi/id/uevent
04-02 18:26:56.117 2579 2579 I sh : + set_property ro.radio.noril yes
04-02 18:26:56.117 2579 2579 I sh : + setprop ro.radio.noril yes
04-02 18:26:56.122 2579 2579 I sh : + '[' -n 2 ']'
04-02 18:26:56.122 2579 2579 I sh : + >>/dev/x86.prop
04-02 18:26:56.122 2579 2579 I sh : + echo 'ro.radio.noril=yes'
04-02 18:26:56.122 2579 2579 I sh : + post_init
04-02 18:26:56.122 2579 2579 I sh : /system/etc/init.sh[512]: post_init: not found
04-02 18:26:56.122 2579 2579 I sh : + return 0
04-02 18:26:56.179 2625 2625 I vold : type=1400 audit(0.0:74): avc: denied { getattr } for path="/vendor" dev="tmpfs" ino=6244 scontext=u:r:vold:s0 tcontext=u:object_r:tmpfs:s0 tclass=lnk_file permissive=1
04-02 18:26:56.179 2625 2625 I vold : type=1400 audit(0.0:75): avc: denied { read } for name="vendor" dev="tmpfs" ino=6244 scontext=u:r:vold:s0 tcontext=u:object_r:tmpfs:s0 tclass=lnk_file permissive=1
04-02 18:26:56.598 2625 2625 I vold : type=1400 audit(0.0:76): avc: denied { read } for name="vendor" dev="tmpfs" ino=6244 scontext=u:r:vold:s0 tcontext=u:object_r:tmpfs:s0 tclass=lnk_file permissive=1
04-02 18:26:56.598 2625 2625 I vold : type=1400 audit(0.0:77): avc: denied { read } for name="fstab.android_x86_64" dev="tmpfs" ino=6208 scontext=u:r:vold:s0 tcontext=u:object_r:tmpfs:s0 tclass=file permissive=1
04-02 18:26:56.598 2625 2625 I vold : type=1400 audit(0.0:78): avc: denied { open } for path="/fstab.android_x86_64" dev="tmpfs" ino=6208 scontext=u:r:vold:s0 tcontext=u:object_r:tmpfs:s0 tclass=file permissive=1
04-02 18:26:56.598 2625 2625 I vold : type=1400 audit(0.0:79): avc: denied { getattr } for path="/fstab.android_x86_64" dev="tmpfs" ino=6208 scontext=u:r:vold:s0 tcontext=u:object_r:tmpfs:s0 tclass=file permissive=1
04-02 18:26:56.624 2629 2629 I vdc : type=1400 audit(0.0:80): avc: denied { getattr } for path="/vendor" dev="tmpfs" ino=6244 scontext=u:r:vdc:s0 tcontext=u:object_r:tmpfs:s0 tclass=lnk_file permissive=1
04-02 18:26:56.624 2629 2629 I vdc : type=1400 audit(0.0:81): avc: denied { read } for name="vendor" dev="tmpfs" ino=6244 scontext=u:r:vdc:s0 tcontext=u:object_r:tmpfs:s0 tclass=lnk_file permissive=1
04-02 18:26:56.643 2625 2625 I vold : type=1400 audit(0.0:82): avc: denied { dac_read_search } for capability=2 scontext=u:r:vold:s0 tcontext=u:r:vold:s0 tclass=capability permissive=1
04-02 18:26:56.682 2630 2630 I tzdatacheck: type=1400 audit(0.0:83): avc: denied { getattr } for path="/vendor" dev="tmpfs" ino=6244 scontext=u:r:tzdatacheck:s0 tcontext=u:object_r:tmpfs:s0 tclass=lnk_file permissive=1
04-02 18:26:56.682 2630 2630 I tzdatacheck: type=1400 audit(0.0:84): avc: denied { read } for name="vendor" dev="tmpfs" ino=6244 scontext=u:r:tzdatacheck:s0 tcontext=u:object_r:tmpfs:s0 tclass=lnk_file permissive=1
04-02 18:26:56.686 2631 2631 I sh : type=1400 audit(0.0:85): avc: denied { getattr } for path="/vendor" dev="tmpfs" ino=6244 scontext=u:r:blkid_untrusted:s0 tcontext=u:object_r:tmpfs:s0 tclass=lnk_file permissive=1
04-02 18:26:56.686 2631 2631 I sh : type=1400 audit(0.0:86): avc: denied { read } for name="vendor" dev="tmpfs" ino=6244 scontext=u:r:blkid_untrusted:s0 tcontext=u:object_r:tmpfs:s0 tclass=lnk_file permissive=1
04-02 18:26:56.687 1 1 I init : type=1400 audit(0.0:87): avc: denied { dac_read_search } for capability=2 scontext=u:r:init:s0 tcontext=u:r:init:s0 tclass=capability permissive=1
04-02 18:26:56.687 2630 2630 I /system/bin/tzdatacheck: timezone distro dir /data/misc/zoneinfo/current does not exist. No action required.
04-02 18:26:56.815 2633 2633 I app_process64: type=1400 audit(0.0:88): avc: denied { getattr } for path="/vendor" dev="tmpfs" ino=6244 scontext=u:r:zygote:s0 tcontext=u:object_r:tmpfs:s0 tclass=lnk_file permissive=1
04-02 18:26:56.815 2633 2633 I app_process64: type=1400 audit(0.0:89): avc: denied { read } for name="vendor" dev="tmpfs" ino=6244 scontext=u:r:zygote:s0 tcontext=u:object_r:tmpfs:s0 tclass=lnk_file permissive=1
04-02 18:26:56.816 2632 2632 I netd : type=1400 audit(0.0:90): avc: denied { getattr } for path="/vendor" dev="tmpfs" ino=6244 scontext=u:r:netd:s0 tcontext=u:object_r:tmpfs:s0 tclass=lnk_file permissive=1
04-02 18:26:56.816 2632 2632 I netd : type=1400 audit(0.0:91): avc: denied { read } for name="vendor" dev="tmpfs" ino=6244 scontext=u:r:netd:s0 tcontext=u:object_r:tmpfs:s0 tclass=lnk_file permissive=1
04-02 18:26:57.519 2632 2632 I Netd : Netd 1.0 starting
04-02 18:26:57.521 2632 2632 D TetherController: Setting IP forward enable = 0
04-02 18:26:57.737 2635 2635 I iptables-restor: type=1400 audit(0.0:92): avc: denied { write } for name="etc" dev="loop0" ino=604 scontext=u:r:netd:s0 tcontext=u:object_r:system_file:s0 tclass=dir permissive=1
04-02 18:26:57.737 2635 2635 I iptables-restor: type=1400 audit(0.0:93): avc: denied { add_name } for name="xtables.lock" scontext=u:r:netd:s0 tcontext=u:object_r:system_file:s0 tclass=dir permissive=1
04-02 18:26:57.737 2635 2635 I iptables-restor: type=1400 audit(0.0:94): avc: denied { create } for name="xtables.lock" scontext=u:r:netd:s0 tcontext=u:object_r:system_file:s0 tclass=file permissive=1
04-02 18:26:57.741 2632 2632 I Netd : Creating child chains: 217.5ms
04-02 18:26:57.741 2632 2632 I Netd : Setting up OEM hooks: 0.1ms
04-02 18:26:57.742 2632 2632 I Netd : Setting up FirewallController hooks: 1.5ms
04-02 18:26:57.743 2632 2632 I Netd : Setting up NatController hooks: 0.8ms
04-02 18:26:57.744 2632 2632 I Netd : Setting up BandwidthController hooks: 0.7ms
04-02 18:26:57.744 2632 2632 I Netd : Setting up IdletimerController hooks: 0.0ms
04-02 18:26:57.747 2632 2632 W IptablesRestoreController: iptables-restore process 2635 terminated status=256
04-02 18:26:57.747 2632 2632 E IptablesRestoreController: iptables error:
04-02 18:26:57.747 2632 2632 E IptablesRestoreController: ------- COMMAND -------
04-02 18:26:57.747 2632 2632 E IptablesRestoreController: *filter
04-02 18:26:57.747 2632 2632 E IptablesRestoreController: -A bw_INPUT -m owner --socket-exists
04-02 18:26:57.747 2632 2632 E IptablesRestoreController: -A bw_OUTPUT -m owner --socket-exists
04-02 18:26:57.747 2632 2632 E IptablesRestoreController: -A bw_costly_shared --jump bw_penalty_box
04-02 18:26:57.747 2632 2632 E IptablesRestoreController: -A bw_penalty_box --jump bw_happy_box
04-02 18:26:57.747 2632 2632 E IptablesRestoreController: -A bw_happy_box --jump bw_data_saver
04-02 18:26:57.747 2632 2632 E IptablesRestoreController: -A bw_data_saver -j RETURN
04-02 18:26:57.747 2632 2632 E IptablesRestoreController: -I bw_happy_box -m owner --uid-owner 0-9999 --jump RETURN
04-02 18:26:57.747 2632 2632 E IptablesRestoreController: COMMIT
04-02 18:26:57.747 2632 2632 E IptablesRestoreController: *raw
04-02 18:26:57.747 2632 2632 E IptablesRestoreController: -A bw_raw_PREROUTING -m owner --socket-exists
04-02 18:26:57.747 2632 2632 E IptablesRestoreController: COMMIT
04-02 18:26:57.747 2632 2632 E IptablesRestoreController: *mangle
04-02 18:26:57.747 2632 2632 E IptablesRestoreController: -A bw_mangle_POSTROUTING -m owner --socket-exists
04-02 18:26:57.747 2632 2632 E IptablesRestoreController: COMMIT
04-02 18:26:57.747 2632 2632 E IptablesRestoreController:
04-02 18:26:57.747 2632 2632 E IptablesRestoreController: ------- ERROR -------
04-02 18:26:57.747 2632 2632 E IptablesRestoreController: iptables-restore: line 181 failed
04-02 18:26:57.747 2632 2632 E IptablesRestoreController: ----------------------
04-02 18:26:57.749 2637 2637 I kworker/u8:3: type=1400 audit(0.0:95): avc: denied { read } for name="modprobe" dev="tmpfs" ino=6233 scontext=u:r:kernel:s0 tcontext=u:object_r:tmpfs:s0 tclass=lnk_file permissive=1
04-02 18:26:57.749 2632 2632 W IptablesRestoreController: iptables-restore process 2636 terminated status=256
04-02 18:26:57.749 2632 2632 E IptablesRestoreController: iptables error:
04-02 18:26:57.749 2632 2632 E IptablesRestoreController: ------- COMMAND -------
04-02 18:26:57.749 2632 2632 E IptablesRestoreController: *filter
04-02 18:26:57.749 2632 2632 E IptablesRestoreController: -A bw_INPUT -m owner --socket-exists
04-02 18:26:57.749 2632 2632 E IptablesRestoreController: -A bw_OUTPUT -m owner --socket-exists
04-02 18:26:57.749 2632 2632 E IptablesRestoreController: -A bw_costly_shared --jump bw_penalty_box
04-02 18:26:57.749 2632 2632 E IptablesRestoreController: -A bw_penalty_box --jump bw_happy_box
04-02 18:26:57.749 2632 2632 E IptablesRestoreController: -A bw_happy_box --jump bw_data_saver
04-02 18:26:57.749 2632 2632 E IptablesRestoreController: -A bw_data_saver -j RETURN
04-02 18:26:57.749 2632 2632 E IptablesRestoreController: -I bw_happy_box -m owner --uid-owner 0-9999 --jump RETURN
04-02 18:26:57.749 2632 2632 E IptablesRestoreController: COMMIT
04-02 18:26:57.749 2632 2632 E IptablesRestoreController: *raw
04-02 18:26:57.749 2632 2632 E IptablesRestoreController: -A bw_raw_PREROUTING -m owner --socket-exists
04-02 18:26:57.749 2632 2632 E IptablesRestoreController: COMMIT
04-02 18:26:57.749 2632 2632 E IptablesRestoreController: *mangle
04-02 18:26:57.749 2632 2632 E IptablesRestoreController: -A bw_mangle_POSTROUTING -m owner --socket-exists
04-02 18:26:57.749 2632 2632 E IptablesRestoreController: COMMIT
04-02 18:26:57.749 2632 2632 E IptablesRestoreController:
04-02 18:26:57.749 2632 2632 E IptablesRestoreController: ------- ERROR -------
04-02 18:26:57.749 2632 2632 E IptablesRestoreController: ip6tables-restore: line 166 failed
04-02 18:26:57.749 2632 2632 E IptablesRestoreController: ----------------------
04-02 18:26:57.749 2632 2632 I Netd : Disabling bandwidth control: 5.1ms
04-02 18:26:57.751 2637 2637 I /sbin/modprobe: Parsing file /system/etc/modules.blacklist...
04-02 18:26:57.751 2637 2637 I /sbin/modprobe: Parsing file /system/lib/modules/4.19.15-android-x86_64-g321974c62e4b/modules.alias...
04-02 18:26:57.780 2637 2637 E ProbeModule: insmod_by_dep: cannot load module: [netdev-dummy0]
04-02 18:26:57.780 2637 2637 W /sbin/modprobe: failed to load netdev-dummy0: Bad file descriptor
04-02 18:26:57.784 2638 2638 I /sbin/modprobe: Parsing file /system/etc/modules.blacklist...
04-02 18:26:57.784 2638 2638 I /sbin/modprobe: Parsing file /system/lib/modules/4.19.15-android-x86_64-g321974c62e4b/modules.alias...
04-02 18:27:01.842 2656 2721 D V4L2Camera: V4L2Camera::getAvailableSizes
04-02 18:27:01.842 2656 2721 D V4L2Camera: V4L2Camera::getAvailableFps
04-02 18:27:01.842 2656 2721 I CameraHardware: Default preview size: (640 x 480), fps:30
04-02 18:27:01.842 2656 2721 I CameraHardware: All available formats: 160x120,176x144,240x160,320x200,320x240,352x288,432x320,480x320,640x480
04-02 18:27:01.842 2656 2721 I CameraHardware: All available fps: (20000,20000),(25000,25000),(30000,30000)
04-02 18:27:01.842 2656 2721 I CameraHardware: Default picture size: (640 x 480)
04-02 18:27:01.842 2656 2721 D CameraHardware: CameraHardware::setParameters: PREVIEW: Size 640x480, 30 fps, format: yuv422sp
04-02 18:27:01.842 2656 2721 D CameraHardware: CameraHardware::setParameters: PICTURE: Size 640x480, format: jpeg
04-02 18:27:01.842 2656 2721 D CameraHardware: CameraHardware::setParameters: VIDEO: Size 640x480, format: yuv420p
04-02 18:27:01.842 2656 2721 E CameraHardware: No memory allocator available
04-02 18:27:01.842 2656 2721 D CameraHardware: CameraHardware::setParameters: OK
04-02 18:27:01.842 2656 2721 D CameraHardware: CameraHardware::connectCamera: /dev/video0
04-02 18:27:01.842 2656 2721 D CameraHardware: CameraHardware::setCallbacks
04-02 18:27:01.842 2656 2721 D CameraHardware: CameraHardware::getParameters
04-02 18:27:01.842 2656 2721 D CameraHardware: CameraHardware::putParameters
04-02 18:27:01.843 2656 2721 I CamDev@1.0-impl: Closing camera 0
04-02 18:27:01.843 2656 2721 D CameraHardware: CameraHardware::closeCamera
04-02 18:27:01.843 2656 2721 D CameraHardware: CameraHardware::releaseCamera
04-02 18:27:01.843 2675 2675 I CameraProviderManager: Camera provider legacy/0 ready with 1 camera devices
04-02 18:27:01.843 2675 2711 W CameraProviderManager: addProviderLocked: Camera provider HAL with name 'legacy/0' already registered
04-02 18:27:01.848 2675 2675 I CameraHardwareInterface: Opening camera 0
04-02 18:27:01.848 2656 2721 I CamDev@1.0-impl: Opening camera 0
04-02 18:27:01.848 2656 2721 D Camera_Factory: CameraFactory::get_camera_info
04-02 18:27:01.848 2656 2721 D Camera_Factory: CameraFactory::getCameraInfo: id = 0, info = 0xf57f6138
04-02 18:27:01.848 2656 2721 D Camera_Factory: CameraFactory::getCameraNum: 1
04-02 18:27:01.848 2656 2721 D Camera_Factory: CameraFactory::device_open: name = 0
04-02 18:27:01.848 2656 2721 D Camera_Factory: CameraFactory::cameraDeviceOpen: id = 0
04-02 18:27:01.848 2656 2721 D Camera_Factory: CameraFactory::getCameraNum: 1
04-02 18:27:01.848 2656 2721 D CameraHardware: CameraHardware::connectCamera: /dev/video0
04-02 18:27:01.848 2656 2721 D CameraHardware: CameraHardware::setCallbacks
04-02 18:27:01.848 2656 2721 D CameraHardware: CameraHardware::getParameters
04-02 18:27:01.848 2656 2721 D CameraHardware: CameraHardware::putParameters
04-02 18:27:01.863 2656 2721 D CameraHardware: CameraHardware::setPreviewWindow: preview_stream_ops: 0xf5603104
04-02 18:27:01.864 2656 2721 D CameraHardware: Trivially accept it. No changes detected
04-02 18:27:01.864 2656 2721 D CameraHardware: CameraHardware::stopPreview
04-02 18:27:01.864 2656 2721 D CameraHardware: CameraHardware::stopPreviewLocked
04-02 18:27:01.864 2656 2721 D CameraHardware: CameraHardware::stopPreviewLocked: OK
04-02 18:27:01.864 2656 2721 D CameraHardware: CameraHardware::setPreviewWindow: preview_stream_ops: 0x0
04-02 18:27:01.864 2656 2721 I CamDev@1.0-impl: Closing camera 0
04-02 18:27:01.864 2656 2721 D CameraHardware: CameraHardware::closeCamera
04-02 18:27:01.864 2656 2721 D CameraHardware: CameraHardware::releaseCamera
04-02 18:27:01.864 2675 2675 I CameraService: onDeviceStatusChanged: Status changed for cameraId=0, newStatus=1
04-02 18:27:01.864 2675 2675 E CameraService: onDeviceStatusChanged: State transition to the same status 0x1 not allowed
04-02 18:27:01.864 2675 2711 I CameraService: onDeviceStatusChanged: Status changed for cameraId=0, newStatus=1
04-02 18:27:01.864 2675 2711 E CameraService: onDeviceStatusChanged: State transition to the same status 0x1 not allowed
04-02 18:27:01.937 2654 2654 I ServiceManagement: Removing namespace from process name android.hardware.audio@2.0-service to audio@2.0-servi.
04-02 18:27:01.938 2674 2674 E /system/bin/audioserver: Could not unregister service notification for android.hardware.audio@2.0::IDevicesFactory/default.
04-02 18:27:01.938 2654 2654 I audiohalservice: Registration complete for android.hardware.audio@2.0::IDevicesFactory/default.
04-02 18:27:01.938 2654 2654 D vndksupport: Loading /vendor/lib/hw/android.hardware.audio.effect@2.0-impl.so from current namespace instead of sphal namespace.
04-02 18:27:02.085 2682 2682 W BatteryNotifier: batterystats service unavailable!
04-02 18:27:02.090 2681 2681 I mediametrics: ServiceManager: 0x7d265183e680
04-02 18:27:02.090 2681 2681 D MediaAnalyticsService: MediaAnalyticsService created
04-02 18:27:02.090 2681 2681 D MediaAnalyticsService: MediaAnalyticsService::newSummarizerSet
04-02 18:27:02.126 2683 2695 I ServiceManager: Waiting for service package_native...
04-02 18:27:02.173 2654 2654 I audiohalservice: Registration complete for android.hardware.audio.effect@2.0::IEffectsFactory/default.
04-02 18:27:02.173 2577 2577 W /system/bin/hwservicemanager: getTransport: Cannot find entry android.hardware.soundtrigger@2.0::ISoundTriggerHw/default in either framework or device manifest.
04-02 18:27:02.173 2654 2654 D vndksupport: Loading /vendor/lib/hw/android.hardware.soundtrigger@2.0-impl.so from current namespace instead of sphal namespace.
04-02 18:27:02.207 2680 2680 V MediaUtils: physMem: 7245357056
04-02 18:27:02.207 2680 2680 V MediaUtils: requested limit: 1449071400
04-02 18:27:02.207 2680 2680 V MediaUtils: cfi shadow size: 2147483648
04-02 18:27:02.207 2680 2680 V MediaUtils: actual limit: 3596555048
04-02 18:27:02.207 2680 2680 V MediaUtils: original limits: -1/-1
04-02 18:27:02.207 2680 2680 V MediaUtils: new limits: 3596555048/-1
04-02 18:27:02.207 2680 2680 D vndksupport: Loading libutils.so from current namespace instead of sphal namespace.
04-02 18:27:02.273 2654 2654 E SoundTriggerHalImpl: couldn't load sound trigger module sound_trigger.primary (No such file or directory)
04-02 18:27:02.274 2654 2654 I audiohalservice: Registration complete for android.hardware.soundtrigger@2.0::ISoundTriggerHw/default.
04-02 18:27:02.275 2674 2674 I AudioFlinger: Using default 3000 mSec as standby time.
04-02 18:27:02.293 2674 2674 I audioserver: type=1400 audit(0.0:248): avc: denied { read } for name="vendor" dev="tmpfs" ino=6244 scontext=u:r:audioserver:s0 tcontext=u:object_r:tmpfs:s0 tclass=lnk_file permissive=1
04-02 18:27:02.368 2674 2674 I APM::ConfigParsingUtils: loadAudioPolicyConfig() loaded /system/etc/audio_policy.conf
04-02 18:27:02.504 2654 2725 D audio_hw_primary: found audio out at /dev/snd/pcmC0D3p
04-02 18:27:02.504 2654 2725 D audio_hw_primary: card: 0/3 id: HDMI 0
04-02 18:27:02.504 2654 2725 D audio_hw_primary: name: HDMI 0
04-02 18:27:02.504 2654 2725 D audio_hw_primary: subname: subdevice #0
04-02 18:27:02.504 2654 2725 D audio_hw_primary: stream: 0
04-02 18:27:02.506 2654 2725 D audio_hw_primary: found audio out at /dev/snd/pcmC1D0p
04-02 18:27:02.506 2654 2725 D audio_hw_primary: card: 1/0 id: CX20751/2 Analog
04-02 18:27:02.506 2654 2725 D audio_hw_primary: name: CX20751/2 Analog
04-02 18:27:02.506 2654 2725 D audio_hw_primary: subname: subdevice #0
04-02 18:27:02.506 2654 2725 D audio_hw_primary: stream: 0
04-02 18:27:02.506 2654 2725 I audio_hw_primary: choose pcmC1D0p for 0
04-02 18:27:02.507 2654 2725 E audio_hw_primary: Failed to open /system/etc/mixer_paths.xml
04-02 18:27:02.507 2654 2654 W DeviceHAL: Device 0xf240c000 set_master_volume: Function not implemented
04-02 18:27:02.507 2674 2674 I AudioFlinger: loadHwModule() Loaded primary audio interface, handle 10
04-02 18:27:02.507 2674 2674 I AudioFlinger: openOutput() this 0xed5b5000, module 10 Device 2, SamplingRate 48000, Format 0x000001, Channels 3, flags 2
04-02 18:27:02.507 2654 2654 I audio_hw_primary: choose pcmC1D0p for 0
04-02 18:27:02.524 2685 2685 I omx@1.0-service: type=1400 audit(0.0:249): avc: denied { execmod } for path="/system/vendor/lib/libavcodec.so" dev="loop0" ino=7659 scontext=u:r:mediacodec:s0 tcontext=u:object_r:vendor_file:s0 tclass=file permissive=1
04-02 18:27:02.525 2674 2674 I AudioFlinger: HAL output buffer size 512 frames, normal sink buffer size 1024 frames
04-02 18:27:02.525 2654 2725 E EffectsConfig: Failed to parse /vendor/etc/audio_effects.xml: Tinyxml2 error (3): /vendor/etc/audio_effects.xml (null)
04-02 18:27:02.525 2654 2725 E EffectsFactoryConfigLoader: Failed to parse XML configuration file
04-02 18:27:02.525 2654 2725 W EffectsFactory: Failed to load XML effect configuration, fallback to .conf
04-02 18:27:02.721 2674 2674 I BufferProvider: found effect "Multichannel Downmix To Stereo" from The Android Open Source Project
04-02 18:27:02.722 2674 2734 I AudioFlinger: AudioFlinger's thread 0xed383280 tid=2734 ready to run
04-02 18:27:02.724 2685 2685 W MediaCodecsXmlParser: ignoring Limit specified outside of a Type
04-02 18:27:02.724 2685 2685 W MediaCodecsXmlParser: ignoring Limit specified outside of a Type
04-02 18:27:02.725 2685 2685 W MediaCodecsXmlParser: unable to open media codecs configuration xml file: /data/misc/media/media_codecs_profiling_results.xml
04-02 18:27:02.725 2685 2685 W MediaCodecsXmlParser: parseTopLevelXMLFile(/data/misc/media/media_codecs_profiling_results.xml) failed
04-02 18:27:02.725 2685 2685 I ServiceManagement: Removing namespace from process name android.hardware.media.omx@1.0-service to omx@1.0-service.
04-02 18:27:02.726 2685 2685 I /vendor/bin/hw/android.hardware.media.omx@1.0-service: Treble OMX service created.
04-02 18:27:02.726 2674 2674 I AudioFlinger: Using module 10 as the primary audio interface
04-02 18:27:02.726 2674 2674 W AudioFlinger: moveEffects() bad srcOutput 0
04-02 18:27:02.727 2674 2734 W AudioFlinger: no wake lock to update, system not ready yet
04-02 18:27:02.727 2674 2734 W AudioFlinger: no wake lock to update, system not ready yet
04-02 18:27:02.727 2654 2654 W DeviceHAL: Device 0xf240c000 set_voice_volume: Function not implemented
04-02 18:27:02.727 2654 2654 W DeviceHAL: Device 0xf240c000 open_input_stream: Invalid argument
04-02 18:27:02.728 2674 2737 I AudioFlinger: AudioFlinger's thread 0xed083b00 tid=2737 ready to run
04-02 18:27:02.813 2634 2634 D AndroidRuntime: >>>>>> START com.android.internal.os.ZygoteInit uid 0 <<<<<<
04-02 18:27:02.888 2680 2680 W /system/bin/mediaextractor: No seccomp policy defined for this architecture.
04-02 18:27:02.955 2633 2633 D AndroidRuntime: >>>>>> START com.android.internal.os.ZygoteInit uid 0 <<<<<<
04-02 18:27:02.958 2674 2674 I bt_a2dp_hw: adev_open: adev_open in A2dp_hw module
04-02 18:27:02.958 2674 2674 I AudioFlinger: loadHwModule() Loaded a2dp audio interface, handle 18
04-02 18:27:02.958 2654 2654 D vndksupport: Loading /vendor/lib/hw/audio.usb.default.so from current namespace instead of sphal namespace.
04-02 18:27:02.982 2666 2666 D vndksupport: Loading /vendor/lib64/egl/libGLESv1_CM_swiftshader.so from current namespace instead of sphal namespace.
04-02 18:27:02.982 2666 2666 D libEGL : loaded /vendor/lib64/egl/libGLESv1_CM_swiftshader.so
04-02 18:27:03.002 2666 2666 D vndksupport: Loading /vendor/lib64/egl/libGLESv2_swiftshader.so from current namespace instead of sphal namespace.
04-02 18:27:03.002 2666 2666 D libEGL : loaded /vendor/lib64/egl/libGLESv2_swiftshader.so
04-02 18:27:03.013 2674 2674 I AudioFlinger: loadHwModule() Loaded usb audio interface, handle 26
04-02 18:27:03.013 2674 2674 E EffectsConfig: Failed to parse /vendor/etc/audio_effects.xml: Tinyxml2 error (3): /vendor/etc/audio_effects.xml (null)
04-02 18:27:03.013 2674 2674 W AudioPolicyEffects: Failed to load XML effect configuration, fallback to .conf
04-02 18:27:03.014 2577 2577 W /system/bin/hwservicemanager: getTransport: Cannot find entry android.hardware.soundtrigger@2.0::ISoundTriggerHw/default in either framework or device manifest.
04-02 18:27:03.014 2674 2674 I SoundTriggerHalHidl: getProperties res implementor
04-02 18:27:03.014 2674 2674 I SoundTriggerHalHidl: getProperties ret -19
04-02 18:27:03.014 2674 2674 E SoundTriggerHwService: could not read implementation properties
04-02 18:27:03.017 2666 2666 I /system/bin/surfaceflinger: android::hardware::configstore::V1_0::ISurfaceFlingerConfigs::hasWideColorDisplay retrieved: 0
04-02 18:27:03.018 2666 2666 D vndksupport: Loading /vendor/lib64/hw/gralloc.default.so from current namespace instead of sphal namespace.
04-02 18:27:03.018 2666 2666 W gralloc : page flipping not supported (yres_virtual=900, requested=1800)
04-02 18:27:03.018 2666 2666 I gralloc : using (fd=19)
04-02 18:27:03.018 2666 2666 I gralloc : id = EFI VGA
04-02 18:27:03.018 2666 2666 I gralloc : xres = 1600 px
04-02 18:27:03.018 2666 2666 I gralloc : yres = 900 px
04-02 18:27:03.018 2666 2666 I gralloc : xres_virtual = 1600 px
04-02 18:27:03.018 2666 2666 I gralloc : yres_virtual = 900 px
04-02 18:27:03.018 2666 2666 I gralloc : bpp = 32
04-02 18:27:03.018 2666 2666 I gralloc : r = 16:8
04-02 18:27:03.018 2666 2666 I gralloc : g = 8:8
04-02 18:27:03.018 2666 2666 I gralloc : b = 0:8
04-02 18:27:03.018 2666 2666 I gralloc : width = 254 mm (160.000000 dpi)
04-02 18:27:03.018 2666 2666 I gralloc : height = 143 mm (159.860138 dpi)
04-02 18:27:03.018 2666 2666 I gralloc : refresh rate = 85.44 Hz
04-02 18:27:03.020 2666 2666 E SurfaceFlinger: hwcomposer module not found
04-02 18:27:03.020 2666 2666 I SurfaceFlinger: Trying a simpler query for non-RGBA_8888
04-02 18:27:03.020 2666 2666 I SurfaceFlinger: EGL information: format=0x5
04-02 18:27:03.020 2666 2666 I SurfaceFlinger: vendor : Android
04-02 18:27:03.020 2666 2666 I SurfaceFlinger: version : 1.4 Android META-EGL
04-02 18:27:03.020 2666 2666 I SurfaceFlinger: extensions: EGL_KHR_get_all_proc_addresses EGL_ANDROID_presentation_time EGL_KHR_swap_buffers_with_damage EGL_ANDROID_get_native_client_buffer EGL_ANDROID_front_buffer_auto_refresh EGL_ANDROID_get_frame_timestamps EGL_KHR_image_base EGL_KHR_gl_texture_2D_image EGL_KHR_gl_texture_cubemap_image EGL_KHR_gl_renderbuffer_image EGL_KHR_fence_sync EGL_KHR_create_context EGL_KHR_surfaceless_context EGL_ANDROID_recordable
04-02 18:27:03.020 2666 2666 I SurfaceFlinger: Client API: OpenGL_ES
04-02 18:27:03.020 2666 2666 I SurfaceFlinger: EGLSurface: 8-8-8-8, config=0x2f
04-02 18:27:03.082 2666 2666 I SurfaceFlinger: OpenGL ES informations: format=0x5
04-02 18:27:03.082 2666 2666 I SurfaceFlinger: vendor : Google Inc.
04-02 18:27:03.082 2666 2666 I SurfaceFlinger: renderer : Google SwiftShader
04-02 18:27:03.082 2666 2666 I SurfaceFlinger: version : OpenGL ES 2.0 SwiftShader 4.0.0.7
04-02 18:27:03.082 2666 2666 I SurfaceFlinger: extensions: GL_EXT_debug_marker GL_OES_compressed_ETC1_RGB8_texture GL_OES_depth24 GL_OES_depth32 GL_OES_depth_texture GL_OES_depth_texture_cube_map GL_OES_EGL_image GL_OES_EGL_image_external GL_OES_EGL_sync GL_OES_element_index_uint GL_OES_framebuffer_object GL_OES_packed_depth_stencil GL_OES_rgb8_rgba8 GL_OES_standard_derivatives GL_OES_surfaceless_context GL_OES_texture_float GL_OES_texture_float_linear GL_OES_texture_half_float GL_OES_texture_half_float_linear GL_OES_texture_npot GL_OES_texture_3D GL_OES_vertex_array_object GL_OES_vertex_half_float GL_EXT_blend_minmax GL_EXT_color_buffer_half_float GL_EXT_draw_buffers GL_EXT_instanced_arrays GL_EXT_occlusion_query_boolean GL_EXT_read_format_bgra GL_EXT_texture_compression_dxt1 GL_EXT_texture_filter_anisotropic GL_EXT_texture_format_BGRA8888 GL_EXT_texture_rg GL_ARB_texture_rectangle GL_ANGLE_framebuffer_blit GL_ANGLE_framebuffer_multisample GL_ANGLE_instanced_arrays GL_ANGLE_texture_compression_dxt3 GL_ANGLE_texture_compression_dxt5 GL_APPLE_texture_form
04-02 18:27:03.082 2666 2666 I SurfaceFlinger: GL_MAX_TEXTURE_SIZE = 8192
04-02 18:27:03.082 2666 2666 I SurfaceFlinger: GL_MAX_VIEWPORT_DIMS = 8192
04-02 18:27:03.082 2666 2666 I surfaceflinger: type=1400 audit(0.0:250): avc: denied { read write } for name="tty0" dev="tmpfs" ino=7705 scontext=u:r:surfaceflinger:s0 tcontext=u:object_r:tty_device:s0 tclass=chr_file permissive=1
04-02 18:27:03.082 2666 2666 I surfaceflinger: type=1400 audit(0.0:251): avc: denied { open } for path="/dev/tty0" dev="tmpfs" ino=7705 scontext=u:r:surfaceflinger:s0 tcontext=u:object_r:tty_device:s0 tclass=chr_file permissive=1
04-02 18:27:03.082 2666 2666 I surfaceflinger: type=1400 audit(0.0:252): avc: denied { ioctl } for path="/dev/tty0" dev="tmpfs" ino=7705 ioctlcmd=0x4b3a scontext=u:r:surfaceflinger:s0 tcontext=u:object_r:tty_device:s0 tclass=chr_file permissive=1
04-02 18:27:03.082 2666 2666 I surfaceflinger: type=1400 audit(0.0:253): avc: denied { sys_tty_config } for capability=26 scontext=u:r:surfaceflinger:s0 tcontext=u:r:surfaceflinger:s0 tclass=capability permissive=1
04-02 18:27:03.082 2666 2666 D DisplayDevice: Open /dev/tty0 OK
04-02 18:27:03.087 2666 2666 D vndksupport: Loading /vendor/lib64/hw/android.hardware.graphics.mapper@2.0-impl.so from current namespace instead of sphal namespace.
04-02 18:27:03.127 2683 2695 I ServiceManager: Waiting for service package_native...
04-02 18:27:03.130 2666 2666 D vndksupport: Loading /vendor/lib64/hw/gralloc.default.so from current namespace instead of sphal namespace.
04-02 18:27:03.131 2666 2666 D vndksupport: Loading /vendor/lib64/hw/android.hardware.graphics.allocator@2.0-impl.so from current namespace instead of sphal namespace.
04-02 18:27:03.131 2666 2666 D vndksupport: Loading /vendor/lib64/hw/gralloc.default.so from current namespace instead of sphal namespace.
04-02 18:27:03.132 2666 2666 D gralloc : Registering a buffer in the process that created it. This may cause memory ordering problems.
04-02 18:27:03.132 2666 2666 I chatty : uid=0(root) /system/bin/surfaceflinger identical 1 line
04-02 18:27:03.132 2666 2666 D gralloc : Registering a buffer in the process that created it. This may cause memory ordering problems.
04-02 18:27:03.157 2634 2634 I zygote : option[0]=-Xzygote
04-02 18:27:03.157 2634 2634 I zygote : option[1]=-Xusetombstonedtraces
04-02 18:27:03.157 2634 2634 I zygote : option[2]=exit
04-02 18:27:03.157 2634 2634 I zygote : option[3]=vfprintf
04-02 18:27:03.157 2634 2634 I zygote : option[4]=sensitiveThread
04-02 18:27:03.157 2634 2634 I zygote : option[5]=-verbose:gc
04-02 18:27:03.157 2634 2634 I zygote : option[6]=-Xms16m
04-02 18:27:03.157 2634 2634 I zygote : option[7]=-Xmx512m
04-02 18:27:03.157 2634 2634 I zygote : option[8]=-XX:HeapGrowthLimit=192m
04-02 18:27:03.157 2634 2634 I zygote : option[9]=-XX:HeapMinFree=512k
04-02 18:27:03.157 2634 2634 I zygote : option[10]=-XX:HeapMaxFree=8m
04-02 18:27:03.157 2634 2634 I zygote : option[11]=-XX:HeapTargetUtilization=0.75
04-02 18:27:03.157 2634 2634 I zygote : option[12]=-Xusejit:true
04-02 18:27:03.157 2634 2634 I zygote : option[13]=-Xjitsaveprofilinginfo
04-02 18:27:03.157 2634 2634 I zygote : option[14]=-agentlib:jdwp=transport=dt_android_adb,suspend=n,server=y
04-02 18:27:03.157 2634 2634 I zygote : option[15]=-Xlockprofthreshold:500
04-02 18:27:03.157 2634 2634 I zygote : option[16]=-Ximage-compiler-option
04-02 18:27:03.157 2634 2634 I zygote : option[17]=--runtime-arg
04-02 18:27:03.157 2634 2634 I zygote : option[18]=-Ximage-compiler-option
04-02 18:27:03.157 2634 2634 I zygote : option[19]=-Xms64m
04-02 18:27:03.157 2634 2634 I zygote : option[20]=-Ximage-compiler-option
04-02 18:27:03.157 2634 2634 I zygote : option[21]=--runtime-arg
04-02 18:27:03.157 2634 2634 I zygote : option[22]=-Ximage-compiler-option
04-02 18:27:03.157 2634 2634 I zygote : option[23]=-Xmx64m
04-02 18:27:03.157 2634 2634 I zygote : option[24]=-Ximage-compiler-option
04-02 18:27:03.157 2634 2634 I zygote : option[25]=--image-classes=/system/etc/preloaded-classes
04-02 18:27:03.157 2634 2634 I zygote : option[26]=-Ximage-compiler-option
04-02 18:27:03.157 2634 2634 I zygote : option[27]=--compiled-classes=/system/etc/compiled-classes
04-02 18:27:03.157 2634 2634 I zygote : option[28]=-Ximage-compiler-option
04-02 18:27:03.157 2634 2634 I zygote : option[29]=--dirty-image-objects=/system/etc/dirty-image-objects
04-02 18:27:03.157 2634 2634 I zygote : option[30]=-Xcompiler-option
04-02 18:27:03.157 2634 2634 I zygote : option[31]=--runtime-arg
04-02 18:27:03.157 2634 2634 I zygote : option[32]=-Xcompiler-option
04-02 18:27:03.157 2634 2634 I zygote : option[33]=-Xms64m
04-02 18:27:03.157 2634 2634 I zygote : option[34]=-Xcompiler-option
04-02 18:27:03.157 2634 2634 I zygote : option[35]=--runtime-arg
04-02 18:27:03.157 2634 2634 I zygote : option[36]=-Xcompiler-option
04-02 18:27:03.157 2634 2634 I zygote : option[37]=-Xmx512m
04-02 18:27:03.157 2634 2634 I zygote : option[38]=-Ximage-compiler-option
04-02 18:27:03.157 2634 2634 I zygote : option[39]=--instruction-set-variant=x86_64
04-02 18:27:03.157 2634 2634 I zygote : option[40]=-Xcompiler-option
04-02 18:27:03.157 2634 2634 I zygote : option[41]=--instruction-set-variant=x86_64
04-02 18:27:03.157 2634 2634 I zygote : option[42]=-Ximage-compiler-option
04-02 18:27:03.157 2634 2634 I zygote : option[43]=--instruction-set-features=default
04-02 18:27:03.157 2634 2634 I zygote : option[44]=-Xcompiler-option
04-02 18:27:03.157 2634 2634 I zygote : option[45]=--instruction-set-features=default
04-02 18:27:03.157 2634 2634 I zygote : option[46]=-Duser.locale=fr-FR
04-02 18:27:03.157 2634 2634 I zygote : option[47]=-XX:NativeBridge=libnb.so
04-02 18:27:03.157 2634 2634 I zygote : option[48]=--cpu-abilist=x86,armeabi-v7a,armeabi
04-02 18:27:03.157 2634 2634 I zygote : option[49]=-Xfingerprint:Android-x86/android_x86_64/x86_64:8.1.0/OPM8.190105.002/cwhuang0115:userdebug/test-keys
04-02 18:27:03.230 2633 2633 I zygote64: option[0]=-Xzygote
04-02 18:27:03.230 2633 2633 I zygote64: option[1]=-Xusetombstonedtraces
04-02 18:27:03.230 2633 2633 I zygote64: option[2]=exit
04-02 18:27:03.230 2633 2633 I zygote64: option[3]=vfprintf
04-02 18:27:03.230 2633 2633 I zygote64: option[4]=sensitiveThread
04-02 18:27:03.230 2633 2633 I zygote64: option[5]=-verbose:gc
04-02 18:27:03.230 2633 2633 I zygote64: option[6]=-Xms16m
04-02 18:27:03.230 2633 2633 I zygote64: option[7]=-Xmx512m
04-02 18:27:03.230 2633 2633 I zygote64: option[8]=-XX:HeapGrowthLimit=192m
04-02 18:27:03.230 2633 2633 I zygote64: option[9]=-XX:HeapMinFree=512k
04-02 18:27:03.230 2633 2633 I zygote64: option[10]=-XX:HeapMaxFree=8m
04-02 18:27:03.230 2633 2633 I zygote64: option[11]=-XX:HeapTargetUtilization=0.75
04-02 18:27:03.230 2633 2633 I zygote64: option[12]=-Xusejit:true
04-02 18:27:03.230 2633 2633 I zygote64: option[13]=-Xjitsaveprofilinginfo
04-02 18:27:03.230 2633 2633 I zygote64: option[14]=-agentlib:jdwp=transport=dt_android_adb,suspend=n,server=y
04-02 18:27:03.230 2633 2633 I zygote64: option[15]=-Xlockprofthreshold:500
04-02 18:27:03.230 2633 2633 I zygote64: option[16]=-Ximage-compiler-option
04-02 18:27:03.230 2633 2633 I zygote64: option[17]=--runtime-arg
04-02 18:27:03.230 2633 2633 I zygote64: option[18]=-Ximage-compiler-option
04-02 18:27:03.230 2633 2633 I zygote64: option[19]=-Xms64m
04-02 18:27:03.230 2633 2633 I zygote64: option[20]=-Ximage-compiler-option
04-02 18:27:03.230 2633 2633 I zygote64: option[21]=--runtime-arg
04-02 18:27:03.230 2633 2633 I zygote64: option[22]=-Ximage-compiler-option
04-02 18:27:03.230 2633 2633 I zygote64: option[23]=-Xmx64m
04-02 18:27:03.230 2633 2633 I zygote64: option[24]=-Ximage-compiler-option
04-02 18:27:03.230 2633 2633 I zygote64: option[25]=--image-classes=/system/etc/preloaded-classes
04-02 18:27:03.230 2633 2633 I zygote64: option[26]=-Ximage-compiler-option
04-02 18:27:03.230 2633 2633 I zygote64: option[27]=--compiled-classes=/system/etc/compiled-classes
04-02 18:27:03.230 2633 2633 I zygote64: option[28]=-Ximage-compiler-option
04-02 18:27:03.230 2633 2633 I zygote64: option[29]=--dirty-image-objects=/system/etc/dirty-image-objects
04-02 18:27:03.230 2633 2633 I zygote64: option[30]=-Xcompiler-option
04-02 18:27:03.230 2633 2633 I zygote64: option[31]=--runtime-arg
04-02 18:27:03.230 2633 2633 I zygote64: option[32]=-Xcompiler-option
04-02 18:27:03.230 2633 2633 I zygote64: option[33]=-Xms64m
04-02 18:27:03.230 2633 2633 I zygote64: option[34]=-Xcompiler-option
04-02 18:27:03.230 2633 2633 I zygote64: option[35]=--runtime-arg
04-02 18:27:03.230 2633 2633 I zygote64: option[36]=-Xcompiler-option
04-02 18:27:03.230 2633 2633 I zygote64: option[37]=-Xmx512m
04-02 18:27:03.230 2633 2633 I zygote64: option[38]=-Ximage-compiler-option
04-02 18:27:03.230 2633 2633 I zygote64: option[39]=--instruction-set-variant=x86_64
04-02 18:27:03.230 2633 2633 I zygote64: option[40]=-Xcompiler-option
04-02 18:27:03.230 2633 2633 I zygote64: option[41]=--instruction-set-variant=x86_64
04-02 18:27:03.230 2633 2633 I zygote64: option[42]=-Ximage-compiler-option
04-02 18:27:03.230 2633 2633 I zygote64: option[43]=--instruction-set-features=default
04-02 18:27:03.230 2633 2633 I zygote64: option[44]=-Xcompiler-option
04-02 18:27:03.230 2633 2633 I zygote64: option[45]=--instruction-set-features=default
04-02 18:27:03.230 2633 2633 I zygote64: option[46]=-Duser.locale=fr-FR
04-02 18:27:03.230 2633 2633 I zygote64: option[47]=-XX:NativeBridge=libnb.so
04-02 18:27:03.230 2633 2633 I zygote64: option[48]=--cpu-abilist=x86_64
04-02 18:27:03.230 2633 2633 I zygote64: option[49]=-Xfingerprint:Android-x86/android_x86_64/x86_64:8.1.0/OPM8.190105.002/cwhuang0115:userdebug/test-keys
04-02 18:27:03.235 2666 2666 D SurfaceFlinger: shader cache generated - 24 shaders in 102.459259 ms
04-02 18:27:03.236 1 1 I init : type=1400 audit(0.0:254): avc: denied { dac_read_search } for capability=2 scontext=u:r:init:s0 tcontext=u:r:init:s0 tclass=capability permissive=1
04-02 18:27:03.236 1 1 I init : type=1400 audit(0.0:255): avc: denied { create } for name="cgroup.procs" scontext=u:r:init:s0 tcontext=u:object_r:cgroup:s0 tclass=file permissive=1
04-02 18:27:03.246 2666 2666 D SurfaceFlinger: Set power mode=2, type=0 flinger=0x7eaf2866d000
04-02 18:27:03.246 2634 2634 W zygote : Could not reserve sentinel fault page
04-02 18:27:03.248 2749 2749 I bootanimation: type=1400 audit(0.0:256): avc: denied { getattr } for path="/vendor" dev="tmpfs" ino=6244 scontext=u:r:bootanim:s0 tcontext=u:object_r:tmpfs:s0 tclass=lnk_file permissive=1
04-02 18:27:03.248 2749 2749 I bootanimation: type=1400 audit(0.0:257): avc: denied { read } for name="vendor" dev="tmpfs" ino=6244 scontext=u:r:bootanim:s0 tcontext=u:object_r:tmpfs:s0 tclass=lnk_file permissive=1
04-02 18:27:03.510 2666 2666 D vndksupport: Loading /vendor/lib64/hw/gralloc.default.so from current namespace instead of sphal namespace.
04-02 18:27:03.871 2666 2716 I SurfaceFlinger: auto set density to 160
04-02 18:27:03.872 2749 2754 D vndksupport: Loading /vendor/lib64/egl/libEGL_swiftshader.so from current namespace instead of sphal namespace.
04-02 18:27:03.883 2749 2754 D libEGL : loaded /vendor/lib64/egl/libEGL_swiftshader.so
04-02 18:27:03.892 2749 2754 D vndksupport: Loading /vendor/lib64/egl/libGLESv1_CM_swiftshader.so from current namespace instead of sphal namespace.
04-02 18:27:03.892 2749 2754 D libEGL : loaded /vendor/lib64/egl/libGLESv1_CM_swiftshader.so
04-02 18:27:03.907 2749 2754 D vndksupport: Loading /vendor/lib64/egl/libGLESv2_swiftshader.so from current namespace instead of sphal namespace.
04-02 18:27:03.907 2749 2754 D libEGL : loaded /vendor/lib64/egl/libGLESv2_swiftshader.so
04-02 18:27:03.922 2749 2754 I /system/bin/bootanimation: android::hardware::configstore::V1_0::ISurfaceFlingerConfigs::hasWideColorDisplay retrieved: 0
04-02 18:27:03.993 2749 2754 D BootAnimation: BootAnimationShownTiming start time: 38940ms
04-02 18:27:04.371 2666 2714 D gralloc : Registering a buffer in the process that created it. This may cause memory ordering problems.
04-02 18:27:04.372 2749 2754 D vndksupport: Loading /vendor/lib64/hw/android.hardware.graphics.mapper@2.0-impl.so from current namespace instead of sphal namespace.
04-02 18:27:04.372 2749 2754 D vndksupport: Loading /vendor/lib64/hw/gralloc.default.so from current namespace instead of sphal namespace.
04-02 18:27:04.373 2749 2754 D vndksupport: Loading /vendor/lib64/hw/gralloc.default.so from current namespace instead of sphal namespace.
04-02 18:27:04.393 2666 2666 D vndksupport: Loading /vendor/lib64/hw/gralloc.default.so from current namespace instead of sphal namespace.
04-02 18:27:04.757 2666 2755 D gralloc : Registering a buffer in the process that created it. This may cause memory ordering problems.
04-02 18:27:05.980 2634 2634 I main : type=1400 audit(0.0:258): avc: denied { read } for name="libhoudini.so" dev="loop1" ino=80 scontext=u:r:zygote:s0 tcontext=u:object_r:unlabeled:s0 tclass=file permissive=1
04-02 18:27:05.980 2634 2634 I main : type=1400 audit(0.0:259): avc: denied { open } for path="/system/lib/libhoudini.so" dev="loop1" ino=80 scontext=u:r:zygote:s0 tcontext=u:object_r:unlabeled:s0 tclass=file permissive=1
04-02 18:27:05.980 2634 2634 I main : type=1400 audit(0.0:260): avc: denied { getattr } for path="/system/lib/libhoudini.so" dev="loop1" ino=80 scontext=u:r:zygote:s0 tcontext=u:object_r:unlabeled:s0 tclass=file permissive=1
04-02 18:27:05.980 2693 2693 I loop1 : type=1400 audit(0.0:261): avc: denied { use } for path="/data/arm/houdini8_y.sfs" dev="sda8" ino=320441 scontext=u:r:kernel:s0 tcontext=u:r:zygote:s0 tclass=fd permissive=1
04-02 18:27:05.980 2693 2693 I loop1 : type=1400 audit(0.0:262): avc: denied { read } for path="/data/arm/houdini8_y.sfs" dev="sda8" ino=320441 scontext=u:r:kernel:s0 tcontext=u:object_r:system_data_file:s0 tclass=file permissive=1
