04-02 18:27:58.740 3140 3140 D PhoneSwitcherNetworkRequstListener: Registering NetworkFactory
04-02 18:27:58.787 3140 3140 D CarrierConfigLoader: CarrierConfigLoader has started
04-02 18:27:58.808 3140 3198 W CallerInfoCache: cursor is null
04-02 18:27:58.810 3140 3140 W TelecomManager: Telecom Service not found.
04-02 18:27:58.813 3140 3140 D ImsResolver: maybeAddedImsService, packageName: null
04-02 18:27:58.821 3140 3140 D ServiceStateProvider: subId=-2
04-02 18:27:58.843 3140 3140 D PhoneSwitcherNetworkRequstListener: got request NetworkRequest [ TRACK_DEFAULT id=5, [ Capabilities: INTERNET&NOT_RESTRICTED&TRUSTED&NOT_VPN] ] with score 0
04-02 18:27:58.843 3140 3140 D PhoneSwitcherNetworkRequstListener: got request NetworkRequest [ TRACK_DEFAULT id=3, [ Capabilities: INTERNET&NOT_RESTRICTED&TRUSTED&NOT_VPN] ] with score 0
04-02 18:27:58.843 3140 3140 D PhoneSwitcherNetworkRequstListener: got request NetworkRequest [ REQUEST id=1, [ Capabilities: INTERNET&NOT_RESTRICTED&TRUSTED&NOT_VPN] ] with score 0
04-02 18:27:58.843 3140 3140 D TelephonyDebugService: TelephonyDebugService()
04-02 18:27:58.844 3140 3140 D CarrierConfigLoader: mHandler: 12 phoneId: 0
04-02 18:27:58.846 3140 3140 E PhoneInterfaceManager: [PhoneIntfMgr] getIccId: No UICC
04-02 18:27:58.848 3140 3140 D OpenGLRenderer: HWUI GL Pipeline
04-02 18:27:58.849 3140 3140 W TelecomManager: Telecom Service not found.
04-02 18:27:58.850 3140 3140 I chatty : uid=1001(radio) com.android.phone identical 1 line
04-02 18:27:58.851 3140 3140 W TelecomManager: Telecom Service not found.
04-02 18:27:58.854 3140 3140 E PhoneInterfaceManager: [PhoneIntfMgr] getIccId: No UICC
04-02 18:27:58.856 3140 3140 W TelecomManager: Telecom Service not found.
04-02 18:27:58.902 2666 2716 D gralloc : Registering a buffer in the process that created it. This may cause memory ordering problems.
04-02 18:27:59.158 2666 2714 D gralloc : Registering a buffer in the process that created it. This may cause memory ordering problems.
04-02 18:27:59.300 2873 2873 I Choreographer: Skipped 62 frames! The application may be doing too much work on its main thread.
04-02 18:27:59.326 2873 2873 W KeyguardUpdateMonitor: invalid subId in handleServiceStateChange()
04-02 18:27:59.550 2666 2714 I SurfaceFlinger: Boot is finished (58141 ms)
04-02 18:27:59.551 2677 2824 E installd: Failed to unlink /data//dalvik-cache/arm/.booting: No such file or directory
04-02 18:27:59.561 2768 2865 E LightsService: Light requested not available on this device. 0
04-02 18:27:59.574 2677 2824 W cutils : Expected path /data/data/com.oasisfeng.greenify with mode 700 but found 751
04-02 18:27:59.575 2768 2865 E LightsService: Light requested not available on this device. 0
04-02 18:27:59.561 2625 2625 I vold : type=1400 audit(0.0:332): avc: denied { dac_read_search } for capability=2 scontext=u:r:vold:s0 tcontext=u:r:vold:s0 tclass=capability permissive=1
04-02 18:27:59.584 2677 2824 W cutils : Expected path /data/data/com.keramidas.TitaniumBackup with mode 751 but found 755
04-02 18:27:59.565 1 1 I init : type=1400 audit(0.0:333): avc: denied { dac_read_search } for capability=2 scontext=u:r:init:s0 tcontext=u:r:init:s0 tclass=capability permissive=1
04-02 18:27:59.585 2768 2865 E LightsService: Light requested not available on this device. 0
04-02 18:27:59.596 2768 2865 E LightsService: Light requested not available on this device. 0
04-02 18:27:59.565 1 1 I init : type=1400 audit(0.0:334): avc: denied { create } for name="cgroup.procs" scontext=u:r:init:s0 tcontext=u:object_r:cgroup:s0 tclass=file permissive=1
04-02 18:27:59.573 2677 2677 I Binder:2677_5: type=1400 audit(0.0:335): avc: denied { dac_read_search } for capability=2 scontext=u:r:installd:s0 tcontext=u:r:installd:s0 tclass=capability permissive=1
04-02 18:27:59.579 3203 3203 I init : type=1400 audit(0.0:336): avc: denied { execute_no_trans } for path="/system/bin/logwrapper" dev="loop0" ino=424 scontext=u:r:init:s0 tcontext=u:object_r:system_file:s0 tclass=file permissive=1
04-02 18:27:59.585 3204 3204 I logwrapper: type=1400 audit(0.0:337): avc: denied { execute_no_trans } for path="/system/bin/sh" dev="loop0" ino=524 scontext=u:r:init:s0 tcontext=u:object_r:shell_exec:s0 tclass=file permissive=1
04-02 18:27:59.588 3204 3204 I sh : type=1400 audit(0.0:338): avc: denied { ioctl } for path="/dev/pts/0" dev="devpts" ino=3 ioctlcmd=0x5401 scontext=u:r:init:s0 tcontext=u:object_r:devpts:s0 tclass=chr_file permissive=1
04-02 18:27:59.592 3205 3205 I cat : type=1400 audit(0.0:339): avc: denied { write } for path="pipe:[16186]" dev="pipefs" ino=16186 scontext=u:r:toolbox:s0 tcontext=u:r:init:s0 tclass=fifo_file permissive=1
04-02 18:27:59.592 3205 3205 I cat : type=1400 audit(0.0:340): avc: denied { getattr } for path="/vendor" dev="tmpfs" ino=6244 scontext=u:r:toolbox:s0 tcontext=u:object_r:tmpfs:s0 tclass=lnk_file permissive=1
04-02 18:27:59.592 3205 3205 I cat : type=1400 audit(0.0:341): avc: denied { read } for name="vendor" dev="tmpfs" ino=6244 scontext=u:r:toolbox:s0 tcontext=u:object_r:tmpfs:s0 tclass=lnk_file permissive=1
04-02 18:27:59.597 3205 3205 I cat : type=1400 audit(0.0:342): avc: denied { read } for name="board_name" dev="sysfs" ino=393 scontext=u:r:toolbox:s0 tcontext=u:object_r:sysfs:s0 tclass=file permissive=1
04-02 18:27:59.597 3205 3205 I cat : type=1400 audit(0.0:343): avc: denied { open } for path="/sys/devices/virtual/dmi/id/board_name" dev="sysfs" ino=393 scontext=u:r:toolbox:s0 tcontext=u:object_r:sysfs:s0 tclass=file permissive=1
04-02 18:27:59.604 2677 3208 W cutils : Expected path /data/data/com.google.android.gms with mode 700 but found 711
04-02 18:27:59.608 2768 2865 E LightsService: Light requested not available on this device. 0
04-02 18:27:59.622 2768 2865 E LightsService: Light requested not available on this device. 0
04-02 18:27:59.626 3203 3203 I sh : + hw_sh=/vendor/etc/init.sh
04-02 18:27:59.626 3203 3203 I sh : + '[' -e /vendor/etc/init.sh ']'
04-02 18:27:59.626 3203 3203 I sh : + do_bootcomplete
04-02 18:27:59.623 3209 3209 I cat : type=1400 audit(0.0:344): avc: denied { read } for name="cmdline" dev="proc" ino=4026532022 scontext=u:r:toolbox:s0 tcontext=u:object_r:proc:s0 tclass=file permissive=1
04-02 18:27:59.623 3209 3209 I cat : type=1400 audit(0.0:345): avc: denied { open } for path="/proc/cmdline" dev="proc" ino=4026532022 scontext=u:r:toolbox:s0 tcontext=u:object_r:proc:s0 tclass=file permissive=1
04-02 18:27:59.628 3203 3203 I sh : + hciconfig
04-02 18:27:59.629 3210 3210 W zygote64: Unexpected CPU variant for X86 using defaults: x86_64
04-02 18:27:59.630 3203 3203 I sh : + grep -q hci
04-02 18:27:59.628 3211 3211 I sh : type=1400 audit(0.0:346): avc: denied { execute_no_trans } for path="/system/xbin/hciconfig" dev="loop0" ino=7890 scontext=u:r:init:s0 tcontext=u:object_r:system_file:s0 tclass=file permissive=1
04-02 18:27:59.632 2768 2865 E LightsService: Light requested not available on this device. 0
04-02 18:27:59.632 2768 2841 D WifiConfigStore: Reading from stores completed in 15 ms.
04-02 18:27:59.642 2768 2768 I Binder:2768_6: type=1400 audit(0.0:347): avc: denied { write } for name="timerslack_ns" dev="proc" ino=16217 scontext=u:r:system_server:s0 tcontext=u:r:untrusted_app:s0:c512,c768 tclass=file permissive=1
04-02 18:27:59.641 2868 2868 I InputAttributes: InputType.TYPE_NULL is specified
04-02 18:27:59.644 2768 2865 E LightsService: Light requested not available on this device. 0
04-02 18:27:59.649 2768 2841 D WIFI : Registering NetworkFactory
04-02 18:27:59.649 2768 2841 D WIFI_UT : Registering NetworkFactory
04-02 18:27:59.655 2768 2865 E LightsService: Light requested not available on this device. 0
04-02 18:27:59.663 2768 2783 I SELinux : SELinux: Loaded file_contexts
04-02 18:27:59.668 2768 2865 E LightsService: Light requested not available on this device. 0
04-02 18:27:59.669 3211 3211 I hciconfig: type=1400 audit(0.0:348): avc: denied { create } for scontext=u:r:init:s0 tcontext=u:r:init:s0 tclass=bluetooth_socket permissive=1
04-02 18:27:59.669 3211 3211 I hciconfig: type=1400 audit(0.0:349): avc: denied { ioctl } for path="socket:[17245]" dev="sockfs" ino=17245 ioctlcmd=0x48d2 scontext=u:r:init:s0 tcontext=u:r:init:s0 tclass=bluetooth_socket permissive=1
04-02 18:27:59.670 3203 3203 I sh : + init_cpu_governor
04-02 18:27:59.670 3203 3203 I sh : + getprop cpu.governor
04-02 18:27:59.675 3229 3229 I getprop : type=1400 audit(0.0:350): avc: denied { getattr } for path="pipe:[17246]" dev="pipefs" ino=17246 scontext=u:r:toolbox:s0 tcontext=u:r:init:s0 tclass=fifo_file permissive=1
04-02 18:27:59.676 3203 3203 I sh : + governor=
04-02 18:27:59.676 3203 3203 I sh : + '[' ']'
04-02 18:27:59.677 3203 3203 I sh : + getprop persist.sys.root_access
04-02 18:27:59.678 2768 2865 E LightsService: Light requested not available on this device. 0
04-02 18:27:59.682 3203 3203 I sh : + '[' -z 3 ']'
04-02 18:27:59.682 3203 3203 I sh : + lsmod
04-02 18:27:59.682 3231 3231 I sh : type=1400 audit(0.0:351): avc: denied { getattr } for path="/bin/busybox" dev="tmpfs" ino=1842 scontext=u:r:init:s0 tcontext=u:object_r:tmpfs:s0 tclass=file permissive=1
04-02 18:27:59.682 3203 3203 I sh : + grep -Ehq 'brcmfmac|rtl8723be'
04-02 18:27:59.682 3231 3231 I sh : type=1400 audit(0.0:352): avc: denied { execute } for name="busybox" dev="tmpfs" ino=1842 scontext=u:r:init:s0 tcontext=u:object_r:tmpfs:s0 tclass=file permissive=1
04-02 18:27:59.683 3231 3231 I sh : type=1400 audit(0.0:353): avc: denied { execute_no_trans } for path="/bin/busybox" dev="tmpfs" ino=1842 scontext=u:r:init:s0 tcontext=u:object_r:tmpfs:s0 tclass=file permissive=1
04-02 18:27:59.683 3231 3231 I lsmod : type=1400 audit(0.0:354): avc: denied { map } for path="/bin/busybox" dev="tmpfs" ino=1842 scontext=u:r:init:s0 tcontext=u:object_r:tmpfs:s0 tclass=file permissive=1
04-02 18:27:59.683 3231 3231 I lsmod : type=1400 audit(0.0:355): avc: denied { getattr } for path="/proc/modules" dev="proc" ino=4026532063 scontext=u:r:init:s0 tcontext=u:object_r:proc_modules:s0 tclass=file permissive=1
04-02 18:27:59.686 3203 3203 I sh : + setprop wlan.no-unload-driver 1
04-02 18:27:59.689 2768 2841 D WifiConfigStore: Reading from user store completed in 12 ms.
04-02 18:27:59.691 2768 2865 E LightsService: Light requested not available on this device. 0
04-02 18:27:59.692 3233 3233 I setprop : type=1400 audit(0.0:356): avc: denied { write } for name="property_service" dev="tmpfs" ino=7601 scontext=u:r:toolbox:s0 tcontext=u:object_r:property_socket:s0 tclass=sock_file permissive=1
04-02 18:27:59.692 3233 3233 I setprop : type=1400 audit(0.0:357): avc: denied { connectto } for path="/dev/socket/property_service" scontext=u:r:toolbox:s0 tcontext=u:r:init:s0 tclass=unix_stream_socket permissive=1
04-02 18:27:59.698 3203 3203 I sh : + awk '{print $1}'
04-02 18:27:59.698 3203 3203 I sh : + grep '\[.*\]' /proc/asound/cards
04-02 18:27:59.702 2768 2865 E LightsService: Light requested not available on this device. 0
04-02 18:27:59.702 3203 3203 I sh : + cat /proc/asound/card0/id
04-02 18:27:59.707 3203 3203 I sh : + f=/system/etc/alsa/HDMI.state
04-02 18:27:59.707 3203 3203 I sh : + '[' -e /system/etc/alsa/HDMI.state ']'
04-02 18:27:59.713 2768 2865 E LightsService: Light requested not available on this device. 0
04-02 18:27:59.772 2768 2865 I chatty : uid=1000(system) PhotonicModulat identical 5 lines
04-02 18:27:59.783 2768 2865 E LightsService: Light requested not available on this device. 0
04-02 18:27:59.795 3203 3203 I sh : + alsa_ctl init 0
04-02 18:28:04.898 3411 3411 I FixerFramework: Not entering safeboot; wrong process.
04-02 18:28:04.929 3357 3357 I FixerFramework: Checking safeboot...
04-02 18:28:04.953 3357 3357 I Safeboot Condition: No need to enter Safeboot.
04-02 18:28:05.001 3357 3357 I GmsApplication: Registering the BackgroundBroadcastReceiverSupport receiver.
04-02 18:28:05.002 3357 3370 I zygote64: Background concurrent copying GC freed 10951(1452KB) AllocSpace objects, 6(120KB) LOS objects, 50% free, 1489KB/2MB, paused 28.490ms total 106.135ms
04-02 18:28:05.006 3357 3374 I DynamiteModule: Considering local module com.google.android.gms.googlecertificates:4 and remote module com.google.android.gms.googlecertificates:4
04-02 18:28:05.006 3357 3374 I DynamiteModule: Selected local version of com.google.android.gms.googlecertificates
04-02 18:28:05.064 3357 3357 I GmsReceiverSupport: Registered Receiver for 23+1 IntentFilters
04-02 18:28:05.140 3411 3411 W Primes : Primes not initialized, returning default (no-op) Primes instance which will ignore all calls. Please call Primes.initialize(...) before using any Primes API.
04-02 18:28:05.147 3357 3357 W Primes : Primes not initialized, returning default (no-op) Primes instance which will ignore all calls. Please call Primes.initialize(...) before using any Primes API.
04-02 18:28:05.191 3479 3479 W zygote64: Unexpected CPU variant for X86 using defaults: x86_64
04-02 18:28:05.222 3357 3370 I zygote64: Background concurrent copying GC freed 25144(2MB) AllocSpace objects, 1(20KB) LOS objects, 49% free, 2MB/4MB, paused 4.499ms total 103.050ms
04-02 18:28:05.240 2768 2782 E memtrack: Couldn't load memtrack module
04-02 18:28:05.240 2768 2782 W android.os.Debug: failed to get memory consumption info: -1
04-02 18:28:05.241 2768 2782 E memtrack: Couldn't load memtrack module
04-02 18:28:05.241 2768 2782 W android.os.Debug: failed to get memory consumption info: -1
04-02 18:28:05.241 2768 2782 E memtrack: Couldn't load memtrack module
04-02 18:28:05.241 2768 2782 W android.os.Debug: failed to get memory consumption info: -1
04-02 18:28:05.241 2768 2782 E memtrack: Couldn't load memtrack module
04-02 18:28:05.241 2768 2782 W android.os.Debug: failed to get memory consumption info: -1
04-02 18:28:05.243 2768 2782 E memtrack: Couldn't load memtrack module
04-02 18:28:05.243 2768 2782 W android.os.Debug: failed to get memory consumption info: -1
04-02 18:28:05.243 2768 2782 E memtrack: Couldn't load memtrack module
04-02 18:28:05.243 2768 2782 W android.os.Debug: failed to get memory consumption info: -1
04-02 18:28:05.243 2768 2782 E memtrack: Couldn't load memtrack module
04-02 18:28:05.243 2768 2782 W android.os.Debug: failed to get memory consumption info: -1
04-02 18:28:05.243 2768 2782 E memtrack: Couldn't load memtrack module
04-02 18:28:05.243 2768 2782 W android.os.Debug: failed to get memory consumption info: -1
04-02 18:28:05.243 2768 2782 E memtrack: Couldn't load memtrack module
04-02 18:28:05.243 2768 2782 W android.os.Debug: failed to get memory consumption info: -1
04-02 18:28:05.243 2768 2782 E memtrack: Couldn't load memtrack module
04-02 18:28:05.243 2768 2782 W android.os.Debug: failed to get memory consumption info: -1
04-02 18:28:05.244 2768 2782 E memtrack: Couldn't load memtrack module
04-02 18:28:05.244 2768 2782 W android.os.Debug: failed to get memory consumption info: -1
04-02 18:28:05.254 2768 2782 E memtrack: Couldn't load memtrack module
04-02 18:28:05.254 2768 2782 W android.os.Debug: failed to get memory consumption info: -1
04-02 18:28:05.256 2768 2782 E memtrack: Couldn't load memtrack module
04-02 18:28:05.256 2768 2782 W android.os.Debug: failed to get memory consumption info: -1
04-02 18:28:05.256 2768 2782 E memtrack: Couldn't load memtrack module
04-02 18:28:05.256 2768 2782 W android.os.Debug: failed to get memory consumption info: -1
04-02 18:28:05.256 2768 2782 E memtrack: Couldn't load memtrack module
04-02 18:28:05.256 2768 2782 W android.os.Debug: failed to get memory consumption info: -1
04-02 18:28:05.256 2768 2782 E memtrack: Couldn't load memtrack module
04-02 18:28:05.256 2768 2782 W android.os.Debug: failed to get memory consumption info: -1
04-02 18:28:05.257 2768 2782 E memtrack: Couldn't load memtrack module
04-02 18:28:05.257 2768 2782 W android.os.Debug: failed to get memory consumption info: -1
04-02 18:28:05.257 2768 2782 E memtrack: Couldn't load memtrack module
04-02 18:28:05.257 2768 2782 W android.os.Debug: failed to get memory consumption info: -1
04-02 18:28:05.189 3479 3479 I main : type=1400 audit(0.0:527): avc: denied { dac_read_search } for capability=2 scontext=u:r:zygote:s0 tcontext=u:r:zygote:s0 tclass=capability permissive=1
04-02 18:28:05.265 3357 3362 I zygote64: Do partial code cache collection, code=27KB, data=27KB
04-02 18:28:05.265 3357 3362 I zygote64: After code cache collection, code=25KB, data=26KB
04-02 18:28:05.265 3357 3362 I zygote64: Increasing code cache capacity to 128KB
04-02 18:28:05.266 2768 2782 E memtrack: Couldn't load memtrack module
04-02 18:28:05.266 2768 2782 W android.os.Debug: failed to get memory consumption info: -1
04-02 18:28:05.266 2768 2782 E memtrack: Couldn't load memtrack module
04-02 18:28:05.266 2768 2782 W android.os.Debug: failed to get memory consumption info: -1
04-02 18:28:05.266 2768 2782 E memtrack: Couldn't load memtrack module
04-02 18:28:05.266 2768 2782 W android.os.Debug: failed to get memory consumption info: -1
04-02 18:28:05.266 2768 2782 E memtrack: Couldn't load memtrack module
04-02 18:28:05.266 2768 2782 W android.os.Debug: failed to get memory consumption info: -1
04-02 18:28:05.267 2768 2782 E memtrack: Couldn't load memtrack module
04-02 18:28:05.267 2768 2782 W android.os.Debug: failed to get memory consumption info: -1
04-02 18:28:05.267 2768 2782 E memtrack: Couldn't load memtrack module
04-02 18:28:05.267 2768 2782 W android.os.Debug: failed to get memory consumption info: -1
04-02 18:28:05.267 2768 2782 E memtrack: Couldn't load memtrack module
04-02 18:28:05.267 2768 2782 W android.os.Debug: failed to get memory consumption info: -1
04-02 18:28:05.267 2768 2782 E memtrack: Couldn't load memtrack module
04-02 18:28:05.267 2768 2782 W android.os.Debug: failed to get memory consumption info: -1
04-02 18:28:05.275 2768 2782 E memtrack: Couldn't load memtrack module
04-02 18:28:05.275 2768 2782 W android.os.Debug: failed to get memory consumption info: -1
04-02 18:28:05.275 2768 2782 E memtrack: Couldn't load memtrack module
04-02 18:28:05.275 2768 2782 W android.os.Debug: failed to get memory consumption info: -1
04-02 18:28:05.275 2768 2782 E memtrack: Couldn't load memtrack module
04-02 18:28:05.275 2768 2782 W android.os.Debug: failed to get memory consumption info: -1
04-02 18:28:05.275 2768 2782 E memtrack: Couldn't load memtrack module
04-02 18:28:05.275 2768 2782 W android.os.Debug: failed to get memory consumption info: -1
04-02 18:28:05.276 2768 2782 E memtrack: Couldn't load memtrack module
04-02 18:28:05.276 2768 2782 W android.os.Debug: failed to get memory consumption info: -1
04-02 18:28:05.276 2768 2782 E memtrack: Couldn't load memtrack module
04-02 18:28:05.276 2768 2782 W android.os.Debug: failed to get memory consumption info: -1
04-02 18:28:05.277 2768 2782 E memtrack: Couldn't load memtrack module
04-02 18:28:05.277 2768 2782 W android.os.Debug: failed to get memory consumption info: -1
04-02 18:28:05.277 2768 2782 E memtrack: Couldn't load memtrack module
04-02 18:28:05.277 2768 2782 W android.os.Debug: failed to get memory consumption info: -1
04-02 18:28:05.277 2768 2782 E memtrack: Couldn't load memtrack module
04-02 18:28:05.277 2768 2782 W android.os.Debug: failed to get memory consumption info: -1
04-02 18:28:05.278 2768 2782 E memtrack: Couldn't load memtrack module
04-02 18:28:05.278 2768 2782 W android.os.Debug: failed to get memory consumption info: -1
04-02 18:28:05.278 2768 2782 E memtrack: Couldn't load memtrack module
04-02 18:28:05.278 2768 2782 W android.os.Debug: failed to get memory consumption info: -1
04-02 18:28:05.278 2768 2782 E memtrack: Couldn't load memtrack module
04-02 18:28:05.278 2768 2782 W android.os.Debug: failed to get memory consumption info: -1
04-02 18:28:05.278 2768 2782 E memtrack: Couldn't load memtrack module
04-02 18:28:05.278 2768 2782 W android.os.Debug: failed to get memory consumption info: -1
04-02 18:28:05.278 2768 2782 E memtrack: Couldn't load memtrack module
04-02 18:28:05.278 2768 2782 W android.os.Debug: failed to get memory consumption info: -1
04-02 18:28:05.279 2768 2782 E memtrack: Couldn't load memtrack module
04-02 18:28:05.279 2768 2782 W android.os.Debug: failed to get memory consumption info: -1
04-02 18:28:05.279 2768 2782 E memtrack: Couldn't load memtrack module
04-02 18:28:05.279 2768 2782 W android.os.Debug: failed to get memory consumption info: -1
04-02 18:28:05.279 2768 2782 E memtrack: Couldn't load memtrack module
04-02 18:28:05.279 2768 2782 W android.os.Debug: failed to get memory consumption info: -1
04-02 18:28:05.280 2768 2782 E memtrack: Couldn't load memtrack module
04-02 18:28:05.280 2768 2782 W android.os.Debug: failed to get memory consumption info: -1
04-02 18:28:05.280 2768 2782 E memtrack: Couldn't load memtrack module
04-02 18:28:05.280 2768 2782 W android.os.Debug: failed to get memory consumption info: -1
04-02 18:28:05.280 2768 2782 E memtrack: Couldn't load memtrack module
04-02 18:28:05.280 2768 2782 W android.os.Debug: failed to get memory consumption info: -1
04-02 18:28:05.280 2768 2782 E memtrack: Couldn't load memtrack module
04-02 18:28:05.280 2768 2782 W android.os.Debug: failed to get memory consumption info: -1
04-02 18:28:05.280 2768 2782 E memtrack: Couldn't load memtrack module
04-02 18:28:05.280 2768 2782 W android.os.Debug: failed to get memory consumption info: -1
04-02 18:28:05.280 2768 2782 E memtrack: Couldn't load memtrack module
04-02 18:28:05.280 2768 2782 W android.os.Debug: failed to get memory consumption info: -1
04-02 18:28:05.280 2768 2782 E memtrack: Couldn't load memtrack module
04-02 18:28:05.280 2768 2782 W android.os.Debug: failed to get memory consumption info: -1
04-02 18:28:05.280 2768 2782 E memtrack: Couldn't load memtrack module
04-02 18:28:05.280 2768 2782 W android.os.Debug: failed to get memory consumption info: -1
04-02 18:28:05.217 2768 2768 I Binder:2768_5: type=1400 audit(0.0:528): avc: denied { write } for name="timerslack_ns" dev="proc" ino=24514 scontext=u:r:system_server:s0 tcontext=u:r:mediaprovider:s0:c512,c768 tclass=file permissive=1
04-02 18:28:05.366 3479 3479 I zygote64: The ClassLoaderContext is a special shared library.
04-02 18:28:05.442 3319 3319 I Choreographer: Skipped 106 frames! The application may be doing too much work on its main thread.
04-02 18:28:05.882 2665 2665 I lmkd : type=1400 audit(0.0:529): avc: denied { dac_read_search } for capability=2 scontext=u:r:lmkd:s0 tcontext=u:r:lmkd:s0 tclass=capability permissive=1
04-02 18:28:05.882 2768 2768 I Binder:2768_5: type=1400 audit(0.0:530): avc: denied { write } for name="timerslack_ns" dev="proc" ino=24210 scontext=u:r:system_server:s0 tcontext=u:r:priv_app:s0:c512,c768 tclass=file permissive=1
04-02 18:28:05.905 3319 3319 I Choreographer: Skipped 39 frames! The application may be doing too much work on its main thread.
04-02 18:28:06.049 3479 3479 I zygote64: The ClassLoaderContext is a special shared library.
04-02 18:28:06.322 2768 2768 I Binder:2768_5: type=1400 audit(0.0:531): avc: denied { write } for name="timerslack_ns" dev="proc" ino=24669 scontext=u:r:system_server:s0 tcontext=u:r:untrusted_app:s0:c512,c768 tclass=file permissive=1
04-02 18:28:06.584 3411 3416 I zygote64: Do partial code cache collection, code=23KB, data=23KB
04-02 18:28:06.584 3411 3416 I zygote64: After code cache collection, code=21KB, data=22KB
04-02 18:28:06.584 3411 3416 I zygote64: Increasing code cache capacity to 128KB
04-02 18:28:07.113 3411 3512 W DynamiteModule: Local module descriptor class for providerinstaller not found.
04-02 18:28:07.113 3411 3512 I DynamiteModule: Considering local module providerinstaller:0 and remote module providerinstaller:0
04-02 18:28:07.113 3411 3512 W ProviderInstaller: Failed to load providerinstaller module: No acceptable module found. Local version is 0 and remote version is 0.
04-02 18:28:07.140 3411 3512 I DynamiteModule: Considering local module com.google.android.gms.googlecertificates:4 and remote module com.google.android.gms.googlecertificates:4
04-02 18:28:07.140 3411 3512 I DynamiteModule: Selected local version of com.google.android.gms.googlecertificates
04-02 18:28:07.144 3411 3512 W DynamiteModule: Local module descriptor class for providerinstaller not found.
04-02 18:28:07.144 3411 3512 W ProviderHelper: Unknown dynamite feature providerinstaller
04-02 18:28:07.144 3411 3512 I DynamiteModule: Considering local module providerinstaller:0 and remote module providerinstaller:0
04-02 18:28:07.144 3411 3512 W ProviderInstaller: Failed to load providerinstaller module: No acceptable module found. Local version is 0 and remote version is 0.
04-02 18:28:07.182 3411 3512 W DynamiteModule: Local module descriptor class for providerinstaller not found.
04-02 18:28:07.183 3411 3512 I DynamiteModule: Considering local module providerinstaller:0 and remote module providerinstaller:0
04-02 18:28:07.183 3411 3512 W ProviderInstaller: Failed to load providerinstaller module: No acceptable module found. Local version is 0 and remote version is 0.
04-02 18:28:07.194 3411 3512 W DynamiteModule: Local module descriptor class for providerinstaller not found.
04-02 18:28:07.195 3411 3512 I DynamiteModule: Considering local module providerinstaller:0 and remote module providerinstaller:0
04-02 18:28:07.195 3411 3512 W ProviderInstaller: Failed to load providerinstaller module: No acceptable module found. Local version is 0 and remote version is 0.
04-02 18:28:07.264 3411 3512 W DynamiteModule: Local module descriptor class for providerinstaller not found.
04-02 18:28:07.264 3411 3512 I DynamiteModule: Considering local module providerinstaller:0 and remote module providerinstaller:0
04-02 18:28:07.264 3411 3512 W ProviderInstaller: Failed to load providerinstaller module: No acceptable module found. Local version is 0 and remote version is 0.
04-02 18:28:07.267 3411 3512 W DynamiteModule: Local module descriptor class for providerinstaller not found.
04-02 18:28:07.267 3411 3512 I DynamiteModule: Considering local module providerinstaller:0 and remote module providerinstaller:0
04-02 18:28:07.267 3411 3512 W ProviderInstaller: Failed to load providerinstaller module: No acceptable module found. Local version is 0 and remote version is 0.
04-02 18:28:07.308 3411 3512 W DynamiteModule: Local module descriptor class for providerinstaller not found.
04-02 18:28:07.308 3411 3512 I DynamiteModule: Considering local module providerinstaller:0 and remote module providerinstaller:0
04-02 18:28:07.308 3411 3512 W ProviderInstaller: Failed to load providerinstaller module: No acceptable module found. Local version is 0 and remote version is 0.
04-02 18:28:07.311 3411 3512 W DynamiteModule: Local module descriptor class for providerinstaller not found.
04-02 18:28:07.311 3411 3512 I DynamiteModule: Considering local module providerinstaller:0 and remote module providerinstaller:0
04-02 18:28:07.311 3411 3512 W ProviderInstaller: Failed to load providerinstaller module: No acceptable module found. Local version is 0 and remote version is 0.
04-02 18:28:07.354 3479 3479 D MediaScannerReceiver: action: android.intent.action.MEDIA_MOUNTED path: /storage/emulated/0
04-02 18:28:07.500 3357 3357 W zygote64: Long monitor contention with owner Binder:3357_2 (3374) at void android.database.sqlite.SQLiteConnection.nativeFinalizeStatement(long, long)(SQLiteConnection.java:-2) waiters=0 in android.database.sqlite.SQLiteDatabase android.database.sqlite.SQLiteOpenHelper.getWritableDatabase() for 1.446s
04-02 18:28:07.509 3357 3487 W zygote64: Long monitor contention with owner Binder:3357_2 (3374) at void android.database.sqlite.SQLiteConnection.nativeFinalizeStatement(long, long)(SQLiteConnection.java:-2) waiters=1 in android.database.sqlite.SQLiteDatabase android.database.sqlite.SQLiteOpenHelper.getWritableDatabase() for 893ms
04-02 18:28:07.612 3357 3513 W zygote64: Long monitor contention with owner Binder:3357_2 (3374) at void android.database.sqlite.SQLiteConnection.nativeFinalizeStatement(long, long)(SQLiteConnection.java:-2) waiters=2 in android.database.sqlite.SQLiteDatabase android.database.sqlite.SQLiteOpenHelper.getWritableDatabase() for 440ms
04-02 18:28:07.612 3306 3408 I FA : App measurement is starting up, version: 13001
04-02 18:28:07.612 3306 3408 I FA : To enable debug logging run: adb shell setprop log.tag.FA VERBOSE
04-02 18:28:07.612 3306 3408 I FA : To enable faster debug mode event logging run:
04-02 18:28:07.612 3306 3408 I FA : adb shell setprop debug.firebase.analytics.app com.oasisfeng.greenify
04-02 18:28:07.628 3527 3527 I main : type=1400 audit(0.0:532): avc: denied { create } for name="cgroup.procs" scontext=u:r:zygote:s0 tcontext=u:object_r:cgroup:s0 tclass=file permissive=1
04-02 18:28:07.630 3527 3527 W zygote64: Unexpected CPU variant for X86 using defaults: x86_64
04-02 18:28:07.641 3527 3527 I zygote64: The ClassLoaderContext is a special shared library.
04-02 18:28:07.642 3411 3489 I GCM-GMS : Scheduling task to register GMS
04-02 18:28:07.740 3527 3527 I GoogleHttpClient: GMS http client unavailable, use old client
04-02 18:28:07.747 3306 3408 W FA : Failed to retrieve Firebase Instance Id
04-02 18:28:08.057 3306 3408 W FA : Failed to retrieve Firebase Instance Id
04-02 18:28:08.104 3411 3506 D SharedPreferencesImpl: Time required to fsync /data/user_de/0/com.google.android.gms/shared_prefs/ChimeraConfigService.xml: [<1: 0, <2: 0, <4: 0, <8: 0, <16: 0, <32: 0, <64: 0, <128: 0, <256: 0, <512: 1, <1024: 0, <2048: 0, <4096: 0, <8192: 0, <16384: 0, >=16384: 0]
04-02 18:28:08.182 2768 3055 D AccountManagerService: Visibility was not initialized
04-02 18:28:08.460 2768 2782 W Binder : Outgoing transactions from this process must be FLAG_ONEWAY
04-02 18:28:08.460 2768 2782 W Binder : java.lang.Throwable
04-02 18:28:08.460 2768 2782 W Binder : at android.os.BinderProxy.transact(Binder.java:752)
04-02 18:28:08.460 2768 2782 W Binder : at com.android.internal.location.ILocationProvider$Stub$Proxy.getProperties(ILocationProvider.java:232)
04-02 18:28:08.460 2768 2782 W Binder : at com.android.server.location.LocationProviderProxy$1.run(LocationProviderProxy.java:119)
04-02 18:28:08.460 2768 2782 W Binder : at android.os.Handler.handleCallback(Handler.java:790)
04-02 18:28:08.460 2768 2782 W Binder : at android.os.Handler.dispatchMessage(Handler.java:99)
04-02 18:28:08.460 2768 2782 W Binder : at android.os.Looper.loop(Looper.java:164)
04-02 18:28:08.460 2768 2782 W Binder : at android.os.HandlerThread.run(HandlerThread.java:65)
04-02 18:28:08.517 3551 3551 W zygote64: Unexpected CPU variant for X86 using defaults: x86_64
04-02 18:28:08.539 3411 3548 I FA-SVC : App measurement is starting up, version: 15090
04-02 18:28:08.545 2768 3550 I RecoverySystem: No recovery log file
04-02 18:28:08.595 3357 3370 I zygote64: Background concurrent copying GC freed 29888(2MB) AllocSpace objects, 2(40KB) LOS objects, 50% free, 1752KB/3MB, paused 508us total 134.583ms
04-02 18:28:08.640 3551 3551 I zygote64: The ClassLoaderContext is a special shared library.
04-02 18:28:08.699 3357 3357 I NetworkScheduler: Using standalone scheduling engine
04-02 18:28:08.728 3357 3357 W native : commandlineflags.cc:930 Ignoring RegisterValidateFunction() for flag pointer 0x71d9e971df50: no flag found at that address
04-02 18:28:08.844 3411 3548 I FA-SVC : This instance being marked as an uploader
04-02 18:28:08.925 3551 3551 I Dialer : NonUiTaskBuilder.newThread - creating parallel thread
04-02 18:28:08.948 3551 3578 W TelecomManager: Telecom Service not found.
04-02 18:28:08.948 3551 3551 I Dialer : CallLogFramework.registerContentObservers - enter
04-02 18:28:08.951 3551 3578 W Dialer : TelecomUtil - Dialer is not currently set to be default dialer
04-02 18:28:08.951 3551 3578 I Dialer : BlockedNumbersAutoMigrator - not attempting auto-migrate: current user can't block
04-02 18:28:08.958 3551 3551 I Dialer : CallLogFramework.registerContentObservers - new call log not enabled
04-02 18:28:09.053 3551 3551 W TelecomManager: Telecom Service not found.
04-02 18:28:09.053 3551 3551 I Dialer : VisualVoicemailUpdateTask.scheduleTask - not default dialer, not running
04-02 18:28:09.053 3140 3140 D CarrierConfigLoader: mHandler: 13 phoneId: 0
04-02 18:28:09.084 3140 3140 W TelecomManager: Telecom Service not found.
04-02 18:28:09.085 3140 3585 D SIP : [SipPreferences] isReceivingCallsEnabled, option not set; use default value, exception: android.provider.Settings$SettingNotFoundException: sip_receive_calls
04-02 18:28:09.090 3586 3586 W zygote64: Unexpected CPU variant for X86 using defaults: x86_64
04-02 18:28:09.095 2768 2768 I Binder:2768_5: type=1400 audit(0.0:533): avc: denied { write } for name="timerslack_ns" dev="proc" ino=25521 scontext=u:r:system_server:s0 tcontext=u:r:untrusted_app_25:s0:c512,c768 tclass=file permissive=1
04-02 18:28:09.100 3586 3586 I zygote64: The ClassLoaderContext is a special shared library.
04-02 18:28:09.495 3357 3362 I zygote64: Do partial code cache collection, code=51KB, data=48KB
04-02 18:28:09.495 3357 3362 I zygote64: After code cache collection, code=51KB, data=48KB
04-02 18:28:09.495 3357 3362 I zygote64: Increasing code cache capacity to 256KB
04-02 18:28:09.533 3479 3484 I zygote64: Compiler allocated 4MB to compile android.database.Cursor com.android.providers.media.MediaProvider.query(android.net.Uri, java.lang.String[], java.lang.String, java.lang.String[], java.lang.String)
04-02 18:28:09.824 3357 3602 E WakeLock: GCM_HB_ALARM release without a matched acquire!
04-02 18:28:09.824 3357 3602 W WakeLock: GCM_HB_ALARM counter does not exist
04-02 18:28:09.894 3479 3521 V MediaProvider: pruneThumbnails
04-02 18:28:09.897 3479 3521 V MediaProvider: /pruneDeadThumbnailFiles...
04-02 18:28:09.958 3586 3586 D ExtensionsFactory: No custom extensions.
04-02 18:28:09.959 3586 3586 D AlertReceiver: onReceive: a=android.intent.action.BOOT_COMPLETED Intent { act=android.intent.action.BOOT_COMPLETED flg=0x9000010 cmp=com.android.calendar/.alerts.AlertReceiver (has extras) }
04-02 18:28:09.972 3619 3619 W zygote64: Unexpected CPU variant for X86 using defaults: x86_64
04-02 18:28:09.985 3586 3618 D AlertService: 0 Action = android.intent.action.BOOT_COMPLETED
04-02 18:28:09.986 3586 3618 D AlertService: Scheduling next alarm with AlarmScheduler. sEventReminderReceived: null
04-02 18:28:10.006 3635 3635 W zygote64: Unexpected CPU variant for X86 using defaults: x86_64
04-02 18:28:10.013 3619 3619 I zygote64: The ClassLoaderContext is a special shared library.
04-02 18:28:10.029 3411 3651 I CastDatabase: Opening the database
04-02 18:28:09.986 1229 1229 I loop0 : type=1400 audit(0.0:534): avc: denied { read } for path="/mnt/android-8.1-r1/system.img" dev="sda8" ino=312225 scontext=u:r:kernel:s0 tcontext=u:object_r:unlabeled:s0 tclass=file permissive=1
04-02 18:28:10.003 2768 2768 I Binder:2768_3: type=1400 audit(0.0:535): avc: denied { write } for name="timerslack_ns" dev="proc" ino=26935 scontext=u:r:system_server:s0 tcontext=u:r:platform_app:s0:c512,c768 tclass=file permissive=1
04-02 18:28:10.080 3635 3635 I zygote64: The ClassLoaderContext is a special shared library.
04-02 18:28:10.082 3635 3635 I chatty : uid=10003(com.android.providers.calendar) identical 1 line
04-02 18:28:10.083 3635 3635 I zygote64: The ClassLoaderContext is a special shared library.
04-02 18:28:10.117 3619 3619 D CellBroadcastReceiver: onReceive Intent { act=android.intent.action.BOOT_COMPLETED flg=0x9000010 cmp=com.android.cellbroadcastreceiver/.CellBroadcastReceiver (has extras) }
04-02 18:28:10.118 3619 3619 D CellBroadcastReceiver: Start Cell Broadcast configuration.
04-02 18:28:10.136 3411 3651 I SQLiteCastStore: 0 CastNetworkInfo instances loaded, 0 CastDeviceInfo instances loaded, 0 paired guest mode devices loaded.
04-02 18:28:10.269 3619 3619 D CellBroadcastReceiver: Default interval 0 did not change.
04-02 18:28:10.275 3140 3200 D IccSmsInterfaceManager: [IccSmsInterfaceManager] Calling setCdmaBroadcastConfig with 1 configurations
04-02 18:28:10.275 3140 3200 D IccSmsInterfaceManager: [IccSmsInterfaceManager] Failed to add cdma broadcast subscription for MID range 4096 to 4096 from client com.android.cellbroadcastreceiver
04-02 18:28:10.276 3140 3200 D IccSmsInterfaceManager: [IccSmsInterfaceManager] Calling setCdmaBroadcastConfig with 1 configurations
04-02 18:28:10.276 3140 3200 D IccSmsInterfaceManager: [IccSmsInterfaceManager] Failed to add cdma broadcast subscription for MID range 4097 to 4097 from client com.android.cellbroadcastreceiver
04-02 18:28:10.277 3140 3200 D IccSmsInterfaceManager: [IccSmsInterfaceManager] Calling setCdmaBroadcastConfig with 1 configurations
04-02 18:28:10.277 3140 3200 D IccSmsInterfaceManager: [IccSmsInterfaceManager] Failed to add cdma broadcast subscription for MID range 4098 to 4098 from client com.android.cellbroadcastreceiver
04-02 18:28:10.278 3140 3200 D IccSmsInterfaceManager: [IccSmsInterfaceManager] Calling setCdmaBroadcastConfig with 1 configurations
04-02 18:28:10.278 3672 3672 W zygote64: Unexpected CPU variant for X86 using defaults: x86_64
04-02 18:28:10.278 3140 3200 D IccSmsInterfaceManager: [IccSmsInterfaceManager] Failed to add cdma broadcast subscription for MID range 4099 to 4099 from client com.android.cellbroadcastreceiver
04-02 18:28:10.279 3140 3200 D IccSmsInterfaceManager: [IccSmsInterfaceManager] Failed to remove cdma broadcast subscription for MID range 4100 to 4100 from client com.android.cellbroadcastreceiver
04-02 18:28:10.282 3140 3200 D IccSmsInterfaceManager: [IccSmsInterfaceManager] Calling setGsmBroadcastConfig with 1 configurations
04-02 18:28:10.282 3140 3200 D IccSmsInterfaceManager: [IccSmsInterfaceManager] Failed to add GSM cell broadcast subscription for MID range 4352 to 4354 from client com.android.cellbroadcastreceiver
04-02 18:28:10.286 3140 3200 D IccSmsInterfaceManager: [IccSmsInterfaceManager] Calling setGsmBroadcastConfig with 1 configurations
04-02 18:28:10.286 3140 3200 D IccSmsInterfaceManager: [IccSmsInterfaceManager] Failed to add GSM cell broadcast subscription for MID range 4356 to 4356 from client com.android.cellbroadcastreceiver
04-02 18:28:10.287 3140 3200 D IccSmsInterfaceManager: [IccSmsInterfaceManager] Failed to remove GSM cell broadcast subscription for MID range 4355 to 4355 from client com.android.cellbroadcastreceiver
04-02 18:28:10.289 3140 3200 D IccSmsInterfaceManager: [IccSmsInterfaceManager] Calling setGsmBroadcastConfig with 1 configurations
04-02 18:28:10.289 3140 3200 D IccSmsInterfaceManager: [IccSmsInterfaceManager] Failed to add GSM cell broadcast subscription for MID range 4370 to 4370 from client com.android.cellbroadcastreceiver
04-02 18:28:10.292 3140 3200 D IccSmsInterfaceManager: [IccSmsInterfaceManager] Calling setGsmBroadcastConfig with 1 configurations
04-02 18:28:10.292 3140 3200 D IccSmsInterfaceManager: [IccSmsInterfaceManager] Failed to add GSM cell broadcast subscription for MID range 4371 to 4372 from client com.android.cellbroadcastreceiver
04-02 18:28:10.294 3140 3200 D IccSmsInterfaceManager: [IccSmsInterfaceManager] Calling setGsmBroadcastConfig with 1 configurations
04-02 18:28:10.295 3140 3200 D IccSmsInterfaceManager: [IccSmsInterfaceManager] Failed to add GSM cell broadcast subscription for MID range 4373 to 4378 from client com.android.cellbroadcastreceiver
04-02 18:28:10.297 3140 3200 D IccSmsInterfaceManager: [IccSmsInterfaceManager] Calling setGsmBroadcastConfig with 1 configurations
04-02 18:28:10.299 3140 3200 D IccSmsInterfaceManager: [IccSmsInterfaceManager] Failed to add GSM cell broadcast subscription for MID range 4379 to 4379 from client com.android.cellbroadcastreceiver
04-02 18:28:10.300 3140 3200 D IccSmsInterfaceManager: [IccSmsInterfaceManager] Failed to remove GSM cell broadcast subscription for MID range 4380 to 4382 from client com.android.cellbroadcastreceiver
04-02 18:28:10.301 3140 3200 D IccSmsInterfaceManager: [IccSmsInterfaceManager] Calling setGsmBroadcastConfig with 1 configurations
04-02 18:28:10.301 3140 3200 D IccSmsInterfaceManager: [IccSmsInterfaceManager] Failed to add GSM cell broadcast subscription for MID range 4383 to 4383 from client com.android.cellbroadcastreceiver
04-02 18:28:10.302 3140 3200 D IccSmsInterfaceManager: [IccSmsInterfaceManager] Calling setGsmBroadcastConfig with 1 configurations
04-02 18:28:10.302 3140 3200 D IccSmsInterfaceManager: [IccSmsInterfaceManager] Failed to add GSM cell broadcast subscription for MID range 4384 to 4385 from client com.android.cellbroadcastreceiver
04-02 18:28:10.303 3140 3200 D IccSmsInterfaceManager: [IccSmsInterfaceManager] Calling setGsmBroadcastConfig with 1 configurations
04-02 18:28:10.303 3140 3200 D IccSmsInterfaceManager: [IccSmsInterfaceManager] Failed to add GSM cell broadcast subscription for MID range 4386 to 4391 from client com.android.cellbroadcastreceiver
04-02 18:28:10.304 3140 3200 D IccSmsInterfaceManager: [IccSmsInterfaceManager] Calling setGsmBroadcastConfig with 1 configurations
04-02 18:28:10.305 3140 3200 D IccSmsInterfaceManager: [IccSmsInterfaceManager] Failed to add GSM cell broadcast subscription for MID range 4392 to 4392 from client com.android.cellbroadcastreceiver
04-02 18:28:10.306 3140 3153 D IccSmsInterfaceManager: [IccSmsInterfaceManager] Failed to remove GSM cell broadcast subscription for MID range 4393 to 4395 from client com.android.cellbroadcastreceiver
04-02 18:28:10.316 3411 3411 I zygote64: Deoptimizing java.lang.Object azpq.c() due to JIT inline cache
04-02 18:28:10.318 2768 2861 I WifiService: getWifiEnabledState uid=10015
04-02 18:28:10.320 3411 3411 I CastSocket: 27 >= 18. Adding new CastClientAuthKeyManager.
04-02 18:28:10.323 2768 2861 I WifiService: getWifiEnabledState uid=10015
04-02 18:28:10.328 2768 2861 I WifiService: startScan uid=10015
04-02 18:28:10.338 3411 3411 I DiscoveryManager: WifiGuestModeDeviceScanner enabled.
04-02 18:28:10.340 3672 3672 I zygote64: The ClassLoaderContext is a special shared library.
04-02 18:28:10.361 3411 3411 V MediaRouter: Adding route: RouteInfo{ name=Tablette, description=null, status=null, category=RouteCategory{ name=Système types=ROUTE_TYPE_LIVE_AUDIO ROUTE_TYPE_LIVE_VIDEO groupable=false }, supportedTypes=ROUTE_TYPE_LIVE_AUDIO ROUTE_TYPE_LIVE_VIDEO , presentationDisplay=null }
04-02 18:28:10.363 3411 3411 V MediaRouter: Selecting route: RouteInfo{ name=Tablette, description=null, status=null, category=RouteCategory{ name=Système types=ROUTE_TYPE_LIVE_AUDIO ROUTE_TYPE_LIVE_VIDEO groupable=false }, supportedTypes=ROUTE_TYPE_LIVE_AUDIO ROUTE_TYPE_LIVE_VIDEO , presentationDisplay=null }
04-02 18:28:10.364 3411 3411 I MediaRouter: Found default route: MediaRouter.RouteInfo{ uniqueId=android/ajd:DEFAULT_ROUTE, name=Tablette, description=null, iconUri=null, enabled=true, connecting=false, connectionState=0, canDisconnect=false, playbackType=0, playbackStream=3, deviceType=0, volumeHandling=1, volume=1, volumeMax=15, presentationDisplayId=-1, extras=null, settingsIntent=null, providerPackageName=android }
04-02 18:28:10.364 3411 3411 I MediaRouter: Unselecting the current route because it is no longer selectable: null
04-02 18:28:10.371 3411 3411 V MediaRouter: Selecting route: RouteInfo{ name=Tablette, description=null, status=null, category=RouteCategory{ name=Système types=ROUTE_TYPE_LIVE_AUDIO ROUTE_TYPE_LIVE_VIDEO groupable=false }, supportedTypes=ROUTE_TYPE_LIVE_AUDIO ROUTE_TYPE_LIVE_VIDEO , presentationDisplay=null }
04-02 18:28:10.373 3411 3506 I zygote64: Deoptimizing java.lang.Object azpk.a(azpl) due to JIT inline cache
04-02 18:28:10.398 2768 3425 I WifiService: getWifiEnabledState uid=10015
04-02 18:28:10.456 3635 3635 I CalendarProvider2: Created com.android.providers.calendar.CalendarAlarmManager@594e427(com.android.providers.calendar.CalendarProvider2@b1336d4)
04-02 18:28:10.464 3586 3618 D AlarmScheduler: Query result count for events starting within 1 week: 1
04-02 18:28:10.566 3701 3701 W zygote64: Unexpected CPU variant for X86 using defaults: x86_64
04-02 18:28:10.713 3701 3701 I zygote64: The ClassLoaderContext is a special shared library.
04-02 18:28:10.718 3210 3210 I AlarmClock: AlarmInitReceiver android.intent.action.BOOT_COMPLETED
04-02 18:28:10.726 3210 3356 I AlarmClock: Fixing alarm instances
04-02 18:28:10.729 3210 3356 V AlarmClock: AlarmInitReceiver finished
04-02 18:28:10.863 3551 3551 I Dialer : VoicemailModule.provideVoicemailClient - providing VoicemailClientImpl
04-02 18:28:10.864 3551 3551 I Dialer : VvmOmtpService - onBoot
04-02 18:28:10.864 2768 2782 E memtrack: Couldn't load memtrack module
04-02 18:28:10.864 2768 2782 W android.os.Debug: failed to get memory consumption info: -1
04-02 18:28:10.980 2868 2868 I SystemBroadcastReceiver: Boot has been completed
04-02 18:28:10.980 2868 2868 I SystemBroadcastReceiver: toggleAppIcon() : FLAG_SYSTEM = true
04-02 18:28:10.987 3719 3719 W zygote64: Unexpected CPU variant for X86 using defaults: x86_64
04-02 18:28:10.994 2768 2768 I Binder:2768_3: type=1400 audit(0.0:536): avc: denied { write } for name="timerslack_ns" dev="proc" ino=27496 scontext=u:r:system_server:s0 tcontext=u:r:platform_app:s0:c512,c768 tclass=file permissive=1
04-02 18:28:11.015 3719 3719 I zygote64: The ClassLoaderContext is a special shared library.
04-02 18:28:11.054 3140 3140 I VvmSimStateTracker: android.intent.action.BOOT_COMPLETED
04-02 18:28:11.057 3701 3701 I ContactsPerf: VoicemailContentProvider.onCreate start
04-02 18:28:11.061 3701 3701 I ContactsPerf: VoicemailContentProvider.onCreate finish
04-02 18:28:11.063 3701 3701 I zygote64: The ClassLoaderContext is a special shared library.
04-02 18:28:11.096 3701 3735 D ContactsDatabaseHelper: WAL enabled for contacts2.db: true
04-02 18:28:11.176 3701 3701 I zygote64: The ClassLoaderContext is a special shared library.
04-02 18:28:11.179 2768 3055 W Binder : Outgoing transactions from this process must be FLAG_ONEWAY
04-02 18:28:11.179 2768 3055 W Binder : java.lang.Throwable
04-02 18:28:11.179 2768 3055 W Binder : at android.os.BinderProxy.transact(Binder.java:752)
04-02 18:28:11.179 2768 3055 W Binder : at android.content.ContentProviderProxy.getType(ContentProviderNative.java:451)
04-02 18:28:11.179 2768 3055 W Binder : at com.android.server.am.ActivityManagerService.getProviderMimeType(ActivityManagerService.java:12263)
04-02 18:28:11.179 2768 3055 W Binder : at android.app.IActivityManager$Stub.onTransact(IActivityManager.java:1799)
04-02 18:28:11.179 2768 3055 W Binder : at com.android.server.am.ActivityManagerService.onTransact(ActivityManagerService.java:2919)
04-02 18:28:11.179 2768 3055 W Binder : at android.os.Binder.execTransact(Binder.java:697)
04-02 18:28:11.215 3743 3743 W zygote64: Unexpected CPU variant for X86 using defaults: x86_64
04-02 18:28:11.211 3743 3743 I main : type=1400 audit(0.0:537): avc: denied { mounton } for path="/storage" dev="tmpfs" ino=6239 scontext=u:r:zygote:s0 tcontext=u:object_r:tmpfs:s0 tclass=dir permissive=1
04-02 18:28:11.365 3357 3362 I zygote64: Do full code cache collection, code=125KB, data=93KB
04-02 18:28:11.366 3357 3362 I zygote64: After code cache collection, code=89KB, data=51KB
04-02 18:28:11.398 3357 3362 I zygote64: Do partial code cache collection, code=90KB, data=60KB
04-02 18:28:11.399 3357 3362 I zygote64: After code cache collection, code=90KB, data=60KB
04-02 18:28:11.399 3357 3362 I zygote64: Increasing code cache capacity to 512KB
04-02 18:28:11.399 3357 3362 I zygote64: Compiler allocated 5MB to compile void bqaj.a(java.lang.Object, bqau, bpxz)
04-02 18:28:11.442 3479 3740 W MediaScanner: Error opening directory '/oem/media/', skipping: No such file or directory.
04-02 18:28:11.684 3357 3362 I zygote64: Compiler allocated 5MB to compile void bqaj.a(java.lang.Object, bqau, bpxz)
04-02 18:28:11.701 2768 3055 D ContextHubService: Added callback, total callbacks 1
04-02 18:28:11.703 2768 3055 D ContextHubService: System supports 0 hubs
04-02 18:28:11.724 3357 3513 E LockboxBrokerService: Could not query UDC's getDeviceDataUploadOptInStatus; 15 null
04-02 18:28:11.739 3357 3357 W ChreGmsCore: Unable to construct RealContextHub.
04-02 18:28:11.739 3357 3357 W ChreGmsCore: java.lang.IllegalStateException: No ContextHubs were found in the platform.
04-02 18:28:11.739 3357 3357 W ChreGmsCore: at bnrk.(:com.google.android.gms@15090023@15.0.90 (040800-231259764):9)
04-02 18:28:11.739 3357 3357 W ChreGmsCore: at bnrk.b(:com.google.android.gms@15090023@15.0.90 (040800-231259764):20)
04-02 18:28:11.739 3357 3357 W ChreGmsCore: at bnrk.a(:com.google.android.gms@15090023@15.0.90 (040800-231259764):2)
04-02 18:28:11.739 3357 3357 W ChreGmsCore: at bbuz.a(:com.google.android.gms@15090023@15.0.90 (040800-231259764):3)
04-02 18:28:11.739 3357 3357 W ChreGmsCore: at bbrq.(:com.google.android.gms@15090023@15.0.90 (040800-231259764):16)
04-02 18:28:11.739 3357 3357 W ChreGmsCore: at bbrq.(:com.google.android.gms@15090023@15.0.90 (040800-231259764):1)
04-02 18:28:11.739 3357 3357 W ChreGmsCore: at bbsb.(:com.google.android.gms@15090023@15.0.90 (040800-231259764):1)
04-02 18:28:11.739 3357 3357 W ChreGmsCore: at bbsb.(:com.google.android.gms@15090023@15.0.90 (040800-231259764):2)
04-02 18:28:11.739 3357 3357 W ChreGmsCore: at com.google.android.location.geofencer.service.GeofencerStateMachine.(:com.google.android.gms@15090023@15.0.90 (040800-231259764):5)
04-02 18:28:11.739 3357 3357 W ChreGmsCore: at com.google.android.location.geofencer.service.GeofencerStateMachine.(:com.google.android.gms@15090023@15.0.90 (040800-231259764):4)
04-02 18:28:11.739 3357 3357 W ChreGmsCore: at com.google.android.location.geofencer.service.GeofencerStateMachine.a(:com.google.android.gms@15090023@15.0.90 (040800-231259764):5)
04-02 18:28:11.739 3357 3357 W ChreGmsCore: at bbsa.(Unknown Source:6)
04-02 18:28:11.739 3357 3357 W ChreGmsCore: at bbtq.(:com.google.android.gms@15090023@15.0.90 (040800-231259764):1)
