04-02 18:27:27.545 2873 2873 V MediaRouter: Selecting route: RouteInfo{ name=Tablette, description=null, status=null, category=RouteCategory{ name=Système types=ROUTE_TYPE_LIVE_AUDIO ROUTE_TYPE_LIVE_VIDEO groupable=false }, supportedTypes=ROUTE_TYPE_LIVE_AUDIO ROUTE_TYPE_LIVE_VIDEO , presentationDisplay=null }
04-02 18:27:27.554 2682 2724 I OMXClient: Treble IOmx obtained
04-02 18:27:27.554 2915 2915 I WebViewLoader-x86_64: System.exit called, status: 0
04-02 18:27:27.554 2915 2915 I AndroidRuntime: VM exiting with result code 0, cleanup skipped.
04-02 18:27:27.554 2685 2717 I OMXMaster: makeComponentInstance(OMX.google.amrwb.decoder) in omx@1.0-service process
04-02 18:27:27.565 2682 2724 I OMXClient: Treble IOmx obtained
04-02 18:27:27.565 2685 2717 I OMXMaster: makeComponentInstance(OMX.ffmpeg.ape.decoder) in omx@1.0-service process
04-02 18:27:27.565 2685 2717 V FFmpegOMXPlugin: makeComponentInstance 'OMX.ffmpeg.ape.decoder'
04-02 18:27:27.565 2685 2717 D SoftFFmpegAudio: SoftFFmpegAudio component: OMX.ffmpeg.ape.decoder mCodingType: 2130706435
04-02 18:27:27.566 2682 2724 I OMXClient: Treble IOmx obtained
04-02 18:27:27.566 2685 2717 I OMXMaster: makeComponentInstance(OMX.ffmpeg.dts.decoder) in omx@1.0-service process
04-02 18:27:27.566 2685 2717 V FFmpegOMXPlugin: makeComponentInstance 'OMX.ffmpeg.dts.decoder'
04-02 18:27:27.566 2685 2717 D SoftFFmpegAudio: SoftFFmpegAudio component: OMX.ffmpeg.dts.decoder mCodingType: 2130706436
04-02 18:27:27.568 2682 2724 I OMXClient: Treble IOmx obtained
04-02 18:27:27.568 2685 2718 I OMXMaster: makeComponentInstance(OMX.google.flac.decoder) in omx@1.0-service process
04-02 18:27:27.612 2682 2724 I OMXClient: Treble IOmx obtained
04-02 18:27:27.612 2685 2968 I OMXMaster: makeComponentInstance(OMX.ffmpeg.flac.decoder) in omx@1.0-service process
04-02 18:27:27.612 2685 2968 V FFmpegOMXPlugin: makeComponentInstance 'OMX.ffmpeg.flac.decoder'
04-02 18:27:27.612 2685 2968 D SoftFFmpegAudio: SoftFFmpegAudio component: OMX.ffmpeg.flac.decoder mCodingType: 28
04-02 18:27:27.613 2682 2724 I OMXClient: Treble IOmx obtained
04-02 18:27:27.613 2685 2968 I OMXMaster: makeComponentInstance(OMX.google.g711.alaw.decoder) in omx@1.0-service process
04-02 18:27:27.620 2873 2873 W SoundPool: Use of stream types is deprecated for operations other than volume control
04-02 18:27:27.620 2873 2873 W SoundPool: See the documentation of SoundPool() for what to use instead with android.media.AudioAttributes to qualify your playback use case
04-02 18:27:27.620 2682 2724 I OMXClient: Treble IOmx obtained
04-02 18:27:27.620 2685 2718 I OMXMaster: makeComponentInstance(OMX.google.g711.mlaw.decoder) in omx@1.0-service process
04-02 18:27:27.620 2873 2975 V NuMediaExtractor: setDataSource fd=34 (/system/media/audio/ui/Lock.ogg), offset=0, length=8308
04-02 18:27:27.623 2682 2724 I OMXClient: Treble IOmx obtained
04-02 18:27:27.623 2685 2718 I OMXMaster: makeComponentInstance(OMX.ffmpeg.mp2.decoder) in omx@1.0-service process
04-02 18:27:27.623 2685 2718 V FFmpegOMXPlugin: makeComponentInstance 'OMX.ffmpeg.mp2.decoder'
04-02 18:27:27.624 2685 2718 D SoftFFmpegAudio: SoftFFmpegAudio component: OMX.ffmpeg.mp2.decoder mCodingType: 2130706433
04-02 18:27:27.626 2682 2724 I OMXClient: Treble IOmx obtained
04-02 18:27:27.626 2685 2718 I OMXMaster: makeComponentInstance(OMX.google.mp3.decoder) in omx@1.0-service process
04-02 18:27:27.632 2873 2975 V NuMediaExtractor: track of type 'audio/vorbis' does not publish bitrate
04-02 18:27:27.632 2682 2724 I OMXClient: Treble IOmx obtained
04-02 18:27:27.632 2685 2718 I OMXMaster: makeComponentInstance(OMX.ffmpeg.mp3.decoder) in omx@1.0-service process
04-02 18:27:27.633 2685 2718 V FFmpegOMXPlugin: makeComponentInstance 'OMX.ffmpeg.mp3.decoder'
04-02 18:27:27.633 2685 2718 D SoftFFmpegAudio: SoftFFmpegAudio component: OMX.ffmpeg.mp3.decoder mCodingType: 22
04-02 18:27:27.635 2682 2724 I OMXClient: Treble IOmx obtained
04-02 18:27:27.635 2685 2718 I OMXMaster: makeComponentInstance(OMX.google.opus.decoder) in omx@1.0-service process
04-02 18:27:27.682 2682 2724 I OMXClient: Treble IOmx obtained
04-02 18:27:27.682 2685 2718 I OMXMaster: makeComponentInstance(OMX.ffmpeg.ra.decoder) in omx@1.0-service process
04-02 18:27:27.682 2685 2718 V FFmpegOMXPlugin: makeComponentInstance 'OMX.ffmpeg.ra.decoder'
04-02 18:27:27.682 2685 2718 D SoftFFmpegAudio: SoftFFmpegAudio component: OMX.ffmpeg.ra.decoder mCodingType: 26
04-02 18:27:27.684 2682 2724 I OMXClient: Treble IOmx obtained
04-02 18:27:27.684 2685 2968 I OMXMaster: makeComponentInstance(OMX.google.raw.decoder) in omx@1.0-service process
04-02 18:27:27.688 2682 2724 I OMXClient: Treble IOmx obtained
04-02 18:27:27.688 2685 2968 I OMXMaster: makeComponentInstance(OMX.ffmpeg.atrial.decoder) in omx@1.0-service process
04-02 18:27:27.688 2685 2968 V FFmpegOMXPlugin: makeComponentInstance 'OMX.ffmpeg.atrial.decoder'
04-02 18:27:27.688 2685 2968 D SoftFFmpegAudio: SoftFFmpegAudio component: OMX.ffmpeg.atrial.decoder mCodingType: 1
04-02 18:27:27.689 2682 2724 I OMXClient: Treble IOmx obtained
04-02 18:27:27.689 2685 2718 I OMXMaster: makeComponentInstance(OMX.google.vorbis.decoder) in omx@1.0-service process
04-02 18:27:27.698 2682 2724 I OMXClient: Treble IOmx obtained
04-02 18:27:27.698 2685 2718 I OMXMaster: makeComponentInstance(OMX.ffmpeg.vorbis.decoder) in omx@1.0-service process
04-02 18:27:27.698 2685 2718 V FFmpegOMXPlugin: makeComponentInstance 'OMX.ffmpeg.vorbis.decoder'
04-02 18:27:27.698 2685 2718 D SoftFFmpegAudio: SoftFFmpegAudio component: OMX.ffmpeg.vorbis.decoder mCodingType: 24
04-02 18:27:27.700 2682 2724 I OMXClient: Treble IOmx obtained
04-02 18:27:27.700 2685 2718 I OMXMaster: makeComponentInstance(OMX.ffmpeg.wma.decoder) in omx@1.0-service process
04-02 18:27:27.700 2685 2718 V FFmpegOMXPlugin: makeComponentInstance 'OMX.ffmpeg.wma.decoder'
04-02 18:27:27.700 2685 2718 D SoftFFmpegAudio: SoftFFmpegAudio component: OMX.ffmpeg.wma.decoder mCodingType: 25
04-02 18:27:27.702 2682 2724 I OMXClient: Treble IOmx obtained
04-02 18:27:27.703 2685 2718 I OMXMaster: makeComponentInstance(OMX.google.aac.encoder) in omx@1.0-service process
04-02 18:27:27.704 2873 2873 I vol.Events: writeEvent collection_started
04-02 18:27:27.707 2873 3007 I vol.Events: writeEvent external_ringer_mode_changed normal
04-02 18:27:27.708 2873 3007 I vol.Events: writeEvent internal_ringer_mode_changed normal
04-02 18:27:27.768 2682 2724 I OMXClient: Treble IOmx obtained
04-02 18:27:27.769 2685 2718 I OMXMaster: makeComponentInstance(OMX.google.amrnb.encoder) in omx@1.0-service process
04-02 18:27:27.772 2682 2724 I OMXClient: Treble IOmx obtained
04-02 18:27:27.772 2685 2718 I OMXMaster: makeComponentInstance(OMX.google.amrwb.encoder) in omx@1.0-service process
04-02 18:27:27.788 2682 2724 I OMXClient: Treble IOmx obtained
04-02 18:27:27.789 2685 2718 I OMXMaster: makeComponentInstance(OMX.google.flac.encoder) in omx@1.0-service process
04-02 18:27:27.850 2682 2724 I OMXClient: Treble IOmx obtained
04-02 18:27:27.850 2685 2718 I OMXMaster: makeComponentInstance(OMX.ffmpeg.h264.decoder) in omx@1.0-service process
04-02 18:27:27.850 2685 2718 V FFmpegOMXPlugin: makeComponentInstance 'OMX.ffmpeg.h264.decoder'
04-02 18:27:27.850 2685 2718 D SoftFFmpegVideo: SoftFFmpegVideo component: OMX.ffmpeg.h264.decoder codingType=7 appData: 0xe8d38640
04-02 18:27:27.864 2685 2718 D SoftFFmpegVideo: 0xe8d6da00 initDecoder: 0xe5e7fc00
04-02 18:27:27.866 2682 2724 W ACodec : [OMX.ffmpeg.h264.decoder] stopping checking profiles after 32: 2/8000
04-02 18:27:27.866 2685 2718 E OMXNodeInstance: getExtensionIndex(0xe8d21620:ffmpeg.h264.decoder, OMX.google.android.index.configureVideoTunnelMode) ERROR: UnsupportedIndex(0x8000101a)
04-02 18:27:27.866 2685 2718 E OMXNodeInstance: getExtensionIndex(0xe8d21620:ffmpeg.h264.decoder, OMX.google.android.index.enableAndroidNativeBuffers) ERROR: UnsupportedIndex(0x8000101a)
04-02 18:27:27.867 2685 2718 D SoftFFmpegVideo: 0xe8d6da00 deInitDecoder: 0xe5e7fc00
04-02 18:27:27.868 2682 2724 I OMXClient: Treble IOmx obtained
04-02 18:27:27.868 2685 2718 I OMXMaster: makeComponentInstance(OMX.google.h264.decoder) in omx@1.0-service process
04-02 18:27:27.896 2685 2718 E OMXNodeInstance: getExtensionIndex(0xe8d21620:google.h264.decoder, OMX.google.android.index.configureVideoTunnelMode) ERROR: UnsupportedIndex(0x8000101a)
04-02 18:27:27.897 2685 2718 E OMXNodeInstance: getExtensionIndex(0xe8d21620:google.h264.decoder, OMX.google.android.index.enableAndroidNativeBuffers) ERROR: UnsupportedIndex(0x8000101a)
04-02 18:27:27.898 2682 2724 I OMXClient: Treble IOmx obtained
04-02 18:27:27.898 2685 2968 I OMXMaster: makeComponentInstance(OMX.ffmpeg.divx.decoder) in omx@1.0-service process
04-02 18:27:27.898 2685 2968 V FFmpegOMXPlugin: makeComponentInstance 'OMX.ffmpeg.divx.decoder'
04-02 18:27:27.898 2685 2968 D SoftFFmpegVideo: SoftFFmpegVideo component: OMX.ffmpeg.divx.decoder codingType=2130706435 appData: 0xe8d38500
04-02 18:27:27.898 2685 2968 D SoftFFmpegVideo: 0xea28aa00 initDecoder: 0xea2aa800
04-02 18:27:27.899 2685 2968 E OMXNodeInstance: getExtensionIndex(0xe8d210e0:ffmpeg.divx.decoder, OMX.google.android.index.configureVideoTunnelMode) ERROR: UnsupportedIndex(0x8000101a)
04-02 18:27:27.899 2685 2968 E OMXNodeInstance: getExtensionIndex(0xe8d210e0:ffmpeg.divx.decoder, OMX.google.android.index.enableAndroidNativeBuffers) ERROR: UnsupportedIndex(0x8000101a)
04-02 18:27:27.899 2685 2968 D SoftFFmpegVideo: 0xea28aa00 deInitDecoder: 0xea2aa800
04-02 18:27:27.899 2682 2724 I OMXClient: Treble IOmx obtained
04-02 18:27:27.899 2685 2718 I OMXMaster: makeComponentInstance(OMX.ffmpeg.flv1.decoder) in omx@1.0-service process
04-02 18:27:27.899 2685 2718 V FFmpegOMXPlugin: makeComponentInstance 'OMX.ffmpeg.flv1.decoder'
04-02 18:27:27.900 2685 2718 D SoftFFmpegVideo: SoftFFmpegVideo component: OMX.ffmpeg.flv1.decoder codingType=2130706434 appData: 0xe8d38640
04-02 18:27:27.900 2685 2718 D SoftFFmpegVideo: 0xe8d6da00 initDecoder: 0xe5e7fc00
04-02 18:27:27.900 2685 2718 E OMXNodeInstance: getExtensionIndex(0xe8d21620:ffmpeg.flv1.decoder, OMX.google.android.index.configureVideoTunnelMode) ERROR: UnsupportedIndex(0x8000101a)
04-02 18:27:27.900 2685 2718 E OMXNodeInstance: getExtensionIndex(0xe8d21620:ffmpeg.flv1.decoder, OMX.google.android.index.enableAndroidNativeBuffers) ERROR: UnsupportedIndex(0x8000101a)
04-02 18:27:27.900 2685 2718 D SoftFFmpegVideo: 0xe8d6da00 deInitDecoder: 0xe5e7fc00
04-02 18:27:27.901 2682 2724 I OMXClient: Treble IOmx obtained
04-02 18:27:27.901 2685 2968 I OMXMaster: makeComponentInstance(OMX.ffmpeg.h263.decoder) in omx@1.0-service process
04-02 18:27:27.901 2685 2968 V FFmpegOMXPlugin: makeComponentInstance 'OMX.ffmpeg.h263.decoder'
04-02 18:27:27.901 2685 2968 D SoftFFmpegVideo: SoftFFmpegVideo component: OMX.ffmpeg.h263.decoder codingType=3 appData: 0xe8d38500
04-02 18:27:27.901 2685 2968 D SoftFFmpegVideo: 0xea28aa00 initDecoder: 0xea2aa800
04-02 18:27:27.901 2685 2968 E OMXNodeInstance: getExtensionIndex(0xe8d210e0:ffmpeg.h263.decoder, OMX.google.android.index.configureVideoTunnelMode) ERROR: UnsupportedIndex(0x8000101a)
04-02 18:27:27.902 2685 2968 E OMXNodeInstance: getExtensionIndex(0xe8d210e0:ffmpeg.h263.decoder, OMX.google.android.index.enableAndroidNativeBuffers) ERROR: UnsupportedIndex(0x8000101a)
04-02 18:27:27.902 2685 2968 D SoftFFmpegVideo: 0xea28aa00 deInitDecoder: 0xea2aa800
04-02 18:27:27.926 2682 2724 I OMXClient: Treble IOmx obtained
04-02 18:27:27.926 2685 2968 I OMXMaster: makeComponentInstance(OMX.google.h263.decoder) in omx@1.0-service process
04-02 18:27:27.930 2685 2968 E OMXNodeInstance: getExtensionIndex(0xe8d210e0:google.h263.decoder, OMX.google.android.index.configureVideoTunnelMode) ERROR: UnsupportedIndex(0x8000101a)
04-02 18:27:27.930 2685 2968 E OMXNodeInstance: getExtensionIndex(0xe8d210e0:google.h263.decoder, OMX.google.android.index.enableAndroidNativeBuffers) ERROR: UnsupportedIndex(0x8000101a)
04-02 18:27:27.932 2682 2724 I OMXClient: Treble IOmx obtained
04-02 18:27:27.932 2685 2968 I OMXMaster: makeComponentInstance(OMX.ffmpeg.hevc.decoder) in omx@1.0-service process
04-02 18:27:27.932 2685 2968 V FFmpegOMXPlugin: makeComponentInstance 'OMX.ffmpeg.hevc.decoder'
04-02 18:27:27.932 2685 2968 D SoftFFmpegVideo: SoftFFmpegVideo component: OMX.ffmpeg.hevc.decoder codingType=11 appData: 0xe8d38500
04-02 18:27:27.932 2685 2968 D SoftFFmpegVideo: 0xea28aa00 initDecoder: 0xea2aa800
04-02 18:27:27.933 2685 2968 E OMXNodeInstance: getExtensionIndex(0xe8d210e0:ffmpeg.hevc.decoder, OMX.google.android.index.configureVideoTunnelMode) ERROR: UnsupportedIndex(0x8000101a)
04-02 18:27:27.933 2685 2968 E OMXNodeInstance: getExtensionIndex(0xe8d210e0:ffmpeg.hevc.decoder, OMX.google.android.index.enableAndroidNativeBuffers) ERROR: UnsupportedIndex(0x8000101a)
04-02 18:27:27.933 2685 2968 D SoftFFmpegVideo: 0xea28aa00 deInitDecoder: 0xea2aa800
04-02 18:27:27.933 2682 2724 I OMXClient: Treble IOmx obtained
04-02 18:27:27.933 2685 2718 I OMXMaster: makeComponentInstance(OMX.google.hevc.decoder) in omx@1.0-service process
04-02 18:27:27.960 2685 2718 E OMXNodeInstance: getExtensionIndex(0xe8d21620:google.hevc.decoder, OMX.google.android.index.configureVideoTunnelMode) ERROR: UnsupportedIndex(0x8000101a)
04-02 18:27:27.961 2685 2718 E OMXNodeInstance: getExtensionIndex(0xe8d21620:google.hevc.decoder, OMX.google.android.index.enableAndroidNativeBuffers) ERROR: UnsupportedIndex(0x8000101a)
04-02 18:27:27.963 2682 2724 I OMXClient: Treble IOmx obtained
04-02 18:27:27.963 2685 2718 I OMXMaster: makeComponentInstance(OMX.ffmpeg.mpeg2.decoder) in omx@1.0-service process
04-02 18:27:27.963 2685 2718 V FFmpegOMXPlugin: makeComponentInstance 'OMX.ffmpeg.mpeg2.decoder'
04-02 18:27:27.963 2685 2718 D SoftFFmpegVideo: SoftFFmpegVideo component: OMX.ffmpeg.mpeg2.decoder codingType=2 appData: 0xe8d38640
04-02 18:27:27.963 2685 2718 D SoftFFmpegVideo: 0xe8d6da00 initDecoder: 0xe5e7fc00
04-02 18:27:27.964 2685 2718 E OMXNodeInstance: getExtensionIndex(0xe8d21620:ffmpeg.mpeg2.decoder, OMX.google.android.index.configureVideoTunnelMode) ERROR: UnsupportedIndex(0x8000101a)
04-02 18:27:27.964 2685 2718 E OMXNodeInstance: getExtensionIndex(0xe8d21620:ffmpeg.mpeg2.decoder, OMX.google.android.index.enableAndroidNativeBuffers) ERROR: UnsupportedIndex(0x8000101a)
04-02 18:27:27.966 2685 2718 D SoftFFmpegVideo: 0xe8d6da00 deInitDecoder: 0xe5e7fc00
04-02 18:27:27.967 2682 2724 I OMXClient: Treble IOmx obtained
04-02 18:27:27.967 2685 2718 I OMXMaster: makeComponentInstance(OMX.ffmpeg.mpeg4.decoder) in omx@1.0-service process
04-02 18:27:27.967 2685 2718 V FFmpegOMXPlugin: makeComponentInstance 'OMX.ffmpeg.mpeg4.decoder'
04-02 18:27:27.967 2685 2718 D SoftFFmpegVideo: SoftFFmpegVideo component: OMX.ffmpeg.mpeg4.decoder codingType=4 appData: 0xe8d38640
04-02 18:27:27.967 2685 2718 D SoftFFmpegVideo: 0xe8d6da00 initDecoder: 0xe5e7fc00
04-02 18:27:27.968 2685 2718 E OMXNodeInstance: getExtensionIndex(0xe8d21620:ffmpeg.mpeg4.decoder, OMX.google.android.index.configureVideoTunnelMode) ERROR: UnsupportedIndex(0x8000101a)
04-02 18:27:27.968 2685 2718 E OMXNodeInstance: getExtensionIndex(0xe8d21620:ffmpeg.mpeg4.decoder, OMX.google.android.index.enableAndroidNativeBuffers) ERROR: UnsupportedIndex(0x8000101a)
04-02 18:27:27.968 2685 2718 D SoftFFmpegVideo: 0xe8d6da00 deInitDecoder: 0xe5e7fc00
04-02 18:27:27.971 2682 2724 I OMXClient: Treble IOmx obtained
04-02 18:27:27.971 2685 2718 I OMXMaster: makeComponentInstance(OMX.google.mpeg4.decoder) in omx@1.0-service process
04-02 18:27:27.972 2685 2718 E OMXNodeInstance: getExtensionIndex(0xe8d21620:google.mpeg4.decoder, OMX.google.android.index.configureVideoTunnelMode) ERROR: UnsupportedIndex(0x8000101a)
04-02 18:27:27.972 2685 2718 E OMXNodeInstance: getExtensionIndex(0xe8d21620:google.mpeg4.decoder, OMX.google.android.index.enableAndroidNativeBuffers) ERROR: UnsupportedIndex(0x8000101a)
04-02 18:27:27.973 2682 2724 I OMXClient: Treble IOmx obtained
04-02 18:27:27.974 2685 2718 I OMXMaster: makeComponentInstance(OMX.ffmpeg.rv.decoder) in omx@1.0-service process
04-02 18:27:27.974 2685 2718 V FFmpegOMXPlugin: makeComponentInstance 'OMX.ffmpeg.rv.decoder'
04-02 18:27:27.974 2685 2718 D SoftFFmpegVideo: SoftFFmpegVideo component: OMX.ffmpeg.rv.decoder codingType=6 appData: 0xe8d38640
04-02 18:27:27.974 2685 2718 D SoftFFmpegVideo: 0xe8d6da00 initDecoder: 0xe5e7fc00
04-02 18:27:27.976 2685 2718 E OMXNodeInstance: getExtensionIndex(0xe8d21620:ffmpeg.rv.decoder, OMX.google.android.index.configureVideoTunnelMode) ERROR: UnsupportedIndex(0x8000101a)
04-02 18:27:27.977 2685 2718 E OMXNodeInstance: getExtensionIndex(0xe8d21620:ffmpeg.rv.decoder, OMX.google.android.index.enableAndroidNativeBuffers) ERROR: UnsupportedIndex(0x8000101a)
04-02 18:27:27.977 2685 2718 D SoftFFmpegVideo: 0xe8d6da00 deInitDecoder: 0xe5e7fc00
04-02 18:27:27.981 2682 2724 I OMXClient: Treble IOmx obtained
04-02 18:27:27.981 2685 2968 I OMXMaster: makeComponentInstance(OMX.ffmpeg.vtrial.decoder) in omx@1.0-service process
04-02 18:27:27.981 2685 2968 V FFmpegOMXPlugin: makeComponentInstance 'OMX.ffmpeg.vtrial.decoder'
04-02 18:27:27.981 2685 2968 D SoftFFmpegVideo: SoftFFmpegVideo component: OMX.ffmpeg.vtrial.decoder codingType=1 appData: 0xe8d38500
04-02 18:27:27.981 2685 2968 D SoftFFmpegVideo: 0xea28aa00 initDecoder: 0xea2aa800
04-02 18:27:27.981 2685 2968 E OMXNodeInstance: getExtensionIndex(0xe8d210e0:ffmpeg.vtrial.decoder, OMX.google.android.index.configureVideoTunnelMode) ERROR: UnsupportedIndex(0x8000101a)
04-02 18:27:27.981 2685 2968 E OMXNodeInstance: getExtensionIndex(0xe8d210e0:ffmpeg.vtrial.decoder, OMX.google.android.index.enableAndroidNativeBuffers) ERROR: UnsupportedIndex(0x8000101a)
04-02 18:27:27.982 2685 2968 D SoftFFmpegVideo: 0xea28aa00 deInitDecoder: 0xea2aa800
04-02 18:27:27.982 2682 2724 I OMXClient: Treble IOmx obtained
04-02 18:27:27.983 2685 2968 I OMXMaster: makeComponentInstance(OMX.ffmpeg.vc1.decoder) in omx@1.0-service process
04-02 18:27:27.983 2685 2968 V FFmpegOMXPlugin: makeComponentInstance 'OMX.ffmpeg.vc1.decoder'
04-02 18:27:27.983 2685 2968 D SoftFFmpegVideo: SoftFFmpegVideo component: OMX.ffmpeg.vc1.decoder codingType=2130706433 appData: 0xe8d38500
04-02 18:27:27.983 2685 2968 D SoftFFmpegVideo: 0xea28aa00 initDecoder: 0xea2aa800
04-02 18:27:27.983 2685 2968 E OMXNodeInstance: getExtensionIndex(0xe8d210e0:ffmpeg.vc1.decoder, OMX.google.android.index.configureVideoTunnelMode) ERROR: UnsupportedIndex(0x8000101a)
04-02 18:27:27.983 2685 2968 E OMXNodeInstance: getExtensionIndex(0xe8d210e0:ffmpeg.vc1.decoder, OMX.google.android.index.enableAndroidNativeBuffers) ERROR: UnsupportedIndex(0x8000101a)
04-02 18:27:27.983 2685 2968 D SoftFFmpegVideo: 0xea28aa00 deInitDecoder: 0xea2aa800
04-02 18:27:28.004 2682 2724 I OMXClient: Treble IOmx obtained
04-02 18:27:28.004 2685 2968 I OMXMaster: makeComponentInstance(OMX.ffmpeg.vp8.decoder) in omx@1.0-service process
04-02 18:27:28.004 2685 2968 V FFmpegOMXPlugin: makeComponentInstance 'OMX.ffmpeg.vp8.decoder'
04-02 18:27:28.004 2685 2968 D SoftFFmpegVideo: SoftFFmpegVideo component: OMX.ffmpeg.vp8.decoder codingType=9 appData: 0xe8d38500
04-02 18:27:28.004 2685 2968 D SoftFFmpegVideo: 0xea28aa00 initDecoder: 0xea2aa800
04-02 18:27:28.004 2685 2968 E OMXNodeInstance: getExtensionIndex(0xe8d210e0:ffmpeg.vp8.decoder, OMX.google.android.index.configureVideoTunnelMode) ERROR: UnsupportedIndex(0x8000101a)
04-02 18:27:28.004 2685 2968 E OMXNodeInstance: getExtensionIndex(0xe8d210e0:ffmpeg.vp8.decoder, OMX.google.android.index.enableAndroidNativeBuffers) ERROR: UnsupportedIndex(0x8000101a)
04-02 18:27:28.007 2685 2968 D SoftFFmpegVideo: 0xea28aa00 deInitDecoder: 0xea2aa800
04-02 18:27:28.008 2682 2724 I OMXClient: Treble IOmx obtained
04-02 18:27:28.008 2685 2968 I OMXMaster: makeComponentInstance(OMX.google.vp8.decoder) in omx@1.0-service process
04-02 18:27:28.013 2685 2968 E OMXNodeInstance: getExtensionIndex(0xe8d210e0:google.vp8.decoder, OMX.google.android.index.configureVideoTunnelMode) ERROR: UnsupportedIndex(0x8000101a)
04-02 18:27:28.013 2873 3007 I vol.Events: writeEvent level_changed STREAM_VOICE_CALL 4
04-02 18:27:28.013 2685 2968 E OMXNodeInstance: getExtensionIndex(0xe8d210e0:google.vp8.decoder, OMX.google.android.index.enableAndroidNativeBuffers) ERROR: UnsupportedIndex(0x8000101a)
04-02 18:27:28.015 2682 2724 I OMXClient: Treble IOmx obtained
04-02 18:27:28.015 2685 2943 I OMXMaster: makeComponentInstance(OMX.google.vp9.decoder) in omx@1.0-service process
04-02 18:27:28.016 2873 3007 I vol.Events: writeEvent level_changed STREAM_SYSTEM 7
04-02 18:27:28.016 2873 3007 I vol.Events: writeEvent level_changed STREAM_RING 7
04-02 18:27:28.016 2685 2943 E OMXNodeInstance: getExtensionIndex(0xe8d21380:google.vp9.decoder, OMX.google.android.index.configureVideoTunnelMode) ERROR: UnsupportedIndex(0x8000101a)
04-02 18:27:28.016 2685 2943 E OMXNodeInstance: getExtensionIndex(0xe8d21380:google.vp9.decoder, OMX.google.android.index.enableAndroidNativeBuffers) ERROR: UnsupportedIndex(0x8000101a)
04-02 18:27:28.016 2873 3007 I vol.Events: writeEvent level_changed STREAM_MUSIC 1
04-02 18:27:28.019 2682 2724 I OMXClient: Treble IOmx obtained
04-02 18:27:28.019 2685 2943 I OMXMaster: makeComponentInstance(OMX.google.h264.encoder) in omx@1.0-service process
04-02 18:27:28.020 2873 3007 I vol.Events: writeEvent level_changed STREAM_ALARM 7
04-02 18:27:28.021 2873 3007 I vol.Events: writeEvent level_changed STREAM_BLUETOOTH_SCO 7
04-02 18:27:28.035 2873 3057 D OpenGLRenderer: HWUI GL Pipeline
04-02 18:27:28.041 2682 2724 W OMXUtils: do not know color format 0x7f000789 = 2130708361
04-02 18:27:28.044 2682 2724 I OMXClient: Treble IOmx obtained
04-02 18:27:28.044 2685 2943 I OMXMaster: makeComponentInstance(OMX.google.h263.encoder) in omx@1.0-service process
04-02 18:27:28.046 2768 2780 I WifiService: getVerboseLoggingLevel uid=10032
04-02 18:27:28.047 2685 2943 I SoftMPEG4Encoder: Construct SoftMPEG4Encoder
04-02 18:27:28.047 2682 2724 W OMXUtils: do not know color format 0x7f000789 = 2130708361
04-02 18:27:28.048 2685 2943 E OMXNodeInstance: getConfig(0xe8d213e0:google.h263.encoder, ConfigAndroidIntraRefresh(0x6f60000a)) ERROR: Undefined(0x80001001)
04-02 18:27:28.049 2682 2724 I OMXClient: Treble IOmx obtained
04-02 18:27:28.049 2685 2943 I OMXMaster: makeComponentInstance(OMX.google.mpeg4.encoder) in omx@1.0-service process
04-02 18:27:28.049 2685 2943 I SoftMPEG4Encoder: Construct SoftMPEG4Encoder
04-02 18:27:28.050 2768 2780 I WifiService: getWifiServiceMessenger uid=10032
04-02 18:27:28.051 2682 2724 W OMXUtils: do not know color format 0x7f000789 = 2130708361
04-02 18:27:28.051 2685 2943 E OMXNodeInstance: getConfig(0xe8d213e0:google.mpeg4.encoder, ConfigAndroidIntraRefresh(0x6f60000a)) ERROR: Undefined(0x80001001)
04-02 18:27:28.052 2682 2724 I OMXClient: Treble IOmx obtained
04-02 18:27:28.052 2685 3060 I OMXMaster: makeComponentInstance(OMX.google.vp8.encoder) in omx@1.0-service process
04-02 18:27:28.108 2873 2873 D StatusBar: disable
04-02 18:27:28.112 2682 2724 W OMXUtils: do not know color format 0x7f000789 = 2130708361
04-02 18:27:28.112 2685 3060 E OMXNodeInstance: getConfig(0xe8d21260:google.vp8.encoder, ConfigAndroidIntraRefresh(0x6f60000a)) ERROR: Undefined(0x80001001)
04-02 18:27:28.113 2682 2724 I OMXClient: Treble IOmx obtained
04-02 18:27:28.113 2685 2718 I OMXMaster: makeComponentInstance(OMX.google.vp9.encoder) in omx@1.0-service process
04-02 18:27:28.114 2682 2724 W OMXUtils: do not know color format 0x7f000789 = 2130708361
04-02 18:27:28.114 2685 2718 E OMXNodeInstance: getConfig(0xe8d215c0:google.vp9.encoder, ConfigAndroidIntraRefresh(0x6f60000a)) ERROR: Undefined(0x80001001)
04-02 18:27:28.117 2768 2921 I OMXClient: Treble IOmx obtained
04-02 18:27:28.117 2873 2989 I OMXClient: Treble IOmx obtained
04-02 18:27:28.117 2685 2717 I OMXMaster: makeComponentInstance(OMX.google.vorbis.decoder) in omx@1.0-service process
04-02 18:27:28.117 2685 3060 I OMXMaster: makeComponentInstance(OMX.google.vorbis.decoder) in omx@1.0-service process
04-02 18:27:28.120 2685 3060 E OMXNodeInstance: getConfig(0xea29b060:google.vorbis.decoder, ConfigAndroidVendorExtension(0x6f100004)) ERROR: Undefined(0x80001001)
04-02 18:27:28.120 2685 2718 E OMXNodeInstance: getConfig(0xe8d211a0:google.vorbis.decoder, ConfigAndroidVendorExtension(0x6f100004)) ERROR: Undefined(0x80001001)
04-02 18:27:28.122 2653 2653 W /system/bin/hw/android.hidl.allocator@1.0-service: ashmem_create_region(32768) returning hidl_memory(0x70293102b2d0, 32768)
04-02 18:27:28.122 2653 2653 W /system/bin/hw/android.hidl.allocator@1.0-service: ashmem_create_region(32768) returning hidl_memory(0x70293102b2d0, 32768)
04-02 18:27:28.140 2685 2685 I HwBinder:2685_2: type=1400 audit(0.0:323): avc: denied { read } for name="vendor" dev="tmpfs" ino=6244 scontext=u:r:mediacodec:s0 tcontext=u:object_r:tmpfs:s0 tclass=lnk_file permissive=1
04-02 18:27:28.163 2653 2653 W /system/bin/hw/android.hidl.allocator@1.0-service: ashmem_create_region(32768) returning hidl_memory(0x70293102b2d0, 32768)
04-02 18:27:28.169 2653 2653 I chatty : uid=1000(system) allocator@1.0-s identical 20 lines
04-02 18:27:28.169 2653 2653 W /system/bin/hw/android.hidl.allocator@1.0-service: ashmem_create_region(32768) returning hidl_memory(0x70293102b2d0, 32768)
04-02 18:27:28.181 2768 2882 V NuMediaExtractor: setDataSource fd=195 (/system/media/audio/ui/KeypressStandard.ogg), offset=0, length=6610
04-02 18:27:28.190 2873 2975 V NuMediaExtractor: setDataSource fd=38 (/system/media/audio/ui/Unlock.ogg), offset=0, length=7853
04-02 18:27:28.204 2873 2975 V NuMediaExtractor: track of type 'audio/vorbis' does not publish bitrate
04-02 18:27:28.205 2768 2882 V NuMediaExtractor: track of type 'audio/vorbis' does not publish bitrate
04-02 18:27:28.223 2873 3081 I OMXClient: Treble IOmx obtained
04-02 18:27:28.223 2685 2717 I OMXMaster: makeComponentInstance(OMX.google.vorbis.decoder) in omx@1.0-service process
04-02 18:27:28.227 2685 2717 E OMXNodeInstance: getConfig(0xea29b060:google.vorbis.decoder, ConfigAndroidVendorExtension(0x6f100004)) ERROR: Undefined(0x80001001)
04-02 18:27:28.229 2653 2653 W /system/bin/hw/android.hidl.allocator@1.0-service: ashmem_create_region(32768) returning hidl_memory(0x70293102b2d0, 32768)
04-02 18:27:28.232 2653 2653 I chatty : uid=1000(system) allocator@1.0-s identical 5 lines
04-02 18:27:28.233 2653 2653 W /system/bin/hw/android.hidl.allocator@1.0-service: ashmem_create_region(32768) returning hidl_memory(0x70293102b2d0, 32768)
04-02 18:27:28.233 2768 3082 I OMXClient: Treble IOmx obtained
04-02 18:27:28.233 2653 2653 W /system/bin/hw/android.hidl.allocator@1.0-service: ashmem_create_region(32768) returning hidl_memory(0x70293102b2d0, 32768)
04-02 18:27:28.233 2685 2717 I OMXMaster: makeComponentInstance(OMX.google.vorbis.decoder) in omx@1.0-service process
04-02 18:27:28.237 2685 2718 E OMXNodeInstance: getConfig(0xea29b120:google.vorbis.decoder, ConfigAndroidVendorExtension(0x6f100004)) ERROR: Undefined(0x80001001)
04-02 18:27:28.238 2653 2653 W /system/bin/hw/android.hidl.allocator@1.0-service: ashmem_create_region(32768) returning hidl_memory(0x70293102b2d0, 32768)
04-02 18:27:28.262 2653 2653 I chatty : uid=1000(system) allocator@1.0-s identical 14 lines
04-02 18:27:28.262 2653 2653 W /system/bin/hw/android.hidl.allocator@1.0-service: ashmem_create_region(32768) returning hidl_memory(0x70293102b2d0, 32768)
04-02 18:27:28.271 2768 2882 V NuMediaExtractor: setDataSource fd=196 (/system/media/audio/ui/KeypressSpacebar.ogg), offset=0, length=9914
04-02 18:27:28.275 2873 2975 V NuMediaExtractor: setDataSource fd=39 (/system/media/audio/ui/Trusted.ogg), offset=0, length=6123
04-02 18:27:28.278 2873 3066 I SecurityController: could not bind to KeyChainService
04-02 18:27:28.283 2873 2975 V NuMediaExtractor: track of type 'audio/vorbis' does not publish bitrate
04-02 18:27:28.284 2768 2882 V NuMediaExtractor: track of type 'audio/vorbis' does not publish bitrate
04-02 18:27:28.285 2873 3088 I OMXClient: Treble IOmx obtained
04-02 18:27:28.286 2685 2718 I OMXMaster: makeComponentInstance(OMX.google.vorbis.decoder) in omx@1.0-service process
04-02 18:27:28.286 2685 2718 E OMXNodeInstance: getConfig(0xea29b060:google.vorbis.decoder, ConfigAndroidVendorExtension(0x6f100004)) ERROR: Undefined(0x80001001)
04-02 18:27:28.287 2768 3089 I OMXClient: Treble IOmx obtained
04-02 18:27:28.287 2685 2717 I OMXMaster: makeComponentInstance(OMX.google.vorbis.decoder) in omx@1.0-service process
04-02 18:27:28.288 2653 2653 W /system/bin/hw/android.hidl.allocator@1.0-service: ashmem_create_region(32768) returning hidl_memory(0x70293102b2d0, 32768)
04-02 18:27:28.289 2653 2653 I chatty : uid=1000(system) allocator@1.0-s identical 1 line
04-02 18:27:28.289 2653 2653 W /system/bin/hw/android.hidl.allocator@1.0-service: ashmem_create_region(32768) returning hidl_memory(0x70293102b2d0, 32768)
04-02 18:27:28.289 2685 2717 E OMXNodeInstance: getConfig(0xea29b120:google.vorbis.decoder, ConfigAndroidVendorExtension(0x6f100004)) ERROR: Undefined(0x80001001)
04-02 18:27:28.290 2653 2653 W /system/bin/hw/android.hidl.allocator@1.0-service: ashmem_create_region(32768) returning hidl_memory(0x70293102b2d0, 32768)
04-02 18:27:28.302 2653 2653 I chatty : uid=1000(system) allocator@1.0-s identical 19 lines
04-02 18:27:28.302 2653 2653 W /system/bin/hw/android.hidl.allocator@1.0-service: ashmem_create_region(32768) returning hidl_memory(0x70293102b2d0, 32768)
04-02 18:27:28.316 2768 2882 V NuMediaExtractor: setDataSource fd=197 (/system/media/audio/ui/KeypressDelete.ogg), offset=0, length=6629
04-02 18:27:28.318 2768 2882 V NuMediaExtractor: track of type 'audio/vorbis' does not publish bitrate
04-02 18:27:28.323 2768 3095 I OMXClient: Treble IOmx obtained
04-02 18:27:28.323 2685 2718 I OMXMaster: makeComponentInstance(OMX.google.vorbis.decoder) in omx@1.0-service process
04-02 18:27:28.341 2873 2873 I CameraManagerGlobal: Connecting to camera service
04-02 18:27:28.342 2685 2718 E OMXNodeInstance: getConfig(0xea29b060:google.vorbis.decoder, ConfigAndroidVendorExtension(0x6f100004)) ERROR: Undefined(0x80001001)
04-02 18:27:28.343 2653 2653 W /system/bin/hw/android.hidl.allocator@1.0-service: ashmem_create_region(32768) returning hidl_memory(0x70293102b2d0, 32768)
04-02 18:27:28.348 2653 2653 I chatty : uid=1000(system) allocator@1.0-s identical 10 lines
04-02 18:27:28.348 2653 2653 W /system/bin/hw/android.hidl.allocator@1.0-service: ashmem_create_region(32768) returning hidl_memory(0x70293102b2d0, 32768)
04-02 18:27:28.350 2675 2722 I CameraService: CameraService::connect call (PID -1 "cameraserver", camera ID 0) for HAL version default and Camera API version 1
04-02 18:27:28.351 2656 2721 D Camera_Factory: CameraFactory::get_camera_info
04-02 18:27:28.351 2656 2721 D Camera_Factory: CameraFactory::getCameraInfo: id = 0, info = 0xf57f6130
04-02 18:27:28.351 2656 2721 D Camera_Factory: CameraFactory::getCameraNum: 1
04-02 18:27:28.352 2682 2724 D NuPlayerDriver: NuPlayerDriver(0xf6e14070) created, clientPid(2675)
04-02 18:27:28.358 2768 2882 V NuMediaExtractor: setDataSource fd=198 (/system/media/audio/ui/KeypressReturn.ogg), offset=0, length=6009
04-02 18:27:28.362 2768 2882 V NuMediaExtractor: track of type 'audio/vorbis' does not publish bitrate
04-02 18:27:28.364 2768 3101 I OMXClient: Treble IOmx obtained
04-02 18:27:28.365 2685 2718 I OMXMaster: makeComponentInstance(OMX.google.vorbis.decoder) in omx@1.0-service process
04-02 18:27:28.366 2685 2718 E OMXNodeInstance: getConfig(0xea29b060:google.vorbis.decoder, ConfigAndroidVendorExtension(0x6f100004)) ERROR: Undefined(0x80001001)
04-02 18:27:28.367 2653 2653 W /system/bin/hw/android.hidl.allocator@1.0-service: ashmem_create_region(32768) returning hidl_memory(0x70293102b2d0, 32768)
04-02 18:27:28.368 2653 2653 I chatty : uid=1000(system) allocator@1.0-s identical 3 lines
04-02 18:27:28.369 2653 2653 W /system/bin/hw/android.hidl.allocator@1.0-service: ashmem_create_region(32768) returning hidl_memory(0x70293102b2d0, 32768)
04-02 18:27:28.369 2682 3099 D NuPlayerDriver: notifyListener_l(0xf6e14070), (1, 0, 0, -1), loop setting(0, 0)
04-02 18:27:28.370 2653 2653 W /system/bin/hw/android.hidl.allocator@1.0-service: ashmem_create_region(32768) returning hidl_memory(0x70293102b2d0, 32768)
04-02 18:27:28.370 2682 2724 D NuPlayerDriver: NuPlayerDriver(0xf6e14310) created, clientPid(2675)
04-02 18:27:28.371 2653 2653 W /system/bin/hw/android.hidl.allocator@1.0-service: ashmem_create_region(32768) returning hidl_memory(0x70293102b2d0, 32768)
04-02 18:27:28.376 2653 2653 I chatty : uid=1000(system) allocator@1.0-s identical 4 lines
04-02 18:27:28.376 2653 2653 W /system/bin/hw/android.hidl.allocator@1.0-service: ashmem_create_region(32768) returning hidl_memory(0x70293102b2d0, 32768)
04-02 18:27:28.377 2682 3104 D NuPlayerDriver: notifyListener_l(0xf6e14310), (1, 0, 0, -1), loop setting(0, 0)
04-02 18:27:28.377 2682 2724 D NuPlayerDriver: NuPlayerDriver(0xf6e145b0) created, clientPid(2675)
04-02 18:27:28.385 2682 3106 D NuPlayerDriver: notifyListener_l(0xf6e145b0), (1, 0, 0, -1), loop setting(0, 0)
04-02 18:27:28.386 2675 2722 I CameraHardwareInterface: Opening camera 0
04-02 18:27:28.386 2656 2721 I CamDev@1.0-impl: Opening camera 0
04-02 18:27:28.386 2656 2721 D Camera_Factory: CameraFactory::get_camera_info
04-02 18:27:28.386 2656 2721 D Camera_Factory: CameraFactory::getCameraInfo: id = 0, info = 0xf57f6138
04-02 18:27:28.386 2656 2721 D Camera_Factory: CameraFactory::getCameraNum: 1
04-02 18:27:28.386 2656 2721 D Camera_Factory: CameraFactory::device_open: name = 0
04-02 18:27:28.386 2656 2721 D Camera_Factory: CameraFactory::cameraDeviceOpen: id = 0
04-02 18:27:28.386 2656 2721 D Camera_Factory: CameraFactory::getCameraNum: 1
04-02 18:27:28.386 2656 2721 D CameraHardware: CameraHardware::connectCamera: /dev/video0
04-02 18:27:28.386 2656 2721 D CameraHardware: CameraHardware::setCallbacks
04-02 18:27:28.386 2675 2711 I CameraHardwareInterface: Destroying camera 0
04-02 18:27:28.386 2656 2721 D CameraHardware: CameraHardware::enableMsgType: 3085
04-02 18:27:28.386 2656 2721 D CameraHardware: CameraHardware::getParameters
04-02 18:27:28.386 2656 2721 D CameraHardware: CameraHardware::putParameters
04-02 18:27:28.387 2656 2721 D CameraHardware: CameraHardware::disableMsgType: 65535
04-02 18:27:28.387 2656 2721 D CameraHardware: CameraHardware::stopPreview
04-02 18:27:28.387 2656 2721 D CameraHardware: CameraHardware::stopPreviewLocked
04-02 18:27:28.387 2656 2721 D CameraHardware: CameraHardware::stopPreviewLocked: OK
04-02 18:27:28.387 2656 2721 D CameraHardware: CameraHardware::cancelPicture
04-02 18:27:28.387 2656 2721 I CamDev@1.0-impl: Closing camera 0
04-02 18:27:28.387 2656 2721 D CameraHardware: CameraHardware::closeCamera
04-02 18:27:28.387 2656 2721 D CameraHardware: CameraHardware::releaseCamera
04-02 18:27:28.388 2675 2722 I CameraService: disconnect: Disconnected client for camera 0 for PID 2675
04-02 18:27:28.388 2682 2724 D NuPlayerDriver: reset(0xf6e14070) at state 4
04-02 18:27:28.388 2682 2724 D NuPlayerDriver: notifyListener_l(0xf6e14070), (8, 0, 0, -1), loop setting(0, 0)
04-02 18:27:28.388 2682 3099 D NuPlayerDriver: notifyResetComplete(0xf6e14070)
04-02 18:27:28.388 2682 3072 D NuPlayerDriver: reset(0xf6e14310) at state 4
04-02 18:27:28.388 2682 3072 D NuPlayerDriver: notifyListener_l(0xf6e14310), (8, 0, 0, -1), loop setting(0, 0)
04-02 18:27:28.389 2682 3104 D NuPlayerDriver: notifyResetComplete(0xf6e14310)
04-02 18:27:28.389 2682 3072 D NuPlayerDriver: reset(0xf6e145b0) at state 4
04-02 18:27:28.389 2682 3072 D NuPlayerDriver: notifyListener_l(0xf6e145b0), (8, 0, 0, -1), loop setting(0, 0)
04-02 18:27:28.389 2682 3106 D NuPlayerDriver: notifyResetComplete(0xf6e145b0)
04-02 18:27:28.390 2656 2721 D Camera_Factory: CameraFactory::get_camera_info
04-02 18:27:28.390 2656 2721 D Camera_Factory: CameraFactory::getCameraInfo: id = 0, info = 0xf57f6130
04-02 18:27:28.390 2656 2721 D Camera_Factory: CameraFactory::getCameraNum: 1
04-02 18:27:28.401 2768 2882 V NuMediaExtractor: setDataSource fd=199 (/system/media/audio/ui/KeypressInvalid.ogg), offset=0, length=9847
04-02 18:27:28.404 2768 2882 V NuMediaExtractor: track of type 'audio/vorbis' does not publish bitrate
04-02 18:27:28.425 2768 3109 I OMXClient: Treble IOmx obtained
04-02 18:27:28.425 2685 2717 I OMXMaster: makeComponentInstance(OMX.google.vorbis.decoder) in omx@1.0-service process
04-02 18:27:28.426 2685 2717 E OMXNodeInstance: getConfig(0xea29b060:google.vorbis.decoder, ConfigAndroidVendorExtension(0x6f100004)) ERROR: Undefined(0x80001001)
04-02 18:27:28.427 2653 2653 W /system/bin/hw/android.hidl.allocator@1.0-service: ashmem_create_region(32768) returning hidl_memory(0x70293102b2d0, 32768)
04-02 18:27:28.432 2653 2653 I chatty : uid=1000(system) allocator@1.0-s identical 10 lines
04-02 18:27:28.432 2653 2653 W /system/bin/hw/android.hidl.allocator@1.0-service: ashmem_create_region(32768) returning hidl_memory(0x70293102b2d0, 32768)
04-02 18:27:28.466 2873 2873 D LocalBluetoothProfileManager: Adding local MAP profile
04-02 18:27:28.466 2873 2873 D BluetoothMap: Create BluetoothMap proxy object
04-02 18:27:28.468 2873 2873 D LocalBluetoothProfileManager: LocalBluetoothProfileManager construction complete
04-02 18:27:28.473 2873 3008 W Tile.WifiTile: Error in handleSetListening
04-02 18:27:28.473 2873 3008 W Tile.WifiTile: java.lang.NullPointerException: Attempt to invoke interface method 'void com.android.systemui.statusbar.policy.NetworkController.addCallback(com.android.systemui.statusbar.policy.NetworkController$SignalCallback)' on a null object reference
04-02 18:27:28.473 2873 3008 W Tile.WifiTile: at com.android.systemui.qs.tiles.WifiTile.handleSetListening(WifiTile.java:80)
04-02 18:27:28.473 2873 3008 W Tile.WifiTile: at com.android.systemui.qs.tileimpl.QSTileImpl$H.handleMessage(QSTileImpl.java:461)
04-02 18:27:28.473 2873 3008 W Tile.WifiTile: at android.os.Handler.dispatchMessage(Handler.java:106)
04-02 18:27:28.473 2873 3008 W Tile.WifiTile: at android.os.Looper.loop(Looper.java:164)
04-02 18:27:28.473 2873 3008 W Tile.WifiTile: at android.os.HandlerThread.run(HandlerThread.java:65)
04-02 18:27:28.487 2656 2721 D Camera_Factory: CameraFactory::get_camera_info
04-02 18:27:28.511 2873 3057 D OpenGLRenderer: profile bars disabled
04-02 18:27:28.511 2873 3057 D OpenGLRenderer: ambientRatio = 1.50
04-02 18:27:28.513 2656 2721 D Camera_Factory: CameraFactory::getCameraInfo: id = 0, info = 0xf57f6130
04-02 18:27:28.513 2656 2721 D Camera_Factory: CameraFactory::getCameraNum: 1
04-02 18:27:28.515 2873 2873 D StatusBar: disable
04-02 18:27:28.521 2873 2873 W TelecomManager: Telecom Service not found.
04-02 18:27:28.527 2873 2873 D StatusBar: heads up is enabled
04-02 18:27:28.540 2873 2873 D StorageNotification: Notifying about private volume: VolumeInfo{private}:
04-02 18:27:28.540 2873 2873 D StorageNotification: type=PRIVATE diskId=null partGuid=null mountFlags=0 mountUserId=-1
04-02 18:27:28.540 2873 2873 D StorageNotification: state=MOUNTED
04-02 18:27:28.540 2873 2873 D StorageNotification: fsType=null fsUuid=null fsLabel=null
04-02 18:27:28.540 2873 2873 D StorageNotification: path=/data internalPath=null
04-02 18:27:28.604 2873 2873 I Choreographer: Skipped 47 frames! The application may be doing too much work on its main thread.
04-02 18:27:28.610 2666 2714 D gralloc : Registering a buffer in the process that created it. This may cause memory ordering problems.
04-02 18:27:28.610 2666 2714 I chatty : uid=0(root) Binder:2666_1 identical 1 line
04-02 18:27:28.610 2666 2714 D gralloc : Registering a buffer in the process that created it. This may cause memory ordering problems.
04-02 18:27:28.610 2873 3057 I com.android.systemui: android::hardware::configstore::V1_0::ISurfaceFlingerConfigs::hasWideColorDisplay retrieved: 0
04-02 18:27:28.610 2873 3057 I OpenGLRenderer: Initialized EGL, version 1.4
04-02 18:27:28.610 2873 3057 D OpenGLRenderer: Swap behavior 1
04-02 18:27:28.614 2873 2873 D ViewRootImpl[StatusBar]: changeCanvasOpacity: opaque=true
04-02 18:27:28.720 2666 2755 D gralloc : Registering a buffer in the process that created it. This may cause memory ordering problems.
04-02 18:27:28.720 2666 2755 I chatty : uid=0(root) Binder:2666_3 identical 1 line
04-02 18:27:28.720 2666 2755 D gralloc : Registering a buffer in the process that created it. This may cause memory ordering problems.
04-02 18:27:28.845 2873 2888 I zygote64: Do partial code cache collection, code=30KB, data=26KB
04-02 18:27:28.845 2873 2888 I zygote64: After code cache collection, code=30KB, data=26KB
04-02 18:27:28.846 2873 2888 I zygote64: Increasing code cache capacity to 128KB
04-02 18:27:29.339 2666 2755 D gralloc : Registering a buffer in the process that created it. This may cause memory ordering problems.
04-02 18:27:29.340 2873 3057 D vndksupport: Loading /vendor/lib64/hw/android.hardware.graphics.mapper@2.0-impl.so from current namespace instead of sphal namespace.
04-02 18:27:29.340 2873 3057 D vndksupport: Loading /vendor/lib64/hw/gralloc.default.so from current namespace instead of sphal namespace.
04-02 18:27:29.341 2873 3057 D vndksupport: Loading /vendor/lib64/hw/gralloc.default.so from current namespace instead of sphal namespace.
04-02 18:27:29.374 2768 2832 I InputReader: Reconfiguring input devices. changes=0x00000004
04-02 18:27:29.498 2666 2755 D gralloc : Registering a buffer in the process that created it. This may cause memory ordering problems.
04-02 18:27:29.573 2873 2873 W StatusBar/NavBarView: *** Invalid layout in navigation bar (sizeChanged this=1600x56 cur=1582x56)
04-02 18:27:29.573 2873 2873 I Choreographer: Skipped 54 frames! The application may be doing too much work on its main thread.
04-02 18:27:29.972 2666 2714 D gralloc : Registering a buffer in the process that created it. This may cause memory ordering problems.
04-02 18:27:29.996 2873 2873 I Choreographer: Skipped 35 frames! The application may be doing too much work on its main thread.
04-02 18:27:29.996 2666 2714 D gralloc : Registering a buffer in the process that created it. This may cause memory ordering problems.
04-02 18:27:29.997 2666 2716 D gralloc : Registering a buffer in the process that created it. This may cause memory ordering problems.
04-02 18:27:30.000 2873 2888 I zygote64: Do partial code cache collection, code=61KB, data=48KB
04-02 18:27:30.000 2873 2888 I zygote64: After code cache collection, code=61KB, data=48KB
04-02 18:27:30.000 2873 2888 I zygote64: Increasing code cache capacity to 256KB
04-02 18:27:49.485 2666 3119 D gralloc : Registering a buffer in the process that created it. This may cause memory ordering problems.
04-02 18:27:52.897 3121 3121 W zygote64: Unexpected CPU variant for X86 using defaults: x86_64
04-02 18:27:52.891 3121 3121 I main : type=1400 audit(0.0:324): avc: denied { mounton } for path="/storage" dev="tmpfs" ino=6239 scontext=u:r:zygote:s0 tcontext=u:object_r:tmpfs:s0 tclass=dir permissive=1
04-02 18:27:52.895 3121 3121 I main : type=1400 audit(0.0:325): avc: denied { dac_read_search } for capability=2 scontext=u:r:zygote:s0 tcontext=u:r:zygote:s0 tclass=capability permissive=1
04-02 18:27:52.913 2768 2782 E memtrack: Couldn't load memtrack module
04-02 18:27:52.913 2768 2782 W android.os.Debug: failed to get memory consumption info: -1
04-02 18:27:52.913 2768 2782 I android.os.Debug: using rollup pss collection
04-02 18:27:53.033 3121 3121 I zygote64: The ClassLoaderContext is a special shared library.
04-02 18:27:56.389 2768 2768 E LightsService: Light requested not available on this device. 4
04-02 18:27:56.395 2577 2577 W /system/bin/hwservicemanager: getTransport: Cannot find entry android.hardware.gnss@1.0::IGnss/default in either framework or device manifest.
04-02 18:27:56.396 2768 2768 E GnssLocationProvider: Unable to get GPS service
04-02 18:27:56.399 2768 2768 E ActivityRecognitionHardware: activity_recognition HAL is deprecated. is_supported is effectively a no-op
04-02 18:27:56.402 2768 2768 I CommonTimeManagementService: No common time service detected on this platform. Common time services will be unavailable.
04-02 18:27:56.403 2768 2832 I InputReader: Reconfiguring input devices. changes=0x00000020
04-02 18:27:56.395 2768 2768 I system_server: type=1400 audit(0.0:326): avc: denied { read } for name="vendor" dev="tmpfs" ino=6244 scontext=u:r:system_server:s0 tcontext=u:object_r:tmpfs:s0 tclass=lnk_file permissive=1
04-02 18:27:56.405 2768 2863 D Ethernet: got request NetworkRequest [ TRACK_DEFAULT id=5, [ Capabilities: INTERNET&NOT_RESTRICTED&TRUSTED&NOT_VPN] ] with score 0
04-02 18:27:56.405 2768 2832 I InputReader: Reconfiguring input devices. changes=0x00000010
04-02 18:27:56.415 3140 3140 W zygote64: Unexpected CPU variant for X86 using defaults: x86_64
04-02 18:27:56.412 3140 3140 I main : type=1400 audit(0.0:327): avc: denied { create } for name="cgroup.procs" scontext=u:r:zygote:s0 tcontext=u:object_r:cgroup:s0 tclass=file permissive=1
04-02 18:27:56.730 3154 3154 W zygote64: Unexpected CPU variant for X86 using defaults: x86_64
04-02 18:27:56.736 2768 2784 W zygote64: Long monitor contention with owner main (2768) at void com.android.server.am.ActivityManagerService.systemReady(java.lang.Runnable, android.util.TimingsTraceLog)(ActivityManagerService.java:14267) waiters=0 in void com.android.server.am.ActivityManagerService.dispatchUidsChanged() for 328ms
04-02 18:27:56.738 2768 2779 W zygote64: Long monitor contention with owner main (2768) at void com.android.server.am.ActivityManagerService.systemReady(java.lang.Runnable, android.util.TimingsTraceLog)(ActivityManagerService.java:14267) waiters=1 in void com.android.server.am.ActivityManagerService.attachApplication(android.app.IApplicationThread) for 297ms
04-02 18:27:56.748 2768 2768 D RttService: SCAN_AVAILABLE : 1
04-02 18:27:56.748 2768 2843 I WifiScanningService: wifi driver unloaded
04-02 18:27:56.748 2768 2844 D RttService: DefaultState got{ when=0 what=160513 target=com.android.internal.util.StateMachine$SmHandler }
04-02 18:27:56.738 2665 2665 I lmkd : type=1400 audit(0.0:328): avc: denied { dac_read_search } for capability=2 scontext=u:r:lmkd:s0 tcontext=u:r:lmkd:s0 tclass=capability permissive=1
04-02 18:27:56.738 2768 2768 I Binder:2768_7: type=1400 audit(0.0:329): avc: denied { write } for name="timerslack_ns" dev="proc" ino=15994 scontext=u:r:system_server:s0 tcontext=u:r:system_app:s0 tclass=file permissive=1
04-02 18:27:57.650 2677 2824 D installd: Found storage mount /data/media at /mnt/runtime/default/emulated
04-02 18:27:57.650 2768 2768 D RttService: SCAN_AVAILABLE : 3
04-02 18:27:57.651 2768 2844 D RttService: DefaultState got{ when=0 what=160512 target=com.android.internal.util.StateMachine$SmHandler }
04-02 18:27:57.653 2768 2843 I WifiScanningService: wifi driver loaded with scan capabilities: max buckets=16
04-02 18:27:57.740 3154 3154 I zygote64: The ClassLoaderContext is a special shared library.
04-02 18:27:57.740 3140 3140 I zygote64: The ClassLoaderContext is a special shared library.
04-02 18:27:57.743 2873 2873 V StatusBar: userId 0 is in the house
04-02 18:27:57.805 2768 2768 I zygote64: The ClassLoaderContext is a special shared library.
04-02 18:27:57.896 2768 2768 I Binder:2768_3: type=1400 audit(0.0:330): avc: denied { write } for name="timerslack_ns" dev="proc" ino=15972 scontext=u:r:system_server:s0 tcontext=u:r:priv_app:s0:c512,c768 tclass=file permissive=1
04-02 18:27:58.093 2768 2768 I zygote64: The ClassLoaderContext is a special shared library.
04-02 18:27:58.098 2768 2768 E WiredAccessoryManager: No state change.
04-02 18:27:58.161 3140 3140 I zygote64: The ClassLoaderContext is a special shared library.
04-02 18:27:58.223 2654 2654 W DeviceHAL: Device 0xf27d1000 set_mic_mute: Function not implemented
04-02 18:27:58.236 2768 2768 I FusedLocation: engine started (com.android.location.fused)
04-02 18:27:58.241 3140 3140 D TelephonyProvider: dbh.onOpen: ok, queried table=siminfo
04-02 18:27:58.241 3140 3140 D TelephonyProvider: dbh.onOpen: ok, queried table=carriers
04-02 18:27:58.265 3140 3140 D CarrierProvider: onCreate
04-02 18:27:58.278 3154 3183 D OpenGLRenderer: HWUI GL Pipeline
04-02 18:27:58.307 2666 2714 D gralloc : Registering a buffer in the process that created it. This may cause memory ordering problems.
04-02 18:27:58.307 2666 2714 I chatty : uid=0(root) Binder:2666_1 identical 1 line
04-02 18:27:58.307 2666 2714 D gralloc : Registering a buffer in the process that created it. This may cause memory ordering problems.
04-02 18:27:58.328 3154 3183 I com.android.settings: android::hardware::configstore::V1_0::ISurfaceFlingerConfigs::hasWideColorDisplay retrieved: 0
04-02 18:27:58.328 3154 3183 I OpenGLRenderer: Initialized EGL, version 1.4
04-02 18:27:58.328 3154 3183 D OpenGLRenderer: Swap behavior 1
04-02 18:27:58.332 2873 3078 I SecurityController: could not bind to KeyChainService
04-02 18:27:58.359 2666 2714 D gralloc : Registering a buffer in the process that created it. This may cause memory ordering problems.
04-02 18:27:58.360 3154 3183 D vndksupport: Loading /vendor/lib64/hw/android.hardware.graphics.mapper@2.0-impl.so from current namespace instead of sphal namespace.
04-02 18:27:58.360 3154 3183 D vndksupport: Loading /vendor/lib64/hw/gralloc.default.so from current namespace instead of sphal namespace.
04-02 18:27:58.363 3154 3183 D vndksupport: Loading /vendor/lib64/hw/gralloc.default.so from current namespace instead of sphal namespace.
04-02 18:27:58.378 2768 2790 I ActivityManager: Displayed com.android.settings/.FallbackHome: +1s650ms
04-02 18:27:58.475 3140 3140 I ImsResolver: Initializing cache and binding.
04-02 18:27:58.643 1229 1229 I loop0 : type=1400 audit(0.0:331): avc: denied { read } for path="/mnt/android-8.1-r1/system.img" dev="sda8" ino=312225 scontext=u:r:kernel:s0 tcontext=u:object_r:unlabeled:s0 tclass=file permissive=1
