D/VLC ( 3686): [ae24b434] core spu text: removing module "freetype"
D/VLC ( 3686): [ae24b434] core spu text: looking for text renderer module matching "any": 1 candidates
D/VLC ( 3686): [ae24b434] freetype spu text: Using /system/fonts/DroidSans-Bold.ttf as font from file /system/fonts/DroidSans-Bold.ttf
D/VLC ( 3686): [ae24b434] freetype spu text: Using /system/fonts/DroidSansMono.ttf as mono-font from file /system/fonts/DroidSansMono.ttf
D/VLC ( 3686): [ae24b434] freetype spu text: using fontsize: 2
D/VLC ( 3686): [ae24b434] core spu text: using text renderer module "freetype"
D/VLC ( 3686): [a04cc3d4] core input: Buffering 77%
D/VLC ( 3686): [a04cc3d4] core input: Buffering 79%
D/VLC ( 3686): [a04cc3d4] core input: Buffering 80%
D/VLC ( 3686): [a04cc3d4] core input: Buffering 82%
D/VLC ( 3686): [a04cc3d4] core input: Buffering 84%
D/VLC ( 3686): [a04cc3d4] core input: Buffering 85%
D/VLC ( 3686): [a04cc3d4] core input: Buffering 87%
D/VLC ( 3686): [a04cc3d4] core input: Buffering 89%
D/VLC ( 3686): [a04cc3d4] core input: Buffering 90%
D/VLC ( 3686): [a04cc3d4] core input: Buffering 92%
D/VLC ( 3686): [a04cc3d4] core input: Buffering 94%
D/VLC ( 3686): [a04cc3d4] core input: Buffering 95%
D/VLC ( 3686): [a04cc3d4] core input: Buffering 97%
D/VLC ( 3686): [a04cc3d4] core input: Buffering 99%
D/VLC ( 3686): [a04cc3d4] core input: Stream buffering done (1015 ms in 94 ms)
D/VLC ( 3686): [a0596234] core decoder: End of video preroll
D/VLC ( 3686): [a0596234] core decoder: Received first picture
D/VLC ( 3686): [a04cc3d4] core input: Decoder wait done in 884 ms
D/VLC ( 3686): [9f228ab4] core video output: picture might be displayed late (missing 3 ms)
D/VLC ( 3686): [9f228ab4] core video output: picture might be displayed late (missing 0 ms)
D/VLC ( 3686): [9f228ab4] core video output: picture might be displayed late (missing 7 ms)
D/VLC ( 3686): [9f228ab4] core video output: picture might be displayed late (missing 14 ms)
D/VLC ( 3686): [9f228ab4] core video output: picture might be displayed late (missing 6 ms)
D/VLC ( 3686): [9f228ab4] core video output: picture might be displayed late (missing 1 ms)
D/VLC ( 3686): [a04cc3d4] core input: control: stopping input
W/VLC ( 3686): [a0596234] core decoder: can't get output picture
W/VLC ( 3686): [a0596234] core decoder: can't get output picture
W/VLC ( 3686): [a0596234] avcodec decoder: cannot decode one frame (17000 bytes)
W/VLC ( 3686): [a0596234] core decoder: can't get output picture
W/VLC ( 3686): [a0596234] avcodec decoder: cannot decode one frame (16245 bytes)
W/VLC ( 3686): [a0596234] core decoder: can't get output picture
W/VLC ( 3686): [a0596234] avcodec decoder: cannot decode one frame (15474 bytes)
W/VLC ( 3686): [a0596234] core decoder: can't get output picture
W/VLC ( 3686): [a0596234] avcodec decoder: cannot decode one frame (18527 bytes)
W/VLC ( 3686): [a0596234] core decoder: can't get output picture
W/VLC ( 3686): [a0596234] avcodec decoder: cannot decode one frame (23610 bytes)
W/VLC ( 3686): [a0596234] core decoder: can't get output picture
W/VLC ( 3686): [a0596234] avcodec decoder: cannot decode one frame (9329 bytes)
W/VLC ( 3686): [a0596234] core decoder: can't get output picture
W/VLC ( 3686): [a0596234] avcodec decoder: cannot decode one frame (17681 bytes)
W/VLC ( 3686): [a0596234] core decoder: can't get output picture
W/VLC ( 3686): [a0596234] avcodec decoder: cannot decode one frame (25051 bytes)
W/VLC ( 3686): [a0596234] core decoder: can't get output picture
W/VLC ( 3686): [a0596234] avcodec decoder: cannot decode one frame (6652 bytes)
W/VLC ( 3686): [a0596234] core decoder: can't get output picture
W/VLC ( 3686): [a0596234] avcodec decoder: cannot decode one frame (7141 bytes)
W/VLC ( 3686): [a0596234] core decoder: can't get output picture
W/VLC ( 3686): [a0596234] avcodec decoder: cannot decode one frame (15833 bytes)
W/VLC ( 3686): [a0596234] core decoder: can't get output picture
W/VLC ( 3686): [a0596234] avcodec decoder: cannot decode one frame (26552 bytes)
W/VLC ( 3686): [a0596234] core decoder: can't get output picture
W/VLC ( 3686): [a0596234] avcodec decoder: cannot decode one frame (8334 bytes)
W/VLC ( 3686): [a0596234] core decoder: can't get output picture
W/VLC ( 3686): [a0596234] avcodec decoder: cannot decode one frame (7714 bytes)
W/VLC ( 3686): [a0596234] core decoder: can't get output picture
W/VLC ( 3686): [a0596234] avcodec decoder: cannot decode one frame (18070 bytes)
W/VLC ( 3686): [a0596234] core decoder: can't get output picture
W/VLC ( 3686): [a0596234] avcodec decoder: cannot decode one frame (18326 bytes)
W/VLC ( 3686): [a0596234] core decoder: can't get output picture
W/VLC ( 3686): [a0596234] avcodec decoder: cannot decode one frame (21104 bytes)
W/VLC ( 3686): [a0596234] core decoder: can't get output picture
W/VLC ( 3686): [a0596234] avcodec decoder: cannot decode one frame (35617 bytes)
D/VLC ( 3686): [a0596234] core decoder: removing module "avcodec"
W/VLC ( 3686): [a0596234] core decoder: can't get output picture
D/VLC ( 3686): [a0596234] avcodec decoder: ffmpeg codec (h264) stopped
D/VLC ( 3686): [a0596234] core decoder: killing decoder fourcc `h264', 0 PES in FIFO
D/VLC ( 3686): [a04fd544] core generic: saving a free vout
D/VLC ( 3686): [a04fd544] core generic: reusing provided vout
D/VLC ( 3686): [a054d9b4] core demux: removing module "mkv"
D/VLC ( 3686): [a04cc3d4] core input: Program doesn't contain anymore ES
D/VLC ( 3686): [a054d9b4] mkv demux: Stopping the UI Hook
D/VLC ( 3686): [a0443934] core stream: removing module "record"
D/VLC ( 3686): [a054d914] core access: removing module "filesystem"
D/VLC ( 3686): [a0518cb4] core audio output: removing module "android_audiotrack"
D/VLC ( 3686): [9f228ab4] core video output: destroying useless vout
D/VLC ( 3686): [a07e57b4] core filter: removing module "swscale"
D/VLC ( 3686): [a051cef4] core vout display: Filter 0xa07e57b4 removed from chain
D/VLC ( 3686): [a051cef4] core vout display: removing module "vmem"
D/VLC ( 3686): [ae24b434] core spu text: removing module "freetype"
D/VLC ( 3686): [ae24ba34] core scale: removing module "yuvp"
D/VLC ( 3686): [ae24b734] core scale: removing module "swscale"
I/VLC/Thumbnailer( 3686): Thumbnail created for Half-Life_2041_720p60.mkv
D/VLC/MediaDatabase( 3686): Setting new picture for Half-Life_2041_720p60.mkv
D/wpa_supplicant( 3166): wlan0: Control interface command 'SIGNAL_POLL'
E/WifiStateMachine( 1889): WifiStateMachine CMD_START_SCAN source -2 txSuccessRate=-0.00 rxSuccessRate=-0.00 targetRoamBSSID=00:90:4c:5f:00:2a RSSI=-52
E/WifiStateMachine( 1889): WifiStateMachine starting scan for "FOX9"WPA_PSK with 2437
D/wpa_supplicant( 3166): wlan0: Control interface command 'SCAN TYPE=ONLY freq=2437'
D/wpa_supplicant( 3166): wlan0: Setting scan request: 0.000000 sec
D/wpa_supplicant( 3166): Scan SSID - hexdump(len=4): 46 4f 58 39
D/wpa_supplicant( 3166): wlan0: Starting AP scan for wildcard SSID
D/wpa_supplicant( 3166): WPS: Building WPS IE for Probe Request
D/wpa_supplicant( 3166): WPS: * Version (hardcoded 0x10)
D/wpa_supplicant( 3166): WPS: * Request Type
D/wpa_supplicant( 3166): WPS: * Config Methods (4288)
D/wpa_supplicant( 3166): WPS: * UUID-E
D/wpa_supplicant( 3166): WPS: * Primary Device Type
D/wpa_supplicant( 3166): WPS: * RF Bands (1)
D/wpa_supplicant( 3166): WPS: * Association State
D/wpa_supplicant( 3166): WPS: * Configuration Error (0)
D/wpa_supplicant( 3166): WPS: * Device Password ID (0)
D/wpa_supplicant( 3166): WPS: * Manufacturer
D/wpa_supplicant( 3166): WPS: * Model Name
D/wpa_supplicant( 3166): WPS: * Model Number
D/wpa_supplicant( 3166): WPS: * Device Name
D/wpa_supplicant( 3166): WPS: * Version2 (0x20)
D/wpa_supplicant( 3166): P2P: * P2P IE header
D/wpa_supplicant( 3166): P2P: * Capability dev=21 group=00
D/wpa_supplicant( 3166): P2P: * Listen Channel: Regulatory Class 81 Channel 11
D/wpa_supplicant( 3166): wlan0: Limit manual scan to specified channels
D/wpa_supplicant( 3166): wlan0: Add radio work 'scan'@0xb6836430
D/wpa_supplicant( 3166): wlan0: First radio work item in the queue - schedule start immediately
D/wpa_supplicant( 3166): wlan0: Starting radio work 'scan'@0xb6836430 after 0.000032 second wait
D/wpa_supplicant( 3166): wlan0: nl80211: scan request
D/wpa_supplicant( 3166): nl80211: Scan SSID - hexdump(len=4): 46 4f 58 39
D/wpa_supplicant( 3166): nl80211: Scan SSID - hexdump(len=0): [NULL]
D/wpa_supplicant( 3166): nl80211: Scan extra IEs - hexdump(len=147): dd 7e 00 50 f2 04 10 4a 00 01 10 10 3a 00 01 00 10 08 00 02 42 88 10 47 00 10 48 95 8f 14 8c 54 ...
D/wpa_supplicant( 3166): nl80211: Scan frequency 2437 MHz
D/wpa_supplicant( 3166): Scan requested (ret=0) - scan timeout 30 seconds
D/wpa_supplicant( 3166): nl80211: Event message available
D/wpa_supplicant( 3166): nl80211: Drv Event 33 (NL80211_CMD_TRIGGER_SCAN) received for wlan0
D/wpa_supplicant( 3166): wlan0: nl80211: Scan trigger
D/wpa_supplicant( 3166): wlan0: Event SCAN_STARTED (49) received
D/wpa_supplicant( 3166): wlan0: Own scan request started a scan in 0.000100 seconds
D/wpa_supplicant( 3166): CTRL_IFACE monitor sent successfully to /data/misc/wifi/sockets/wpa_ctrl_1889-2\x00
D/wpa_supplicant( 3166): RTM_NEWLINK: ifi_index=4 ifname=wlan0 wext ifi_family=0 ifi_flags=0x11043 ([UP][RUNNING][LOWER_UP])
D/wpa_supplicant( 3166): nl80211: Event message available
D/wpa_supplicant( 3166): nl80211: Drv Event 34 (NL80211_CMD_NEW_SCAN_RESULTS) received for wlan0
D/wpa_supplicant( 3166): wlan0: nl80211: New scan results available
D/wpa_supplicant( 3166): nl80211: Scan probed for SSID 'FOX9'
D/wpa_supplicant( 3166): nl80211: Scan probed for SSID ''
D/wpa_supplicant( 3166): nl80211: Scan included frequencies: 2437
D/wpa_supplicant( 3166): wlan0: Event SCAN_RESULTS (3) received
D/wpa_supplicant( 3166): wlan0: Scan completed in 0.030235 seconds
D/wpa_supplicant( 3166): nl80211: Associated on 2437 MHz
D/wpa_supplicant( 3166): nl80211: Associated with 00:90:4c:5f:00:2a
D/wpa_supplicant( 3166): nl80211: Received scan results (2 BSSes)
D/wpa_supplicant( 3166): nl80211: Scan results indicate BSS status with 00:90:4c:5f:00:2a as associated
D/wpa_supplicant( 3166): Sorted scan results
D/wpa_supplicant( 3166): 00:90:4c:5f:00:2a freq=2437 qual=0 noise=0 level=-50 flags=0xb age=9
D/wpa_supplicant( 3166): IEs - hexdump(len=96): 00 04 00 00 00 00 01 08 82 84 8b 96 24 30 48 6c 03 01 06 05 04 00 01 00 00 2a 01 00 2f 01 00 30 ...
D/wpa_supplicant( 3166): Beacon IEs - hexdump(len=96): 00 04 00 00 00 00 01 08 82 84 8b 96 24 30 48 6c 03 01 06 05 04 00 01 00 00 2a 01 00 2f 01 00 30 ...
D/wpa_supplicant( 3166): 00:90:4c:5f:00:2a freq=2437 qual=0 noise=0 level=-50 flags=0x2b age=0
D/wpa_supplicant( 3166): IEs - hexdump(len=90): 00 04 46 4f 58 39 01 08 82 84 8b 96 24 30 48 6c 03 01 06 2a 01 00 2f 01 00 30 14 01 00 00 0f ac ...
D/wpa_supplicant( 3166): Beacon IEs - hexdump(len=96): 00 04 00 00 00 00 01 08 82 84 8b 96 24 30 48 6c 03 01 06 05 04 00 01 00 00 2a 01 00 2f 01 00 30 ...
D/wpa_supplicant( 3166): wlan0: BSS: Start scan result update 37
D/wpa_supplicant( 3166): BSS: last_scan_res_used=2/32
D/wpa_supplicant( 3166): Add randomness: count=197 entropy=163
D/wpa_supplicant( 3166): random pool - hexdump(len=128): [REMOVED]
D/wpa_supplicant( 3166): random_mix_pool - hexdump(len=8): [REMOVED]
D/wpa_supplicant( 3166): random_mix_pool - hexdump(len=5): [REMOVED]
D/wpa_supplicant( 3166): random pool - hexdump(len=128): [REMOVED]
D/wpa_supplicant( 3166): Add randomness: count=198 entropy=164
D/wpa_supplicant( 3166): random pool - hexdump(len=128): [REMOVED]
D/wpa_supplicant( 3166): random_mix_pool - hexdump(len=8): [REMOVED]
D/wpa_supplicant( 3166): random_mix_pool - hexdump(len=5): [REMOVED]
D/wpa_supplicant( 3166): random pool - hexdump(len=128): [REMOVED]
D/wpa_supplicant( 3166): wlan0: Scan-only results received
D/wpa_supplicant( 3166): CTRL_IFACE monitor sent successfully to /data/misc/wifi/sockets/wpa_ctrl_1889-2\x00
D/wpa_supplicant( 3166): wlan0: Radio work 'scan'@0xb6836430 done in 0.032411 seconds
D/wpa_supplicant( 3166): wlan0: Control interface command 'BSS RANGE=0- MASK=0x21987'
D/wpa_supplicant( 3166): wlan0: Control interface command 'STATUS-NO_EVENTS'
W/AudioTrack( 1889): AUDIO_OUTPUT_FLAG_FAST denied by client
I/ActivityManager( 1889): START u0 {act=org.videolan.vlc.gui.video.PLAY_FROM_VIDEOGRID cmp=org.videolan.vlc/.gui.video.VideoPlayerActivity (has extras)} from uid 10052 on display 0
V/WindowManager( 1889): addAppToken: AppWindowToken{8d29540 token=Token{21ce48c3 ActivityRecord{e905c72 u0 org.videolan.vlc/.gui.video.VideoPlayerActivity t10}}} to stack=1 task=10 at 1
D/audio_hw_primary( 1581): found out /dev/snd/pcmC1D0p
I/VLC/Thumbnailer( 3686): interruption probably requested by stop()
D/VLC/Thumbnailer( 3686): Thumbnailer stopped
D/VLC/AudioService( 3686): Updating widget
I/MediaFocusControl( 1889): AudioFocus abandonAudioFocus() from android.media.AudioManager@279ef13corg.videolan.vlc.audio.AudioService$1@1c952ec5
D/VLC/VideoPlayerActivity( 3686): MediaRouter information : android.media.MediaRouter@180d9872
I/VLC/VideoPlayerActivity( 3686): No secondary display detected
D/VLC/VideoPlayerActivity( 3686): Hardware acceleration mode: 2
D/VLC/VideoPlayerActivity( 3686): updateNavStatus: getChapterCountForTitle(0) = -1, getTitleCount() = -1
V/WindowManager( 1889): Adding window Window{2f95d0f u0 org.videolan.vlc/org.videolan.vlc.gui.video.VideoPlayerActivity} at 4 of 9 (after Window{1bee9b2f u0 org.videolan.vlc/org.videolan.vlc.gui.MainActivity})
V/WindowManager( 1889): Adding window Window{f9c47a5 u0 SurfaceView} at 4 of 10 (before Window{2f95d0f u0 org.videolan.vlc/org.videolan.vlc.gui.video.VideoPlayerActivity})
D/VLC/VideoPlayerActivity( 3686): surfaceChanged: Surface(name=null)/@0x3a3226a6
V/WindowManager( 1889): Adding window Window{1e78bb2b u0 SurfaceView} at 5 of 11 (before Window{2f95d0f u0 org.videolan.vlc/org.videolan.vlc.gui.video.VideoPlayerActivity})
I/ActivityManager( 1889): Displayed org.videolan.vlc/.gui.video.VideoPlayerActivity: +288ms
D/VLC/AudioServiceContoller( 3686): Service Connected
D/VLC/AudioService( 3686): Updating widget
I/MediaFocusControl( 1889): AudioFocus abandonAudioFocus() from android.media.AudioManager@36e27c83org.videolan.vlc.audio.AudioService$1@30b11e00
D/VLC ( 3686): [9b3f6494] core input: Creating an input for 'Half-Life_2041_720p60.mkv'
D/VLC ( 3686): [9b3f6314] core art finder: looking for meta fetcher module matching "any": 0 candidates
D/VLC ( 3686): [9b3f6314] core art finder: no meta fetcher modules
D/VLC ( 3686): [b3e6ef34] core libvlc: searching art for Half-Life_2041_720p60.mkv
D/VLC ( 3686): [9b3f6314] core art finder: looking for art finder module matching "any": 1 candidates
D/VLC ( 3686): [9b3f6314] core art finder: no art finder modules matched
D/VLC ( 3686): [b3e6ef34] core libvlc: art not found for Half-Life_2041_720p60.mkv
D/VLC/MediaWrapper( 3686): Title Half-Life_2041_720p60.mkv
D/VLC/MediaWrapper( 3686): Artist null
D/VLC/MediaWrapper( 3686): Genre null
D/VLC/MediaWrapper( 3686): Album null
D/VLC ( 3686): [b3e6ef34] core libvlc: meta ok for (null), need to fetch art
D/VLC ( 3686): [a0517234] core generic: creating audio output
D/VLC ( 3686): [a077b774] core audio output: looking for audio output module matching "android_audiotrack": 4 candidates
D/VLC ( 3686): [a077b774] core audio output: using audio output module "android_audiotrack"
D/VLC ( 3686): [a0517234] core generic: keeping audio output
D/VLC ( 3686): [9b3f62b4] core input: Creating an input for 'Half-Life_2041_720p60.mkv'
D/VLC ( 3686): [9b3f62b4] core input: using timeshift granularity of 50 MiB, in path '/tmp'
D/VLC ( 3686): [9b3f62b4] core input: `file:///storage/usb1/USB/Half-Life_2041_720p60.mkv' gives access `file' demux `' path `/storage/usb1/USB/Half-Life_2041_720p60.mkv'
D/VLC ( 3686): [9b3f62b4] core input: specified demux `any'
D/VLC ( 3686): [9b3f62b4] core input: creating demux: access='file' demux='any' location='/storage/usb1/USB/Half-Life_2041_720p60.mkv' file='/storage/usb1/USB/Half-Life_2041_720p60.mkv'
D/VLC ( 3686): [a055ed14] core demux: looking for access_demux module matching "file": 6 candidates
D/VLC ( 3686): [a055ed14] core demux: no access_demux modules matched
D/VLC ( 3686): [9b3f62b4] core input: creating access 'file' location='/storage/usb1/USB/Half-Life_2041_720p60.mkv', path='/storage/usb1/USB/Half-Life_2041_720p60.mkv'
D/VLC ( 3686): [a055ed14] core access: looking for access module matching "file": 18 candidates
D/VLC ( 3686): [a055ed14] filesystem access: opening file `/storage/usb1/USB/Half-Life_2041_720p60.mkv'
D/VLC ( 3686): [a055ed14] core access: using access module "filesystem"
D/VLC ( 3686): [a0443634] core stream: Using stream method for AStream*
D/VLC ( 3686): [a0443634] core stream: starting pre-buffering
D/VLC ( 3686): [a0443634] core stream: received first data after 0 ms
D/VLC ( 3686): [a0443634] core stream: pre-buffering done 1024 bytes in 0s - 5681 KiB/s
D/VLC ( 3686): [a05e40b4] core stream: looking for stream_filter module matching "any": 9 candidates
D/VLC ( 3686): [a05e40b4] core stream: no stream_filter modules matched
D/VLC ( 3686): [a05e40b4] core stream: looking for stream_filter module matching "record": 9 candidates
D/VLC ( 3686): [a05e40b4] core stream: using stream_filter module "record"
D/VLC ( 3686): [9b3f62b4] core input: creating demux: access='file' demux='any' location='/storage/usb1/USB/Half-Life_2041_720p60.mkv' file='/storage/usb1/USB/Half-Life_2041_720p60.mkv'
D/VLC ( 3686): [9b3f6614] core art finder: looking for meta fetcher module matching "any": 0 candidates
D/VLC ( 3686): [9b3f6614] core art finder: no meta fetcher modules
D/VLC ( 3686): [b3e6ef34] core libvlc: searching art for Half-Life_2041_720p60.mkv
D/VLC ( 3686): [9b3f6614] core art finder: looking for art finder module matching "any": 1 candidates
D/VLC ( 3686): [9b3f6614] core art finder: no art finder modules matched
D/VLC ( 3686): [b3e6ef34] core libvlc: art not found for Half-Life_2041_720p60.mkv
D/VLC ( 3686): [a055edb4] core demux: looking for demux module matching "mkv": 59 candidates
D/VLC ( 3686): [a055edb4] mkv demux: | + Seek head
D/VLC ( 3686): [a055edb4] mkv demux: | - info at 4151
D/VLC ( 3686): [a055edb4] mkv demux: | + Information
D/VLC ( 3686): [a055edb4] mkv demux: | | + TimecodeScale=1000000
D/VLC ( 3686): [a055edb4] mkv demux: | | + Muxing Application=libebml v1.3.0 + libmatroska v1.4.1
D/VLC ( 3686): [a055edb4] mkv demux: | | + Writing Application=mkvmerge v6.8.0 ('Theme for Great Cities') 64bit built on Mar 2 2014 21:34:26
D/VLC ( 3686): [a055edb4] mkv demux: | | + Duration=1336752
D/VLC ( 3686): [a055edb4] mkv demux: | | + Date=Wed Apr 09 20:53:46 2014
D/VLC ( 3686): [a055edb4] mkv demux: | | + UID=1592762296
D/VLC ( 3686): [a055edb4] mkv demux: | - tracks at 4320
D/VLC ( 3686): [a055edb4] mkv demux: | + Tracks
D/VLC ( 3686): [a055edb4] mkv demux: | | + Track Entry
D/VLC ( 3686): [a055edb4] mkv demux: | | | + Track Number=1
D/VLC ( 3686): [a055edb4] mkv demux: | | | + Track UID=1084804743
D/VLC ( 3686): [a055edb4] mkv demux: | | | + Track Type=video
D/VLC ( 3686): [a055edb4] mkv demux: | | | + Track Lacing=0
D/VLC ( 3686): [a055edb4] mkv demux: | | | + Track MinCache=1
D/VLC ( 3686): [a055edb4] mkv demux: | | | + Track CodecId=V_MPEG4/ISO/AVC
D/VLC ( 3686): [a055edb4] mkv demux: | | | + Track CodecPrivate size=46
D/VLC ( 3686): [a055edb4] mkv demux: | | | + Track Default Duration=16666666
D/VLC ( 3686): [a055edb4] mkv demux: | | | + Track Language=`und'
D/VLC ( 3686): [a055edb4] mkv demux: | | | + Track Video
D/VLC ( 3686): [a055edb4] mkv demux: | | | | + width=1280
D/VLC ( 3686): [a055edb4] mkv demux: | | | | + height=720
D/VLC ( 3686): [a055edb4] mkv demux: | | | | + display width=1280
D/VLC ( 3686): [a055edb4] mkv demux: | | | | + display height=720
D/VLC ( 3686): [a055edb4] mkv demux: | | + Track Entry
D/VLC ( 3686): [a055edb4] mkv demux: | | | + Track Number=2
D/VLC ( 3686): [a055edb4] mkv demux: | | | + Track UID=220325542
D/VLC ( 3686): [a055edb4] mkv demux: | | | + Track Type=audio
D/VLC ( 3686): [a055edb4] mkv demux: | | | + Track CodecId=A_MPEG/L3
D/VLC ( 3686): [a055edb4] mkv demux: | | | + Track Default Duration=24000000
D/VLC ( 3686): [a055edb4] mkv demux: | | | + Track Language=`und'
D/VLC ( 3686): [a055edb4] mkv demux: | | | + Track Name=game + music
D/VLC ( 3686): [a055edb4] mkv demux: | | | + Track Audio
D/VLC ( 3686): [a055edb4] mkv demux: | | | | + afreq=48000
D/VLC ( 3686): [a055edb4] mkv demux: | | | | + achan=2
D/VLC ( 3686): [a055edb4] mkv demux: | | + Track Entry
D/VLC ( 3686): [a055edb4] mkv demux: | | | + Track Number=3
D/VLC ( 3686): [a055edb4] mkv demux: | | | + Track UID=1245012611
D/VLC ( 3686): [a055edb4] mkv demux: | | | + Track Type=audio
D/VLC ( 3686): [a055edb4] mkv demux: | | | + Track Default=0
D/VLC ( 3686): [a055edb4] mkv demux: | | | + Track CodecId=A_MPEG/L3
D/VLC ( 3686): [a055edb4] mkv demux: | | | + Track Default Duration=24000000
D/VLC ( 3686): [a055edb4] mkv demux: | | | + Track Language=`und'
D/VLC ( 3686): [a055edb4] mkv demux: | | | + Track Name=game only
D/VLC ( 3686): [a055edb4] mkv demux: | | | + Track Audio
D/VLC ( 3686): [a055edb4] mkv demux: | | | | + afreq=48000
D/VLC ( 3686): [a055edb4] mkv demux: | | | | + achan=2
D/VLC ( 3686): [a055edb4] mkv demux: | - cues at 1453591651
D/VLC ( 3686): [a055edb4] mkv demux: | + Cues
D/VLC ( 3686): [a055edb4] mkv demux: MKV/Ebml Parser: m_el[mi_level] == NULL
D/VLC ( 3686): [a055edb4] mkv demux: | - loading cues done.
D/VLC ( 3686): [a055edb4] mkv demux: | + Void
D/VLC ( 3686): [a055edb4] mkv demux: | + Information
D/VLC ( 3686): [a055edb4] mkv demux: | + Tracks
D/VLC ( 3686): [a055edb4] mkv demux: | + Void
D/VLC ( 3686): [a055edb4] mkv demux: | + Cluster
D/VLC ( 3686): [a055edb4] mkv demux: found 3 es
D/VLC ( 3686): [9b3f62b4] core input: selecting program id=0
D/VLC ( 3686): [9b3f62b4] core input: Buffering 0%
D/VLC ( 3686): [a055edb4] mkv demux: Starting the UI Hook
D/VLC ( 3686): [a055edb4] core demux: using demux module "mkv"
D/VLC ( 3686): [9b3f62b4] core input: looking for a subtitle file in /storage/usb1/USB/
D/VLC ( 3686): [a047b434] core decoder: looking for decoder module matching "mediacodec,iomx,all": 35 candidates
I/VideoCapabilities( 3686): Unsupported profile 4 for video/mp4v-es
D/VLC ( 3686): [a047b434] mediacodec decoder: No suitable codec matching video/avc was found
D/VLC ( 3686): [a047b434] avcodec decoder: CPU flags: 0x000253db
D/VLC ( 3686): [a047b434] avcodec decoder: trying to use direct rendering
D/VLC ( 3686): [a047b434] avcodec decoder: allowing 3 thread(s) for decoding
D/VLC ( 3686): [a047b434] avcodec decoder: codec (h264) started
D/VLC ( 3686): [a047b434] avcodec decoder: using frame thread mode with 3 threads
D/VLC ( 3686): [a047b434] core decoder: using decoder module "avcodec"
D/VLC ( 3686): [a047c5b4] core decoder: looking for decoder module matching "mediacodec,iomx,all": 35 candidates
D/VLC ( 3686): [a047c5b4] core decoder: using decoder module "mpeg_audio"
D/VLC ( 3686): [9afff494] core demux meta: looking for meta reader module matching "any": 1 candidates
D/VLC ( 3686): [9afff494] core demux meta: no meta reader modules matched
D/VLC/VideoPlayerActivity( 3686): updateNavStatus: getChapterCountForTitle(0) = 1, getTitleCount() = 1
D/VLC ( 3686): [9b3f62b4] core input: `file:///storage/usb1/USB/Half-Life_2041_720p60.mkv' successfully opened
I/VLC/VideoPlayerActivity( 3686): MediaPlayerPlaying
D/VLC ( 3686): [a055edb4] mkv demux: SET_TIME to 0
D/VLC ( 3686): [a055edb4] mkv demux: seek request to 0 (-1.000000%)
D/VLC ( 3686): [9b3f62b4] core input: Buffering 0%
D/VLC ( 3686): [9b3f62b4] core input: Buffering 1%
D/VLC ( 3686): [9b3f62b4] core input: Buffering 2%
D/VLC ( 3686): [9b3f62b4] core input: Buffering 2%
D/VLC ( 3686): [9b3f62b4] core input: Buffering 3%
D/VLC ( 3686): [9b3f62b4] core input: Buffering 6%
D/VLC ( 3686): [9b3f62b4] core input: Buffering 7%
D/VLC ( 3686): [9b3f62b4] core input: Buffering 11%
D/VLC ( 3686): [a047b434] avcodec decoder: available software decoder output format 0 (yuv420p)
D/VLC ( 3686): [9b3f62b4] core input: Buffering 12%
D/VLC ( 3686): [9b3f62b4] core input: Buffering 15%
D/VLC ( 3686): [9b3f62b4] core input: Buffering 15%
D/VLC ( 3686): [9b3f62b4] core input: Buffering 16%
D/VLC ( 3686): [9b3f62b4] core input: Buffering 20%
D/VLC ( 3686): [9b3f62b4] core input: Buffering 21%
D/VLC ( 3686): [9b3f62b4] core input: Buffering 24%
D/VLC ( 3686): [b3c72e34] core spu text: looking for text renderer module matching "any": 1 candidates
D/VLC ( 3686): [9b3f62b4] core input: Buffering 25%
D/VLC ( 3686): [b3c72e34] freetype spu text: Using /system/fonts/DroidSans-Bold.ttf as font from file /system/fonts/DroidSans-Bold.ttf
D/VLC ( 3686): [b3c72e34] freetype spu text: Using /system/fonts/DroidSansMono.ttf as mono-font from file /system/fonts/DroidSansMono.ttf
D/VLC ( 3686): [9b3f62b4] core input: Buffering 28%
D/VLC ( 3686): [9b3f62b4] core input: Buffering 28%
D/VLC ( 3686): [9b3f62b4] core input: Buffering 30%
D/VLC ( 3686): [9b3f62b4] core input: Buffering 33%
D/VLC ( 3686): [b3c72e34] freetype spu text: using fontsize: 2
D/VLC ( 3686): [b3c72e34] core spu text: using text renderer module "freetype"
D/VLC ( 3686): [9b3f62b4] core input: Buffering 34%
D/VLC ( 3686): [b3c73134] core scale: looking for video filter2 module matching "any": 40 candidates
D/VLC ( 3686): [9b3f62b4] core input: Buffering 37%
D/VLC ( 3686): [9b3f62b4] core input: Buffering 38%
D/VLC ( 3686): [9b3f62b4] core input: Buffering 41%
D/VLC ( 3686): [9b3f62b4] core input: Buffering 42%
D/VLC ( 3686): [9b3f62b4] core input: Buffering 43%
D/VLC ( 3686): [9b3f62b4] core input: Buffering 44%
D/VLC ( 3686): [9b3f62b4] core input: Buffering 45%
D/VLC ( 3686): [9b3f62b4] core input: Buffering 46%
D/VLC ( 3686): [9b3f62b4] core input: Buffering 47%
D/VLC ( 3686): [9b3f62b4] core input: Buffering 48%
D/VLC ( 3686): [9b3f62b4] core input: Buffering 49%
D/VLC ( 3686): [9b3f62b4] core input: Buffering 50%
D/VLC ( 3686): [9b3f62b4] core input: Buffering 51%
D/VLC ( 3686): [9b3f62b4] core input: Buffering 52%
D/VLC ( 3686): [9b3f62b4] core input: Buffering 53%
D/VLC ( 3686): [9b3f62b4] core input: Buffering 54%
D/VLC ( 3686): [9b3f62b4] core input: Buffering 55%
D/VLC ( 3686): [9b3f62b4] core input: Buffering 56%
D/VLC ( 3686): [9b3f62b4] core input: Buffering 57%
D/VLC ( 3686): [9b3f62b4] core input: Buffering 58%
D/VLC ( 3686): [9b3f62b4] core input: Buffering 60%
D/VLC ( 3686): [9b3f62b4] core input: Buffering 62%
D/VLC ( 3686): [9b3f62b4] core input: Buffering 62%
D/VLC ( 3686): [9b3f62b4] core input: Buffering 65%
D/VLC ( 3686): [9b3f62b4] core input: Buffering 65%
D/VLC ( 3686): [9b3f62b4] core input: Buffering 66%
D/VLC ( 3686): [9b3f62b4] core input: Buffering 67%
D/VLC ( 3686): [9b3f62b4] core input: Buffering 68%
D/VLC ( 3686): [b3c73134] swscale scale: 32x32 (32x32) chroma: YUVA -> 16x16 (16x16) chroma: RGBA with scaling using Bicubic (good quality)
D/VLC ( 3686): [b3c73134] core scale: using video filter2 module "swscale"
D/VLC ( 3686): [9b3f62b4] core input: Buffering 72%
D/VLC ( 3686): [a0747534] core scale: looking for video filter2 module matching "any": 40 candidates
D/VLC ( 3686): [a0747534] yuvp scale: YUVP to YUVA converter
D/VLC ( 3686): [9b3f62b4] core input: Buffering 72%
D/VLC ( 3686): [a0747534] core scale: using video filter2 module "yuvp"
D/VLC ( 3686): [9b3f62b4] core input: Buffering 73%
D/VLC ( 3686): [9b3f62b4] core input: Buffering 74%
D/VLC ( 3686): [9b3f62b4] core input: Buffering 77%
D/VLC ( 3686): [9b3f62b4] core input: Buffering 78%
D/VLC ( 3686): [a0656f34] core video output: Deinterlacing available
D/VLC ( 3686): [9b3f62b4] core input: Buffering 79%
D/VLC ( 3686): [a0656f34] core video output: deinterlace 0, mode blend, is_needed 0
D/VLC ( 3686): [9b3f62b4] core input: Buffering 83%
D/VLC ( 3686): [a04435b4] core window: looking for vout window module matching "any": 1 candidates
D/VLC ( 3686): [a04435b4] core window: no vout window modules matched
D/VLC ( 3686): [9b3f62b4] core input: Buffering 86%
D/VLC ( 3686): [9b3f62b4] core input: Buffering 87%
D/VLC ( 3686): [9b3f62b4] core input: Buffering 88%
D/VLC ( 3686): [9b3f62b4] core input: Buffering 89%
D/VLC ( 3686): [9b3f62b4] core input: Buffering 93%
I/MediaFocusControl( 1889): AudioFocus requestAudioFocus() from android.media.AudioManager@240a1a2corg.videolan.vlc.gui.video.VideoPlayerActivity$10@164ebcf5 req=1flags=0x0
D/VLC ( 3686): [9b3f62b4] core input: Buffering 96%
D/VLC ( 3686): [9b3f62b4] core input: Buffering 97%
D/VLC ( 3686): [9b3f62b4] core input: Buffering 98%
D/VLC ( 3686): [9b3f62b4] core input: Buffering 99%
D/VLC ( 3686): [9b3f62b4] core input: Stream buffering done (1516 ms in 8 ms)
D/VLC ( 3686): [a0656f34] core video output: Opening vout display wrapper
D/VLC ( 3686): [9f1802f4] core vout display: looking for vout display module matching "androidwindow": 4 candidates
D/VLC ( 3686): [a047c5b4] mpeg_audio decoder: MPGA channels:2 samplerate:48000 bitrate:128
D/VLC ( 3686): [a0517234] core generic: reusing audio output
D/VLC/VideoPlayerActivity( 3686): updateNavStatus: getChapterCountForTitle(0) = 1, getTitleCount() = 1
D/VLC ( 3686): [a077b774] core audio output: VLC is looking for: 'mpga' 48000 Hz Stereo frame=1152 samples/969 bytes
D/VLC/ANW ( 3686): setUsage: 0xb3d80208, 0 0
D/VLC/ANW ( 3686): setBuffersGeometry: 0xb3d80208, 1280, 738
D/VLC/ANW ( 3686): getMinUndequeued: 0xb3d80208 1
D/VLC/ANW ( 3686): setBufferCount: 0xb3d80208 2
D/VLC ( 3686): [9f1802f4] android_window vout display: using ANWP
D/VLC ( 3686): [9f1802f4] core vout display: VoutDisplayEvent 'fullscreen' 1
D/VLC ( 3686): [a077b774] android_audiotrack audio output: using WRITE_V21
D/VLC ( 3686): [9f1802f4] core vout display: using vout display module "android_window"
D/VLC ( 3686): [9f1802f4] core vout display: A filter to adapt decoder to display is needed
D/VLC ( 3686): [ae159a34] core filter: looking for video filter2 module matching "any": 40 candidates
D/VLC ( 3686): [ae159a34] swscale filter: 1280x720 (1280x738) chroma: I420 -> 1280x720 (1280x738) chroma: RV32 with scaling using Bicubic (good quality)
D/VLC ( 3686): [ae159a34] core filter: using video filter2 module "swscale"
D/VLC ( 3686): [9f1802f4] core vout display: Filter 'Swscale' (0xae159a34) appended to chain
D/VLC ( 3686): [9f1802f4] android_window vout display: PoolAlloc: request 3 frames
D/VLC/ANW ( 3686): setUsage: 0xb3d80208, 0 0
D/VLC/ANW ( 3686): setBuffersGeometry: 0xb3d80208, 1280, 738
D/VLC/ANW ( 3686): getMinUndequeued: 0xb3d80208 1
D/VLC/ANW ( 3686): setBufferCount: 0xb3d80208 4
D/VLC ( 3686): [9f1802f4] android_window vout display: PoolAlloc: got 3 frames
D/VLC ( 3686): [a077b774] core audio output: VLC will output: 's16l' 48000 Hz Stereo frame=1152 samples/969 bytes
D/VLC ( 3686): [a077b774] core audio output: output 's16l' 48000 Hz Stereo frame=1 samples/4 bytes
D/VLC ( 3686): [9a9a27b4] core volume: looking for audio volume module matching "any": 2 candidates
D/VLC ( 3686): [9a9a27b4] core volume: using audio volume module "integer_mixer"
D/VLC ( 3686): [a077b774] core audio output: input 'mpga' 48000 Hz Stereo frame=1152 samples/969 bytes
D/VLC ( 3686): [ae24b134] core audio filter: looking for audio filter module matching "scaletempo": 13 candidates
D/VLC ( 3686): [ae24b134] scaletempo audio filter: format: 48000 rate, 2 nch, 4 bps, fl32
D/VLC ( 3686): [ae24b134] scaletempo audio filter: params: 30 stride, 0.200 overlap, 14 search
D/VLC ( 3686): [ae24b134] scaletempo audio filter: 1.000 scale, 1440.000 stride_in, 1440 stride_out, 1152 standing, 288 overlap, 672 search, 2400 queue, fl32 mode
D/VLC ( 3686): [ae24b134] core audio filter: using audio filter module "scaletempo"
D/VLC ( 3686): [a077b774] core audio output: conversion: 'mpga'->'f32l' 48000 Hz->48000 Hz Stereo->Stereo
D/VLC ( 3686): [ae24b434] core audio converter: looking for audio converter module matching "any": 9 candidates
D/VLC ( 3686): [ae24b434] core audio converter: no audio converter modules matched
D/VLC ( 3686): [ae24b434] core audio converter: looking for audio converter module matching "any": 9 candidates
D/VLC ( 3686): [ae24b434] mad audio converter: mpga->f32l, bits per sample: 32
D/VLC ( 3686): [ae24b434] core audio converter: using audio converter module "mad"
D/VLC ( 3686): [a077b774] core audio output: conversion pipeline complete
D/VLC ( 3686): [a077b774] core audio output: conversion: 'f32l'->'s16l' 48000 Hz->48000 Hz Stereo->Stereo
D/VLC ( 3686): [ae24b734] core audio converter: looking for audio converter module matching "any": 9 candidates
D/VLC ( 3686): [ae24b734] audio_format audio converter: f32l->s16l, bits per sample: 0->16
D/VLC ( 3686): [ae24b734] core audio converter: using audio converter module "audio_format"
D/VLC ( 3686): [a077b774] core audio output: conversion pipeline complete
D/VLC ( 3686): [ae24ba34] core audio resampler: looking for audio resampler module matching "any": 1 candidates
D/VLC ( 3686): [ae24ba34] core audio resampler: using audio resampler module "ugly"
D/VLC ( 3686): [a047c5b4] core decoder: End of audio preroll
D/VLC ( 3686): [a0656f34] core video output: original format sz 1280x738, of (0,0), vsz 1280x720, 4cc I420, sar 1:1, msk r0x0 g0x0 b0x0
E/VLC ( 3686): [9f1802f4] core vout display: Failed to change zoom
D/VLC ( 3686): [b3c72e34] core spu text: removing module "freetype"
D/VLC ( 3686): [9f1802f4] android_window vout display: change source crop/aspect
D/VLC ( 3686): [b3c72e34] core spu text: looking for text renderer module matching "any": 1 candidates
D/VLC ( 3686): [b3c72e34] freetype spu text: Using /system/fonts/DroidSans-Bold.ttf as font from file /system/fonts/DroidSans-Bold.ttf
D/VLC ( 3686): [b3c72e34] freetype spu text: Using /system/fonts/DroidSansMono.ttf as mono-font from file /system/fonts/DroidSansMono.ttf
D/VLC ( 3686): [b3c72e34] freetype spu text: using fontsize: 2
D/VLC ( 3686): [b3c72e34] core spu text: using text renderer module "freetype"
D/VLC/VideoPlayerActivity( 3686): updateNavStatus: getChapterCountForTitle(0) = 1, getTitleCount() = 1
D/wpa_supplicant( 3166): wlan0: Control interface command 'SIGNAL_POLL'
D/VLC ( 3686): [a047b434] core decoder: End of video preroll
D/VLC ( 3686): [a047b434] core decoder: Received first picture
D/VLC ( 3686): [9f1802f4] core vout display: VoutDisplayEvent 'resize' 1366x768
D/VLC ( 3686): [9f1802f4] android_window vout display: change display size: 1366x768
D/VLC ( 3686): [9b3f62b4] core input: Decoder wait done in 134 ms
D/VLC ( 3686): [9f1802f4] core vout display: auto hiding mouse cursor
W/AudioTrack( 1889): AUDIO_OUTPUT_FLAG_FAST denied by client
D/wpa_supplicant( 3166): wlan0: Control interface command 'SIGNAL_POLL'
I/VLC/VideoPlayerActivity( 3686): remove View!
D/VLC ( 3686): [a0656f34] core video output: picture might be displayed late (missing 4 ms)
D/OpenGLRenderer( 1889): Use EGL_SWAP_BEHAVIOR_PRESERVED: true
D/Atlas ( 1889): Validating map...
I/EGL-GALLIUM( 1889): using DRM screen
I/EGL-GALLIUM( 1889): skip unsupported native format 0x3
I/OpenGLRenderer( 1889): Initialized EGL, version 1.4
D/OpenGLRenderer( 1889): Enabling debug mode 0
E/EGL-GALLIUM( 1889): failed to import buffer 0xa0d5a288
W/OpenGLRenderer( 1889): Error creating image (0x3000)
W/OpenGLRenderer( 1889): Could not create atlas image --------- beginning of crash
F/libc ( 1889): Fatal signal 11 (SIGSEGV), code 1, fault addr 0x4 in tid 3742 (RenderThread)
I/DEBUG ( 1578): *** *** *** *** *** *** *** *** *** *** *** *** *** *** *** ***
I/DEBUG ( 1578): Build fingerprint: 'Android-x86/android_x86/x86:5.1.1/LMY47V/paulo05050202:eng/test-keys'
I/DEBUG ( 1578): Revision: '0'
I/DEBUG ( 1578): ABI: 'x86'
I/DEBUG ( 1578): pid: 1889, tid: 3742, name: RenderThread >>> system_server <<<
I/DEBUG ( 1578): signal 11 (SIGSEGV), code 1 (SEGV_MAPERR), fault addr 0x4
I/DEBUG ( 1578): eax 00000000 ebx b700c53c ecx 9ee8a03c edx 00000000
I/DEBUG ( 1578): esi b3f4e580 edi b3fab9e8
I/DEBUG ( 1578): xcs 00000073 xds 0000007b xes 0000007b xfs 00000267 xss 0000007b
I/DEBUG ( 1578): eip b6f7208c ebp 9d906ac8 esp 9d906a60 flags 00210246
I/DEBUG ( 1578):
I/DEBUG ( 1578): backtrace:
I/DEBUG ( 1578): #00 pc 0001f08c /system/lib/libhwui.so (android::uirenderer::AssetAtlas::init(android::sp, long long*, int)+220)
I/DEBUG ( 1578): #01 pc 00092e1f /system/lib/libhwui.so
I/DEBUG ( 1578): #02 pc 0008cfe2 /system/lib/libhwui.so
I/DEBUG ( 1578): #03 pc 00093dd3 /system/lib/libhwui.so
I/DEBUG ( 1578): #04 pc 00093ba0 /system/lib/libhwui.so
I/DEBUG ( 1578): #05 pc 00095594 /system/lib/libhwui.so
I/DEBUG ( 1578): #06 pc 00096e62 /system/lib/libhwui.so (android::uirenderer::renderthread::RenderThread::threadLoop()+162)
I/DEBUG ( 1578): #07 pc 00017de4 /system/lib/libutils.so (android::Thread::_threadLoop(void*)+308)
I/DEBUG ( 1578): #08 pc 00070775 /system/lib/libandroid_runtime.so (android::AndroidRuntime::javaThreadShell(void*)+117)
I/DEBUG ( 1578): #09 pc 000173f2 /system/lib/libutils.so (thread_data_t::trampoline(thread_data_t const*)+130)
I/DEBUG ( 1578): #10 pc 00022168 /system/lib/libc.so (__pthread_start(void*)+56)
I/DEBUG ( 1578): #11 pc 0001cc69 /system/lib/libc.so (__start_thread+25)
I/DEBUG ( 1578): #12 pc 000137c6 /system/lib/libc.so (__bionic_clone+70)
W/libbacktrace( 1578): virtual bool Backtrace::VerifyReadWordArgs(uintptr_t, word_t*): invalid pointer 0xb754482d
W/libbacktrace( 1578): virtual bool Backtrace::VerifyReadWordArgs(uintptr_t, word_t*): invalid pointer 0xb69ed873
I/DEBUG ( 1578):
I/DEBUG ( 1578): Tombstone written to: /data/tombstones/tombstone_00
I/ServiceManager( 1573): service 'telecom' died
E/WifiManager( 2117): Channel connection lost
I/lowmemorykiller( 1572): ActivityManager disconnected
I/lowmemorykiller( 1572): Closing Activity Manager data connection
E/installd( 1582): eof
E/installd( 1582): failed to read size
I/installd( 1582): closing connection
D/SurfaceFlinger( 1575): Set power mode=2, type=0 flinger=0xb685c000
D/SurfaceFlinger( 1575): Screen type=0 is already mode=2
W/AudioFlinger( 1581): power manager service died !!!
E/WifiManager( 2256): Channel connection lost
I/ServiceManager( 1573): service 'gfxinfo' died
I/ServiceManager( 1573): service 'dbinfo' died
I/ServiceManager( 1573): service 'user' died
I/ServiceManager( 1573): service 'cpuinfo' died
I/ServiceManager( 1573): service 'permission' died
I/ServiceManager( 1573): service 'meminfo' died
I/ServiceManager( 1573): service 'hardware' died
I/ServiceManager( 1573): service 'package' died
I/ServiceManager( 1573): service 'battery' died
I/ServiceManager( 1573): service 'usagestats' died
I/ServiceManager( 1573): service 'webviewupdate' died
I/ServiceManager( 1573): service 'scheduling_policy' died
I/ServiceManager( 1573): service 'telephony.registry' died
I/ServiceManager( 1573): service 'entropy' died
I/ServiceManager( 1573): service 'account' died
I/ServiceManager( 1573): service 'content' died
I/ServiceManager( 1573): service 'vibrator' died
I/ServiceManager( 1573): service 'consumer_ir' died
I/ServiceManager( 1573): service 'alarm' died
I/ServiceManager( 1573): service 'procstats' died
I/ServiceManager( 1573): service 'window' died
I/ServiceManager( 1573): service 'input' died
I/ServiceManager( 1573): service 'bluetooth_manager' died
I/ServiceManager( 1573): service 'activity' died
I/ServiceManager( 1573): service 'input_method' died
I/ServiceManager( 1573): service 'accessibility' died
I/ServiceManager( 1573): service 'mount' died
I/ServiceManager( 1573): service 'lock_settings' died
I/ServiceManager( 1573): service 'network_score' died
I/ServiceManager( 1573): service 'device_policy' died
I/ServiceManager( 1573): service 'statusbar' died
I/ServiceManager( 1573): service 'clipboard' died
I/ServiceManager( 1573): service 'network_management' died
I/ServiceManager( 1573): service 'textservices' died
I/ServiceManager( 1573): service 'netstats' died
I/ServiceManager( 1573): service 'netpolicy' died
I/ServiceManager( 1573): service 'wifip2p' died
I/ServiceManager( 1573): service 'wifi' died
I/ServiceManager( 1573): service 'wifiscanner' died
I/ServiceManager( 1573): service 'rttmanager' died
I/ServiceManager( 1573): service 'ethernet' died
I/ServiceManager( 1573): service 'connectivity' died
I/ServiceManager( 1573): service 'servicediscovery' died
I/ServiceManager( 1573): service 'updatelock' died
I/ServiceManager( 1573): service 'notification' died
I/ServiceManager( 1573): service 'devicestoragemonitor' died
I/ServiceManager( 1573): service 'location' died
I/ServiceManager( 1573): service 'country_detector' died
I/ServiceManager( 1573): service 'search' died
I/ServiceManager( 1573): service 'dropbox' died
I/ServiceManager( 1573): service 'wallpaper' died
I/ServiceManager( 1573): service 'audio' died
I/ServiceManager( 1573): service 'DockObserver' died
I/ServiceManager( 1573): service 'usb' died
I/ServiceManager( 1573): service 'serial' died
I/ServiceManager( 1573): service 'uimode' died
I/ServiceManager( 1573): service 'jobscheduler' died
I/ServiceManager( 1573): service 'backup' died
I/ServiceManager( 1573): service 'appwidget' died
I/ServiceManager( 1573): service 'voiceinteraction' died
I/ServiceManager( 1573): service 'diskstats' died
I/ServiceManager( 1573): service 'samplingprofiler' died
I/ServiceManager( 1573): service 'commontime_management' died
I/ServiceManager( 1573): service 'dreams' died
I/ServiceManager( 1573): service 'assetatlas' died
I/ServiceManager( 1573): service 'print' died
I/ServiceManager( 1573): service 'restrictions' died
I/ServiceManager( 1573): service 'media_session' died
I/ServiceManager( 1573): service 'media_router' died
I/ServiceManager( 1573): service 'trust' died
I/ServiceManager( 1573): service 'fingerprint' died
I/ServiceManager( 1573): service 'launcherapps' died
I/ServiceManager( 1573): service 'media_projection' died
I/ServiceManager( 1573): service 'imms' died
I/ServiceManager( 1573): service 'sensorservice' died
I/ServiceManager( 1573): service 'batterystats' died
I/ServiceManager( 1573): service 'appops' died
I/ServiceManager( 1573): service 'power' died
I/ServiceManager( 1573): service 'display' died
E/BufferQueueProducer( 1575): [SurfaceView] dequeueBuffer: BufferQueue has been abandoned
E/VLC/ANW ( 3686): error -19 in dequeue_fence line 255
E/VLC/ANW ( 3686): error -19 in ANativeWindowPriv_lockData line 353
E/BufferQueueProducer( 1575): [SurfaceView] dequeueBuffer: BufferQueue has been abandoned
E/VLC/ANW ( 3686): error -19 in dequeue_fence line 255
E/VLC/ANW ( 3686): error -19 in ANativeWindowPriv_lockData line 353
E/BufferQueueProducer( 1575): [SurfaceView] dequeueBuffer: BufferQueue has been abandoned
E/VLC/ANW ( 3686): error -19 in dequeue_fence line 255
E/VLC/ANW ( 3686): error -19 in ANativeWindowPriv_lockData line 353
W/VLC ( 3686): [ae159a34] swscale filter: can't get output picture
E/BufferQueueProducer( 1575): [SurfaceView] dequeueBuffer: BufferQueue has been abandoned
E/VLC/ANW ( 3686): error -19 in dequeue_fence line 255
E/VLC/ANW ( 3686): error -19 in ANativeWindowPriv_lockData line 353
E/BufferQueueProducer( 1575): [SurfaceView] dequeueBuffer: BufferQueue has been abandoned
E/VLC/ANW ( 3686): error -19 in dequeue_fence line 255
E/VLC/ANW ( 3686): error -19 in ANativeWindowPriv_lockData line 353
E/BufferQueueProducer( 1575): [SurfaceView] dequeueBuffer: BufferQueue has been abandoned
E/VLC/ANW ( 3686): error -19 in dequeue_fence line 255
E/VLC/ANW ( 3686): error -19 in ANativeWindowPriv_lockData line 353
W/VLC ( 3686): [ae159a34] swscale filter: can't get output picture
E/BufferQueueProducer( 1575): [SurfaceView] dequeueBuffer: BufferQueue has been abandoned
E/VLC/ANW ( 3686): error -19 in dequeue_fence line 255
E/VLC/ANW ( 3686): error -19 in ANativeWindowPriv_lockData line 353
E/BufferQueueProducer( 1575): [SurfaceView] dequeueBuffer: BufferQueue has been abandoned
E/VLC/ANW ( 3686): error -19 in dequeue_fence line 255
E/VLC/ANW ( 3686): error -19 in ANativeWindowPriv_lockData line 353
E/BufferQueueProducer( 1575): [SurfaceView] dequeueBuffer: BufferQueue has been abandoned
E/VLC/ANW ( 3686): error -19 in dequeue_fence line 255
E/VLC/ANW ( 3686): error -19 in ANativeWindowPriv_lockData line 353
W/VLC ( 3686): [ae159a34] swscale filter: can't get output picture
W/VLC ( 3686): [a0656f34] core video output: picture is too late to be displayed (missing 22 ms)
D/VLC ( 3686): [a0656f34] core video output: picture might be displayed late (missing 5 ms)
E/BufferQueueProducer( 1575): [SurfaceView] dequeueBuffer: BufferQueue has been abandoned
E/VLC/ANW ( 3686): error -19 in dequeue_fence line 255
E/VLC/ANW ( 3686): error -19 in ANativeWindowPriv_lockData line 353
E/BufferQueueProducer( 1575): [SurfaceView] dequeueBuffer: BufferQueue has been abandoned
E/VLC/ANW ( 3686): error -19 in dequeue_fence line 255
E/VLC/ANW ( 3686): error -19 in ANativeWindowPriv_lockData line 353
E/BufferQueueProducer( 1575): [SurfaceView] dequeueBuffer: BufferQueue has been abandoned
E/VLC/ANW ( 3686): error -19 in dequeue_fence line 255
E/VLC/ANW ( 3686): error -19 in ANativeWindowPriv_lockData line 353
W/VLC ( 3686): [ae159a34] swscale filter: can't get output picture
E/BufferQueueProducer( 1575): [SurfaceView] dequeueBuffer: BufferQueue has been abandoned
E/VLC/ANW ( 3686): error -19 in dequeue_fence line 255
E/VLC/ANW ( 3686): error -19 in ANativeWindowPriv_lockData line 353
E/BufferQueueProducer( 1575): [SurfaceView] dequeueBuffer: BufferQueue has been abandoned
E/VLC/ANW ( 3686): error -19 in dequeue_fence line 255
E/VLC/ANW ( 3686): error -19 in ANativeWindowPriv_lockData line 353
E/BufferQueueProducer( 1575): [SurfaceView] dequeueBuffer: BufferQueue has been abandoned
E/VLC/ANW ( 3686): error -19 in dequeue_fence line 255
E/VLC/ANW ( 3686): error -19 in ANativeWindowPriv_lockData line 353
W/VLC ( 3686): [ae159a34] swscale filter: can't get output picture
E/BufferQueueProducer( 1575): [SurfaceView] dequeueBuffer: BufferQueue has been abandoned
E/VLC/ANW ( 3686): error -19 in dequeue_fence line 255
E/VLC/ANW ( 3686): error -19 in ANativeWindowPriv_lockData line 353
E/BufferQueueProducer( 1575): [SurfaceView] dequeueBuffer: BufferQueue has been abandoned
E/VLC/ANW ( 3686): error -19 in dequeue_fence line 255
E/VLC/ANW ( 3686): error -19 in ANativeWindowPriv_lockData line 353
E/BufferQueueProducer( 1575): [SurfaceView] dequeueBuffer: BufferQueue has been abandoned
E/VLC/ANW ( 3686): error -19 in dequeue_fence line 255
E/VLC/ANW ( 3686): error -19 in ANativeWindowPriv_lockData line 353
W/VLC ( 3686): [ae159a34] swscale filter: can't get output picture
I/Zygote ( 1585): Process 1889 exited due to signal (11)
E/Zygote ( 1585): Exit zygote because system server (1889) has terminated
I/ServiceManager( 1573): service 'media.audio_flinger' died
I/ServiceManager( 1573): service 'media.player' died
I/ServiceManager( 1573): service 'media.camera' died
I/ServiceManager( 1573): service 'media.audio_policy' died
I/ServiceManager( 1573): service 'media.sound_trigger_hw' died
I/ServiceManager( 1573): service 'isub' died
I/ServiceManager( 1573): service 'simphonebook' died
I/ServiceManager( 1573): service 'iphonesubinfo' died
I/ServiceManager( 1573): service 'isms' died
I/ServiceManager( 1573): service 'phone' died
I/ServiceManager( 1573): service 'sip' died
I/Netd ( 3755): Netd 1.0 starting
E/Netd ( 3755): Failed to open /proc/sys/net/ipv6/conf/default/accept_ra_rt_table: No such file or directory
E/Netd ( 3755): Failed to open /proc/sys/net/ipv6/conf/eth0/accept_ra_rt_table: No such file or directory
E/Netd ( 3755): Failed to open /proc/sys/net/ipv6/conf/ip6tnl0/accept_ra_rt_table: No such file or directory
E/Netd ( 3755): Failed to open /proc/sys/net/ipv6/conf/lo/accept_ra_rt_table: No such file or directory
E/Netd ( 3755): Failed to open /proc/sys/net/ipv6/conf/sit0/accept_ra_rt_table: No such file or directory
E/Netd ( 3755): Failed to open /proc/sys/net/ipv6/conf/wlan0/accept_ra_rt_table: No such file or directory
D/libEGL ( 3753): loaded /system/lib/egl/libGLES_mesa.so
I/GRALLOC-RADEON( 3753): detected chipset 0x9853 family 0x3e (vram size 238MiB, gart size 1019MiB)
I/GRALLOC-DRM( 3753): create radeon for driver radeon
I/EGL-GALLIUM( 3753): using DRM screen
I/EGL-GALLIUM( 3753): skip unsupported native format 0x3
D/AndroidRuntime( 3754): >>>>>> START com.android.internal.os.ZygoteInit uid 0 <<<<<<
D/AndroidRuntime( 3754): CheckJNI is ON
I/art ( 3754): option[0]=-Xzygote
I/art ( 3754): option[1]=-Xcheck:jni
I/art ( 3754): option[2]=-Xjnigreflimit:2000
I/art ( 3754): option[3]=-Xstacktracefile:/data/anr/traces.txt
I/art ( 3754): option[4]=exit
I/art ( 3754): option[5]=vfprintf
I/art ( 3754): option[6]=sensitiveThread
I/art ( 3754): option[7]=-verbose:gc
I/art ( 3754): option[8]=-Xms16m
I/art ( 3754): option[9]=-Xmx512m
I/art ( 3754): option[10]=-XX:mainThreadStackSize=24K
I/art ( 3754): option[11]=-XX:HeapGrowthLimit=192m
I/art ( 3754): option[12]=-XX:HeapMinFree=512k
I/art ( 3754): option[13]=-XX:HeapMaxFree=8m
I/art ( 3754): option[14]=-XX:HeapTargetUtilization=0.75
I/art ( 3754): option[15]=-Xgenregmap
I/art ( 3754): option[16]=-Xgc:precise
I/art ( 3754): option[17]=-agentlib:jdwp=transport=dt_android_adb,suspend=n,server=y
I/art ( 3754): option[18]=-Ximage-compiler-option
I/art ( 3754): option[19]=--runtime-arg
I/art ( 3754): option[20]=-Ximage-compiler-option
I/art ( 3754): option[21]=-Xms64m
I/art ( 3754): option[22]=-Ximage-compiler-option
I/art ( 3754): option[23]=--runtime-arg
I/art ( 3754): option[24]=-Ximage-compiler-option
I/art ( 3754): option[25]=-Xmx64m
I/art ( 3754): option[26]=-Ximage-compiler-option
I/art ( 3754): option[27]=--compiler-filter=verify-none
I/art ( 3754): option[28]=-Ximage-compiler-option
I/art ( 3754): option[29]=--image-classes=/system/etc/preloaded-classes
I/art ( 3754): option[30]=-Xcompiler-option
I/art ( 3754): option[31]=--runtime-arg
I/art ( 3754): option[32]=-Xcompiler-option
I/art ( 3754): option[33]=-Xms64m
I/art ( 3754): option[34]=-Xcompiler-option
I/art ( 3754): option[35]=--runtime-arg
I/art ( 3754): option[36]=-Xcompiler-option
