D/wpa_supplicant( 4451): nl80211: Supported cipher 00-0f-ac:1
D/wpa_supplicant( 4451): nl80211: Supported cipher 00-0f-ac:5
D/wpa_supplicant( 4451): nl80211: Supported cipher 00-0f-ac:2
D/wpa_supplicant( 4451): nl80211: Supported cipher 00-0f-ac:4
D/wpa_supplicant( 4451): nl80211: Supported cipher 00-0f-ac:10
D/wpa_supplicant( 4451): nl80211: Supported cipher 00-0f-ac:8
D/wpa_supplicant( 4451): nl80211: Supported cipher 00-0f-ac:9
D/wpa_supplicant( 4451): nl80211: Supported cipher 00-0f-ac:6
D/wpa_supplicant( 4451): nl80211: Supported cipher 00-0f-ac:13
D/wpa_supplicant( 4451): nl80211: Supported cipher 00-0f-ac:11
D/wpa_supplicant( 4451): nl80211: Supported cipher 00-0f-ac:12
D/wpa_supplicant( 4451): nl80211: Using driver-based off-channel TX
D/wpa_supplicant( 4451): nl80211: interface wlan0 in phy phy1
D/wpa_supplicant( 4451): nl80211: Set mode ifindex 6 iftype 2 (STATION)
D/wpa_supplicant( 4451): nl80211: Subscribe to mgmt frames with non-AP handle 0xb68362e0
D/wpa_supplicant( 4451): nl80211: Register frame type=0xd0 (WLAN_FC_STYPE_ACTION) nl_handle=0xb68362e0 match=0104
D/wpa_supplicant( 4451): nl80211: Register frame type=0xd0 (WLAN_FC_STYPE_ACTION) nl_handle=0xb68362e0 match=040a
D/wpa_supplicant( 4451): nl80211: Register frame type=0xd0 (WLAN_FC_STYPE_ACTION) nl_handle=0xb68362e0 match=040b
D/wpa_supplicant( 4451): nl80211: Register frame type=0xd0 (WLAN_FC_STYPE_ACTION) nl_handle=0xb68362e0 match=040c
D/wpa_supplicant( 4451): nl80211: Register frame type=0xd0 (WLAN_FC_STYPE_ACTION) nl_handle=0xb68362e0 match=040d
D/wpa_supplicant( 4451): nl80211: Register frame type=0xd0 (WLAN_FC_STYPE_ACTION) nl_handle=0xb68362e0 match=090a
D/wpa_supplicant( 4451): nl80211: Register frame type=0xd0 (WLAN_FC_STYPE_ACTION) nl_handle=0xb68362e0 match=090b
D/wpa_supplicant( 4451): nl80211: Register frame type=0xd0 (WLAN_FC_STYPE_ACTION) nl_handle=0xb68362e0 match=090c
D/wpa_supplicant( 4451): nl80211: Register frame type=0xd0 (WLAN_FC_STYPE_ACTION) nl_handle=0xb68362e0 match=090d
D/wpa_supplicant( 4451): nl80211: Register frame type=0xd0 (WLAN_FC_STYPE_ACTION) nl_handle=0xb68362e0 match=0409506f9a09
D/wpa_supplicant( 4451): nl80211: Register frame type=0xd0 (WLAN_FC_STYPE_ACTION) nl_handle=0xb68362e0 match=7f506f9a09
D/wpa_supplicant( 4451): nl80211: Register frame type=0xd0 (WLAN_FC_STYPE_ACTION) nl_handle=0xb68362e0 match=0801
D/wpa_supplicant( 4451): nl80211: Register frame type=0xd0 (WLAN_FC_STYPE_ACTION) nl_handle=0xb68362e0 match=06
D/wpa_supplicant( 4451): nl80211: Register frame type=0xd0 (WLAN_FC_STYPE_ACTION) nl_handle=0xb68362e0 match=0a07
D/wpa_supplicant( 4451): nl80211: Register frame type=0xd0 (WLAN_FC_STYPE_ACTION) nl_handle=0xb68362e0 match=0a11
D/wpa_supplicant( 4451): nl80211: Register frame type=0xd0 (WLAN_FC_STYPE_ACTION) nl_handle=0xb68362e0 match=0a1a
V/KeyguardServiceDelegate( 3953): *** Keyguard started
W/KeyguardServiceDelegate( 3953): onScreenTurnedOn(): no keyguard service!
D/KbdSensor( 3953): poll_activate: dev=0xb3c51f80 handle=0 enabled=1
D/KbdSensor( 3953): poll_setDelay: dev=0xb3c51f80 delay-ns=66667000
I/CameraClient( 3756): Opening camera 0
D/Camera_Factory( 3756): CameraFactory::get_camera_info
D/Camera_Factory( 3756): CameraFactory::getCameraInfo: id = 0, info = 0xb4b076a0
D/Camera_Factory( 3756): CameraFactory::getCameraNum: 1
D/CameraHardware( 3756): CameraHardware::getCameraInfo
D/Camera_Factory( 3756): CameraFactory::device_open: name = 0
D/Camera_Factory( 3756): CameraFactory::cameraDeviceOpen: id = 0
D/Camera_Factory( 3756): CameraFactory::getCameraNum: 1
D/CameraHardware( 3756): CameraHardware::PowerOn: Power ON camera.
D/CameraHardware( 3756): CameraHardware::PowerOn: no power_file set
D/CameraHardware( 3756): CameraHardware::initDefaultParameters
D/V4L2Camera( 3756): V4L2Camera::EnumFrameFormats
D/V4L2Camera( 3756): { pixelformat = 'MJPG', description = 'MJPEG' }
D/V4L2Camera( 3756): V4L2Camera::EnumFrameSizes: pixfmt: 0x47504a4d
D/V4L2Camera( 3756): { discrete: width = 1280, height = 720 }
D/V4L2Camera( 3756): V4L2Camera::EnumFrameIntervals: pixfmt: 0x47504a4d, w:1280, h:720
D/V4L2Camera( 3756): Time interval between frame:
D/V4L2Camera( 3756): 1/30
D/V4L2Camera( 3756): { discrete: width = 160, height = 120 }
D/V4L2Camera( 3756): V4L2Camera::EnumFrameIntervals: pixfmt: 0x47504a4d, w:160, h:120
D/V4L2Camera( 3756): Time interval between frame:
D/V4L2Camera( 3756): 1/30
D/V4L2Camera( 3756): { discrete: width = 320, height = 240 }
D/V4L2Camera( 3756): V4L2Camera::EnumFrameIntervals: pixfmt: 0x47504a4d, w:320, h:240
D/V4L2Camera( 3756): Time interval between frame:
D/V4L2Camera( 3756): 1/30
D/V4L2Camera( 3756): { discrete: width = 640, height = 360 }
D/V4L2Camera( 3756): V4L2Camera::EnumFrameIntervals: pixfmt: 0x47504a4d, w:640, h:360
D/V4L2Camera( 3756): Time interval between frame:
D/V4L2Camera( 3756): 1/30
D/V4L2Camera( 3756): { discrete: width = 640, height = 480 }
D/V4L2Camera( 3756): V4L2Camera::EnumFrameIntervals: pixfmt: 0x47504a4d, w:640, h:480
D/V4L2Camera( 3756): Time interval between frame:
D/V4L2Camera( 3756): 1/30
D/V4L2Camera( 3756): { discrete: width = 800, height = 600 }
D/V4L2Camera( 3756): V4L2Camera::EnumFrameIntervals: pixfmt: 0x47504a4d, w:800, h:600
D/V4L2Camera( 3756): Time interval between frame:
D/V4L2Camera( 3756): 1/30
D/V4L2Camera( 3756): { pixelformat = 'YUYV', description = 'YUV 4:2:2 (YUYV)' }
D/V4L2Camera( 3756): V4L2Camera::EnumFrameSizes: pixfmt: 0x56595559
D/V4L2Camera( 3756): { discrete: width = 1280, height = 720 }
D/V4L2Camera( 3756): V4L2Camera::EnumFrameIntervals: pixfmt: 0x56595559, w:1280, h:720
D/V4L2Camera( 3756): Time interval between frame:
D/V4L2Camera( 3756): 1/8
D/V4L2Camera( 3756): { discrete: width = 160, height = 120 }
D/V4L2Camera( 3756): V4L2Camera::EnumFrameIntervals: pixfmt: 0x56595559, w:160, h:120
D/V4L2Camera( 3756): Time interval between frame:
D/V4L2Camera( 3756): 1/30
D/V4L2Camera( 3756): 1/15
D/V4L2Camera( 3756): { discrete: width = 320, height = 240 }
D/V4L2Camera( 3756): V4L2Camera::EnumFrameIntervals: pixfmt: 0x56595559, w:320, h:240
D/V4L2Camera( 3756): Time interval between frame:
D/V4L2Camera( 3756): 1/30
D/V4L2Camera( 3756): 1/15
D/V4L2Camera( 3756): { discrete: width = 640, height = 360 }
D/V4L2Camera( 3756): V4L2Camera::EnumFrameIntervals: pixfmt: 0x56595559, w:640, h:360
D/V4L2Camera( 3756): Time interval between frame:
D/V4L2Camera( 3756): 1/30
D/V4L2Camera( 3756): 1/15
D/V4L2Camera( 3756): { discrete: width = 640, height = 480 }
D/V4L2Camera( 3756): V4L2Camera::EnumFrameIntervals: pixfmt: 0x56595559, w:640, h:480
D/V4L2Camera( 3756): Time interval between frame:
D/V4L2Camera( 3756): 1/30
D/V4L2Camera( 3756): 1/15
D/V4L2Camera( 3756): { discrete: width = 800, height = 600 }
D/V4L2Camera( 3756): V4L2Camera::EnumFrameIntervals: pixfmt: 0x56595559, w:800, h:600
D/V4L2Camera( 3756): Time interval between frame:
D/V4L2Camera( 3756): 1/15
D/V4L2Camera( 3756): V4L2Camera::getAvailableSizes
D/V4L2Camera( 3756): V4L2Camera::getAvailableFps
I/CameraHardware( 3756): Default preview size: (1280 x 720), fps:30
I/CameraHardware( 3756): All available formats: 160x120,176x144,240x160,320x200,320x240,352x288,432x320,480x320,640x360,640x480,800x600,1280x720
I/CameraHardware( 3756): All available fps: (8,8),(15,15),(30,30)
I/CameraHardware( 3756): Default picture size: (1280 x 720)
D/CameraHardware( 3756): CameraHardware::setParameters
D/CameraHardware( 3756): CameraHardware::setParameters: PREVIEW: Size 1280x720, 30 fps, format: yuv422sp
D/CameraHardware( 3756): CameraHardware::setParameters: PICTURE: Size 1280x720, format: jpeg
D/CameraHardware( 3756): CameraHardware::setParameters: VIDEO: Size 1280x720, format: yuv420p
D/CameraHardware( 3756): CameraHardware::initHeapLocked
E/CameraHardware( 3756): No memory allocator available
D/CameraHardware( 3756): CameraHardware::setParameters: OK
D/CameraHardware( 3756): CameraHardware::connectCamera
D/CameraHardware( 3756): CameraHardware::setCallbacks
D/CameraHardware( 3756): CameraHardware::enableMsgType: 3085
D/CameraHardware( 3756): CameraHardware::getParameters
D/CameraHardware( 3756): CameraHardware::putParameters
D/CameraHardware( 3756): CameraHardware::disableMsgType: 65535
D/CameraHardware( 3756): CameraHardware::stopPreview
D/CameraHardware( 3756): CameraHardware::stopPreviewLocked
D/CameraHardware( 3756): CameraHardware::stopPreviewLocked: OK
D/CameraHardware( 3756): CameraHardware::cancelPicture
D/CameraHardware( 3756): CameraHardware::releaseCamera
I/CameraClient( 3756): Destroying camera 0
D/CameraHardware( 3756): CameraHardware::closeCamera
D/CameraHardware( 3756): CameraHardware::releaseCamera
D/NuPlayerDriver( 3756): reset(0xb502f340)
D/NuPlayerDriver( 3756): notifyResetComplete(0xb502f340)
D/NuPlayerDriver( 3756): reset(0xb502f460)
D/NuPlayerDriver( 3756): notifyResetComplete(0xb502f460)
D/Camera_Factory( 3756): CameraFactory::get_camera_info
D/Camera_Factory( 3756): CameraFactory::getCameraInfo: id = 0, info = 0xbf8fbc20
D/Camera_Factory( 3756): CameraFactory::getCameraNum: 1
D/CameraHardware( 3756): CameraHardware::getCameraInfo
D/Camera_Factory( 3756): CameraFactory::get_camera_info
D/Camera_Factory( 3756): CameraFactory::getCameraInfo: id = 0, info = 0xb4e019f0
D/Camera_Factory( 3756): CameraFactory::getCameraNum: 1
D/CameraHardware( 3756): CameraHardware::getCameraInfo
D/BluetoothAdapter( 4088): 335054481: getState() : mService = null. Returning STATE_OFF
D/BluetoothAdapter( 4088): 335054481: getState() : mService = null. Returning STATE_OFF
D/BluetoothAdapter( 4088): 335054481: getState() : mService = null. Returning STATE_OFF
D/BluetoothAdapter( 4088): 335054481: getState() : mService = null. Returning STATE_OFF
D/OpenGLRenderer( 4088): Use EGL_SWAP_BEHAVIOR_PRESERVED: true
I/GRALLOC-RADEON( 4088): detected chipset 0x9853 family 0x3e (vram size 238MiB, gart size 1019MiB)
I/GRALLOC-DRM( 4088): create radeon for driver radeon
D/Atlas ( 4088): Validating map...
D/PhoneStatusBar( 4088): disable: < EXPAND* icons alerts system_info BACK* HOME* RECENT* clock SEARCH* > D/BluetoothAdapter( 4088): 335054481: getState() : mService = null. Returning STATE_OFF
D/BluetoothAdapter( 4088): 335054481: getState() : mService = null. Returning STATE_OFF
D/PhoneStatusBar( 4088): heads up is enabled
I/Choreographer( 4088): Skipped 73 frames! The application may be doing too much work on its main thread.
D/ViewRootImpl( 4088): changeCanvasOpacity: opaque=true
I/EGL-GALLIUM( 4088): using DRM screen
I/EGL-GALLIUM( 4088): skip unsupported native format 0x3
I/OpenGLRenderer( 4088): Initialized EGL, version 1.4
D/OpenGLRenderer( 4088): Enabling debug mode 0
D/wpa_supplicant( 4451): netlink: Operstate: ifindex=6 linkmode=1 (userspace-control), operstate=5 (IF_OPER_DORMANT)
D/wpa_supplicant( 4451): nl80211: driver param='(null)'
D/wpa_supplicant( 4451): Add interface wlan0 to a new radio phy1
D/wpa_supplicant( 4451): nl80211: Regulatory information - country=00
D/wpa_supplicant( 4451): nl80211: 2402-2472 @ 40 MHz 20 mBm
D/wpa_supplicant( 4451): nl80211: 2457-2482 @ 40 MHz 20 mBm (no IR)
D/wpa_supplicant( 4451): nl80211: 2474-2494 @ 20 MHz 20 mBm (no OFDM) (no IR)
D/wpa_supplicant( 4451): nl80211: 5170-5250 @ 160 MHz 20 mBm (no IR)
D/wpa_supplicant( 4451): nl80211: 5250-5330 @ 160 MHz 20 mBm (DFS) (no IR)
D/wpa_supplicant( 4451): nl80211: 5490-5730 @ 160 MHz 20 mBm (DFS) (no IR)
D/wpa_supplicant( 4451): nl80211: 5735-5835 @ 80 MHz 20 mBm (no IR)
D/wpa_supplicant( 4451): nl80211: 57240-63720 @ 2160 MHz 0 mBm
D/wpa_supplicant( 4451): nl80211: Added 802.11b mode based on 802.11g information
D/wpa_supplicant( 4451): wlan0: Own MAC address: 38:b1:db:c7:f6:41
D/wpa_supplicant( 4451): wpa_driver_nl80211_set_key: ifindex=6 (wlan0) alg=0 addr=0x0 key_idx=0 set_tx=0 seq_len=0 key_len=0
D/wpa_supplicant( 4451): wpa_driver_nl80211_set_key: ifindex=6 (wlan0) alg=0 addr=0x0 key_idx=1 set_tx=0 seq_len=0 key_len=0
D/wpa_supplicant( 4451): wpa_driver_nl80211_set_key: ifindex=6 (wlan0) alg=0 addr=0x0 key_idx=2 set_tx=0 seq_len=0 key_len=0
D/wpa_supplicant( 4451): wpa_driver_nl80211_set_key: ifindex=6 (wlan0) alg=0 addr=0x0 key_idx=3 set_tx=0 seq_len=0 key_len=0
D/wpa_supplicant( 4451): wpa_driver_nl80211_set_key: ifindex=6 (wlan0) alg=0 addr=0x0 key_idx=4 set_tx=0 seq_len=0 key_len=0
D/wpa_supplicant( 4451): wpa_driver_nl80211_set_key: ifindex=6 (wlan0) alg=0 addr=0x0 key_idx=5 set_tx=0 seq_len=0 key_len=0
D/wpa_supplicant( 4451): wlan0: RSN: flushing PMKID list in the driver
D/wpa_supplicant( 4451): nl80211: Flush PMKIDs
D/wpa_supplicant( 4451): wlan0: Setting scan request: 0.100000 sec
D/wpa_supplicant( 4451): TDLS: TDLS operation not supported by driver
D/wpa_supplicant( 4451): TDLS: Driver uses internal link setup
D/wpa_supplicant( 4451): wlan0: WPS: UUID based on MAC address: 48958f14-8c54-56b1-9b61-9c1d4b3de2ae
D/wpa_supplicant( 4451): EAPOL: SUPP_PAE entering state DISCONNECTED
D/wpa_supplicant( 4451): EAPOL: Supplicant port status: Unauthorized
D/wpa_supplicant( 4451): nl80211: Skip set_supp_port(unauthorized) while not associated
D/wpa_supplicant( 4451): EAPOL: KEY_RX entering state NO_KEY_RECEIVE
D/wpa_supplicant( 4451): EAPOL: SUPP_BE entering state INITIALIZE
D/wpa_supplicant( 4451): EAP: EAP entering state DISABLED
D/wpa_supplicant( 4451): Using existing control interface directory.
D/wpa_supplicant( 4451): P2P: Add operating class 81
D/wpa_supplicant( 4451): P2P: Channels - hexdump(len=13): 01 02 03 04 05 06 07 08 09 0a 0b 0c 0d
D/wpa_supplicant( 4451): P2P: Own listen channel: 81:11
D/wpa_supplicant( 4451): P2P: Random operating channel: 81:11
D/wpa_supplicant( 4451): P2P: initialized
D/wpa_supplicant( 4451): P2P: channels: 81:1,2,3,4,5,6,7,8,9,10,11,12,13
D/wpa_supplicant( 4451): P2P: cli_channels:
D/wpa_supplicant( 4451): wlan0: Added interface wlan0
D/wpa_supplicant( 4451): wlan0: State: DISCONNECTED -> DISCONNECTED
D/wpa_supplicant( 4451): nl80211: Set wlan0 operstate 0->0 (DORMANT)
D/wpa_supplicant( 4451): netlink: Operstate: ifindex=6 linkmode=-1 (no change), operstate=5 (IF_OPER_DORMANT)
D/wpa_supplicant( 4451): random: Got 20/20 bytes from /dev/random
D/wpa_supplicant( 4451): Get randomness: len=20 entropy=0
D/wpa_supplicant( 4451): random from os_get_random - hexdump(len=20): [REMOVED]
D/wpa_supplicant( 4451): random_mix_pool - hexdump(len=20): [REMOVED]
D/wpa_supplicant( 4451): random from internal pool - hexdump(len=16): [REMOVED]
D/wpa_supplicant( 4451): random_mix_pool - hexdump(len=20): [REMOVED]
D/wpa_supplicant( 4451): random from internal pool - hexdump(len=16): [REMOVED]
D/wpa_supplicant( 4451): mixed random - hexdump(len=20): [REMOVED]
D/wpa_supplicant( 4451): random: Updated entropy file /data/misc/wifi/entropy.bin (own_pool_ready=2)
D/wpa_supplicant( 4451): RTM_NEWLINK: ifi_index=6 ifname=wlan0 operstate=2 linkmode=1 ifi_family=0 ifi_flags=0x1003 ([UP])
V/KeyguardUpdateMonitor( 4088): action android.intent.action.SIM_STATE_CHANGED state: NOT_READY slotId: 0 subid: -2
D/WifiService( 3953): New client listening to asynchronous messages
V/KeyguardServiceDelegate( 3953): *** Keyguard connected (yay!)
D/wpa_supplicant( 4451): wlan0: State: DISCONNECTED -> SCANNING
D/wpa_supplicant( 4451): Scan SSID - hexdump(len=4): 46 4f 58 39
D/wpa_supplicant( 4451): wlan0: Starting AP scan for wildcard SSID
D/wpa_supplicant( 4451): WPS: Building WPS IE for Probe Request
D/wpa_supplicant( 4451): WPS: * Version (hardcoded 0x10)
D/wpa_supplicant( 4451): WPS: * Request Type
D/wpa_supplicant( 4451): WPS: * Config Methods (4288)
D/wpa_supplicant( 4451): WPS: * UUID-E
D/wpa_supplicant( 4451): WPS: * Primary Device Type
D/wpa_supplicant( 4451): WPS: * RF Bands (1)
D/wpa_supplicant( 4451): WPS: * Association State
D/wpa_supplicant( 4451): WPS: * Configuration Error (0)
D/wpa_supplicant( 4451): WPS: * Device Password ID (0)
D/wpa_supplicant( 4451): WPS: * Manufacturer
D/wpa_supplicant( 4451): WPS: * Model Name
D/wpa_supplicant( 4451): WPS: * Model Number
D/wpa_supplicant( 4451): WPS: * Device Name
D/wpa_supplicant( 4451): WPS: * Version2 (0x20)
D/wpa_supplicant( 4451): P2P: * P2P IE header
D/wpa_supplicant( 4451): P2P: * Capability dev=21 group=00
D/wpa_supplicant( 4451): P2P: * Listen Channel: Regulatory Class 81 Channel 11
D/wpa_supplicant( 4451): wlan0: Add radio work 'scan'@0xb6836430
D/wpa_supplicant( 4451): wlan0: First radio work item in the queue - schedule start immediately
D/wpa_supplicant( 4451): wlan0: Starting radio work 'scan'@0xb6836430 after 0.000031 second wait
D/wpa_supplicant( 4451): wlan0: nl80211: scan request
D/wpa_supplicant( 4451): nl80211: Scan SSID - hexdump(len=4): 46 4f 58 39
D/wpa_supplicant( 4451): nl80211: Scan SSID - hexdump(len=0): [NULL]
D/wpa_supplicant( 4451): nl80211: Scan extra IEs - hexdump(len=147): dd 7e 00 50 f2 04 10 4a 00 01 10 10 3a 00 01 00 10 08 00 02 42 88 10 47 00 10 48 95 8f 14 8c 54 ...
W/WindowManager( 3953): Keyguard drawn timeout. Setting mKeyguardDrawComplete
I/Choreographer( 4088): Skipped 46 frames! The application may be doing too much work on its main thread.
D/OpenGLRenderer( 4088): setting property extraRasterBucket to 0.95
D/OpenGLRenderer( 4088): failed
D/OpenGLRenderer( 4088): setting property extraRasterBucket to 0.0
D/OpenGLRenderer( 4088): failed
I/SurfaceFlinger( 1575): Boot is finished (625819 ms)
D/KeyguardUpdateMonitor( 4088): handleSimStateChange(subId=-2, slotId=0, state=UNKNOWN)
W/KeyguardUpdateMonitor( 4088): invalid subId in handleSimStateChange()
V/KeyguardUpdateMonitor( 4088): onSubscriptionInfoChanged()
V/KeyguardUpdateMonitor( 4088): onSubscriptionInfoChanged: list is null
V/KeyguardServiceDelegate( 3953): **** SHOWN CALLED ****
D/PhoneStatusBar( 4088): disable: < expand* icons alerts system_info back* home* recent* clock search* > I/SystemServiceManager( 3953): Starting phase 1000
I/sh ( 4461): /system/etc/init.sh: rtl8723be.ips=N: not found
I/sh ( 4461): /system/etc/init.sh: rtl8723be.fwlps=N: not found
D/wpa_supplicant( 4451): Scan requested (ret=0) - scan timeout 10 seconds
D/wpa_supplicant( 4451): CTRL_IFACE monitor attached /data/misc/wifi/sockets/wpa_ctrl_3953-3\x00
D/wpa_supplicant( 4451): nl80211: Event message available
D/wpa_supplicant( 4451): nl80211: Drv Event 33 (NL80211_CMD_TRIGGER_SCAN) received for wlan0
D/wpa_supplicant( 4451): wlan0: nl80211: Scan trigger
D/wpa_supplicant( 4451): wlan0: Event SCAN_STARTED (49) received
D/wpa_supplicant( 4451): wlan0: Own scan request started a scan in 0.000145 seconds
D/wpa_supplicant( 4451): CTRL_IFACE monitor sent successfully to /data/misc/wifi/sockets/wpa_ctrl_3953-3\x00
D/wpa_supplicant( 4451): wlan0: Control interface command 'DRIVER MACADDR'
D/wpa_supplicant( 4451): wlan0: Control interface command 'SET update_config 1'
D/wpa_supplicant( 4451): CTRL_IFACE SET 'update_config'='1'
D/wpa_supplicant( 4451): update_config=1
D/WifiConfigStore( 3953): Loading config and enabling all networks
D/wpa_supplicant( 4451): wlan0: Control interface command 'LIST_NETWORKS LAST_ID=-1'
D/wpa_supplicant( 4451): wlan0: Control interface command 'GET_NETWORK 0 ssid'
D/wpa_supplicant( 4451): CTRL_IFACE: GET_NETWORK id=0 name='ssid'
D/wpa_supplicant( 4451): wlan0: Control interface command 'GET_NETWORK 0 bssid'
D/wpa_supplicant( 4451): CTRL_IFACE: GET_NETWORK id=0 name='bssid'
D/wpa_supplicant( 4451): CTRL_IFACE: Failed to get network variable 'bssid'
D/wpa_supplicant( 4451): wlan0: Control interface command 'GET_NETWORK 0 priority'
D/wpa_supplicant( 4451): CTRL_IFACE: GET_NETWORK id=0 name='priority'
D/wpa_supplicant( 4451): wlan0: Control interface command 'GET_NETWORK 0 scan_ssid'
D/wpa_supplicant( 4451): CTRL_IFACE: GET_NETWORK id=0 name='scan_ssid'
D/wpa_supplicant( 4451): wlan0: Control interface command 'GET_NETWORK 0 wep_tx_keyidx'
D/wpa_supplicant( 4451): CTRL_IFACE: GET_NETWORK id=0 name='wep_tx_keyidx'
D/wpa_supplicant( 4451): wlan0: Control interface command 'GET_NETWORK 0 wep_key0'
D/wpa_supplicant( 4451): CTRL_IFACE: GET_NETWORK id=0 name='wep_key0'
D/wpa_supplicant( 4451): CTRL_IFACE: Failed to get network variable 'wep_key0'
D/wpa_supplicant( 4451): wlan0: Control interface command 'GET_NETWORK 0 wep_key1'
D/wpa_supplicant( 4451): CTRL_IFACE: GET_NETWORK id=0 name='wep_key1'
D/wpa_supplicant( 4451): CTRL_IFACE: Failed to get network variable 'wep_key1'
D/wpa_supplicant( 4451): wlan0: Control interface command 'GET_NETWORK 0 wep_key2'
D/wpa_supplicant( 4451): CTRL_IFACE: GET_NETWORK id=0 name='wep_key2'
D/wpa_supplicant( 4451): CTRL_IFACE: Failed to get network variable 'wep_key2'
D/wpa_supplicant( 4451): wlan0: Control interface command 'GET_NETWORK 0 wep_key3'
D/wpa_supplicant( 4451): CTRL_IFACE: GET_NETWORK id=0 name='wep_key3'
D/wpa_supplicant( 4451): CTRL_IFACE: Failed to get network variable 'wep_key3'
D/wpa_supplicant( 4451): wlan0: Control interface command 'GET_NETWORK 0 psk'
D/wpa_supplicant( 4451): CTRL_IFACE: GET_NETWORK id=0 name='psk'
D/wpa_supplicant( 4451): Do not allow key_data field to be exposed
D/wpa_supplicant( 4451): wlan0: Control interface command 'GET_NETWORK 0 proto'
D/wpa_supplicant( 4451): CTRL_IFACE: GET_NETWORK id=0 name='proto'
D/wpa_supplicant( 4451): wlan0: Control interface command 'GET_NETWORK 0 key_mgmt'
D/wpa_supplicant( 4451): CTRL_IFACE: GET_NETWORK id=0 name='key_mgmt'
D/wpa_supplicant( 4451): wlan0: Control interface command 'GET_NETWORK 0 auth_alg'
D/wpa_supplicant( 4451): CTRL_IFACE: GET_NETWORK id=0 name='auth_alg'
D/wpa_supplicant( 4451): CTRL_IFACE: Failed to get network variable 'auth_alg'
D/wpa_supplicant( 4451): wlan0: Control interface command 'GET_NETWORK 0 pairwise'
D/wpa_supplicant( 4451): CTRL_IFACE: GET_NETWORK id=0 name='pairwise'
D/wpa_supplicant( 4451): wlan0: Control interface command 'GET_NETWORK 0 group'
D/wpa_supplicant( 4451): CTRL_IFACE: GET_NETWORK id=0 name='group'
D/wpa_supplicant( 4451): wlan0: Control interface command 'GET_NETWORK 0 eap'
D/wpa_supplicant( 4451): CTRL_IFACE: GET_NETWORK id=0 name='eap'
D/wpa_supplicant( 4451): CTRL_IFACE: Failed to get network variable 'eap'
D/wpa_supplicant( 4451): wlan0: Control interface command 'GET_NETWORK 0 phase2'
D/wpa_supplicant( 4451): CTRL_IFACE: GET_NETWORK id=0 name='phase2'
D/wpa_supplicant( 4451): CTRL_IFACE: Failed to get network variable 'phase2'
D/wpa_supplicant( 4451): wlan0: Control interface command 'GET_NETWORK 0 identity'
D/wpa_supplicant( 4451): CTRL_IFACE: GET_NETWORK id=0 name='identity'
D/wpa_supplicant( 4451): CTRL_IFACE: Failed to get network variable 'identity'
D/wpa_supplicant( 4451): wlan0: Control interface command 'GET_NETWORK 0 anonymous_identity'
D/wpa_supplicant( 4451): CTRL_IFACE: GET_NETWORK id=0 name='anonymous_identity'
D/wpa_supplicant( 4451): CTRL_IFACE: Failed to get network variable 'anonymous_identity'
D/wpa_supplicant( 4451): wlan0: Control interface command 'GET_NETWORK 0 password'
D/wpa_supplicant( 4451): CTRL_IFACE: GET_NETWORK id=0 name='password'
D/wpa_supplicant( 4451): CTRL_IFACE: Failed to get network variable 'password'
D/wpa_supplicant( 4451): wlan0: Control interface command 'GET_NETWORK 0 client_cert'
D/wpa_supplicant( 4451): CTRL_IFACE: GET_NETWORK id=0 name='client_cert'
D/wpa_supplicant( 4451): CTRL_IFACE: Failed to get network variable 'client_cert'
D/wpa_supplicant( 4451): wlan0: Control interface command 'GET_NETWORK 0 ca_cert'
D/wpa_supplicant( 4451): CTRL_IFACE: GET_NETWORK id=0 name='ca_cert'
D/wpa_supplicant( 4451): CTRL_IFACE: Failed to get network variable 'ca_cert'
D/wpa_supplicant( 4451): wlan0: Control interface command 'GET_NETWORK 0 subject_match'
D/wpa_supplicant( 4451): CTRL_IFACE: GET_NETWORK id=0 name='subject_match'
D/wpa_supplicant( 4451): CTRL_IFACE: Failed to get network variable 'subject_match'
D/wpa_supplicant( 4451): wlan0: Control interface command 'GET_NETWORK 0 engine'
D/wpa_supplicant( 4451): CTRL_IFACE: GET_NETWORK id=0 name='engine'
D/wpa_supplicant( 4451): wlan0: Control interface command 'GET_NETWORK 0 engine_id'
D/wpa_supplicant( 4451): CTRL_IFACE: GET_NETWORK id=0 name='engine_id'
D/wpa_supplicant( 4451): CTRL_IFACE: Failed to get network variable 'engine_id'
D/wpa_supplicant( 4451): wlan0: Control interface command 'GET_NETWORK 0 key_id'
D/wpa_supplicant( 4451): CTRL_IFACE: GET_NETWORK id=0 name='key_id'
D/wpa_supplicant( 4451): CTRL_IFACE: Failed to get network variable 'key_id'
D/wpa_supplicant( 4451): wlan0: Control interface command 'GET_NETWORK 0 private_key'
D/wpa_supplicant( 4451): CTRL_IFACE: GET_NETWORK id=0 name='private_key'
D/wpa_supplicant( 4451): CTRL_IFACE: Failed to get network variable 'private_key'
D/wpa_supplicant( 4451): wlan0: Control interface command 'LIST_NETWORKS LAST_ID=0'
E/WifiConfigStore( 3953): Error parsing configuration: java.io.FileNotFoundException: /data/misc/wifi/ipconfig.txt: open failed: ENOENT (No such file or directory)
D/wpa_supplicant( 4451): wlan0: Control interface command 'SET device_name android_x86'
D/wpa_supplicant( 4451): CTRL_IFACE SET 'device_name'='android_x86'
D/wpa_supplicant( 4451): device_name='android_x86'
D/wpa_supplicant( 4451): wlan0: Control interface command 'SET manufacturer LENOVO'
D/wpa_supplicant( 4451): CTRL_IFACE SET 'manufacturer'='LENOVO'
D/wpa_supplicant( 4451): manufacturer='LENOVO'
D/wpa_supplicant( 4451): wlan0: Control interface command 'SET model_name 80E3'
D/wpa_supplicant( 4451): CTRL_IFACE SET 'model_name'='80E3'
D/wpa_supplicant( 4451): model_name='80E3'
D/wpa_supplicant( 4451): wlan0: Control interface command 'SET model_number 80E3'
D/wpa_supplicant( 4451): CTRL_IFACE SET 'model_number'='80E3'
D/wpa_supplicant( 4451): model_number='80E3'
D/wpa_supplicant( 4451): wlan0: Control interface command 'SET serial_number '
D/wpa_supplicant( 4451): CTRL_IFACE SET 'serial_number'=''
D/wpa_supplicant( 4451): serial_number=''
D/wpa_supplicant( 4451): wlan0: Control interface command 'SET config_methods physical_display virtual_push_button'
D/wpa_supplicant( 4451): CTRL_IFACE SET 'config_methods'='physical_display virtual_push_button'
D/wpa_supplicant( 4451): config_methods='physical_display virtual_push_button'
D/wpa_supplicant( 4451): wlan0: Control interface command 'SET device_type 10-0050F204-5'
D/wpa_supplicant( 4451): CTRL_IFACE SET 'device_type'='10-0050F204-5'
D/wpa_supplicant( 4451): wlan0: Control interface command 'SCAN_INTERVAL 15'
D/wpa_supplicant( 4451): wlan0: Setting scan interval: 15 sec
D/WifiNative-HAL( 3953): Setting external_sim to 1
D/wpa_supplicant( 4451): wlan0: Control interface command 'SET external_sim 1'
D/wpa_supplicant( 4451): CTRL_IFACE SET 'external_sim'='1'
D/wpa_supplicant( 4451): external_sim=1
D/WifiStateMachine( 3953): Setting OUI to DA-A1-19
I/WifiNative-HAL( 3953): startHal
E/wifi ( 3953): getStaticLongField sWifiHalHandle 0xa090189c
D/wifi ( 3953): halHandle = 0x0, mVM = 0xb3c4d280, mCls = 0x20124e
I/WifiNative-HAL( 3953): Could not start hal
D/wpa_supplicant( 4451): wlan0: Control interface command 'STA_AUTOCONNECT 0'
D/wpa_supplicant( 4451): wlan0: Control interface command 'DRIVER BTCOEXSCAN-STOP'
I/ActivityManager( 3953): Start proc 4502:com.android.keychain/1000 for service com.android.keychain/.KeyChainService
D/wpa_supplicant( 4451): wlan0: Control interface command 'DRIVER RXFILTER-STOP'
D/wpa_supplicant( 4451): wlan0: Control interface command 'DRIVER RXFILTER-ADD 3'
D/wpa_supplicant( 4451): wlan0: Control interface command 'DRIVER RXFILTER-START'
D/wpa_supplicant( 4451): wlan0: Control interface command 'DRIVER RXFILTER-STOP'
D/wpa_supplicant( 4451): wlan0: Control interface command 'DRIVER RXFILTER-REMOVE 2'
D/wpa_supplicant( 4451): wlan0: Control interface command 'DRIVER RXFILTER-START'
D/wpa_supplicant( 4451): wlan0: Control interface command 'STATUS'
D/wpa_supplicant( 4451): CTRL_IFACE monitor sent successfully to /data/misc/wifi/sockets/wpa_ctrl_3953-3\x00
I/WifiNative-HAL( 3953): startHal
E/WifiStateMachine( 3953): cancelDelayedScan -> 1
D/wpa_supplicant( 4451): wlan0: Control interface command 'SET ps 1'
D/wpa_supplicant( 4451): CTRL_IFACE SET 'ps'='1'
D/wpa_supplicant( 4451): nl80211: set_p2p_powersave (legacy_ps=1 opp_ps=-1 ctwindow=-1)
D/WifiScanningService( 3953): SCAN_AVAILABLE : 3
D/RttService( 3953): SCAN_AVAILABLE : 3
D/WifiScanningService( 3953): DefaultState got{ when=0 what=160006 target=com.android.internal.util.StateMachine$SmHandler }
I/WifiNative-HAL( 3953): startHal
E/WifiScanningService( 3953): could not start HAL
D/RttService( 3953): DefaultState got{ when=0 what=160512 target=com.android.internal.util.StateMachine$SmHandler }
D/wpa_supplicant( 4451): wlan0: Control interface command 'DRIVER SETBAND 0'
D/wpa_supplicant( 4451): wlan0: Control interface command 'BSS_FLUSH 0'
I/RecoverySystem( 3953): No recovery log file
D/wpa_supplicant( 4451): wlan0: Control interface command 'SCAN TYPE=ONLY'
D/wpa_supplicant( 4451): Ongoing scan action - reject new request
I/BootReceiver( 3953): Copying /data/tombstones/tombstone_00 to DropBox (SYSTEM_TOMBSTONE)
I/ActivityManager( 3953): Start proc 4522:com.android.dialer/u0a4 for broadcast com.android.dialer/.calllog.CallLogReceiver
E/native ( 3953): do suspend false
D/wpa_supplicant( 4451): wlan0: Control interface command 'DRIVER SETSUSPENDMODE 0'
D/wpa_supplicant( 4451): wlan0: Control interface command 'BLACKLIST clear'
D/wpa_supplicant( 4451): EAPOL: disable timer tick
D/ExtensionsFactory( 4522): No custom extensions.
D/WIFI ( 3953): Registering NetworkFactory
D/WIFI_UT ( 3953): Registering NetworkFactory
D/ConnectivityService( 3953): Got NetworkFactory Messenger for WIFI
D/ConnectivityService( 3953): Got NetworkFactory Messenger for WIFI_UT
D/WIFI ( 3953): got request NetworkRequest [ id=1, legacyType=-1, [ Capabilities: INTERNET&NOT_RESTRICTED&TRUSTED&NOT_VPN] ] with score 0
D/WIFI_UT ( 3953): got request NetworkRequest [ id=1, legacyType=-1, [ Capabilities: INTERNET&NOT_RESTRICTED&TRUSTED&NOT_VPN] ] with score 0
I/ActivityManager( 3953): Start proc 4543:com.android.providers.calendar/u0a1 for broadcast com.android.providers.calendar/.CalendarReceiver
W/ResourcesManager( 4543): Asset path '/system/framework/android.test.runner.jar' does not exist or contains no resources.
I/CalendarProvider2( 4543): Created com.android.providers.calendar.CalendarAlarmManager@b4491f(com.android.providers.calendar.CalendarProvider2@2804c46c)
I/ActivityManager( 3953): Start proc 4563:com.android.managedprovisioning/u0a7 for broadcast com.android.managedprovisioning/.BootReminder
I/ActivityManager( 3953): Start proc 4582:com.android.mms/u0a8 for broadcast com.android.mms/.transaction.MmsSystemEventReceiver
E/SQLiteLog( 4277): (283) recovered 23 frames from WAL file /data/data/com.android.providers.media/databases/internal.db-wal
I/art ( 3953): Explicit concurrent mark sweep GC freed 15701(863KB) AllocSpace objects, 9(1280KB) LOS objects, 33% free, 7MB/11MB, paused 704us total 41.884ms
D/CountryDetector( 3953): The first listener is added
V/Mms ( 4582): mnc/mcc:
V/Mms ( 4582): tag: bool value: enabledMMS - true
V/Mms ( 4582): tag: int value: maxMessageSize - 307200
V/Mms ( 4582): tag: int value: maxImageHeight - 480
V/Mms ( 4582): tag: int value: maxImageWidth - 640
V/Mms ( 4582): tag: int value: defaultSMSMessagesPerThread - 10000
V/Mms ( 4582): tag: int value: defaultMMSMessagesPerThread - 1000
V/Mms ( 4582): tag: int value: minMessageCountPerThread - 10
V/Mms ( 4582): tag: int value: maxMessageCountPerThread - 5000
V/Mms ( 4582): tag: string value: uaProfUrl - http://www.google.com/oha/rdf/ua-profile-kila.xml
V/Mms ( 4582): tag: int value: recipientLimit - -1
V/Mms ( 4582): tag: bool value: enableMultipartSMS - true
V/Mms ( 4582): tag: int value: smsToMmsTextThreshold - -1
V/Mms ( 4582): tag: bool value: enableSlideDuration - true
V/Mms ( 4582): tag: int value: maxMessageTextSize - -1
W/MediaScanner( 4277): Error opening directory '/oem/media/', skipping: No such file or directory.
D/ConnectivityManager( 4582): getMobileDataEnabled()+ subId=-1
D/PhoneInterfaceManager( 4232): [PhoneIntfMgr] getDataEnabled: subId=-1 phoneId=-1
E/PhoneInterfaceManager( 4232): [PhoneIntfMgr] getDataEnabled: no phone subId=-1 retVal=false
D/ConnectivityManager( 4582): getMobileDataEnabled()- subId=-1 retVal=false
I/ActivityManager( 3953): Start proc 4612:com.android.onetimeinitializer/u0a10 for broadcast com.android.onetimeinitializer/.OneTimeInitializerReceiver
D/ConnectivityManager( 4582): getMobileDataEnabled()+ subId=-1
D/PhoneInterfaceManager( 4232): [PhoneIntfMgr] getDataEnabled: subId=-1 phoneId=-1
E/PhoneInterfaceManager( 4232): [PhoneIntfMgr] getDataEnabled: no phone subId=-1 retVal=false
D/ConnectivityManager( 4582): getMobileDataEnabled()- subId=-1 retVal=false
D/Mms ( 4582): cancelNotification
D/MmsSmsDatabaseHelper( 4232): [MmsSmsDb] tableName: threads hasAutoIncrement: CREATE TABLE threads (_id INTEGER PRIMARY KEY AUTOINCREMENT,date INTEGER DEFAULT 0,message_count INTEGER DEFAULT 0,recipient_ids TEXT,snippet TEXT,snippet_cs INTEGER DEFAULT 0,read INTEGER DEFAULT 1,archived INTEGER DEFAULT 0,type INTEGER DEFAULT 0,error INTEGER DEFAULT 0,has_attachment INTEGER DEFAULT 0) result: true
D/MmsSmsDatabaseHelper( 4232): [MmsSmsDb] tableName: canonical_addresses hasAutoIncrement: CREATE TABLE canonical_addresses (_id INTEGER PRIMARY KEY AUTOINCREMENT,address TEXT) result: true
D/MmsSmsDatabaseHelper( 4232): [MmsSmsDb] tableName: part hasAutoIncrement: CREATE TABLE part (_id INTEGER PRIMARY KEY AUTOINCREMENT,mid INTEGER,seq INTEGER DEFAULT 0,ct TEXT,name TEXT,chset INTEGER,cd TEXT,fn TEXT,cid TEXT,cl TEXT,ctt_s INTEGER,ctt_t TEXT,_data TEXT,text TEXT) result: true
D/MmsSmsDatabaseHelper( 4232): [MmsSmsDb] tableName: pdu hasAutoIncrement: CREATE TABLE pdu (_id INTEGER PRIMARY KEY AUTOINCREMENT,thread_id INTEGER,date INTEGER,date_sent INTEGER DEFAULT 0,msg_box INTEGER,read INTEGER DEFAULT 0,m_id TEXT,sub TEXT,sub_cs INTEGER,ct_t TEXT,ct_l TEXT,exp INTEGER,m_cls TEXT,m_type INTEGER,v INTEGER,m_size INTEGER,pri INTEGER,rr INTEGER,rpt_a INTEGER,resp_st INTEGER,st INTEGER,tr_id TEXT,retr_st INTEGER,retr_txt TEXT,retr_txt_cs INTEGER,read_status INTEGER,ct_cls INTEGER,resp_txt TEXT,d_tm INTEGER,d_rpt INTEGER,locked INTEGER DEFAULT 0,sub_id INTEGER DEFAULT -1, seen INTEGER DEFAULT 0,creator TEXT,text_only INTEGER DEFAULT 0) result: true
D/MmsSmsDatabaseHelper( 4232): [getWritableDatabase] hasAutoIncrementThreads: true hasAutoIncrementAddresses: true hasAutoIncrementPart: true hasAutoIncrementPdu: true
V/OneTimeInitializerRece( 4612): OneTimeInitializerReceiver.onReceive
I/ActivityManager( 3953): Start proc 4630:com.android.settings/1000 for broadcast com.android.settings/.sim.SimBootReceiver
D/Mms ( 4582): cancelNotification
D/wpa_supplicant( 4451): RTM_NEWLINK: ifi_index=6 ifname=wlan0 wext ifi_family=0 ifi_flags=0x1003 ([UP])
D/wpa_supplicant( 4451): nl80211: Event message available
D/wpa_supplicant( 4451): nl80211: Drv Event 34 (NL80211_CMD_NEW_SCAN_RESULTS) received for wlan0
D/wpa_supplicant( 4451): wlan0: nl80211: New scan results available
D/wpa_supplicant( 4451): nl80211: Scan probed for SSID 'FOX9'
D/wpa_supplicant( 4451): nl80211: Scan probed for SSID ''
D/wpa_supplicant( 4451): nl80211: Scan included frequencies: 2412 2417 2422 2427 2432 2437 2442 2447 2452 2457 2462 2467 2472
D/wpa_supplicant( 4451): wlan0: Event SCAN_RESULTS (3) received
D/wpa_supplicant( 4451): wlan0: Scan completed in 0.951067 seconds
D/wpa_supplicant( 4451): nl80211: Received scan results (4 BSSes)
D/wpa_supplicant( 4451): Sorted scan results
D/wpa_supplicant( 4451): 00:90:4c:5f:00:2a freq=2437 qual=0 noise=0 level=-48 flags=0xb age=391
D/wpa_supplicant( 4451): IEs - hexdump(len=90): 00 04 46 4f 58 39 01 08 82 84 8b 96 24 30 48 6c 03 01 06 2a 01 00 2f 01 00 30 14 01 00 00 0f ac ...
D/wpa_supplicant( 4451): Beacon IEs - hexdump(len=96): 00 04 00 00 00 00 01 08 82 84 8b 96 24 30 48 6c 03 01 06 05 04 00 01 00 00 2a 01 00 2f 01 00 30 ...
D/wpa_supplicant( 4451): 00:90:4c:5f:00:2a freq=2437 qual=0 noise=0 level=-50 flags=0xb age=455
D/wpa_supplicant( 4451): IEs - hexdump(len=96): 00 04 00 00 00 00 01 08 82 84 8b 96 24 30 48 6c 03 01 06 05 04 00 01 00 00 2a 01 00 2f 01 00 30 ...
D/wpa_supplicant( 4451): Beacon IEs - hexdump(len=96): 00 04 00 00 00 00 01 08 82 84 8b 96 24 30 48 6c 03 01 06 05 04 00 01 00 00 2a 01 00 2f 01 00 30 ...
D/wpa_supplicant( 4451): 6c:fa:89:e3:22:10 freq=2412 qual=0 noise=0 level=-76 flags=0xb age=923
D/wpa_supplicant( 4451): IEs - hexdump(len=289): 00 06 47 6f 73 74 6a 65 01 08 82 84 8b 0c 12 96 18 24 03 01 01 05 04 00 01 00 00 07 06 53 49 20 ...
D/wpa_supplicant( 4451): Beacon IEs - hexdump(len=289): 00 06 47 6f 73 74 6a 65 01 08 82 84 8b 0c 12 96 18 24 03 01 01 05 04 00 01 00 00 07 06 53 49 20 ...
D/wpa_supplicant( 4451): 6c:fa:89:e3:22:12 freq=2412 qual=0 noise=0 level=-74 flags=0xb age=899
D/wpa_supplicant( 4451): IEs - hexdump(len=180): 00 01 00 01 08 82 84 8b 0c 12 96 18 24 03 01 01 05 04 00 01 00 00 07 06 53 49 20 01 0d 14 0b 05 ...
D/wpa_supplicant( 4451): Beacon IEs - hexdump(len=180): 00 01 00 01 08 82 84 8b 0c 12 96 18 24 03 01 01 05 04 00 01 00 00 07 06 53 49 20 01 0d 14 0b 05 ...
D/wpa_supplicant( 4451): wlan0: BSS: Start scan result update 1
D/wpa_supplicant( 4451): wlan0: BSS: Add new id 0 BSSID 00:90:4c:5f:00:2a SSID 'FOX9'
D/wpa_supplicant( 4451): CTRL_IFACE monitor sent successfully to /data/misc/wifi/sockets/wpa_ctrl_3953-3\x00
D/wpa_supplicant( 4451): wlan0: BSS: Add new id 1 BSSID 00:90:4c:5f:00:2a SSID '\x00\x00\x00\x00'
D/wpa_supplicant( 4451): CTRL_IFACE monitor sent successfully to /data/misc/wifi/sockets/wpa_ctrl_3953-3\x00
D/wpa_supplicant( 4451): wlan0: BSS: Add new id 2 BSSID 6c:fa:89:e3:22:10 SSID 'Gostje'
D/wpa_supplicant( 4451): CTRL_IFACE monitor sent successfully to /data/misc/wifi/sockets/wpa_ctrl_3953-3\x00
D/wpa_supplicant( 4451): wlan0: BSS: Add new id 3 BSSID 6c:fa:89:e3:22:12 SSID '\x00'
D/wpa_supplicant( 4451): CTRL_IFACE monitor sent successfully to /data/misc/wifi/sockets/wpa_ctrl_3953-3\x00
D/wpa_supplicant( 4451): BSS: last_scan_res_used=4/32
D/wpa_supplicant( 4451): Add randomness: count=2 entropy=0
D/wpa_supplicant( 4451): random pool - hexdump(len=128): [REMOVED]
D/wpa_supplicant( 4451): random_mix_pool - hexdump(len=8): [REMOVED]
D/wpa_supplicant( 4451): random_mix_pool - hexdump(len=5): [REMOVED]
D/wpa_supplicant( 4451): random pool - hexdump(len=128): [REMOVED]
D/wpa_supplicant( 4451): Add randomness: count=3 entropy=1
D/wpa_supplicant( 4451): random pool - hexdump(len=128): [REMOVED]
D/wpa_supplicant( 4451): random_mix_pool - hexdump(len=8): [REMOVED]
D/wpa_supplicant( 4451): random_mix_pool - hexdump(len=5): [REMOVED]
D/wpa_supplicant( 4451): random pool - hexdump(len=128): [REMOVED]
D/wpa_supplicant( 4451): Add randomness: count=4 entropy=2
D/wpa_supplicant( 4451): random pool - hexdump(len=128): [REMOVED]
D/wpa_supplicant( 4451): random_mix_pool - hexdump(len=8): [REMOVED]
D/wpa_supplicant( 4451): random_mix_pool - hexdump(len=5): [REMOVED]
D/wpa_supplicant( 4451): random pool - hexdump(len=128): [REMOVED]
D/wpa_supplicant( 4451): Add randomness: count=5 entropy=3
D/wpa_supplicant( 4451): random pool - hexdump(len=128): [REMOVED]
D/wpa_supplicant( 4451): random_mix_pool - hexdump(len=8): [REMOVED]
D/wpa_supplicant( 4451): random_mix_pool - hexdump(len=5): [REMOVED]
D/wpa_supplicant( 4451): random pool - hexdump(len=128): [REMOVED]
D/wpa_supplicant( 4451): wlan0: Scan-only results received
D/wpa_supplicant( 4451): CTRL_IFACE monitor sent successfully to /data/misc/wifi/sockets/wpa_ctrl_3953-3\x00
D/wpa_supplicant( 4451): wlan0: Radio work 'scan'@0xb6836430 done in 1.562169 seconds
I/WifiNative-HAL( 3953): startHal
D/wpa_supplicant( 4451): wlan0: Control interface command 'BSS RANGE=0- MASK=0x21987'
I/ActivityManager( 3953): Start proc 4646:com.android.calendar/u0a22 for broadcast com.android.calendar/.alerts.AlertReceiver
D/wpa_supplicant( 4451): wlan0: Control interface command 'STATUS-NO_EVENTS'
E/WifiStateMachine( 3953): WifiStateMachine shouldSwitchNetwork txSuccessRate=-0.25 rxSuccessRate=-0.25 delta 1000 -> 1000
E/WifiConfigStore( 3953): rewrite network history for "FOX9"WPA_PSK
E/WifiStateMachine( 3953): CMD_AUTO_CONNECT sup state ScanState my state DisconnectedState nid=0 roam=3
E/WifiConfigStore( 3953): saveWifiConfigBSSID Setting BSSID for "FOX9"WPA_PSK to any
D/wpa_supplicant( 4451): wlan0: Control interface command 'SET_NETWORK [REMOVED]'
D/wpa_supplicant( 4451): CTRL_IFACE: SET_NETWORK id=0 name='bssid'
D/wpa_supplicant( 4451): CTRL_IFACE: value - hexdump(len=3): [REMOVED]
D/wpa_supplicant( 4451): BSSID any
D/wpa_supplicant( 4451): wlan0: Control interface command 'SAVE_CONFIG'
D/wpa_supplicant( 4451): Writing configuration file '/data/misc/wifi/wpa_supplicant.conf.tmp'
D/wpa_supplicant( 4451): Configuration file '/data/misc/wifi/wpa_supplicant.conf' written successfully
D/wpa_supplicant( 4451): CTRL_IFACE: SAVE_CONFIG - Configuration updated
E/WifiStateMachine( 3953): CMD_AUTO_CONNECT will save config -> "FOX9" nid=0
D/wpa_supplicant( 4451): wlan0: Control interface command 'SET_NETWORK [REMOVED]'
D/wpa_supplicant( 4451): CTRL_IFACE: SET_NETWORK id=0 name='ssid'
D/wpa_supplicant( 4451): CTRL_IFACE: value - hexdump(len=8): [REMOVED]
D/wpa_supplicant( 4451): ssid - hexdump(len=4): 46 4f 58 39
W/MediaScanner( 4277): Error opening directory '/storage/sdcard1/', skipping: Permission denied.
W/MediaScanner( 4277): Error opening directory '/storage/usb0/', skipping: Permission denied.
D/wpa_supplicant( 4451): PSK (from passphrase) - hexdump(len=32): [REMOVED]
D/wpa_supplicant( 4451): wlan0: Control interface command 'SET_NETWORK [REMOVED]'
D/wpa_supplicant( 4451): CTRL_IFACE: SET_NETWORK id=0 name='key_mgmt'
D/wpa_supplicant( 4451): CTRL_IFACE: value - hexdump(len=7): [REMOVED]
D/wpa_supplicant( 4451): key_mgmt: 0x2
D/wpa_supplicant( 4451): wlan0: Control interface command 'SET_NETWORK [REMOVED]'
D/wpa_supplicant( 4451): CTRL_IFACE: SET_NETWORK id=0 name='proto'
D/wpa_supplicant( 4451): CTRL_IFACE: value - hexdump(len=7): [REMOVED]
D/wpa_supplicant( 4451): proto: 0x3
D/wpa_supplicant( 4451): wlan0: Control interface command 'SET_NETWORK [REMOVED]'
D/wpa_supplicant( 4451): CTRL_IFACE: SET_NETWORK id=0 name='pairwise'
D/wpa_supplicant( 4451): CTRL_IFACE: value - hexdump(len=9): [REMOVED]
D/wpa_supplicant( 4451): pairwise: 0x18
D/wpa_supplicant( 4451): wlan0: Control interface command 'SET_NETWORK [REMOVED]'
D/wpa_supplicant( 4451): CTRL_IFACE: SET_NETWORK id=0 name='group'
D/wpa_supplicant( 4451): CTRL_IFACE: value - hexdump(len=22): [REMOVED]
D/wpa_supplicant( 4451): group: 0x1e
D/wpa_supplicant( 4451): wlan0: Control interface command 'SET_NETWORK [REMOVED]'
D/wpa_supplicant( 4451): CTRL_IFACE: SET_NETWORK id=0 name='priority'
D/wpa_supplicant( 4451): CTRL_IFACE: value - hexdump(len=1): [REMOVED]
D/wpa_supplicant( 4451): priority=0 (0x0)
D/wpa_supplicant( 4451): wlan0: Control interface command 'SET_NETWORK [REMOVED]'
D/wpa_supplicant( 4451): CTRL_IFACE: SET_NETWORK id=0 name='scan_ssid'
D/wpa_supplicant( 4451): CTRL_IFACE: value - hexdump(len=1): [REMOVED]
D/wpa_supplicant( 4451): scan_ssid=1 (0x1)
E/WifiConfigStore( 3953): will read network variables netId=0
D/wpa_supplicant( 4451): wlan0: Control interface command 'GET_NETWORK 0 ssid'
D/wpa_supplicant( 4451): CTRL_IFACE: GET_NETWORK id=0 name='ssid'
D/wpa_supplicant( 4451): wlan0: Control interface command 'GET_NETWORK 0 bssid'
D/wpa_supplicant( 4451): CTRL_IFACE: GET_NETWORK id=0 name='bssid'
D/wpa_supplicant( 4451): CTRL_IFACE: Failed to get network variable 'bssid'
D/wpa_supplicant( 4451): wlan0: Control interface command 'GET_NETWORK 0 priority'
D/wpa_supplicant( 4451): CTRL_IFACE: GET_NETWORK id=0 name='priority'
D/wpa_supplicant( 4451): wlan0: Control interface command 'GET_NETWORK 0 scan_ssid'
D/wpa_supplicant( 4451): CTRL_IFACE: GET_NETWORK id=0 name='scan_ssid'
D/wpa_supplicant( 4451): wlan0: Control interface command 'GET_NETWORK 0 wep_tx_keyidx'
D/wpa_supplicant( 4451): CTRL_IFACE: GET_NETWORK id=0 name='wep_tx_keyidx'
D/wpa_supplicant( 4451): wlan0: Control interface command 'GET_NETWORK 0 wep_key0'
D/wpa_supplicant( 4451): CTRL_IFACE: GET_NETWORK id=0 name='wep_key0'
D/wpa_supplicant( 4451): CTRL_IFACE: Failed to get network variable 'wep_key0'
D/wpa_supplicant( 4451): wlan0: Control interface command 'GET_NETWORK 0 wep_key1'
D/wpa_supplicant( 4451): CTRL_IFACE: GET_NETWORK id=0 name='wep_key1'
D/wpa_supplicant( 4451): CTRL_IFACE: Failed to get network variable 'wep_key1'
D/wpa_supplicant( 4451): wlan0: Control interface command 'GET_NETWORK 0 wep_key2'
D/wpa_supplicant( 4451): CTRL_IFACE: GET_NETWORK id=0 name='wep_key2'
D/wpa_supplicant( 4451): CTRL_IFACE: Failed to get network variable 'wep_key2'
D/wpa_supplicant( 4451): wlan0: Control interface command 'GET_NETWORK 0 wep_key3'
D/wpa_supplicant( 4451): CTRL_IFACE: GET_NETWORK id=0 name='wep_key3'
D/wpa_supplicant( 4451): CTRL_IFACE: Failed to get network variable 'wep_key3'
D/wpa_supplicant( 4451): wlan0: Control interface command 'GET_NETWORK 0 psk'
D/wpa_supplicant( 4451): CTRL_IFACE: GET_NETWORK id=0 name='psk'
D/wpa_supplicant( 4451): Do not allow key_data field to be exposed
D/wpa_supplicant( 4451): wlan0: Control interface command 'GET_NETWORK 0 proto'
D/wpa_supplicant( 4451): CTRL_IFACE: GET_NETWORK id=0 name='proto'
D/wpa_supplicant( 4451): wlan0: Control interface command 'GET_NETWORK 0 key_mgmt'
D/wpa_supplicant( 4451): CTRL_IFACE: GET_NETWORK id=0 name='key_mgmt'
D/wpa_supplicant( 4451): wlan0: Control interface command 'GET_NETWORK 0 auth_alg'
D/wpa_supplicant( 4451): CTRL_IFACE: GET_NETWORK id=0 name='auth_alg'
D/wpa_supplicant( 4451): CTRL_IFACE: Failed to get network variable 'auth_alg'
D/wpa_supplicant( 4451): wlan0: Control interface command 'GET_NETWORK 0 pairwise'
D/wpa_supplicant( 4451): CTRL_IFACE: GET_NETWORK id=0 name='pairwise'
D/wpa_supplicant( 4451): wlan0: Control interface command 'GET_NETWORK 0 group'
D/wpa_supplicant( 4451): CTRL_IFACE: GET_NETWORK id=0 name='group'
D/wpa_supplicant( 4451): wlan0: Control interface command 'GET_NETWORK 0 eap'
D/wpa_supplicant( 4451): CTRL_IFACE: GET_NETWORK id=0 name='eap'
D/wpa_supplicant( 4451): CTRL_IFACE: Failed to get network variable 'eap'
D/wpa_supplicant( 4451): wlan0: Control interface command 'GET_NETWORK 0 phase2'
D/wpa_supplicant( 4451): CTRL_IFACE: GET_NETWORK id=0 name='phase2'
D/wpa_supplicant( 4451): CTRL_IFACE: Failed to get network variable 'phase2'
D/wpa_supplicant( 4451): wlan0: Control interface command 'GET_NETWORK 0 identity'
D/wpa_supplicant( 4451): CTRL_IFACE: GET_NETWORK id=0 name='identity'
D/wpa_supplicant( 4451): CTRL_IFACE: Failed to get network variable 'identity'
D/wpa_supplicant( 4451): wlan0: Control interface command 'GET_NETWORK 0 anonymous_identity'
D/wpa_supplicant( 4451): CTRL_IFACE: GET_NETWORK id=0 name='anonymous_identity'
D/wpa_supplicant( 4451): CTRL_IFACE: Failed to get network variable 'anonymous_identity'
D/wpa_supplicant( 4451): wlan0: Control interface command 'GET_NETWORK 0 password'
D/wpa_supplicant( 4451): CTRL_IFACE: GET_NETWORK id=0 name='password'
D/wpa_supplicant( 4451): CTRL_IFACE: Failed to get network variable 'password'
D/wpa_supplicant( 4451): wlan0: Control interface command 'GET_NETWORK 0 client_cert'
D/wpa_supplicant( 4451): CTRL_IFACE: GET_NETWORK id=0 name='client_cert'
D/wpa_supplicant( 4451): CTRL_IFACE: Failed to get network variable 'client_cert'
D/wpa_supplicant( 4451): wlan0: Control interface command 'GET_NETWORK 0 ca_cert'
D/wpa_supplicant( 4451): CTRL_IFACE: GET_NETWORK id=0 name='ca_cert'
D/wpa_supplicant( 4451): CTRL_IFACE: Failed to get network variable 'ca_cert'
D/wpa_supplicant( 4451): wlan0: Control interface command 'GET_NETWORK 0 subject_match'
D/wpa_supplicant( 4451): CTRL_IFACE: GET_NETWORK id=0 name='subject_match'
D/wpa_supplicant( 4451): CTRL_IFACE: Failed to get network variable 'subject_match'
D/wpa_supplicant( 4451): wlan0: Control interface command 'GET_NETWORK 0 engine'
D/wpa_supplicant( 4451): CTRL_IFACE: GET_NETWORK id=0 name='engine'
D/wpa_supplicant( 4451): wlan0: Control interface command 'GET_NETWORK 0 engine_id'
D/wpa_supplicant( 4451): CTRL_IFACE: GET_NETWORK id=0 name='engine_id'
D/wpa_supplicant( 4451): CTRL_IFACE: Failed to get network variable 'engine_id'
D/wpa_supplicant( 4451): wlan0: Control interface command 'GET_NETWORK 0 key_id'
D/wpa_supplicant( 4451): CTRL_IFACE: GET_NETWORK id=0 name='key_id'
D/wpa_supplicant( 4451): CTRL_IFACE: Failed to get network variable 'key_id'
D/wpa_supplicant( 4451): wlan0: Control interface command 'GET_NETWORK 0 private_key'
D/wpa_supplicant( 4451): CTRL_IFACE: GET_NETWORK id=0 name='private_key'
D/wpa_supplicant( 4451): CTRL_IFACE: Failed to get network variable 'private_key'
D/wpa_supplicant( 4451): wlan0: Control interface command 'SAVE_CONFIG'
D/wpa_supplicant( 4451): Writing configuration file '/data/misc/wifi/wpa_supplicant.conf.tmp'
D/wpa_supplicant( 4451): Configuration file '/data/misc/wifi/wpa_supplicant.conf' written successfully
D/wpa_supplicant( 4451): CTRL_IFACE: SAVE_CONFIG - Configuration updated
E/WifiStateMachine( 3953): CMD_AUTO_CONNECT did save config -> nid=0
D/wpa_supplicant( 4451): wlan0: Control interface command 'ENABLE_NETWORK 0'
D/wpa_supplicant( 4451): CTRL_IFACE: ENABLE_NETWORK id=0
D/wpa_supplicant( 4451): wlan0: Control interface command 'SET_NETWORK [REMOVED]'
D/wpa_supplicant( 4451): CTRL_IFACE: SET_NETWORK id=0 name='priority'
D/wpa_supplicant( 4451): CTRL_IFACE: value - hexdump(len=1): [REMOVED]
D/wpa_supplicant( 4451): priority=1 (0x1)
E/WifiConfigStore( 3953): will read network variables netId=0
D/wpa_supplicant( 4451): wlan0: Control interface command 'GET_NETWORK 0 ssid'
D/wpa_supplicant( 4451): CTRL_IFACE: GET_NETWORK id=0 name='ssid'
D/wpa_supplicant( 4451): wlan0: Control interface command 'GET_NETWORK 0 bssid'
D/wpa_supplicant( 4451): CTRL_IFACE: GET_NETWORK id=0 name='bssid'
D/wpa_supplicant( 4451): CTRL_IFACE: Failed to get network variable 'bssid'
D/wpa_supplicant( 4451): wlan0: Control interface command 'GET_NETWORK 0 priority'
D/wpa_supplicant( 4451): CTRL_IFACE: GET_NETWORK id=0 name='priority'
D/wpa_supplicant( 4451): wlan0: Control interface command 'GET_NETWORK 0 scan_ssid'
