D/ConnectivityService( 3953): wifiOnly=false
E/ConnectivityService( 3953): Ignoring protectedNetwork 14
E/ConnectivityService( 3953): Ignoring protectedNetwork 15
I/SystemServer( 3953): Network Service Discovery Service
D/NsdService( 3953): Network service discovery enabled true
I/SystemServer( 3953): UpdateLock Service
I/SystemServiceManager( 3953): Starting com.android.server.notification.NotificationManagerService
D/ZenLog ( 3953): set_zen_mode: off,setting
I/SystemServiceManager( 3953): Starting com.android.server.storage.DeviceStorageMonitorService
I/SystemServer( 3953): Location Manager
I/SystemServer( 3953): Country Detector
I/SystemServer( 3953): Search Service
I/SystemServer( 3953): DropBox Service
I/SystemServer( 3953): Wallpaper Service
I/SystemServer( 3953): Audio Service
I/ServiceManager( 3953): Waiting for service media.audio_policy...
W/TelecomManager( 3953): Telecom Service not found.
I/AudioFlinger( 3756): Using module 1 has the primary audio interface
I/AudioFlinger( 3756): AudioFlinger's thread 0xb58a6000 ready to run
I/AudioFlinger( 3756): AudioFlinger's thread 0xb593a000 ready to run
I/audio_a2dp_hw( 3756): adev_open: adev_open in A2dp_hw module
I/AudioFlinger( 3756): loadHwModule() Loaded a2dp audio interface from A2DP Audio HW HAL (audio) handle 4
I/AudioFlinger( 3756): loadHwModule() Loaded usb audio interface from USB audio HW HAL (audio) handle 5
E/SoundTriggerHwService( 3756): couldn't load sound trigger module sound_trigger.primary (No such file or directory)
D/wpa_supplicant( 3166): nl80211: Event message available
D/wpa_supplicant( 3166): nl80211: Drv Event 20 (NL80211_CMD_DEL_STATION) received for wlan0
D/wpa_supplicant( 3166): nl80211: Delete station 00:90:4c:5f:00:2a
D/wpa_supplicant( 3166): nl80211: Event message available
D/wpa_supplicant( 3166): nl80211: Drv Event 39 (NL80211_CMD_DEAUTHENTICATE) received for wlan0
D/wpa_supplicant( 3166): nl80211: MLME event 39 (NL80211_CMD_DEAUTHENTICATE) on wlan0(38:b1:db:c7:f6:41) A1=00:90:4c:5f:00:2a A2=38:b1:db:c7:f6:41
D/wpa_supplicant( 3166): nl80211: MLME event frame - hexdump(len=26): c0 00 00 00 00 90 4c 5f 00 2a 38 b1 db c7 f6 41 00 90 4c 5f 00 2a 00 00 03 00
D/wpa_supplicant( 3166): nl80211: Deauthenticate event
D/wpa_supplicant( 3166): wlan0: Event DEAUTH (12) received
D/wpa_supplicant( 3166): wlan0: Deauthentication notification
D/wpa_supplicant( 3166): wlan0: * reason 3 (locally generated)
D/wpa_supplicant( 3166): wlan0: * address 00:90:4c:5f:00:2a
D/wpa_supplicant( 3166): Deauthentication frame IE(s) - hexdump(len=0): [NULL]
I/wpa_supplicant( 3166): wlan0: CTRL-EVENT-DISCONNECTED bssid=00:90:4c:5f:00:2a reason=3 locally_generated=1
D/wpa_supplicant( 3166): CTRL_IFACE monitor[/data/misc/wifi/sockets/wpa_ctrl_1889-2\x00]: 111 - Connection refused
D/wpa_supplicant( 3166): wlan0: Auto connect disabled: do not try to re-connect
D/wpa_supplicant( 3166): wlan0: Ignore connection failure indication since interface has been put into disconnected state
D/wpa_supplicant( 3166): TDLS: Remove peers on disassociation
D/wpa_supplicant( 3166): wlan0: Disconnect event - remove keys
D/wpa_supplicant( 3166): wpa_driver_nl80211_set_key: ifindex=4 (wlan0) alg=0 addr=0x0 key_idx=0 set_tx=0 seq_len=0 key_len=0
E/Netd ( 3755): ifc_reset_connections failed on iface wlan0 for address fe80::3ab1:dbff:fec7:f641/64 (Unknown error -1)
E/NetlinkEvent( 3755): Unknown ifindex 4 in RTM_DELADDR
D/wpa_supplicant( 3166): nl80211: set_key failed; err=-19 No such device)
D/wpa_supplicant( 3166): wpa_driver_nl80211_set_key: ifindex=0 (wlan0) alg=0 addr=0x0 key_idx=2 set_tx=0 seq_len=0 key_len=0
D/wpa_supplicant( 3166): nl80211: set_key failed; err=-19 No such device)
D/wpa_supplicant( 3166): wpa_driver_nl80211_set_key: ifindex=0 (wlan0) alg=0 addr=0xb68558b8 key_idx=0 set_tx=0 seq_len=0 key_len=0
D/wpa_supplicant( 3166): addr=00:90:4c:5f:00:2a
D/wpa_supplicant( 3166): nl80211: set_key failed; err=-19 No such device)
D/wpa_supplicant( 3166): wlan0: State: COMPLETED -> DISCONNECTED
D/wpa_supplicant( 3166): nl80211: Set wlan0 operstate 1->0 (DORMANT)
D/wpa_supplicant( 3166): netlink: Operstate: ifindex=4 linkmode=-1 (no change), operstate=5 (IF_OPER_DORMANT)
D/wpa_supplicant( 3166): CTRL_IFACE monitor[/data/misc/wifi/sockets/wpa_ctrl_1889-2\x00]: 111 - Connection refused
D/wpa_supplicant( 3166): EAPOL: External notification - portEnabled=0
D/wpa_supplicant( 3166): EAPOL: SUPP_PAE entering state DISCONNECTED
D/wpa_supplicant( 3166): EAPOL: Supplicant port status: Unauthorized
D/wpa_supplicant( 3166): nl80211: Skip set_supp_port(unauthorized) while not associated
D/wpa_supplicant( 3166): EAPOL: SUPP_BE entering state INITIALIZE
D/wpa_supplicant( 3166): EAPOL: External notification - portValid=0
D/wpa_supplicant( 3166): EAPOL: External notification - EAP success=0
D/wpa_supplicant( 3166): RTM_NEWLINK: ifi_index=4 ifname=wlan0 operstate=2 linkmode=1 ifi_family=0 ifi_flags=0x1002 ()
D/wpa_supplicant( 3166): nl80211: Interface down
D/wpa_supplicant( 3166): wlan0: Event INTERFACE_DISABLED (29) received
D/wpa_supplicant( 3166): wlan0: Interface was disabled
D/wpa_supplicant( 3166): wlan0: State: DISCONNECTED -> DISCONNECTED
D/wpa_supplicant( 3166): nl80211: Set wlan0 operstate 0->0 (DORMANT)
D/wpa_supplicant( 3166): netlink: Operstate: ifindex=4 linkmode=-1 (no change), operstate=5 (IF_OPER_DORMANT)
D/wpa_supplicant( 3166): EAPOL: External notification - portEnabled=0
D/wpa_supplicant( 3166): EAPOL: External notification - portValid=0
D/wpa_supplicant( 3166): wlan0: State: DISCONNECTED -> INTERFACE_DISABLED
D/wpa_supplicant( 3166): CTRL_IFACE monitor[/data/misc/wifi/sockets/wpa_ctrl_1889-2\x00]: 111 - Connection refused
D/wpa_supplicant( 3166): nl80211: Interface wlan0 does not exist - ignore RTM_NEWLINK
D/wpa_supplicant( 3166): RTM_DELLINK: ifi_index=4 ifname=wlan0 operstate=2 linkmode=1 ifi_family=0 ifi_flags=0x1002 ()
D/wpa_supplicant( 3166): RTM_DELLINK: Interface 'wlan0' removed - mark if_removed=1
D/wpa_supplicant( 3166): wlan0: Event INTERFACE_STATUS (5) received
D/wpa_supplicant( 3166): wlan0: Configured interface was removed
D/wpa_supplicant( 3166): wlan0: State: INTERFACE_DISABLED -> INTERFACE_DISABLED
D/wpa_supplicant( 3166): RTM_NEWLINK: ifi_index=4 ifname=wlan0 wext ifi_family=0 ifi_flags=0x1043 ([UP][RUNNING])
D/wpa_supplicant( 3166): nl80211: Ignore interface up event since interface wlan0 does not exist
D/wpa_supplicant( 3166): nl80211: Interface wlan0 does not exist - ignore RTM_NEWLINK
D/wpa_supplicant( 3166): nl80211: Event message available
D/wpa_supplicant( 3166): nl80211: Drv Event 48 (NL80211_CMD_DISCONNECT) received for wlan0
D/wpa_supplicant( 3166): nl80211: Ignore disconnect event when using userspace SME
D/wpa_supplicant( 3166): l2_packet_receive - recvfrom: Network is down
I/SystemServiceManager( 3953): Starting com.android.server.DockObserver
W/DockObserver( 3953): This kernel does not have dock station support
I/SystemServer( 3953): Wired Accessory Manager
W/WiredAccessoryManager( 3953): This kernel does not have usb audio support
W/WiredAccessoryManager( 3953): This kernel does not have HDMI audio support
I/SystemServiceManager( 3953): Starting com.android.server.usb.UsbService$Lifecycle
I/SystemServer( 3953): Serial Service
I/SystemServiceManager( 3953): Starting com.android.server.twilight.TwilightService
I/SystemServiceManager( 3953): Starting com.android.server.UiModeManagerService
I/SystemServiceManager( 3953): Starting com.android.server.job.JobSchedulerService
I/SystemServiceManager( 3953): Starting com.android.server.backup.BackupManagerService$Lifecycle
I/SystemServiceManager( 3953): Starting com.android.server.appwidget.AppWidgetService
I/SystemServiceManager( 3953): Starting com.android.server.voiceinteraction.VoiceInteractionManagerService
W/SoundTriggerHelper( 3953): listModules status=0, # of modules=0
I/SystemServer( 3953): DiskStats Service
I/SystemServer( 3953): SamplingProfiler Service
I/SystemServer( 3953): NetworkTimeUpdateService
I/SystemServer( 3953): CommonTimeManagementService
I/SystemServer( 3953): CertBlacklister
I/SystemServiceManager( 3953): Starting com.android.server.dreams.DreamManagerService
I/SystemServer( 3953): Assets Atlas Service
I/SystemServiceManager( 3953): Starting com.android.server.print.PrintManagerService
D/AssetAtlas( 3953): Loaded configuration: SliceMinArea (768x768) flags=0x2 count=446
I/GRALLOC-RADEON( 3953): detected chipset 0x9853 family 0x3e (vram size 234MiB, gart size 1019MiB)
I/GRALLOC-DRM( 3953): create radeon for driver radeon
I/SystemServiceManager( 3953): Starting com.android.server.restrictions.RestrictionsManagerService
I/SystemServiceManager( 3953): Starting com.android.server.media.MediaSessionService
I/EGL-GALLIUM( 3953): using DRM screen
I/EGL-GALLIUM( 3953): skip unsupported native format 0x3
I/SystemServer( 3953): Media Router Service
I/SystemServiceManager( 3953): Starting com.android.server.trust.TrustManagerService
I/SystemServiceManager( 3953): Starting com.android.server.fingerprint.FingerprintService
V/Fingerprint-JNI( 3953): nativeInit()
V/Fingerprint-JNI( 3953): nativeOpenHal()
E/Fingerprint-JNI( 3953): Can't open fingerprint HW Module, error: -2
I/SystemServer( 3953): BackgroundDexOptService
I/SystemServiceManager( 3953): Starting com.android.server.pm.LauncherAppsService
I/SystemServiceManager( 3953): Starting com.android.server.media.projection.MediaProjectionManagerService
I/WindowManager( 3953): SAFE MODE not enabled
I/SystemServiceManager( 3953): Starting com.android.server.MmsServiceBroker
E/SQLiteLog( 3953): (283) recovered 16 frames from WAL file /data/system/locksettings.db-wal
D/AssetAtlas( 3953): Rendered atlas in 53.05ms (11.19+41.87ms)
E/LockSettingsStorage( 3953): Cannot read file java.io.FileNotFoundException: /data/system/password.key: open failed: ENOENT (No such file or directory)
E/LockSettingsStorage( 3953): Cannot read file java.io.FileNotFoundException: /data/system/gesture.key: open failed: ENOENT (No such file or directory)
I/SystemServiceManager( 3953): Starting phase 480
I/SystemServiceManager( 3953): Starting phase 500
I/WifiService( 3953): WifiService starting up with Wi-Fi enabled
D/WifiService( 3953): setWifiEnabled: true pid=3953, uid=1000
E/WifiService( 3953): Invoking mWifiStateMachine.setWifiEnabled
D/WifiController( 3953): WifiController msg { when=0 what=155656 target=com.android.internal.util.StateMachine$SmHandler } deferred for 499ms
D/WifiService( 3953): New client listening to asynchronous messages
I/WifiScanningService( 3953): Registering wifiscanner
D/WifiScanningService( 3953): New client, channel: null messenger: null
I/RttService( 3953): Registering rttmanager
D/WifiChangeStateMachine( 3953): Entering IdleState
D/WifiScanningService( 3953): DefaultState
I/EthernetServiceImpl( 3953): Starting Ethernet service
D/Ethernet( 3953): Registering NetworkFactory
D/ConnectivityService( 3953): Got NetworkFactory Messenger for Ethernet
D/EthernetNetworkFactory( 3953): Started tracking interface eth0
D/CommandListener( 3755): Setting iface cfg
D/CommandListener( 3755): Trying to bring up eth0
D/Ethernet( 3953): got request NetworkRequest [ id=1, legacyType=-1, [ Capabilities: INTERNET&NOT_RESTRICTED&TRUSTED&NOT_VPN] ] with score 0
I/ActivityManager( 3953): Config changes=200 {1.0 ?mcc?mnc en_US ?layoutDir sw768dp w1366dp h695dp 160dpi xlrg long land -touch qwerty/v/v -nav/h s.5}
V/BackupManagerService( 3953): No ancestral data
D/BackupManagerService( 3953): Now staging backup of com.android.browser
D/BackupManagerService( 3953): Now staging backup of android
D/BackupManagerService( 3953): Now staging backup of com.android.calendar
D/BackupManagerService( 3953): Now staging backup of com.android.providers.settings
D/BackupManagerService( 3953): Now staging backup of com.android.sharedstoragebackup
D/BackupManagerService( 3953): Now staging backup of com.android.dialer
D/BackupManagerService( 3953): Now staging backup of com.android.providers.userdictionary
V/BackupManagerService( 3953): Starting with transport android/com.android.internal.backup.LocalTransport
V/BackupManagerService( 3953): Found transports: 1
I/BackupManagerService( 3953): Binding to transport host ComponentInfo{android/com.android.internal.backup.LocalTransportService}
I/BackupManagerService( 3953): Found stale backup journal, scheduling
I/DisplayManagerService( 3953): Display device changed: DisplayDeviceInfo{"Built-in Screen": uniqueId="local:0", 1366 x 768, 60.000004 fps, supportedRefreshRates [60.000004], density 160, 102.0 x 102.0 dpi, appVsyncOff 0, presDeadline 17666666, touch INTERNAL, rotation 0, type BUILT_IN, state ON, FLAG_DEFAULT_DISPLAY, FLAG_ROTATES_WITH_CONTENT, FLAG_SECURE, FLAG_SUPPORTS_PROTECTED_BUFFERS}
D/SurfaceFlinger( 1575): Set power mode=2, type=0 flinger=0xb685c000
D/SurfaceFlinger( 1575): Screen type=0 is already mode=2
D/TaskPersister( 3953): removeObsoleteFile: deleting file=9_task_thumbnail.png
I/AppOps ( 3953): Pruning old package media/1013: new uid=-1
I/ActivityManager( 3953): System now ready
I/SystemServer( 3953): Making services ready
I/SystemServiceManager( 3953): Starting phase 550
I/SystemServer( 3953): WebViewFactory preparation
D/UsbHostManager( 3953): Added device UsbDevice[mName=/dev/bus/usb/004/004,mVendorId=3034,mProductId=46888,mClass=224,mSubclass=1,mProtocol=1,mManufacturerName=Realtek ,mProductName=Bluetooth Radio ,mSerialNumber=00e04c000001,mConfigurations=[
D/UsbHostManager( 3953): UsbConfiguration[mId=1,mName=null,mAttributes=224,mMaxPower=250,mInterfaces=[
D/UsbHostManager( 3953): UsbInterface[mId=0,mAlternateSetting=0,mName=Bluetooth Radio,mClass=224,mSubclass=1,mProtocol=1,mEndpoints=[
D/UsbHostManager( 3953): UsbEndpoint[mAddress=129,mAttributes=3,mMaxPacketSize=16,mInterval=1]
D/UsbHostManager( 3953): UsbEndpoint[mAddress=2,mAttributes=2,mMaxPacketSize=64,mInterval=0]
D/UsbHostManager( 3953): UsbEndpoint[mAddress=130,mAttributes=2,mMaxPacketSize=64,mInterval=0]]
D/UsbHostManager( 3953): UsbInterface[mId=1,mAlternateSetting=0,mName=Bluetooth Radio,mClass=224,mSubclass=1,mProtocol=1,mEndpoints=[
D/UsbHostManager( 3953): UsbEndpoint[mAddress=3,mAttributes=1,mMaxPacketSize=0,mInterval=1]
D/UsbHostManager( 3953): UsbEndpoint[mAddress=131,mAttributes=1,mMaxPacketSize=0,mInterval=1]]
D/UsbHostManager( 3953): UsbInterface[mId=1,mAlternateSetting=1,mName=Bluetooth Radio,mClass=224,mSubclass=1,mProtocol=1,mEndpoints=[
D/UsbHostManager( 3953): UsbEndpoint[mAddress=3,mAttributes=1,mMaxPacketSize=9,mInterval=1]
D/UsbHostManager( 3953): UsbEndpoint[mAddress=131,mAttributes=1,mMaxPacketSize=9,mInterval=1]]
D/UsbHostManager( 3953): UsbInterface[mId=1,mAlternateSetting=2,mName=Bluetooth Radio,mClass=224,mSubclass=1,mProtocol=1,mEndpoints=[
D/UsbHostManager( 3953): UsbEndpoint[mAddress=3,mAttributes=1,mMaxPacketSize=17,mInterval=1]
D/UsbHostManager( 3953): UsbEndpoint[mAddress=131,mAttributes=1,mMaxPacketSize=17,mInterval=1]]
D/UsbHostManager( 3953): UsbInterface[mId=1,mAlternateSetting=3,mName=Bluetooth Radio,mClass=224,mSubclass=1,mProtocol=1,mEndpoints=[
D/UsbHostManager( 3953): UsbEndpoint[mAddress=3,mAttributes=1,mMaxPacketSize=25,mInterval=1]
D/UsbHostManager( 3953): UsbEndpoint[mAddress=131,mAttributes=1,mMaxPacketSize=25,mInterval=1]]
D/UsbHostManager( 3953): UsbInterface[mId=1,mAlternateSetting=4,mName=Bluetooth Radio,mClass=224,mSubclass=1,mProtocol=1,mEndpoints=[
D/UsbHostManager( 3953): UsbEndpoint[mAddress=3,mAttributes=1,mMaxPacketSize=33,mInterval=1]
D/UsbHostManager( 3953): UsbEndpoint[mAddress=131,mAttributes=1,mMaxPacketSize=33,mInterval=1]]
D/UsbHostManager( 3953): UsbInterface[mId=1,mAlternateSetting=5,mName=Bluetooth Radio,mClass=224,mSubclass=1,mProtocol=1,mEndpoints=[
D/UsbHostManager( 3953): UsbEndpoint[mAddress=3,mAttributes=1,mMaxPacketSize=49,mInterval=1]
D/UsbHostManager( 3953): UsbEndpoint[mAddress=131,mAttributes=1,mMaxPacketSize=49,mInterval=1]]]]
W/ContextImpl( 3953): Calling a method in the system process without a qualified user: android.app.ContextImpl.sendBroadcast:1327 com.android.server.usb.UsbSettingsManager.deviceAttached:741 com.android.server.usb.UsbHostManager.endUsbDeviceAdded:224 com.android.server.usb.UsbHostManager.monitorUsbHostBus:-2 com.android.server.usb.UsbHostManager.access$000:42
I/Zygote ( 3953): Process: zygote socket opened, supported ABIS: x86
I/ActivityManager( 3953): Start proc 4071:WebViewLoader-x86/1037 [android.webkit.WebViewFactory$RelroFileCreator] for
V/WebViewFactory( 4071): RelroFileCreator (64bit = false), 32-bit lib: /system/app/webview/lib/x86/libwebviewchromium.so, 64-bit lib:
I/art ( 4071): System.exit called, status: 0
I/AndroidRuntime( 4071): VM exiting with result code 0, cleanup skipped.
I/ActivityManager( 3953): Start proc 4088:com.android.systemui/u0a13 for service com.android.systemui/.SystemUIService
D/NetworkManagementService( 3953): not enabling bandwidth control
I/Vold ( 1574): /dev/block/vold/8:17 being considered for volume usb0
D/Vold ( 1574): Volume usb0 state changing 1 (Idle-Unmounted) -> 3 (Checking)
D/MountService( 3953): volume state changed for /storage/usb0 (unmounted -> checking)
D/MountService( 3953): sendStorageIntent Intent { act=android.intent.action.MEDIA_CHECKING dat=file:///storage/usb0 flg=0x4000000 (has extras) } to UserHandle{-1}
I/fsck_msdos( 1574): ** /dev/block/vold/8:17
I/fsck_msdos( 1574): ** Phase 1 - Read and Compare FATs
I/fsck_msdos( 1574): Attempting to allocate 3821 KB for FAT
D/UsbHostManager( 3953): Added device UsbDevice[mName=/dev/bus/usb/004/003,mVendorId=3034,mProductId=22426,mClass=239,mSubclass=2,mProtocol=1,mManufacturerName=J58E691S7,mProductName=Lenovo EasyCamera,mSerialNumber=200901010001,mConfigurations=[
D/UsbHostManager( 3953): UsbConfiguration[mId=1,mName=USB Camera,mAttributes=128,mMaxPower=250,mInterfaces=[
D/UsbHostManager( 3953): UsbInterface[mId=0,mAlternateSetting=0,mName=Lenovo EasyCamera,mClass=14,mSubclass=1,mProtocol=0,mEndpoints=[
D/UsbHostManager( 3953): UsbEndpoint[mAddress=131,mAttributes=3,mMaxPacketSize=16,mInterval=6]]
D/UsbHostManager( 3953): UsbInterface[mId=1,mAlternateSetting=0,mName=null,mClass=14,mSubclass=2,mProtocol=0,mEndpoints=[]
D/UsbHostManager( 3953): UsbInterface[mId=1,mAlternateSetting=1,mName=null,mClass=14,mSubclass=2,mProtocol=0,mEndpoints=[
D/UsbHostManager( 3953): UsbEndpoint[mAddress=129,mAttributes=5,mMaxPacketSize=128,mInterval=1]]
D/UsbHostManager( 3953): UsbInterface[mId=1,mAlternateSetting=2,mName=null,mClass=14,mSubclass=2,mProtocol=0,mEndpoints=[
D/UsbHostManager( 3953): UsbEndpoint[mAddress=129,mAttributes=5,mMaxPacketSize=512,mInterval=1]]
D/UsbHostManager( 3953): UsbInterface[mId=1,mAlternateSetting=3,mName=null,mClass=14,mSubclass=2,mProtocol=0,mEndpoints=[
D/UsbHostManager( 3953): UsbEndpoint[mAddress=129,mAttributes=5,mMaxPacketSize=1024,mInterval=1]]
D/UsbHostManager( 3953): UsbInterface[mId=1,mAlternateSetting=4,mName=null,mClass=14,mSubclass=2,mProtocol=0,mEndpoints=[
D/UsbHostManager( 3953): UsbEndpoint[mAddress=129,mAttributes=5,mMaxPacketSize=2816,mInterval=1]]
D/UsbHostManager( 3953): UsbInterface[mId=1,mAlternateSetting=5,mName=null,mClass=14,mSubclass=2,mProtocol=0,mEndpoints=[
D/UsbHostManager( 3953): UsbEndpoint[mAddress=129,mAttributes=5,mMaxPacketSize=3072,mInterval=1]]
D/UsbHostManager( 3953): UsbInterface[mId=1,mAlternateSetting=6,mName=null,mClass=14,mSubclass=2,mProtocol=0,mEndpoints=[
D/UsbHostManager( 3953): UsbEndpoint[mAddress=129,mAttributes=5,mMaxPacketSize=4992,mInterval=1]]
D/UsbHostManager( 3953): UsbInterface[mId=1,mAlternateSetting=7,mName=null,mClass=14,mSubclass=2,mProtocol=0,mEndpoints=[
D/UsbHostManager( 3953): UsbEndpoint[mAddress=129,mAttributes=5,mMaxPacketSize=5120,mInterval=1]]]]
W/ContextImpl( 3953): Calling a method in the system process without a qualified user: android.app.ContextImpl.sendBroadcast:1327 com.android.server.usb.UsbSettingsManager.deviceAttached:741 com.android.server.usb.UsbHostManager.endUsbDeviceAdded:224 com.android.server.usb.UsbHostManager.monitorUsbHostBus:-2 com.android.server.usb.UsbHostManager.access$000:42
D/UsbHostManager( 3953): Added device UsbDevice[mName=/dev/bus/usb/003/003,mVendorId=34148,mProductId=4096,mClass=0,mSubclass=0,mProtocol=0,mManufacturerName=JetFlash,mProductName=Mass Storage Device,mSerialNumber=43EYWX74V1OF9A7V,mConfigurations=[
D/UsbHostManager( 3953): UsbConfiguration[mId=1,mName=null,mAttributes=128,mMaxPower=250,mInterfaces=[
D/UsbHostManager( 3953): UsbInterface[mId=0,mAlternateSetting=0,mName=null,mClass=8,mSubclass=6,mProtocol=80,mEndpoints=[
D/UsbHostManager( 3953): UsbEndpoint[mAddress=129,mAttributes=2,mMaxPacketSize=512,mInterval=255]
D/UsbHostManager( 3953): UsbEndpoint[mAddress=2,mAttributes=2,mMaxPacketSize=512,mInterval=255]]]]
W/ContextImpl( 3953): Calling a method in the system process without a qualified user: android.app.ContextImpl.sendBroadcast:1327 com.android.server.usb.UsbSettingsManager.deviceAttached:741 com.android.server.usb.UsbHostManager.endUsbDeviceAdded:224 com.android.server.usb.UsbHostManager.monitorUsbHostBus:-2 com.android.server.usb.UsbHostManager.access$000:42
D/UsbHostManager( 3953): Added device UsbDevice[mName=/dev/bus/usb/001/002,mVendorId=1423,mProductId=25479,mClass=0,mSubclass=0,mProtocol=0,mManufacturerName=JetFlash,mProductName=Mass Storage Device,mSerialNumber=PI0LBN59,mConfigurations=[
D/UsbHostManager( 3953): UsbConfiguration[mId=1,mName=null,mAttributes=128,mMaxPower=50,mInterfaces=[
D/UsbHostManager( 3953): UsbInterface[mId=0,mAlternateSetting=0,mName=null,mClass=8,mSubclass=6,mProtocol=80,mEndpoints=[
D/UsbHostManager( 3953): UsbEndpoint[mAddress=1,mAttributes=2,mMaxPacketSize=512,mInterval=0]
D/UsbHostManager( 3953): UsbEndpoint[mAddress=130,mAttributes=2,mMaxPacketSize=512,mInterval=0]]]]
W/ContextImpl( 3953): Calling a method in the system process without a qualified user: android.app.ContextImpl.sendBroadcast:1327 com.android.server.usb.UsbSettingsManager.deviceAttached:741 com.android.server.usb.UsbHostManager.endUsbDeviceAdded:224 com.android.server.usb.UsbHostManager.monitorUsbHostBus:-2 com.android.server.usb.UsbHostManager.access$000:42
W/NetworkStats( 3953): bandwidth controls disabled, unable to track stats
W/NetworkPolicy( 3953): bandwidth controls disabled, unable to enforce policy
V/SystemUIService( 4088): Starting SystemUI services.
I/fsck_msdos( 1574): Attempting to allocate 3821 KB for FAT
V/FingerprintService( 3953): startListening(android.service.fingerprint.IFingerprintServiceReceiver$Stub$Proxy@347fc75e)
I/fsck_msdos( 1574): ** Phase 2 - Check Cluster Chains
D/PermissionMonitor( 3953): Monitoring
D/PermissionMonitor( 3953): Users: 1, Apps: 56
I/fsck_msdos( 1574): ** Phase 3 - Checking Directories
I/fsck_msdos( 1574): ** Phase 4 - Checking for Lost Files
I/SystemServiceManager( 3953): Starting phase 600
D/BluetoothManagerService( 3953): Message: 20
D/BluetoothManagerService( 3953): Added callback: android.bluetooth.BluetoothAdapter$1@155ac40e:true
D/BluetoothManagerService( 3953): Trying to bind to profile: 1, while Bluetooth was disabled
D/BluetoothManagerService( 3953): Message: 30
D/BluetoothManagerService( 3953): Message: 30
I/BackupManagerService( 3953): Backup enabled => false
I/BackupManagerService( 3953): Opting out of backup
E/WVMExtractor( 3756): Failed to open libwvm.so: dlopen failed: library "libwvm.so" not found
E/InputMethodManagerService( 3953): Ignoring setImeWindowStatus due to an invalid token. uid:1000 token:null
I/fsck_msdos( 1574): 27 files, 3638328 free (909582 clusters)
D/NuPlayerDriver( 3756): start(0xb584eca0)
I/GenericSource( 3756): start
I/Vold ( 1574): Filesystem check completed OK
E/Vold ( 1574): /dev/block/vold/8:17 failed to mount via VFAT (Device or resource busy)
E/Vold ( 1574): Volume usb0 found no suitable devices for mounting :(
D/Vold ( 1574): Volume usb0 state changing 3 (Checking) -> 1 (Idle-Unmounted)
D/MountService( 3953): volume state changed for /storage/usb0 (checking -> unmounted)
W/Vold ( 1574): Returning OperationFailed - no handler for errno 0
D/MountService( 3953): sendStorageIntent Intent { act=android.intent.action.MEDIA_UNMOUNTED dat=file:///storage/usb0 flg=0x4000000 (has extras) } to UserHandle{-1}
E/MountService( 3953): Boot-time mount failed (-1)
E/MountService( 3953): Boot-time mount failed (-1)
W/MountService( 3953): Duplicate state transition (mounted -> mounted) for /storage/emulated/0
I/ActivityManager( 3953): Start proc 4144:com.android.inputmethod.latin/u0a35 for service com.android.inputmethod.latin/.LatinIME
V/InputMethodManagerService( 3953): Adding window token: android.os.Binder@12bd616e
D/gps_serial( 3953): gps dev open_gps
D/gps_serial( 3953): gps dev get_hardware_interface
D/NuPlayerDriver( 3756): start(0xb502f1c0)
I/GenericSource( 3756): start
W/OMXNodeInstance( 3756): [e:google.mpeg4.decoder] component does not support metadata mode; using fallback
W/OMXNodeInstance( 3756): [f:google.h263.decoder] component does not support metadata mode; using fallback
W/OMXNodeInstance( 3756): [10:google.h264.decoder] component does not support metadata mode; using fallback
D/SoftHEVC( 3756): Number of CPU cores: 2
D/SoftHEVC( 3756): Initializing decoder
D/SoftHEVC( 3756): Set number of cores to 2
D/SoftHEVC( 3756): Ittiam decoder version number: @(#)Id:HEVCDEC_production Ver:04.01 Released by ITTIAM Build: May 5 2015 @ 02:24:41
W/OMXNodeInstance( 3756): [11:google.hevc.decoder] component does not support metadata mode; using fallback
D/SoftHEVC( 3756): Freeing codec memory
D/SoftHEVC( 3756): Number of CPU cores: 2
D/SoftHEVC( 3756): Initializing decoder
D/SoftHEVC( 3756): Set number of cores to 2
D/SoftHEVC( 3756): Ittiam decoder version number: @(#)Id:HEVCDEC_production Ver:04.01 Released by ITTIAM Build: May 5 2015 @ 02:24:41
D/SoftHEVC( 3756): In SoftHEVC::~SoftHEVC
D/SoftHEVC( 3756): Freeing codec memory
I/ActivityManager( 3953): Start proc 4181:com.android.externalstorage/u0a6 for broadcast com.android.externalstorage/.MountReceiver
W/OMXNodeInstance( 3756): [12:google.vp8.decoder] component does not support metadata mode; using fallback
D/GpsLocationProvider( 3953): Reset GPS properties, previous size = 0
D/GpsLocationProvider( 3953): GpsParamsResource: SUPL_HOST=supl.google.com
D/GpsLocationProvider( 3953): GpsParamsResource: SUPL_PORT=7275
D/GpsLocationProvider( 3953): GpsParamsResource: NTP_SERVER=north-america.pool.ntp.org
D/GpsLocationProvider( 3953): GpsParamsResource: SUPL_VER=0x20000
D/GpsLocationProvider( 3953): GpsParamsResource: SUPL_MODE=1
D/GpsLocationProvider( 3953): GPS properties reloaded, size = 8
E/GpsLocationProvider( 3953): no AGPS interface in set_agps_server
E/GpsLocationProvider( 3953): no GPS configuration interface in configuraiton_update
D/GpsLocationProvider( 3953): final config = #Mon May 11 02:11:54 GMT+00:00 2015
D/GpsLocationProvider( 3953): SUPL_VER=0x20000
D/GpsLocationProvider( 3953): SUPL_HOST=supl.google.com
D/GpsLocationProvider( 3953): XTRA_SERVER_3=http\://xtra3.gpsonextra.net/xtra.bin
D/GpsLocationProvider( 3953): XTRA_SERVER_1=http\://xtra1.gpsonextra.net/xtra.bin
D/GpsLocationProvider( 3953): SUPL_PORT=7275
D/GpsLocationProvider( 3953): XTRA_SERVER_2=http\://xtra2.gpsonextra.net/xtra.bin
D/GpsLocationProvider( 3953): NTP_SERVER=north-america.pool.ntp.org
D/GpsLocationProvider( 3953): SUPL_MODE=1
W/OMXNodeInstance( 3756): [13:google.vp9.decoder] component does not support metadata mode; using fallback
I/SoftMPEG4Encoder( 3756): Construct SoftMPEG4Encoder
W/ACodec ( 3756): do not know color format 0x7f000789 = 2130708361
I/SoftAVCEncoder( 3756): Construct SoftAVCEncoder
W/ACodec ( 3756): do not know color format 0x7f000789 = 2130708361
W/LocationManagerService( 3953): no network location provider found
E/LocationManagerService( 3953): no geocoder provider found
I/SoftMPEG4Encoder( 3756): Construct SoftMPEG4Encoder
W/ACodec ( 3756): do not know color format 0x7f000789 = 2130708361
E/FlpHardwareProvider( 3953): Error hw_get_module 'flp': -2
E/LocationManagerService( 3953): FLP HAL not supported
W/ACodec ( 3756): do not know color format 0x7f000789 = 2130708361
E/LocationManagerService( 3953): Unable to bind FLP Geofence proxy.
E/ActivityRecognitionHardware( 3953): Error hw_get_module: -2
E/LocationManagerService( 3953): Hardware Activity-Recognition not supported.
W/ResourceType( 4088): No package identifier when getting value for resource number 0x00000000
W/PackageManager( 4088): Failure retrieving resources for com.android.browser: Resource ID #0x0
D/ExternalStorage( 4181): After updating volumes, found 2 active roots
D/NuPlayerDriver( 3756): reset(0xb502f1c0)
D/NuPlayerDriver( 3756): reset(0xb584eca0)
D/NuPlayerDriver( 3756): notifyResetComplete(0xb584eca0)
I/CommonTimeManagementService( 3953): No common time service detected on this platform. Common time services will be unavailable.
I/InputReader( 3953): Reconfiguring input devices. changes=0x00000020
I/MmsServiceBroker( 3953): Delay connecting to MmsService until an API is called
W/VoiceInteractionManagerService( 3953): no available voice interaction services found for user 0
W/VoiceInteractionManagerService( 3953): no available voice recognition services found for user 0
I/InputReader( 3953): Reconfiguring input devices. changes=0x00000010
D/NuPlayerDriver( 3756): notifyResetComplete(0xb502f1c0)
I/LatinIME( 4144): Hardware accelerated drawing: true
D/WifiController( 3953): DEFERRED_TOGGLE handled
D/NuPlayerDriver( 3756): start(0xb584edc0)
I/GenericSource( 3756): start
D/NuPlayerDriver( 3756): reset(0xb584edc0)
I/ActivityManager( 3953): Start proc 4232:com.android.phone/1001 for added application com.android.phone
I/ActivityManager( 3953): START u0 {act=android.intent.action.MAIN cat=[android.intent.category.HOME] flg=0x10000000 cmp=com.cyanogenmod.trebuchet/com.android.launcher3.Launcher} from uid 0 on display 0
D/NuPlayerDriver( 3756): start(0xb584eca0)
I/GenericSource( 3756): start
D/NuPlayerDriver( 3756): notifyResetComplete(0xb584edc0)
V/WindowManager( 3953): addAppToken: AppWindowToken{273b2760 token=Token{38534f63 ActivityRecord{17c0d992 u0 com.cyanogenmod.trebuchet/com.android.launcher3.Launcher t11}}} to stack=0 task=11 at 0
D/gps_serial( 3953): serial_gps_init
D/gps_serial( 3953): gps_state_init
D/gps_serial( 3953): no kernel-provided gps device name
W/GpsLocationProvider( 3953): Failed to enable location provider
I/WifiHW ( 3953): got module path /system/lib/modules/4.0.0-android-x86+/kernel/drivers/net/wireless/rtlwifi/rtl8723be/rtl8723be.ko
D/NuPlayerDriver( 3756): reset(0xb584eca0)
D/NuPlayerDriver( 3756): notifyResetComplete(0xb584eca0)
D/NuPlayerDriver( 3756): start(0xb502f1c0)
I/GenericSource( 3756): start
I/ActivityManager( 3953): Start proc 4262:com.cyanogenmod.trebuchet/u0a14 for activity com.cyanogenmod.trebuchet/com.android.launcher3.Launcher
V/ActivityManager( 3953): Display changed displayId=0
V/ActivityManager( 3953): Display changed displayId=0
D/WifiScanningService( 3953): SCAN_AVAILABLE : 1
D/RttService( 3953): SCAN_AVAILABLE : 1
D/WifiScanningService( 3953): DefaultState got{ when=-1ms what=160007 target=com.android.internal.util.StateMachine$SmHandler }
D/RttService( 3953): DefaultState got{ when=0 what=160513 target=com.android.internal.util.StateMachine$SmHandler }
D/ExternalStorage( 4181): After updating volumes, found 2 active roots
W/InputAttributes( 4144): No editor info for this field. Bug?
D/NuPlayerDriver( 3756): reset(0xb502f1c0)
D/NuPlayerDriver( 3756): notifyResetComplete(0xb502f1c0)
D/NuPlayerDriver( 3756): start(0xb584edc0)
I/GenericSource( 3756): start
D/wpa_supplicant( 3166): nl80211: Event message available
D/wpa_supplicant( 3166): nl80211: Drv Event 36 (NL80211_CMD_REG_CHANGE) received for wlan0
D/wpa_supplicant( 3166): nl80211: Regulatory domain change
D/wpa_supplicant( 3166): * initiator=2
D/wpa_supplicant( 3166): * type=2
D/wpa_supplicant( 3166): wlan0: Ignore event CHANNEL_LIST_CHANGED (30) while interface is disabled
D/wpa_supplicant( 3166): nl80211: Update ifindex for a removed interface
D/wpa_supplicant( 3166): nl80211: Supported cipher 00-0f-ac:1
D/wpa_supplicant( 3166): nl80211: Supported cipher 00-0f-ac:5
D/wpa_supplicant( 3166): nl80211: Supported cipher 00-0f-ac:2
D/wpa_supplicant( 3166): nl80211: Supported cipher 00-0f-ac:4
D/wpa_supplicant( 3166): nl80211: Supported cipher 00-0f-ac:10
D/wpa_supplicant( 3166): nl80211: Supported cipher 00-0f-ac:8
D/wpa_supplicant( 3166): nl80211: Supported cipher 00-0f-ac:9
D/wpa_supplicant( 3166): nl80211: Supported cipher 00-0f-ac:6
D/wpa_supplicant( 3166): nl80211: Supported cipher 00-0f-ac:13
D/wpa_supplicant( 3166): nl80211: Supported cipher 00-0f-ac:11
D/wpa_supplicant( 3166): nl80211: Supported cipher 00-0f-ac:12
D/wpa_supplicant( 3166): nl80211: Using driver-based off-channel TX
D/wpa_supplicant( 3166): nl80211: interface wlan0 in phy phy1
D/wpa_supplicant( 3166): nl80211: Set mode ifindex 6 iftype 2 (STATION)
D/wpa_supplicant( 3166): nl80211: Unsubscribe mgmt frames handle 0x3e0bea39 (mode change)
D/wpa_supplicant( 3166): nl80211: Subscribe to mgmt frames with non-AP handle 0xb68362b0
D/wpa_supplicant( 3166): nl80211: Register frame type=0xd0 (WLAN_FC_STYPE_ACTION) nl_handle=0xb68362b0 match=0104
D/wpa_supplicant( 3166): nl80211: Register frame type=0xd0 (WLAN_FC_STYPE_ACTION) nl_handle=0xb68362b0 match=040a
D/wpa_supplicant( 3166): nl80211: Register frame type=0xd0 (WLAN_FC_STYPE_ACTION) nl_handle=0xb68362b0 match=040b
D/wpa_supplicant( 3166): nl80211: Register frame type=0xd0 (WLAN_FC_STYPE_ACTION) nl_handle=0xb68362b0 match=040c
D/wpa_supplicant( 3166): nl80211: Register frame type=0xd0 (WLAN_FC_STYPE_ACTION) nl_handle=0xb68362b0 match=040d
D/wpa_supplicant( 3166): nl80211: Register frame type=0xd0 (WLAN_FC_STYPE_ACTION) nl_handle=0xb68362b0 match=090a
D/wpa_supplicant( 3166): nl80211: Register frame type=0xd0 (WLAN_FC_STYPE_ACTION) nl_handle=0xb68362b0 match=090b
D/wpa_supplicant( 3166): nl80211: Register frame type=0xd0 (WLAN_FC_STYPE_ACTION) nl_handle=0xb68362b0 match=090c
D/wpa_supplicant( 3166): nl80211: Register frame type=0xd0 (WLAN_FC_STYPE_ACTION) nl_handle=0xb68362b0 match=090d
D/wpa_supplicant( 3166): nl80211: Register frame type=0xd0 (WLAN_FC_STYPE_ACTION) nl_handle=0xb68362b0 match=0409506f9a09
D/wpa_supplicant( 3166): nl80211: Register frame type=0xd0 (WLAN_FC_STYPE_ACTION) nl_handle=0xb68362b0 match=7f506f9a09
D/wpa_supplicant( 3166): nl80211: Register frame type=0xd0 (WLAN_FC_STYPE_ACTION) nl_handle=0xb68362b0 match=0801
D/wpa_supplicant( 3166): nl80211: Register frame type=0xd0 (WLAN_FC_STYPE_ACTION) nl_handle=0xb68362b0 match=06
D/wpa_supplicant( 3166): nl80211: Register frame type=0xd0 (WLAN_FC_STYPE_ACTION) nl_handle=0xb68362b0 match=0a07
D/wpa_supplicant( 3166): nl80211: Register frame type=0xd0 (WLAN_FC_STYPE_ACTION) nl_handle=0xb68362b0 match=0a11
D/wpa_supplicant( 3166): nl80211: Register frame type=0xd0 (WLAN_FC_STYPE_ACTION) nl_handle=0xb68362b0 match=0a1a
E/WifiStateMachine( 3953): Failed to reload STA firmware java.lang.IllegalArgumentException: command '14 softap fwreload wlan0 STA' failed with '501 14 SoftAP command has failed'
D/NuPlayerDriver( 3756): reset(0xb584edc0)
D/NuPlayerDriver( 3756): notifyResetComplete(0xb584edc0)
I/ActivityManager( 3953): Start proc 4277:android.process.media/u0a5 for broadcast com.android.providers.media/.MediaScannerReceiver
I/Choreographer( 3953): Skipped 40 frames! The application may be doing too much work on its main thread.
V/ActivityManager( 3953): Display changed displayId=0
I/LatinIME:LogUtils( 4144): Dictionary info: dictionary = UserHistoryDictionary.en_US ; version = 1431310314 ; date = ?
I/Telecom ( 3953): TelecomGlobals: TelecomGlobals initializing
I/LatinIME:LogUtils( 4144): Dictionary info: dictionary = PersonalizationDictionary.en_US ; version = 1431310314 ; date = ?
D/NuPlayerDriver( 3756): start(0xb584eca0)
I/GenericSource( 3756): start
I/LatinIME:LogUtils( 4144): Dictionary info: dictionary = contacts.en_US ; version = 1431310314 ; date = ?
I/LatinIME:LogUtils( 4144): Dictionary info: dictionary = ContextualDictionary.en_US ; version = 1431310314 ; date = ?
I/LatinIME:LogUtils( 4144): Dictionary info: dictionary = userunigram.en_US ; version = 1431310314 ; date = ?
D/NuPlayerDriver( 3756): reset(0xb584eca0)
I/ActivityManager( 3953): Start proc 4318:android.process.acore/u0a2 for content provider com.android.providers.contacts/.CallLogProvider
D/BluetoothManagerService( 3953): Trying to bind to profile: 1, while Bluetooth was disabled
V/Launcher( 4262): LauncherAppState inited
D/BluetoothManagerService( 3953): Message: 30
I/Telecom ( 3953): TelecomGlobals: CallsManager initialized
W/ContextImpl( 3953): Calling a method in the system process without a qualified user: android.app.ContextImpl.startService:1692 android.content.ContextWrapper.startService:516 com.android.server.telecom.BluetoothPhoneService.start:440 com.android.server.telecom.TelecomGlobals.initialize:93 com.android.server.telecom.TelecomService.onCreate:164
D/NuPlayerDriver( 3756): notifyResetComplete(0xb584eca0)
I/art ( 3754): Explicit concurrent mark sweep GC freed 705(30KB) AllocSpace objects, 0(0B) LOS objects, 39% free, 1918KB/3MB, paused 207us total 58.087ms
D/NuPlayerDriver( 3756): start(0xb502f1c0)
I/GenericSource( 3756): start
I/art ( 3754): Explicit concurrent mark sweep GC freed 6(208B) AllocSpace objects, 0(0B) LOS objects, 40% free, 1918KB/3MB, paused 188us total 23.161ms
D/NuPlayerDriver( 3756): reset(0xb502f1c0)
D/NuPlayerDriver( 3756): notifyResetComplete(0xb502f1c0)
I/art ( 3754): Explicit concurrent mark sweep GC freed 5(160B) AllocSpace objects, 0(0B) LOS objects, 39% free, 1918KB/3MB, paused 174us total 35.806ms
D/NuPlayerDriver( 3756): start(0xb584edc0)
I/GenericSource( 3756): start
D/NuPlayerDriver( 3756): reset(0xb584edc0)
D/NuPlayerDriver( 3756): notifyResetComplete(0xb584edc0)
I/ActivityManager( 3953): Start proc 4354:com.android.printspooler/u0a44 for service com.android.printspooler/.model.PrintSpoolerService
D/ZenLog ( 3953): downtime: Autotrigger skipped: not in downtime
W/ResourcesManager( 3953): Asset path '/system/framework/com.android.location.provider.jar' does not exist or contains no resources.
D/VolumeUI( 4088): Registering volume controller
D/GpsNetInitiatedHandler( 3953): location enabled :true
V/WiredAccessoryManager( 3953): notifyWiredAccessoryChanged: when=0 bits= mask=54
V/WiredAccessoryManager( 3953): newName=h2w newState=0 headsetState=0 prev headsetState=0
E/WiredAccessoryManager( 3953): No state change.
V/WiredAccessoryManager( 3953): init()
W/Launcher( 4262): setApplicationContext called twice! old=com.android.launcher3.LauncherApplication@b4491f new=com.android.launcher3.LauncherApplication@b4491f
D/BluetoothManagerService( 3953): Message: 300
D/BluetoothManagerService( 3953): MESSAGE_USER_SWITCHED
E/SQLiteLog( 4277): (283) recovered 106 frames from WAL file /data/data/com.android.providers.media/databases/external.db-wal
I/PrintSpoolerService( 4354): No existing print spooler state.
V/ActivityManager( 3953): Display changed displayId=0
V/BackupManagerService( 3953): Connected to transport ComponentInfo{android/com.android.internal.backup.LocalTransportService}
V/BackupManagerService( 3953): Registering transport android/com.android.internal.backup.LocalTransportService::android/com.android.internal.backup.LocalTransport = android.app.backup.BackupTransport$TransportImpl@3fb07f44
D/BluetoothManagerService( 3953): Message: 30
D/BluetoothManagerService( 3953): Trying to bind to profile: 1, while Bluetooth was disabled
I/FusedLocation( 3953): engine started (com.android.location.fused)
I/StatusBarManagerService( 3953): registerStatusBar bar=com.android.internal.statusbar.IStatusBar$Stub$Proxy@18544174
I/LatinIME:LogUtils( 4144): Dictionary info: dictionary = PersonalizationDictionary.en_US ; version = 1431310315 ; date = ?
I/LatinIME:LogUtils( 4144): Dictionary info: dictionary = PersonalizationDictionary.en_US ; version = 1431310315 ; date = ?
D/MediaScannerReceiver( 4277): action: android.intent.action.MEDIA_UNMOUNTED path: /storage/usb0
I/LatinIME:LogUtils( 4144): Dictionary info: dictionary = main:en ; version = 47 ; date = 1402373178
I/ActivityManager( 3953): Start proc 4398:com.android.music/u0a38 for broadcast com.android.music/.MediaButtonIntentReceiver
D/TelephonyProvider( 4232): dbh.onOpen: ok, queried table=siminfo
D/TelephonyProvider( 4232): dbh.onOpen: ok, queried table=carriers
D/GpsLocationProvider( 3953): received SIM realted action:
E/DcSwitchStateMachine-0( 4232): DctController is not ready
D/GpsLocationProvider( 3953): SIM MCC/MNC is still not available
E/ConnectivityService( 3953): Failed to find Messenger in unregisterNetworkFactory
D/ConnectivityService( 3953): Got NetworkFactory Messenger for Telephony
D/BluetoothManagerService( 3953): Message: 20
D/BluetoothManagerService( 3953): Trying to bind to profile: 1, while Bluetooth was disabled
I/Telephony( 4232): TtyManager: updateUiTtyMode -1 -> 0
D/GpsLocationProvider( 3953): received SIM realted action:
D/GpsLocationProvider( 3953): SIM MCC/MNC is still not available
I/art ( 4232): Background partial concurrent mark sweep GC freed 2564(190KB) AllocSpace objects, 2(32KB) LOS objects, 39% free, 2MB/4MB, paused 8.857ms total 67.062ms
D/OpenGLRenderer( 4262): Use EGL_SWAP_BEHAVIOR_PRESERVED: true
I/GRALLOC-RADEON( 4262): detected chipset 0x9853 family 0x3e (vram size 238MiB, gart size 1019MiB)
I/GRALLOC-DRM( 4262): create radeon for driver radeon
I/art ( 3953): Explicit concurrent mark sweep GC freed 19551(1267KB) AllocSpace objects, 10(155KB) LOS objects, 33% free, 7MB/11MB, paused 1.048ms total 160.655ms
D/Atlas ( 4262): Validating map...
D/BluetoothManagerService( 3953): Added callback: android.bluetooth.IBluetoothManagerCallback$Stub$Proxy@141fe3cc:true
D/BluetoothManagerService( 3953): Message: 30
V/WindowManager( 3953): Based on layer: Adding window Window{776071b u0 com.cyanogenmod.trebuchet/com.android.launcher3.Launcher} at 0 of 1
I/EGL-GALLIUM( 4262): using DRM screen
I/EGL-GALLIUM( 4262): skip unsupported native format 0x3
I/OpenGLRenderer( 4262): Initialized EGL, version 1.4
D/OpenGLRenderer( 4262): Enabling debug mode 0
D/TelephonyDebugService( 4232): TelephonyDebugService()
D/WifiService( 3953): New client listening to asynchronous messages
I/Telephony( 4232): PstnIncomingCallNotifier: Registering: Handler (com.android.internal.telephony.gsm.GSMPhone) {15e7acdf}
D/SIP ( 4232): [SipSharedPreferences] isReceivingCallsEnabled, option not set; use default value, exception: android.provider.Settings$SettingNotFoundException: sip_receive_calls
W/art ( 4088): Suspending all threads took: 7.007ms
I/art ( 4088): Background sticky concurrent mark sweep GC freed 11519(501KB) AllocSpace objects, 0(0B) LOS objects, 9% free, 4MB/5MB, paused 7.710ms total 37.488ms
I/ActivityManager( 3953): Displayed com.cyanogenmod.trebuchet/com.android.launcher3.Launcher: +1s379ms
E/NetdConnector( 3953): NDC Command {15 interface getcfg wlan0} took too long (1256ms)
D/CommandListener( 3755): Setting iface cfg
D/CommandListener( 3755): Trying to bring down wlan0
D/CommandListener( 3755): Clearing all IP addresses on wlan0
D/wpa_supplicant( 3166): netlink: Operstate: ifindex=6 linkmode=1 (userspace-control), operstate=5 (IF_OPER_DORMANT)
D/wpa_supplicant( 3166): RTM_NEWLINK: ifi_index=6 ifname=wlan0 operstate=2 linkmode=0 ifi_family=0 ifi_flags=0x1002 ()
D/wpa_supplicant( 3166): nl80211: Mark if_removed=0 for wlan0 based on RTM_NEWLINK event
D/wpa_supplicant( 3166): wlan0: Event INTERFACE_STATUS (5) received
D/wpa_supplicant( 3166): wlan0: Configured interface was added
E/WifiMonitor( 3953): killSupplicant p2pfalse init.svc.wpa_supplicant=unknown init.svc.p2p_supplicant=unknown
D/WifiService( 3953): New client listening to asynchronous messages
D/BluetoothManagerService( 3953): Message: 20
D/BluetoothManagerService( 3953): Added callback: android.bluetooth.IBluetoothManagerCallback$Stub$Proxy@5895c39:true
D/BluetoothAdapter( 4088): 335054481: getState() : mService = null. Returning STATE_OFF
D/BluetoothAdapter( 4088): 335054481: getState() : mService = null. Returning STATE_OFF
D/BluetoothManagerService( 3953): Message: 30
I/ContactLocale( 4318): AddressBook Labels [en-US]: [, A, B, C, D, E, F, G, H, I, J, K, L, M, N, O, P, Q, R, S, T, U, V, W, X, Y, Z, Α, Β, Γ, Δ, Ε, Ζ, Η, Θ, Ι, Κ, Λ, Μ, Ν, Ξ, Ο, Π, Ρ, Σ, Τ, Υ, Φ, Χ, Ψ, Ω, , А, Б, В, Г, Д, Ђ, Е, Є, Ж, З, И, І, Ї, Й, Ј, К, Л, Љ, М, Н, Њ, О, П, Р, С, Т, Ћ, У, Ф, Х, Ц, Ч, Џ, Ш, Щ, Ю, Я, , א, ב, ג, ד, ה, ו, ז, ח, ט, י, כ, ל, מ, נ, ס, ע, פ, צ, ק, ר, ש, ת, , ا, ب, ت, ث, ج, ح, خ, د, ذ, ر, ز, س, ش, ص, ض, ط, ظ, ع, غ, ف, ق, ك, ل, م, ن, ه, و, ي, , ก, ข, ฃ, ค, ฅ, ฆ, ง, จ, ฉ, ช, ซ, ฌ, ญ, ฎ, ฏ, ฐ, ฑ, ฒ, ณ, ด, ต, ถ, ท, ธ, น, บ, ป, ผ, ฝ, พ, ฟ, ภ, ม, ย, ร, ฤ, ล, ฦ, ว, ศ, ษ, ส, ห, ฬ, อ, ฮ, , ㄱ, ㄴ, ㄷ, ㄹ, ㅁ, ㅂ, ㅅ, ㅇ, ㅈ, ㅊ, ㅋ, ㅌ, ㅍ, ㅎ, , あ, か, さ, た, な, は, ま, や, ら, わ, #, ]
I/art ( 4088): Background sticky concurrent mark sweep GC freed 1807(168KB) AllocSpace objects, 0(0B) LOS objects, 3% free, 4MB/5MB, paused 6.972ms total 23.858ms
D/BluetoothManagerService( 3953): Message: 30
E/BluetoothA2dpSink( 4088): Could not bind to Bluetooth A2DP Service with Intent { act=android.bluetooth.IBluetoothA2dpSink }
D/BluetoothManagerService( 3953): Message: 30
E/BluetoothAvrcpController( 4088): Could not bind to Bluetooth AVRCP Controller Service with Intent { act=android.bluetooth.IBluetoothAvrcpController }
D/BluetoothManagerService( 3953): Message: 30
D/BluetoothManagerService( 3953): Trying to bind to profile: 1, while Bluetooth was disabled
D/BluetoothManagerService( 3953): Message: 30
E/BluetoothHeadsetClient( 4088): Could not bind to Bluetooth Headset Client Service with Intent { act=android.bluetooth.IBluetoothHeadsetClient }
D/BluetoothManagerService( 3953): Message: 30
D/BluetoothMap( 4088): Create BluetoothMap proxy object
D/BluetoothManagerService( 3953): Message: 30
D/BluetoothManagerService( 3953): Message: 30
D/ConnectivityService( 3953): listenForNetwork for NetworkRequest [ id=2, legacyType=-1, [] ]
I/art ( 4088): Background sticky concurrent mark sweep GC freed 311(24KB) AllocSpace objects, 0(0B) LOS objects, 2% free, 4MB/5MB, paused 5.818ms total 16.693ms
I/CameraManagerGlobal( 4088): getCameraService: Reconnecting to camera service
I/CameraService( 3756): getCameraCharacteristics: Switching to HAL1 shim implementation...
D/Camera_Factory( 3756): CameraFactory::get_camera_info
D/Camera_Factory( 3756): CameraFactory::getCameraInfo: id = 0, info = 0xb4b07978
D/Camera_Factory( 3756): CameraFactory::getCameraNum: 1
D/CameraHardware( 3756): CameraHardware::getCameraInfo
D/Camera_Factory( 3756): CameraFactory::get_camera_info
D/Camera_Factory( 3756): CameraFactory::getCameraInfo: id = 0, info = 0xb4b07710
D/Camera_Factory( 3756): CameraFactory::getCameraNum: 1
D/CameraHardware( 3756): CameraHardware::getCameraInfo
D/WifiMonitor( 3953): startMonitoring(wlan0) with mConnected = false
E/WifiHW ( 3953): Unable to open connection to supplicant on "@android:wpa_wlan0": No such file or directory
I/art ( 4088): Background sticky concurrent mark sweep GC freed 527(23KB) AllocSpace objects, 0(0B) LOS objects, 1% free, 5MB/5MB, paused 6.595ms total 25.767ms
D/wpa_supplicant( 4451): wpa_supplicant v2.3-5.1.1
D/wpa_supplicant( 4451): Add randomness: count=1 entropy=0
D/wpa_supplicant( 4451): random pool - hexdump(len=128): [REMOVED]
D/wpa_supplicant( 4451): random_mix_pool - hexdump(len=8): [REMOVED]
D/wpa_supplicant( 4451): random_mix_pool - hexdump(len=20): [REMOVED]
D/wpa_supplicant( 4451): random pool - hexdump(len=128): [REMOVED]
D/wpa_supplicant( 4451): random: Added entropy from /data/misc/wifi/entropy.bin (own_pool_ready=2)
D/wpa_supplicant( 4451): random: Trying to read entropy from /dev/random
D/wpa_supplicant( 4451): Get randomness: len=20 entropy=1
D/wpa_supplicant( 4451): random from os_get_random - hexdump(len=20): [REMOVED]
D/wpa_supplicant( 4451): random_mix_pool - hexdump(len=20): [REMOVED]
D/wpa_supplicant( 4451): random from internal pool - hexdump(len=16): [REMOVED]
D/wpa_supplicant( 4451): random_mix_pool - hexdump(len=20): [REMOVED]
D/wpa_supplicant( 4451): random from internal pool - hexdump(len=16): [REMOVED]
D/wpa_supplicant( 4451): mixed random - hexdump(len=20): [REMOVED]
D/wpa_supplicant( 4451): random: Updated entropy file /data/misc/wifi/entropy.bin (own_pool_ready=2)
D/wpa_supplicant( 4451): Global control interface '@android:wpa_wlan0'
D/wpa_supplicant( 4451): Using Android control socket 'wpa_wlan0'
I/wpa_supplicant( 4451): Successfully initialized wpa_supplicant
D/wpa_supplicant( 4451): Override interface parameter: ctrl_interface ('(null)' -> '/data/misc/wifi/sockets')
D/wpa_supplicant( 4451): Initializing interface 'wlan0' conf '/data/misc/wifi/wpa_supplicant.conf' driver 'nl80211' ctrl_interface '/data/misc/wifi/sockets' bridge 'N/A'
D/wpa_supplicant( 4451): Configuration file '/data/misc/wifi/wpa_supplicant.conf' -> '/data/misc/wifi/wpa_supplicant.conf'
D/wpa_supplicant( 4451): Reading configuration file '/data/misc/wifi/wpa_supplicant.conf'
D/wpa_supplicant( 4451): ctrl_interface='/data/misc/wifi/sockets'
D/wpa_supplicant( 4451): update_config=1
D/wpa_supplicant( 4451): device_name='android_x86'
D/wpa_supplicant( 4451): manufacturer='LENOVO'
D/wpa_supplicant( 4451): model_name='80E3'
D/wpa_supplicant( 4451): model_number='80E3'
D/wpa_supplicant( 4451): serial_number=''
D/wpa_supplicant( 4451): config_methods='physical_display virtual_push_button'
D/wpa_supplicant( 4451): external_sim=1
D/wpa_supplicant( 4451): Line: 12 - start of a new network block
D/wpa_supplicant( 4451): ssid - hexdump(len=4): 46 4f 58 39
D/wpa_supplicant( 4451): scan_ssid=1 (0x1)
D/wpa_supplicant( 4451): PSK (ASCII passphrase) - hexdump(len=63): [REMOVED]
D/wpa_supplicant( 4451): key_mgmt: 0x2
D/wpa_supplicant( 4451): PSK (from passphrase) - hexdump(len=32): [REMOVED]
D/wpa_supplicant( 4451): Priority group 0
D/wpa_supplicant( 4451): id=0 ssid='FOX9'
I/wpa_supplicant( 4451): rfkill: Cannot open RFKILL control device
D/wpa_supplicant( 4451): nl80211: RFKILL status not available
