D/wpa_supplicant( 4451): CTRL_IFACE: GET_NETWORK id=0 name='scan_ssid'
D/wpa_supplicant( 4451): wlan0: Control interface command 'GET_NETWORK 0 wep_tx_keyidx'
D/wpa_supplicant( 4451): CTRL_IFACE: GET_NETWORK id=0 name='wep_tx_keyidx'
D/wpa_supplicant( 4451): wlan0: Control interface command 'GET_NETWORK 0 wep_key0'
D/wpa_supplicant( 4451): CTRL_IFACE: GET_NETWORK id=0 name='wep_key0'
D/wpa_supplicant( 4451): CTRL_IFACE: Failed to get network variable 'wep_key0'
D/wpa_supplicant( 4451): wlan0: Control interface command 'GET_NETWORK 0 wep_key1'
D/wpa_supplicant( 4451): CTRL_IFACE: GET_NETWORK id=0 name='wep_key1'
D/wpa_supplicant( 4451): CTRL_IFACE: Failed to get network variable 'wep_key1'
D/wpa_supplicant( 4451): wlan0: Control interface command 'GET_NETWORK 0 wep_key2'
D/wpa_supplicant( 4451): CTRL_IFACE: GET_NETWORK id=0 name='wep_key2'
D/wpa_supplicant( 4451): CTRL_IFACE: Failed to get network variable 'wep_key2'
D/wpa_supplicant( 4451): wlan0: Control interface command 'GET_NETWORK 0 wep_key3'
D/wpa_supplicant( 4451): CTRL_IFACE: GET_NETWORK id=0 name='wep_key3'
D/wpa_supplicant( 4451): CTRL_IFACE: Failed to get network variable 'wep_key3'
D/wpa_supplicant( 4451): wlan0: Control interface command 'GET_NETWORK 0 psk'
D/wpa_supplicant( 4451): CTRL_IFACE: GET_NETWORK id=0 name='psk'
D/wpa_supplicant( 4451): Do not allow key_data field to be exposed
D/wpa_supplicant( 4451): wlan0: Control interface command 'GET_NETWORK 0 proto'
D/wpa_supplicant( 4451): CTRL_IFACE: GET_NETWORK id=0 name='proto'
D/wpa_supplicant( 4451): wlan0: Control interface command 'GET_NETWORK 0 key_mgmt'
D/wpa_supplicant( 4451): CTRL_IFACE: GET_NETWORK id=0 name='key_mgmt'
D/wpa_supplicant( 4451): wlan0: Control interface command 'GET_NETWORK 0 auth_alg'
D/wpa_supplicant( 4451): CTRL_IFACE: GET_NETWORK id=0 name='auth_alg'
D/wpa_supplicant( 4451): CTRL_IFACE: Failed to get network variable 'auth_alg'
D/wpa_supplicant( 4451): wlan0: Control interface command 'GET_NETWORK 0 pairwise'
D/wpa_supplicant( 4451): CTRL_IFACE: GET_NETWORK id=0 name='pairwise'
D/wpa_supplicant( 4451): wlan0: Control interface command 'GET_NETWORK 0 group'
D/wpa_supplicant( 4451): CTRL_IFACE: GET_NETWORK id=0 name='group'
D/wpa_supplicant( 4451): wlan0: Control interface command 'GET_NETWORK 0 eap'
D/wpa_supplicant( 4451): CTRL_IFACE: GET_NETWORK id=0 name='eap'
D/wpa_supplicant( 4451): CTRL_IFACE: Failed to get network variable 'eap'
D/wpa_supplicant( 4451): wlan0: Control interface command 'GET_NETWORK 0 phase2'
D/wpa_supplicant( 4451): CTRL_IFACE: GET_NETWORK id=0 name='phase2'
D/wpa_supplicant( 4451): CTRL_IFACE: Failed to get network variable 'phase2'
D/wpa_supplicant( 4451): wlan0: Control interface command 'GET_NETWORK 0 identity'
D/wpa_supplicant( 4451): CTRL_IFACE: GET_NETWORK id=0 name='identity'
D/wpa_supplicant( 4451): CTRL_IFACE: Failed to get network variable 'identity'
D/wpa_supplicant( 4451): wlan0: Control interface command 'GET_NETWORK 0 anonymous_identity'
D/wpa_supplicant( 4451): CTRL_IFACE: GET_NETWORK id=0 name='anonymous_identity'
D/wpa_supplicant( 4451): CTRL_IFACE: Failed to get network variable 'anonymous_identity'
D/wpa_supplicant( 4451): wlan0: Control interface command 'GET_NETWORK 0 password'
D/wpa_supplicant( 4451): CTRL_IFACE: GET_NETWORK id=0 name='password'
D/wpa_supplicant( 4451): CTRL_IFACE: Failed to get network variable 'password'
D/wpa_supplicant( 4451): wlan0: Control interface command 'GET_NETWORK 0 client_cert'
D/wpa_supplicant( 4451): CTRL_IFACE: GET_NETWORK id=0 name='client_cert'
D/wpa_supplicant( 4451): CTRL_IFACE: Failed to get network variable 'client_cert'
D/wpa_supplicant( 4451): wlan0: Control interface command 'GET_NETWORK 0 ca_cert'
D/wpa_supplicant( 4451): CTRL_IFACE: GET_NETWORK id=0 name='ca_cert'
D/wpa_supplicant( 4451): CTRL_IFACE: Failed to get network variable 'ca_cert'
D/wpa_supplicant( 4451): wlan0: Control interface command 'GET_NETWORK 0 subject_match'
D/wpa_supplicant( 4451): CTRL_IFACE: GET_NETWORK id=0 name='subject_match'
D/wpa_supplicant( 4451): CTRL_IFACE: Failed to get network variable 'subject_match'
D/wpa_supplicant( 4451): wlan0: Control interface command 'GET_NETWORK 0 engine'
D/wpa_supplicant( 4451): CTRL_IFACE: GET_NETWORK id=0 name='engine'
D/wpa_supplicant( 4451): wlan0: Control interface command 'GET_NETWORK 0 engine_id'
D/wpa_supplicant( 4451): CTRL_IFACE: GET_NETWORK id=0 name='engine_id'
D/wpa_supplicant( 4451): CTRL_IFACE: Failed to get network variable 'engine_id'
D/wpa_supplicant( 4451): wlan0: Control interface command 'GET_NETWORK 0 key_id'
D/wpa_supplicant( 4451): CTRL_IFACE: GET_NETWORK id=0 name='key_id'
D/wpa_supplicant( 4451): CTRL_IFACE: Failed to get network variable 'key_id'
D/wpa_supplicant( 4451): wlan0: Control interface command 'GET_NETWORK 0 private_key'
D/wpa_supplicant( 4451): CTRL_IFACE: GET_NETWORK id=0 name='private_key'
D/wpa_supplicant( 4451): CTRL_IFACE: Failed to get network variable 'private_key'
D/wpa_supplicant( 4451): wlan0: Control interface command 'SAVE_CONFIG'
D/wpa_supplicant( 4451): Writing configuration file '/data/misc/wifi/wpa_supplicant.conf.tmp'
D/wpa_supplicant( 4451): Configuration file '/data/misc/wifi/wpa_supplicant.conf' written successfully
D/wpa_supplicant( 4451): CTRL_IFACE: SAVE_CONFIG - Configuration updated
D/wpa_supplicant( 4451): wlan0: Control interface command 'SELECT_NETWORK 0'
D/wpa_supplicant( 4451): CTRL_IFACE: SELECT_NETWORK id=0
D/wpa_supplicant( 4451): wlan0: Selecting BSS from priority group 1
D/wpa_supplicant( 4451): wlan0: 0: 00:90:4c:5f:00:2a ssid='FOX9' wpa_ie_len=0 rsn_ie_len=20 caps=0x411 level=-48
D/wpa_supplicant( 4451): wlan0: selected based on RSN IE
D/wpa_supplicant( 4451): wlan0: selected BSS 00:90:4c:5f:00:2a ssid='FOX9'
D/wpa_supplicant( 4451): wlan0: Considering connect request: reassociate: 1 selected: 00:90:4c:5f:00:2a bssid: 00:00:00:00:00:00 pending: 00:00:00:00:00:00 wpa_state: SCANNING ssid=0xb6876300 current_ssid=0xb6876300
D/wpa_supplicant( 4451): wlan0: Request association with 00:90:4c:5f:00:2a
D/wpa_supplicant( 4451): WPA: Unrecognized EAPOL-Key Key Data IE - hexdump(len=6): 00 04 46 4f 58 39
D/wpa_supplicant( 4451): WPA: Unrecognized EAPOL-Key Key Data IE - hexdump(len=3): 03 01 06
D/wpa_supplicant( 4451): WPA: Unrecognized EAPOL-Key Key Data IE - hexdump(len=3): 2a 01 00
D/wpa_supplicant( 4451): WPA: Unrecognized EAPOL-Key Key Data IE - hexdump(len=3): 2f 01 00
D/wpa_supplicant( 4451): WPA: RSN IE in EAPOL-Key - hexdump(len=22): 30 14 01 00 00 0f ac 04 01 00 00 0f ac 04 01 00 00 0f ac 02 0c 00
D/wpa_supplicant( 4451): WPA: WMM Parameter Element - hexdump(len=24): 00 50 f2 02 01 01 80 00 03 a4 00 00 27 a4 00 00 42 43 5e 00 62 32 2f 00
D/wpa_supplicant( 4451): TDLS: TDLS is allowed in the target BSS
D/wpa_supplicant( 4451): wlan0: Add radio work 'sme-connect'@0xb6836280
D/wpa_supplicant( 4451): wlan0: First radio work item in the queue - schedule start immediately
D/wpa_supplicant( 4451): wlan0: Starting radio work 'sme-connect'@0xb6836280 after 0.000277 second wait
D/wpa_supplicant( 4451): wlan0: Automatic auth_alg selection: 0x1
D/wpa_supplicant( 4451): RSN: PMKSA cache search - network_ctx=0xb6876300 try_opportunistic=0
D/wpa_supplicant( 4451): RSN: Search for BSSID 00:90:4c:5f:00:2a
D/wpa_supplicant( 4451): RSN: No PMKSA cache entry found
D/wpa_supplicant( 4451): wlan0: RSN: using IEEE 802.11i/D9.0
D/wpa_supplicant( 4451): wlan0: WPA: Selected cipher suites: group 16 pairwise 16 key_mgmt 2 proto 2
D/wpa_supplicant( 4451): wlan0: WPA: Selected mgmt group cipher 32
D/wpa_supplicant( 4451): wlan0: WPA: clearing AP WPA IE
D/wpa_supplicant( 4451): WPA: set AP RSN IE - hexdump(len=22): 30 14 01 00 00 0f ac 04 01 00 00 0f ac 04 01 00 00 0f ac 02 0c 00
D/wpa_supplicant( 4451): wlan0: WPA: using GTK CCMP
D/wpa_supplicant( 4451): wlan0: WPA: using PTK CCMP
D/wpa_supplicant( 4451): wlan0: WPA: using KEY_MGMT WPA-PSK
D/wpa_supplicant( 4451): wlan0: WPA: not using MGMT group cipher
D/wpa_supplicant( 4451): WPA: Set own WPA IE default - hexdump(len=22): 30 14 01 00 00 0f ac 04 01 00 00 0f ac 04 01 00 00 0f ac 02 00 00
D/wpa_supplicant( 4451): FT: Stored MDIE and FTIE from (Re)Association Response - hexdump(len=0):
D/wpa_supplicant( 4451): wlan0: Cancelling scan request
I/wpa_supplicant( 4451): wlan0: SME: Trying to authenticate with 00:90:4c:5f:00:2a (SSID='FOX9' freq=2437 MHz)
D/wpa_supplicant( 4451): CTRL_IFACE monitor sent successfully to /data/misc/wifi/sockets/wpa_ctrl_3953-3\x00
D/wpa_supplicant( 4451): wlan0: State: SCANNING -> AUTHENTICATING
D/wpa_supplicant( 4451): CTRL_IFACE monitor sent successfully to /data/misc/wifi/sockets/wpa_ctrl_3953-3\x00
D/wpa_supplicant( 4451): EAPOL: External notification - EAP success=0
D/wpa_supplicant( 4451): EAPOL: External notification - EAP fail=0
D/wpa_supplicant( 4451): EAPOL: External notification - portControl=Auto
D/wpa_supplicant( 4451): wlan0: Determining shared radio frequencies (max len 1)
D/wpa_supplicant( 4451): wlan0: Shared frequencies (len=0): completed iteration
D/wpa_supplicant( 4451): nl80211: Authenticate (ifindex=6)
D/wpa_supplicant( 4451): * bssid=00:90:4c:5f:00:2a
D/wpa_supplicant( 4451): * freq=2437
D/wpa_supplicant( 4451): * SSID - hexdump(len=4): 46 4f 58 39
D/wpa_supplicant( 4451): * IEs - hexdump(len=0): [NULL]
D/wpa_supplicant( 4451): * Auth Type 0
D/ExtensionsFactory( 4646): No custom extensions.
D/wpa_supplicant( 4451): nl80211: Authentication request send successfully
D/wpa_supplicant( 4451): wlan0: Control interface command 'RECONNECT'
D/AlertReceiver( 4646): onReceive: a=android.intent.action.BOOT_COMPLETED Intent { act=android.intent.action.BOOT_COMPLETED flg=0x8000010 cmp=com.android.calendar/.alerts.AlertReceiver (has extras) }
D/wpa_supplicant( 4451): nl80211: Event message available
D/wpa_supplicant( 4451): nl80211: Drv Event 19 (NL80211_CMD_NEW_STATION) received for wlan0
D/wpa_supplicant( 4451): nl80211: New station 00:90:4c:5f:00:2a
D/wpa_supplicant( 4451): nl80211: Event message available
D/wpa_supplicant( 4451): nl80211: Drv Event 37 (NL80211_CMD_AUTHENTICATE) received for wlan0
D/wpa_supplicant( 4451): nl80211: MLME event 37 (NL80211_CMD_AUTHENTICATE) on wlan0(38:b1:db:c7:f6:41) A1=38:b1:db:c7:f6:41 A2=00:90:4c:5f:00:2a
D/wpa_supplicant( 4451): nl80211: MLME event frame - hexdump(len=41): b0 00 3a 01 38 b1 db c7 f6 41 00 90 4c 5f 00 2a 00 90 4c 5f 00 2a 60 90 00 00 02 00 00 00 dd 09 ...
D/wpa_supplicant( 4451): nl80211: Authenticate event
D/wpa_supplicant( 4451): wlan0: Event AUTH (11) received
D/wpa_supplicant( 4451): wlan0: SME: Authentication response: peer=00:90:4c:5f:00:2a auth_type=0 auth_transaction=2 status_code=0
D/wpa_supplicant( 4451): SME: Authentication response IEs - hexdump(len=11): dd 09 00 10 18 02 03 f0 04 00 00
I/wpa_supplicant( 4451): wlan0: Trying to associate with 00:90:4c:5f:00:2a (SSID='FOX9' freq=2437 MHz)
D/wpa_supplicant( 4451): CTRL_IFACE monitor sent successfully to /data/misc/wifi/sockets/wpa_ctrl_3953-3\x00
D/wpa_supplicant( 4451): wlan0: State: AUTHENTICATING -> ASSOCIATING
D/wpa_supplicant( 4451): nl80211: Set wlan0 operstate 0->0 (DORMANT)
D/wpa_supplicant( 4451): netlink: Operstate: ifindex=6 linkmode=-1 (no change), operstate=5 (IF_OPER_DORMANT)
D/wpa_supplicant( 4451): CTRL_IFACE monitor sent successfully to /data/misc/wifi/sockets/wpa_ctrl_3953-3\x00
D/wpa_supplicant( 4451): WPA: set own WPA/RSN IE - hexdump(len=22): 30 14 01 00 00 0f ac 04 01 00 00 0f ac 04 01 00 00 0f ac 02 00 00
D/wpa_supplicant( 4451): nl80211: Associate (ifindex=6)
D/wpa_supplicant( 4451): * bssid=00:90:4c:5f:00:2a
D/wpa_supplicant( 4451): * freq=2437
D/wpa_supplicant( 4451): * SSID - hexdump(len=4): 46 4f 58 39
D/wpa_supplicant( 4451): * IEs - hexdump(len=32): 30 14 01 00 00 0f ac 04 01 00 00 0f ac 04 01 00 00 0f ac 02 00 00 7f 08 00 00 0a 02 01 00 00 40
D/wpa_supplicant( 4451): * WPA Versions 0x2
D/wpa_supplicant( 4451): * pairwise=0xfac04
D/wpa_supplicant( 4451): * group=0xfac04
D/wpa_supplicant( 4451): * akm=0xfac02
D/wpa_supplicant( 4451): nl80211: Association request send successfully
D/wpa_supplicant( 4451): RTM_NEWLINK: ifi_index=6 ifname=wlan0 operstate=5 linkmode=1 ifi_family=0 ifi_flags=0x11003 ([UP][LOWER_UP])
D/wpa_supplicant( 4451): RTM_NEWLINK: ifi_index=6 ifname=wlan0 wext ifi_family=0 ifi_flags=0x11003 ([UP][LOWER_UP])
D/wpa_supplicant( 4451): RTM_NEWLINK: ifi_index=6 ifname=wlan0 wext ifi_family=0 ifi_flags=0x11003 ([UP][LOWER_UP])
D/wpa_supplicant( 4451): nl80211: Event message available
D/wpa_supplicant( 4451): nl80211: Drv Event 38 (NL80211_CMD_ASSOCIATE) received for wlan0
D/wpa_supplicant( 4451): nl80211: MLME event 38 (NL80211_CMD_ASSOCIATE) on wlan0(38:b1:db:c7:f6:41) A1=38:b1:db:c7:f6:41 A2=00:90:4c:5f:00:2a
D/wpa_supplicant( 4451): nl80211: MLME event frame - hexdump(len=83): 10 00 3a 01 38 b1 db c7 f6 41 00 90 4c 5f 00 2a 00 90 4c 5f 00 2a 70 90 11 04 00 00 02 c0 01 08 ...
D/wpa_supplicant( 4451): nl80211: Associate event
D/wpa_supplicant( 4451): wlan0: Event ASSOC (0) received
D/wpa_supplicant( 4451): wlan0: Association info event
D/wpa_supplicant( 4451): resp_ies - hexdump(len=53): 01 08 82 84 8b 96 24 30 48 6c 32 04 0c 12 18 60 dd 09 00 10 18 02 03 f0 04 00 00 dd 18 00 50 f2 ...
D/wpa_supplicant( 4451): WPA: WMM Parameter Element - hexdump(len=24): 00 50 f2 02 01 01 80 00 03 a4 00 00 27 a4 00 00 42 43 5e 00 62 32 2f 00
D/wpa_supplicant( 4451): unknown vendor specific information element ignored (vendor OUI 00:10:18 len=9)
D/wpa_supplicant( 4451): unknown vendor specific information element ignored (vendor OUI 00:10:18 len=9)
D/wpa_supplicant( 4451): wlan0: freq=2437 MHz
D/wpa_supplicant( 4451): FT: Stored MDIE and FTIE from (Re)Association Response - hexdump(len=0):
D/wpa_supplicant( 4451): wlan0: State: ASSOCIATING -> ASSOCIATED
D/wpa_supplicant( 4451): nl80211: Set wlan0 operstate 0->0 (DORMANT)
D/wpa_supplicant( 4451): netlink: Operstate: ifindex=6 linkmode=-1 (no change), operstate=5 (IF_OPER_DORMANT)
D/wpa_supplicant( 4451): CTRL_IFACE monitor sent successfully to /data/misc/wifi/sockets/wpa_ctrl_3953-3\x00
D/wpa_supplicant( 4451): wlan0: Associated to a new BSS: BSSID=00:90:4c:5f:00:2a
D/wpa_supplicant( 4451): Add randomness: count=6 entropy=4
D/wpa_supplicant( 4451): random pool - hexdump(len=128): [REMOVED]
D/wpa_supplicant( 4451): random_mix_pool - hexdump(len=8): [REMOVED]
D/wpa_supplicant( 4451): random_mix_pool - hexdump(len=6): [REMOVED]
D/wpa_supplicant( 4451): random pool - hexdump(len=128): [REMOVED]
D/wpa_supplicant( 4451): wlan0: WPA: clearing AP WPA IE
D/wpa_supplicant( 4451): WPA: set AP RSN IE - hexdump(len=22): 30 14 01 00 00 0f ac 04 01 00 00 0f ac 04 01 00 00 0f ac 02 0c 00
I/wpa_supplicant( 4451): wlan0: Associated with 00:90:4c:5f:00:2a
D/wpa_supplicant( 4451): CTRL_IFACE monitor sent successfully to /data/misc/wifi/sockets/wpa_ctrl_3953-3\x00
D/wpa_supplicant( 4451): wlan0: WPA: Association event - clear replay counter
D/wpa_supplicant( 4451): wlan0: WPA: Clear old PTK
D/wpa_supplicant( 4451): TDLS: Remove peers on association
D/wpa_supplicant( 4451): EAPOL: External notification - portEnabled=0
D/wpa_supplicant( 4451): EAPOL: External notification - portValid=0
D/wpa_supplicant( 4451): EAPOL: External notification - EAP success=0
D/wpa_supplicant( 4451): EAPOL: External notification - portEnabled=1
D/wpa_supplicant( 4451): EAPOL: SUPP_PAE entering state CONNECTING
D/wpa_supplicant( 4451): EAPOL: enable timer tick
D/wpa_supplicant( 4451): EAPOL: SUPP_BE entering state IDLE
D/wpa_supplicant( 4451): wlan0: Setting authentication timeout: 10 sec 0 usec
D/wpa_supplicant( 4451): wlan0: Cancelling scan request
D/wpa_supplicant( 4451): nl80211: Event message available
D/wpa_supplicant( 4451): nl80211: Drv Event 46 (NL80211_CMD_CONNECT) received for wlan0
D/wpa_supplicant( 4451): nl80211: Ignore connect event (cmd=46) when using userspace SME
D/AlertService( 4646): 0 Action = android.intent.action.BOOT_COMPLETED
D/wpa_supplicant( 4451): wlan0: RX EAPOL from 00:90:4c:5f:00:2a
D/wpa_supplicant( 4451): RX EAPOL - hexdump(len=121): 02 03 00 75 02 00 8a 00 10 00 00 00 00 00 00 00 01 bd bd 4d 58 86 3c 8e b8 f3 ba 4d 97 2c ba 59 ...
D/wpa_supplicant( 4451): wlan0: Setting authentication timeout: 10 sec 0 usec
D/wpa_supplicant( 4451): wlan0: IEEE 802.1X RX: version=2 type=3 length=117
D/wpa_supplicant( 4451): WPA: RX EAPOL-Key - hexdump(len=121): 02 03 00 75 02 00 8a 00 10 00 00 00 00 00 00 00 01 bd bd 4d 58 86 3c 8e b8 f3 ba 4d 97 2c ba 59 ...
D/wpa_supplicant( 4451): wlan0: EAPOL-Key type=2
D/wpa_supplicant( 4451): wlan0: key_info 0x8a (ver=2 keyidx=0 rsvd=0 Pairwise Ack)
D/wpa_supplicant( 4451): wlan0: key_length=16 key_data_length=22
D/wpa_supplicant( 4451): replay_counter - hexdump(len=8): 00 00 00 00 00 00 00 01
D/wpa_supplicant( 4451): key_nonce - hexdump(len=32): bd bd 4d 58 86 3c 8e b8 f3 ba 4d 97 2c ba 59 a0 35 bd 7f f1 c8 25 48 f1 8a ac 13 4a d5 81 e4 12
D/wpa_supplicant( 4451): key_iv - hexdump(len=16): 00 00 00 00 00 00 00 00 00 00 00 00 00 00 00 00
D/wpa_supplicant( 4451): key_rsc - hexdump(len=8): 00 00 00 00 00 00 00 00
D/wpa_supplicant( 4451): key_id (reserved) - hexdump(len=8): 00 00 00 00 00 00 00 00
D/wpa_supplicant( 4451): key_mic - hexdump(len=16): 00 00 00 00 00 00 00 00 00 00 00 00 00 00 00 00
D/wpa_supplicant( 4451): wlan0: State: ASSOCIATED -> 4WAY_HANDSHAKE
D/wpa_supplicant( 4451): CTRL_IFACE monitor sent successfully to /data/misc/wifi/sockets/wpa_ctrl_3953-3\x00
D/wpa_supplicant( 4451): wlan0: WPA: RX message 1 of 4-Way Handshake from 00:90:4c:5f:00:2a (ver=2)
D/wpa_supplicant( 4451): RSN: msg 1/4 key data - hexdump(len=22): dd 14 00 0f ac 04 aa bc 24 44 bb 5d eb 19 34 5d bc 43 51 b0 1f 97
D/wpa_supplicant( 4451): WPA: PMKID in EAPOL-Key - hexdump(len=22): dd 14 00 0f ac 04 aa bc 24 44 bb 5d eb 19 34 5d bc 43 51 b0 1f 97
D/wpa_supplicant( 4451): RSN: PMKID from Authenticator - hexdump(len=16): aa bc 24 44 bb 5d eb 19 34 5d bc 43 51 b0 1f 97
D/wpa_supplicant( 4451): wlan0: RSN: no matching PMKID found
D/wpa_supplicant( 4451): Get randomness: len=32 entropy=5
D/wpa_supplicant( 4451): random from os_get_random - hexdump(len=32): [REMOVED]
D/wpa_supplicant( 4451): random_mix_pool - hexdump(len=20): [REMOVED]
D/wpa_supplicant( 4451): random from internal pool - hexdump(len=16): [REMOVED]
D/wpa_supplicant( 4451): random_mix_pool - hexdump(len=20): [REMOVED]
D/wpa_supplicant( 4451): random from internal pool - hexdump(len=16): [REMOVED]
D/wpa_supplicant( 4451): mixed random - hexdump(len=32): [REMOVED]
D/wpa_supplicant( 4451): WPA: Renewed SNonce - hexdump(len=32): 10 22 c9 04 77 32 cf d8 49 1d ca b4 82 1d d4 df 0d 70 3a e4 88 00 42 9d 29 f8 3b f5 4e 12 94 a3
D/wpa_supplicant( 4451): WPA: PTK derivation - A1=38:b1:db:c7:f6:41 A2=00:90:4c:5f:00:2a
D/wpa_supplicant( 4451): WPA: Nonce1 - hexdump(len=32): 10 22 c9 04 77 32 cf d8 49 1d ca b4 82 1d d4 df 0d 70 3a e4 88 00 42 9d 29 f8 3b f5 4e 12 94 a3
D/wpa_supplicant( 4451): WPA: Nonce2 - hexdump(len=32): bd bd 4d 58 86 3c 8e b8 f3 ba 4d 97 2c ba 59 a0 35 bd 7f f1 c8 25 48 f1 8a ac 13 4a d5 81 e4 12
D/wpa_supplicant( 4451): WPA: PMK - hexdump(len=32): [REMOVED]
D/wpa_supplicant( 4451): WPA: PTK - hexdump(len=48): [REMOVED]
D/wpa_supplicant( 4451): WPA: WPA IE for msg 2/4 - hexdump(len=22): 30 14 01 00 00 0f ac 04 01 00 00 0f ac 04 01 00 00 0f ac 02 00 00
D/wpa_supplicant( 4451): WPA: Replay Counter - hexdump(len=8): 00 00 00 00 00 00 00 01
D/wpa_supplicant( 4451): wlan0: WPA: Sending EAPOL-Key 2/4
D/wpa_supplicant( 4451): WPA: KCK - hexdump(len=16): [REMOVED]
D/wpa_supplicant( 4451): WPA: Derived Key MIC - hexdump(len=16): 17 f2 92 04 a0 7e 12 88 6c af 52 c2 ae f4 e1 36
D/wpa_supplicant( 4451): WPA: TX EAPOL-Key - hexdump(len=121): 01 03 00 75 02 01 0a 00 00 00 00 00 00 00 00 00 01 10 22 c9 04 77 32 cf d8 49 1d ca b4 82 1d d4 ...
I/ActivityManager( 3953): Start proc 4669:com.android.deskclock/u0a26 for broadcast com.android.deskclock/.AlarmInitReceiver
D/wpa_supplicant( 4451): wlan0: RX EAPOL from 00:90:4c:5f:00:2a
D/wpa_supplicant( 4451): RX EAPOL - hexdump(len=155): 02 03 00 97 02 13 ca 00 10 00 00 00 00 00 00 00 02 bd bd 4d 58 86 3c 8e b8 f3 ba 4d 97 2c ba 59 ...
D/wpa_supplicant( 4451): wlan0: IEEE 802.1X RX: version=2 type=3 length=151
D/wpa_supplicant( 4451): WPA: RX EAPOL-Key - hexdump(len=155): 02 03 00 97 02 13 ca 00 10 00 00 00 00 00 00 00 02 bd bd 4d 58 86 3c 8e b8 f3 ba 4d 97 2c ba 59 ...
D/wpa_supplicant( 4451): wlan0: EAPOL-Key type=2
D/wpa_supplicant( 4451): wlan0: key_info 0x13ca (ver=2 keyidx=0 rsvd=0 Pairwise Install Ack MIC Secure Encr)
D/wpa_supplicant( 4451): wlan0: key_length=16 key_data_length=56
D/wpa_supplicant( 4451): replay_counter - hexdump(len=8): 00 00 00 00 00 00 00 02
D/wpa_supplicant( 4451): key_nonce - hexdump(len=32): bd bd 4d 58 86 3c 8e b8 f3 ba 4d 97 2c ba 59 a0 35 bd 7f f1 c8 25 48 f1 8a ac 13 4a d5 81 e4 12
D/wpa_supplicant( 4451): key_iv - hexdump(len=16): 35 bd 7f f1 c8 25 48 f1 8a ac 13 4a d5 81 e4 13
D/wpa_supplicant( 4451): key_rsc - hexdump(len=8): 33 b8 00 00 00 00 00 00
D/wpa_supplicant( 4451): key_id (reserved) - hexdump(len=8): 00 00 00 00 00 00 00 00
D/wpa_supplicant( 4451): key_mic - hexdump(len=16): 5c 58 5d 0e b7 c1 d6 23 aa 9d 1b c3 00 3a 9f c5
D/wpa_supplicant( 4451): RSN: encrypted key data - hexdump(len=56): 8d 8e 97 6f 3f 59 46 bd ab c9 50 ae 4f a3 d4 04 43 a0 d9 6f 98 fd b2 7e 98 24 33 d1 d4 ae e2 e6 ...
D/wpa_supplicant( 4451): WPA: decrypted EAPOL-Key key data - hexdump(len=48): [REMOVED]
D/wpa_supplicant( 4451): wlan0: State: 4WAY_HANDSHAKE -> 4WAY_HANDSHAKE
D/wpa_supplicant( 4451): wlan0: WPA: RX message 3 of 4-Way Handshake from 00:90:4c:5f:00:2a (ver=2)
D/wpa_supplicant( 4451): WPA: IE KeyData - hexdump(len=48): 30 14 01 00 00 0f ac 04 01 00 00 0f ac 04 01 00 00 0f ac 02 0c 00 dd 16 00 0f ac 01 02 00 11 c0 ...
D/wpa_supplicant( 4451): WPA: RSN IE in EAPOL-Key - hexdump(len=22): 30 14 01 00 00 0f ac 04 01 00 00 0f ac 04 01 00 00 0f ac 02 0c 00
D/wpa_supplicant( 4451): WPA: GTK in EAPOL-Key - hexdump(len=24): [REMOVED]
D/wpa_supplicant( 4451): wlan0: WPA: Sending EAPOL-Key 4/4
D/wpa_supplicant( 4451): WPA: KCK - hexdump(len=16): [REMOVED]
D/wpa_supplicant( 4451): WPA: Derived Key MIC - hexdump(len=16): 40 68 dd e0 78 5a 30 1c 17 f9 9f 55 83 ef 70 b4
D/wpa_supplicant( 4451): WPA: TX EAPOL-Key - hexdump(len=99): 01 03 00 5f 02 03 0a 00 00 00 00 00 00 00 00 00 02 00 00 00 00 00 00 00 00 00 00 00 00 00 00 00 ...
D/AlertService( 4646): Scheduling next alarm with AlarmScheduler. sEventReminderReceived: null
D/wpa_supplicant( 4451): wlan0: WPA: Installing PTK to the driver
D/wpa_supplicant( 4451): wpa_driver_nl80211_set_key: ifindex=6 (wlan0) alg=3 addr=0xb688e490 key_idx=0 set_tx=1 seq_len=6 key_len=16
D/wpa_supplicant( 4451): nl80211: KEY_DATA - hexdump(len=16): [REMOVED]
D/wpa_supplicant( 4451): nl80211: KEY_SEQ - hexdump(len=6): 00 00 00 00 00 00
D/wpa_supplicant( 4451): addr=00:90:4c:5f:00:2a
D/wpa_supplicant( 4451): EAPOL: External notification - portValid=1
D/wpa_supplicant( 4451): wlan0: State: 4WAY_HANDSHAKE -> GROUP_HANDSHAKE
D/wpa_supplicant( 4451): CTRL_IFACE monitor sent successfully to /data/misc/wifi/sockets/wpa_ctrl_3953-3\x00
D/wpa_supplicant( 4451): RSN: received GTK in pairwise handshake - hexdump(len=18): [REMOVED]
D/wpa_supplicant( 4451): WPA: Group Key - hexdump(len=16): [REMOVED]
D/wpa_supplicant( 4451): wlan0: WPA: Installing GTK to the driver (keyidx=2 tx=0 len=16)
D/wpa_supplicant( 4451): WPA: RSC - hexdump(len=6): 33 b8 00 00 00 00
D/wpa_supplicant( 4451): wpa_driver_nl80211_set_key: ifindex=6 (wlan0) alg=3 addr=0xb76d2b20 key_idx=2 set_tx=0 seq_len=6 key_len=16
D/wpa_supplicant( 4451): nl80211: KEY_DATA - hexdump(len=16): [REMOVED]
D/wpa_supplicant( 4451): nl80211: KEY_SEQ - hexdump(len=6): 33 b8 00 00 00 00
D/wpa_supplicant( 4451): broadcast key
I/wpa_supplicant( 4451): wlan0: WPA: Key negotiation completed with 00:90:4c:5f:00:2a [PTK=CCMP GTK=CCMP]
D/wpa_supplicant( 4451): CTRL_IFACE monitor sent successfully to /data/misc/wifi/sockets/wpa_ctrl_3953-3\x00
D/wpa_supplicant( 4451): wlan0: Cancelling authentication timeout
D/wpa_supplicant( 4451): wlan0: State: GROUP_HANDSHAKE -> COMPLETED
D/wpa_supplicant( 4451): wlan0: Radio work 'sme-connect'@0xb6836280 done in 0.078036 seconds
I/wpa_supplicant( 4451): wlan0: CTRL-EVENT-CONNECTED - Connection to 00:90:4c:5f:00:2a completed [id=0 id_str=]
I/art ( 3754): Explicit concurrent mark sweep GC freed 706(30KB) AllocSpace objects, 0(0B) LOS objects, 39% free, 1918KB/3MB, paused 196us total 23.349ms
D/wpa_supplicant( 4451): CTRL_IFACE monitor sent successfully to /data/misc/wifi/sockets/wpa_ctrl_3953-3\x00
D/wpa_supplicant( 4451): nl80211: Set wlan0 operstate 0->1 (UP)
D/wpa_supplicant( 4451): netlink: Operstate: ifindex=6 linkmode=-1 (no change), operstate=6 (IF_OPER_UP)
D/wpa_supplicant( 4451): CTRL_IFACE monitor sent successfully to /data/misc/wifi/sockets/wpa_ctrl_3953-3\x00
D/wpa_supplicant( 4451): EAPOL: External notification - portValid=1
D/wpa_supplicant( 4451): EAPOL: External notification - EAP success=1
D/wpa_supplicant( 4451): EAPOL: SUPP_PAE entering state AUTHENTICATING
D/wpa_supplicant( 4451): EAPOL: SUPP_BE entering state SUCCESS
D/wpa_supplicant( 4451): EAP: EAP entering state DISABLED
D/wpa_supplicant( 4451): EAPOL: SUPP_PAE entering state AUTHENTICATED
D/wpa_supplicant( 4451): EAPOL: Supplicant port status: Authorized
D/wpa_supplicant( 4451): nl80211: Set supplicant port authorized for 00:90:4c:5f:00:2a
D/wpa_supplicant( 4451): EAPOL: SUPP_BE entering state IDLE
D/wpa_supplicant( 4451): EAPOL authentication completed - result=SUCCESS
D/wpa_supplicant( 4451): RTM_NEWLINK: ifi_index=6 ifname=wlan0 operstate=6 linkmode=1 ifi_family=0 ifi_flags=0x11043 ([UP][RUNNING][LOWER_UP])
D/ConnectivityService( 3953): registerNetworkAgent NetworkAgentInfo{ ni{[type: WIFI[], state: CONNECTING/CONNECTING, reason: (unspecified), extra: "FOX9", roaming: false, failover: false, isAvailable: true, isConnectedToProvisioningNetwork: false]} network{null} lp{{LinkAddresses: [] Routes: [] DnsAddresses: [] Domains: null MTU: 0 TcpBufferSizes: 524288,1048576,2097152,262144,524288,1048576}} nc{[ Transports: WIFI Capabilities: INTERNET&NOT_RESTRICTED&TRUSTED&NOT_VPN LinkUpBandwidth>=1048576Kbps LinkDnBandwidth>=1048576Kbps]} Score{20} everValidated{false} lastValidated{false} created{false} explicitlySelected{false} }
E/WifiConfigStore( 3953): saveWifiConfigBSSID Setting BSSID for "FOX9"WPA_PSK to any
D/wpa_supplicant( 4451): wlan0: Control interface command 'SET_NETWORK [REMOVED]'
D/wpa_supplicant( 4451): CTRL_IFACE: SET_NETWORK id=0 name='bssid'
D/wpa_supplicant( 4451): CTRL_IFACE: value - hexdump(len=3): [REMOVED]
D/wpa_supplicant( 4451): BSSID any
D/ConnectivityService( 3953): NetworkAgentInfo [WIFI () - 100] EVENT_NETWORK_INFO_CHANGED, going from null to CONNECTING
D/wpa_supplicant( 4451): wlan0: Control interface command 'SAVE_CONFIG'
D/wpa_supplicant( 4451): Writing configuration file '/data/misc/wifi/wpa_supplicant.conf.tmp'
D/wpa_supplicant( 4451): Configuration file '/data/misc/wifi/wpa_supplicant.conf' written successfully
D/wpa_supplicant( 4451): CTRL_IFACE: SAVE_CONFIG - Configuration updated
E/WifiConfigStore( 3953): saveWifiConfigBSSID Setting BSSID for "FOX9"WPA_PSK to any
D/wpa_supplicant( 4451): wlan0: Control interface command 'SET_NETWORK [REMOVED]'
D/wpa_supplicant( 4451): CTRL_IFACE: SET_NETWORK id=0 name='bssid'
D/wpa_supplicant( 4451): CTRL_IFACE: value - hexdump(len=3): [REMOVED]
D/wpa_supplicant( 4451): BSSID any
D/wpa_supplicant( 4451): wlan0: Control interface command 'SAVE_CONFIG'
D/wpa_supplicant( 4451): Writing configuration file '/data/misc/wifi/wpa_supplicant.conf.tmp'
D/wpa_supplicant( 4451): Configuration file '/data/misc/wifi/wpa_supplicant.conf' written successfully
D/wpa_supplicant( 4451): CTRL_IFACE: SAVE_CONFIG - Configuration updated
I/art ( 3754): Explicit concurrent mark sweep GC freed 5(160B) AllocSpace objects, 0(0B) LOS objects, 39% free, 1918KB/3MB, paused 199us total 15.180ms
D/CommandListener( 3755): Setting iface cfg
E/WifiStateMachine( 3953): Start Dhcp Watchdog 1
I/WifiNative-HAL( 3953): startHal
I/WifiNative-HAL( 3953): startHal
D/wpa_supplicant( 4451): wlan0: Control interface command 'SIGNAL_POLL'
I/art ( 3754): Explicit concurrent mark sweep GC freed 5(160B) AllocSpace objects, 0(0B) LOS objects, 39% free, 1918KB/3MB, paused 214us total 19.546ms
D/AlarmScheduler( 4646): No events found starting within 1 week.
D/ConnectivityService( 3953): updateNetworkScore for NetworkAgentInfo [WIFI () - 100] to 60
V/AlarmClock( 4669): AlarmInitReceiver android.intent.action.BOOT_COMPLETED
D/wpa_supplicant( 4451): wlan0: Control interface command 'DRIVER BTCOEXMODE 1'
E/native ( 3953): do suspend false
D/wpa_supplicant( 4451): wlan0: Control interface command 'DRIVER SETSUSPENDMODE 0'
D/wpa_supplicant( 4451): wlan0: Control interface command 'SET ps 0'
D/wpa_supplicant( 4451): CTRL_IFACE SET 'ps'='0'
D/wpa_supplicant( 4451): nl80211: set_p2p_powersave (legacy_ps=0 opp_ps=-1 ctwindow=-1)
D/wpa_supplicant( 4451): wlan0: Control interface command 'DRIVER WLS_BATCHING GET'
E/WifiStateMachine( 3953): Unexpected BatchedScanResults :OK
D/wpa_supplicant( 4451): wlan0: Control interface command 'DRIVER WLS_BATCHING STOP'
V/AlarmClock( 4669): AlarmInitReceiver - Reset timers and clear stopwatch data
V/AlarmClock( 4669): AlarmInitReceiver finished
I/ActivityManager( 3953): Start proc 4691:com.android.email/u0a29 for broadcast com.android.email/.service.EmailBroadcastReceiver
I/ActivityManager( 3953): Start proc 4708:com.android.exchange/u0a30 for service com.android.exchange/.service.EasService
D/ActivityThread( 4691): Loading provider com.android.email.provider;com.android.email.notifier: com.android.email.provider.EmailProvider
I/SystemBroadcastReceiver( 4144): Boot has been completed
I/LauncherIconVisibilityManager( 4144): Activity has already been disabled: ComponentInfo{com.android.inputmethod.latin/com.android.inputmethod.latin.setup.SetupActivity}
V/Mms ( 4582): onStart: #1 mResultCode: -1 = Activity.RESULT_OK
I/Exchange( 4708): EasService.onCreate
I/Exchange( 4708): RestartPingTask
W/ActivityManager( 3953): Unable to start service Intent { cmp=com.android.email/.service.AttachmentService } U=0: not found
W/ActivityManager( 3953): Unable to start service Intent { cmp=com.android.email/.service.AttachmentService } U=0: not found
E/dhcpcd ( 4736): fopen `/system/etc/dhcpcd/dhcpcd.conf': No such file or directory
I/dhcpcd ( 4736): version 5.5.6 starting
E/dhcpcd ( 4736): fopen `/system/etc/dhcpcd/dhcpcd.conf': No such file or directory
E/dhcpcd ( 4736): get_duid: Read-only file system
I/Exchange( 4708): RestartPingsTask did not start any pings.
I/Exchange( 4708): PSS stopIfIdle
I/Exchange( 4708): PSS has no active accounts; stopping service.
I/Email ( 4691): Observing account changes for notifications
E/ActivityThread( 4691): Service com.android.email.service.EmailBroadcastProcessorService has leaked ServiceConnection com.android.emailcommon.service.ServiceProxy$ProxyConnection@2091c62b that was originally bound here
E/ActivityThread( 4691): android.app.ServiceConnectionLeaked: Service com.android.email.service.EmailBroadcastProcessorService has leaked ServiceConnection com.android.emailcommon.service.ServiceProxy$ProxyConnection@2091c62b that was originally bound here
E/ActivityThread( 4691): at android.app.LoadedApk$ServiceDispatcher.(LoadedApk.java:1077)
E/ActivityThread( 4691): at android.app.LoadedApk.getServiceDispatcher(LoadedApk.java:971)
E/ActivityThread( 4691): at android.app.ContextImpl.bindServiceCommon(ContextImpl.java:1774)
E/ActivityThread( 4691): at android.app.ContextImpl.bindService(ContextImpl.java:1757)
E/ActivityThread( 4691): at android.content.ContextWrapper.bindService(ContextWrapper.java:539)
E/ActivityThread( 4691): at com.android.emailcommon.service.ServiceProxy.setTask(ServiceProxy.java:181)
E/ActivityThread( 4691): at com.android.emailcommon.service.ServiceProxy.test(ServiceProxy.java:224)
E/ActivityThread( 4691): at com.android.email.service.EmailServiceUtils.isServiceAvailable(EmailServiceUtils.java:160)
E/ActivityThread( 4691): at com.android.email.provider.AccountReconciler.reconcileAccountsInternal(AccountReconciler.java:171)
E/ActivityThread( 4691): at com.android.email.provider.AccountReconciler.reconcileAccounts(AccountReconciler.java:115)
E/ActivityThread( 4691): at com.android.email.service.EmailBroadcastProcessorService.reconcileAndStartServices(EmailBroadcastProcessorService.java:305)
E/ActivityThread( 4691): at com.android.email.service.EmailBroadcastProcessorService.onBootCompleted(EmailBroadcastProcessorService.java:295)
E/ActivityThread( 4691): at com.android.email.service.EmailBroadcastProcessorService.onHandleIntent(EmailBroadcastProcessorService.java:130)
E/ActivityThread( 4691): at android.app.IntentService$ServiceHandler.handleMessage(IntentService.java:65)
E/ActivityThread( 4691): at android.os.Handler.dispatchMessage(Handler.java:102)
E/ActivityThread( 4691): at android.os.Looper.loop(Looper.java:135)
E/ActivityThread( 4691): at android.os.HandlerThread.run(HandlerThread.java:61)
E/EmailServiceProxy( 4691): RuntimeException when trying to unbind from service
E/EmailServiceProxy( 4691): java.lang.IllegalArgumentException: Service not registered: com.android.emailcommon.service.ServiceProxy$ProxyConnection@2091c62b
E/EmailServiceProxy( 4691): at android.app.LoadedApk.forgetServiceDispatcher(LoadedApk.java:1029)
E/EmailServiceProxy( 4691): at android.app.ContextImpl.unbindService(ContextImpl.java:1808)
E/EmailServiceProxy( 4691): at android.content.ContextWrapper.unbindService(ContextWrapper.java:551)
E/EmailServiceProxy( 4691): at com.android.emailcommon.service.ServiceProxy$ProxyConnection$1.doInBackground(ServiceProxy.java:124)
E/EmailServiceProxy( 4691): at com.android.emailcommon.service.ServiceProxy$ProxyConnection$1.doInBackground(ServiceProxy.java:111)
E/EmailServiceProxy( 4691): at android.os.AsyncTask$2.call(AsyncTask.java:292)
E/EmailServiceProxy( 4691): at java.util.concurrent.FutureTask.run(FutureTask.java:237)
E/EmailServiceProxy( 4691): at android.os.AsyncTask$SerialExecutor$1.run(AsyncTask.java:231)
E/EmailServiceProxy( 4691): at java.util.concurrent.ThreadPoolExecutor.runWorker(ThreadPoolExecutor.java:1112)
E/EmailServiceProxy( 4691): at java.util.concurrent.ThreadPoolExecutor$Worker.run(ThreadPoolExecutor.java:587)
E/EmailServiceProxy( 4691): at java.lang.Thread.run(Thread.java:818)
I/dhcpcd ( 4736): wlan0: rebinding lease of 192.168.1.5
I/CalendarProvider2( 4543): Sending notification intent: Intent { act=android.intent.action.PROVIDER_CHANGED dat=content://com.android.calendar }
W/ContentResolver( 4543): Failed to get type for: content://com.android.calendar (Unknown URL content://com.android.calendar)
D/AlertReceiver( 4646): onReceive: a=android.intent.action.PROVIDER_CHANGED Intent { act=android.intent.action.PROVIDER_CHANGED dat=content://com.android.calendar flg=0x10 cmp=com.android.calendar/.alerts.AlertReceiver }
D/AlertService( 4646): 0 Action = android.intent.action.PROVIDER_CHANGED
W/MediaScanner( 4277): Error opening directory '/storage/usb1/.android_secure/', skipping: Permission denied.
W/MediaScanner( 4277): Error opening directory '/storage/usb2/', skipping: Permission denied.
W/MediaScanner( 4277): Error opening directory '/storage/usb3/', skipping: Permission denied.
V/MediaScanner( 4277): pruneDeadThumbnailFiles... android.database.sqlite.SQLiteCursor@ef8209c
V/MediaScanner( 4277): /pruneDeadThumbnailFiles... android.database.sqlite.SQLiteCursor@ef8209c
D/SurfaceFlinger( 1575): Set power mode=0, type=0 flinger=0xb685c000
D/wpa_supplicant( 4451): EAPOL: startWhen --> 0
D/wpa_supplicant( 4451): EAPOL: disable timer tick
D/wpa_supplicant( 4451): wlan0: Control interface command 'SIGNAL_POLL'
E/SQLiteLog( 4543): (284) automatic index on view_events(_id)