--------- beginning of main
D/wpa_supplicant( 3166): wlan0: Control interface command 'SIGNAL_POLL'
D/wpa_supplicant( 3166): wlan0: Control interface command 'SIGNAL_POLL'
D/wpa_supplicant( 3166): wlan0: Control interface command 'SIGNAL_POLL'
D/wpa_supplicant( 3166): wlan0: Control interface command 'SIGNAL_POLL'
E/WifiStateMachine( 1889): WifiStateMachine CMD_START_SCAN source -2 txSuccessRate=-0.00 rxSuccessRate=-0.00 targetRoamBSSID=00:90:4c:5f:00:2a RSSI=-48
E/WifiStateMachine( 1889): WifiStateMachine starting scan for "FOX9"WPA_PSK with 2437
D/wpa_supplicant( 3166): wlan0: Control interface command 'SCAN TYPE=ONLY freq=2437'
D/wpa_supplicant( 3166): wlan0: Setting scan request: 0.000000 sec
D/wpa_supplicant( 3166): Scan SSID - hexdump(len=4): 46 4f 58 39
D/wpa_supplicant( 3166): wlan0: Starting AP scan for wildcard SSID
D/wpa_supplicant( 3166): WPS: Building WPS IE for Probe Request
D/wpa_supplicant( 3166): WPS: * Version (hardcoded 0x10)
D/wpa_supplicant( 3166): WPS: * Request Type
D/wpa_supplicant( 3166): WPS: * Config Methods (4288)
D/wpa_supplicant( 3166): WPS: * UUID-E
D/wpa_supplicant( 3166): WPS: * Primary Device Type
D/wpa_supplicant( 3166): WPS: * RF Bands (1)
D/wpa_supplicant( 3166): WPS: * Association State
D/wpa_supplicant( 3166): WPS: * Configuration Error (0)
D/wpa_supplicant( 3166): WPS: * Device Password ID (0)
D/wpa_supplicant( 3166): WPS: * Manufacturer
D/wpa_supplicant( 3166): WPS: * Model Name
D/wpa_supplicant( 3166): WPS: * Model Number
D/wpa_supplicant( 3166): WPS: * Device Name
D/wpa_supplicant( 3166): WPS: * Version2 (0x20)
D/wpa_supplicant( 3166): P2P: * P2P IE header
D/wpa_supplicant( 3166): P2P: * Capability dev=21 group=00
D/wpa_supplicant( 3166): P2P: * Listen Channel: Regulatory Class 81 Channel 11
D/wpa_supplicant( 3166): wlan0: Limit manual scan to specified channels
D/wpa_supplicant( 3166): wlan0: Add radio work 'scan'@0xb6836430
D/wpa_supplicant( 3166): wlan0: First radio work item in the queue - schedule start immediately
D/wpa_supplicant( 3166): wlan0: Starting radio work 'scan'@0xb6836430 after 0.000039 second wait
D/wpa_supplicant( 3166): wlan0: nl80211: scan request
D/wpa_supplicant( 3166): nl80211: Scan SSID - hexdump(len=4): 46 4f 58 39
D/wpa_supplicant( 3166): nl80211: Scan SSID - hexdump(len=0): [NULL]
D/wpa_supplicant( 3166): nl80211: Scan extra IEs - hexdump(len=147): dd 7e 00 50 f2 04 10 4a 00 01 10 10 3a 00 01 00 10 08 00 02 42 88 10 47 00 10 48 95 8f 14 8c 54 ...
D/wpa_supplicant( 3166): nl80211: Scan frequency 2437 MHz
D/wpa_supplicant( 3166): Scan requested (ret=0) - scan timeout 30 seconds
D/wpa_supplicant( 3166): nl80211: Event message available
D/wpa_supplicant( 3166): nl80211: Drv Event 33 (NL80211_CMD_TRIGGER_SCAN) received for wlan0
D/wpa_supplicant( 3166): wlan0: nl80211: Scan trigger
D/wpa_supplicant( 3166): wlan0: Event SCAN_STARTED (49) received
D/wpa_supplicant( 3166): wlan0: Own scan request started a scan in 0.000106 seconds
D/wpa_supplicant( 3166): CTRL_IFACE monitor sent successfully to /data/misc/wifi/sockets/wpa_ctrl_1889-2\x00
D/wpa_supplicant( 3166): RTM_NEWLINK: ifi_index=4 ifname=wlan0 wext ifi_family=0 ifi_flags=0x11043 ([UP][RUNNING][LOWER_UP])
D/wpa_supplicant( 3166): nl80211: Event message available
D/wpa_supplicant( 3166): nl80211: Drv Event 34 (NL80211_CMD_NEW_SCAN_RESULTS) received for wlan0
D/wpa_supplicant( 3166): wlan0: nl80211: New scan results available
D/wpa_supplicant( 3166): nl80211: Scan probed for SSID 'FOX9'
D/wpa_supplicant( 3166): nl80211: Scan probed for SSID ''
D/wpa_supplicant( 3166): nl80211: Scan included frequencies: 2437
D/wpa_supplicant( 3166): wlan0: Event SCAN_RESULTS (3) received
D/wpa_supplicant( 3166): wlan0: Scan completed in 0.031153 seconds
D/wpa_supplicant( 3166): nl80211: Associated on 2437 MHz
D/wpa_supplicant( 3166): nl80211: Associated with 00:90:4c:5f:00:2a
D/wpa_supplicant( 3166): nl80211: Received scan results (5 BSSes)
D/wpa_supplicant( 3166): nl80211: Scan results indicate BSS status with 00:90:4c:5f:00:2a as associated
D/wpa_supplicant( 3166): Sorted scan results
D/wpa_supplicant( 3166): 00:90:4c:5f:00:2a freq=2437 qual=0 noise=0 level=-48 flags=0xb age=12
D/wpa_supplicant( 3166): IEs - hexdump(len=96): 00 04 00 00 00 00 01 08 82 84 8b 96 24 30 48 6c 03 01 06 05 04 00 01 00 00 2a 01 00 2f 01 00 30 ...
D/wpa_supplicant( 3166): Beacon IEs - hexdump(len=96): 00 04 00 00 00 00 01 08 82 84 8b 96 24 30 48 6c 03 01 06 05 04 00 01 00 00 2a 01 00 2f 01 00 30 ...
D/wpa_supplicant( 3166): 00:90:4c:5f:00:2a freq=2437 qual=0 noise=0 level=-48 flags=0x2b age=1
D/wpa_supplicant( 3166): IEs - hexdump(len=90): 00 04 46 4f 58 39 01 08 82 84 8b 96 24 30 48 6c 03 01 06 2a 01 00 2f 01 00 30 14 01 00 00 0f ac ...
D/wpa_supplicant( 3166): Beacon IEs - hexdump(len=96): 00 04 00 00 00 00 01 08 82 84 8b 96 24 30 48 6c 03 01 06 05 04 00 01 00 00 2a 01 00 2f 01 00 30 ...
D/wpa_supplicant( 3166): 6c:fa:89:e3:22:11 freq=2412 qual=0 noise=0 level=-74 flags=0xb age=19966
D/wpa_supplicant( 3166): IEs - hexdump(len=295): 00 0c 65 6c 74 65 63 2d 70 65 74 72 6f 6c 01 08 82 84 8b 0c 12 96 18 24 03 01 01 05 04 00 01 00 ...
D/wpa_supplicant( 3166): Beacon IEs - hexdump(len=295): 00 0c 65 6c 74 65 63 2d 70 65 74 72 6f 6c 01 08 82 84 8b 0c 12 96 18 24 03 01 01 05 04 00 01 00 ...
D/wpa_supplicant( 3166): 6c:fa:89:e3:22:13 freq=2412 qual=0 noise=0 level=-74 flags=0xb age=19941
D/wpa_supplicant( 3166): IEs - hexdump(len=288): 00 01 00 01 08 82 84 8b 0c 12 96 18 24 03 01 01 05 04 00 01 00 00 07 06 53 49 20 01 0d 14 0b 05 ...
D/wpa_supplicant( 3166): Beacon IEs - hexdump(len=288): 00 01 00 01 08 82 84 8b 0c 12 96 18 24 03 01 01 05 04 00 01 00 00 07 06 53 49 20 01 0d 14 0b 05 ...
D/wpa_supplicant( 3166): 6c:fa:89:e3:22:10 freq=2412 qual=0 noise=0 level=-80 flags=0xb age=19596
D/wpa_supplicant( 3166): IEs - hexdump(len=289): 00 06 47 6f 73 74 6a 65 01 08 82 84 8b 0c 12 96 18 24 03 01 01 05 04 00 01 00 00 07 06 53 49 20 ...
D/wpa_supplicant( 3166): Beacon IEs - hexdump(len=289): 00 06 47 6f 73 74 6a 65 01 08 82 84 8b 0c 12 96 18 24 03 01 01 05 04 00 01 00 00 07 06 53 49 20 ...
D/wpa_supplicant( 3166): wlan0: BSS: Start scan result update 34
D/wpa_supplicant( 3166): BSS: last_scan_res_used=5/32
D/wpa_supplicant( 3166): Add randomness: count=188 entropy=154
D/wpa_supplicant( 3166): random pool - hexdump(len=128): [REMOVED]
D/wpa_supplicant( 3166): random_mix_pool - hexdump(len=8): [REMOVED]
D/wpa_supplicant( 3166): random_mix_pool - hexdump(len=5): [REMOVED]
D/wpa_supplicant( 3166): random pool - hexdump(len=128): [REMOVED]
D/wpa_supplicant( 3166): Add randomness: count=189 entropy=155
D/wpa_supplicant( 3166): random pool - hexdump(len=128): [REMOVED]
D/wpa_supplicant( 3166): random_mix_pool - hexdump(len=8): [REMOVED]
D/wpa_supplicant( 3166): random_mix_pool - hexdump(len=5): [REMOVED]
D/wpa_supplicant( 3166): random pool - hexdump(len=128): [REMOVED]
D/wpa_supplicant( 3166): Add randomness: count=190 entropy=156
D/wpa_supplicant( 3166): random pool - hexdump(len=128): [REMOVED]
D/wpa_supplicant( 3166): random_mix_pool - hexdump(len=8): [REMOVED]
D/wpa_supplicant( 3166): random_mix_pool - hexdump(len=5): [REMOVED]
D/wpa_supplicant( 3166): random pool - hexdump(len=128): [REMOVED]
D/wpa_supplicant( 3166): Add randomness: count=191 entropy=157
D/wpa_supplicant( 3166): random pool - hexdump(len=128): [REMOVED]
D/wpa_supplicant( 3166): random_mix_pool - hexdump(len=8): [REMOVED]
D/wpa_supplicant( 3166): random_mix_pool - hexdump(len=5): [REMOVED]
D/wpa_supplicant( 3166): random pool - hexdump(len=128): [REMOVED]
D/wpa_supplicant( 3166): Add randomness: count=192 entropy=158
D/wpa_supplicant( 3166): random pool - hexdump(len=128): [REMOVED]
D/wpa_supplicant( 3166): random_mix_pool - hexdump(len=8): [REMOVED]
D/wpa_supplicant( 3166): random_mix_pool - hexdump(len=5): [REMOVED]
D/wpa_supplicant( 3166): random pool - hexdump(len=128): [REMOVED]
D/wpa_supplicant( 3166): wlan0: Scan-only results received
D/wpa_supplicant( 3166): CTRL_IFACE monitor sent successfully to /data/misc/wifi/sockets/wpa_ctrl_1889-2\x00
D/wpa_supplicant( 3166): wlan0: Radio work 'scan'@0xb6836430 done in 0.034368 seconds
D/wpa_supplicant( 3166): wlan0: Control interface command 'BSS RANGE=0- MASK=0x21987'
D/wpa_supplicant( 3166): wlan0: Control interface command 'STATUS-NO_EVENTS'
D/wpa_supplicant( 3166): wlan0: Control interface command 'SIGNAL_POLL'
D/wpa_supplicant( 3166): wlan0: Control interface command 'SIGNAL_POLL'
D/wpa_supplicant( 3166): wlan0: Control interface command 'SIGNAL_POLL'
D/wpa_supplicant( 3166): wlan0: Control interface command 'SIGNAL_POLL'
D/wpa_supplicant( 3166): wlan0: Control interface command 'SIGNAL_POLL'
D/wpa_supplicant( 3166): wlan0: Control interface command 'SIGNAL_POLL'
D/wpa_supplicant( 3166): wlan0: Control interface command 'SIGNAL_POLL'
E/WifiStateMachine( 1889): WifiStateMachine CMD_START_SCAN source -2 txSuccessRate=-0.00 rxSuccessRate=-0.00 targetRoamBSSID=00:90:4c:5f:00:2a RSSI=-50
E/WifiStateMachine( 1889): WifiStateMachine starting scan for "FOX9"WPA_PSK with 2437
D/wpa_supplicant( 3166): wlan0: Control interface command 'SCAN TYPE=ONLY freq=2437'
D/wpa_supplicant( 3166): wlan0: Setting scan request: 0.000000 sec
D/wpa_supplicant( 3166): Scan SSID - hexdump(len=4): 46 4f 58 39
D/wpa_supplicant( 3166): wlan0: Starting AP scan for wildcard SSID
D/wpa_supplicant( 3166): WPS: Building WPS IE for Probe Request
D/wpa_supplicant( 3166): WPS: * Version (hardcoded 0x10)
D/wpa_supplicant( 3166): WPS: * Request Type
D/wpa_supplicant( 3166): WPS: * Config Methods (4288)
D/wpa_supplicant( 3166): WPS: * UUID-E
D/wpa_supplicant( 3166): WPS: * Primary Device Type
D/wpa_supplicant( 3166): WPS: * RF Bands (1)
D/wpa_supplicant( 3166): WPS: * Association State
D/wpa_supplicant( 3166): WPS: * Configuration Error (0)
D/wpa_supplicant( 3166): WPS: * Device Password ID (0)
D/wpa_supplicant( 3166): WPS: * Manufacturer
D/wpa_supplicant( 3166): WPS: * Model Name
D/wpa_supplicant( 3166): WPS: * Model Number
D/wpa_supplicant( 3166): WPS: * Device Name
D/wpa_supplicant( 3166): WPS: * Version2 (0x20)
D/wpa_supplicant( 3166): P2P: * P2P IE header
D/wpa_supplicant( 3166): P2P: * Capability dev=21 group=00
D/wpa_supplicant( 3166): P2P: * Listen Channel: Regulatory Class 81 Channel 11
D/wpa_supplicant( 3166): wlan0: Limit manual scan to specified channels
D/wpa_supplicant( 3166): wlan0: Add radio work 'scan'@0xb6836430
D/wpa_supplicant( 3166): wlan0: First radio work item in the queue - schedule start immediately
D/wpa_supplicant( 3166): wlan0: Starting radio work 'scan'@0xb6836430 after 0.000038 second wait
D/wpa_supplicant( 3166): wlan0: nl80211: scan request
D/wpa_supplicant( 3166): nl80211: Scan SSID - hexdump(len=4): 46 4f 58 39
D/wpa_supplicant( 3166): nl80211: Scan SSID - hexdump(len=0): [NULL]
D/wpa_supplicant( 3166): nl80211: Scan extra IEs - hexdump(len=147): dd 7e 00 50 f2 04 10 4a 00 01 10 10 3a 00 01 00 10 08 00 02 42 88 10 47 00 10 48 95 8f 14 8c 54 ...
D/wpa_supplicant( 3166): nl80211: Scan frequency 2437 MHz
D/wpa_supplicant( 3166): Scan requested (ret=0) - scan timeout 30 seconds
D/wpa_supplicant( 3166): nl80211: Event message available
D/wpa_supplicant( 3166): nl80211: Drv Event 33 (NL80211_CMD_TRIGGER_SCAN) received for wlan0
D/wpa_supplicant( 3166): wlan0: nl80211: Scan trigger
D/wpa_supplicant( 3166): wlan0: Event SCAN_STARTED (49) received
D/wpa_supplicant( 3166): wlan0: Own scan request started a scan in 0.000093 seconds
D/wpa_supplicant( 3166): CTRL_IFACE monitor sent successfully to /data/misc/wifi/sockets/wpa_ctrl_1889-2\x00
D/wpa_supplicant( 3166): nl80211: Event message available
D/wpa_supplicant( 3166): nl80211: Drv Event 34 (NL80211_CMD_NEW_SCAN_RESULTS) received for wlan0
D/wpa_supplicant( 3166): wlan0: nl80211: New scan results available
D/wpa_supplicant( 3166): nl80211: Scan probed for SSID 'FOX9'
D/wpa_supplicant( 3166): nl80211: Scan probed for SSID ''
D/wpa_supplicant( 3166): nl80211: Scan included frequencies: 2437
D/wpa_supplicant( 3166): wlan0: Event SCAN_RESULTS (3) received
D/wpa_supplicant( 3166): wlan0: Scan completed in 0.029651 seconds
D/wpa_supplicant( 3166): nl80211: Associated on 2437 MHz
D/wpa_supplicant( 3166): nl80211: Associated with 00:90:4c:5f:00:2a
D/wpa_supplicant( 3166): nl80211: Received scan results (2 BSSes)
D/wpa_supplicant( 3166): nl80211: Scan results indicate BSS status with 00:90:4c:5f:00:2a as associated
D/wpa_supplicant( 3166): Sorted scan results
D/wpa_supplicant( 3166): 00:90:4c:5f:00:2a freq=2437 qual=0 noise=0 level=-48 flags=0xb age=20012
D/wpa_supplicant( 3166): IEs - hexdump(len=96): 00 04 00 00 00 00 01 08 82 84 8b 96 24 30 48 6c 03 01 06 05 04 00 01 00 00 2a 01 00 2f 01 00 30 ...
D/wpa_supplicant( 3166): Beacon IEs - hexdump(len=96): 00 04 00 00 00 00 01 08 82 84 8b 96 24 30 48 6c 03 01 06 05 04 00 01 00 00 2a 01 00 2f 01 00 30 ...
D/wpa_supplicant( 3166): 00:90:4c:5f:00:2a freq=2437 qual=0 noise=0 level=-50 flags=0x2b age=25
D/wpa_supplicant( 3166): IEs - hexdump(len=90): 00 04 46 4f 58 39 01 08 82 84 8b 96 24 30 48 6c 03 01 06 2a 01 00 2f 01 00 30 14 01 00 00 0f ac ...
D/wpa_supplicant( 3166): Beacon IEs - hexdump(len=96): 00 04 00 00 00 00 01 08 82 84 8b 96 24 30 48 6c 03 01 06 05 04 00 01 00 00 2a 01 00 2f 01 00 30 ...
D/wpa_supplicant( 3166): wlan0: BSS: Start scan result update 35
D/wpa_supplicant( 3166): BSS: last_scan_res_used=2/32
D/wpa_supplicant( 3166): Add randomness: count=193 entropy=159
D/wpa_supplicant( 3166): random pool - hexdump(len=128): [REMOVED]
D/wpa_supplicant( 3166): random_mix_pool - hexdump(len=8): [REMOVED]
D/wpa_supplicant( 3166): random_mix_pool - hexdump(len=5): [REMOVED]
D/wpa_supplicant( 3166): random pool - hexdump(len=128): [REMOVED]
D/wpa_supplicant( 3166): Add randomness: count=194 entropy=160
D/wpa_supplicant( 3166): random pool - hexdump(len=128): [REMOVED]
D/wpa_supplicant( 3166): random_mix_pool - hexdump(len=8): [REMOVED]
D/wpa_supplicant( 3166): random_mix_pool - hexdump(len=5): [REMOVED]
D/wpa_supplicant( 3166): random pool - hexdump(len=128): [REMOVED]
D/wpa_supplicant( 3166): wlan0: Scan-only results received
D/wpa_supplicant( 3166): CTRL_IFACE monitor sent successfully to /data/misc/wifi/sockets/wpa_ctrl_1889-2\x00
D/wpa_supplicant( 3166): wlan0: Radio work 'scan'@0xb6836430 done in 0.031859 seconds
D/wpa_supplicant( 3166): RTM_NEWLINK: ifi_index=4 ifname=wlan0 wext ifi_family=0 ifi_flags=0x11043 ([UP][RUNNING][LOWER_UP])
D/wpa_supplicant( 3166): wlan0: Control interface command 'BSS RANGE=0- MASK=0x21987'
D/wpa_supplicant( 3166): wlan0: Control interface command 'STATUS-NO_EVENTS'
D/wpa_supplicant( 3166): wlan0: Control interface command 'SIGNAL_POLL'
D/wpa_supplicant( 3166): wlan0: Control interface command 'SIGNAL_POLL'
D/wpa_supplicant( 3166): wlan0: Control interface command 'SIGNAL_POLL'
D/wpa_supplicant( 3166): wlan0: Control interface command 'SIGNAL_POLL'
D/wpa_supplicant( 3166): wlan0: Control interface command 'SIGNAL_POLL'
D/wpa_supplicant( 3166): wlan0: Control interface command 'SIGNAL_POLL'
D/wpa_supplicant( 3166): wlan0: Control interface command 'SIGNAL_POLL'
E/WifiStateMachine( 1889): WifiStateMachine CMD_START_SCAN source -2 txSuccessRate=-0.00 rxSuccessRate=-0.00 targetRoamBSSID=00:90:4c:5f:00:2a RSSI=-50
E/WifiStateMachine( 1889): WifiStateMachine starting scan for "FOX9"WPA_PSK with 2437
D/wpa_supplicant( 3166): wlan0: Control interface command 'SCAN TYPE=ONLY freq=2437'
D/wpa_supplicant( 3166): wlan0: Setting scan request: 0.000000 sec
D/wpa_supplicant( 3166): Scan SSID - hexdump(len=4): 46 4f 58 39
D/wpa_supplicant( 3166): wlan0: Starting AP scan for wildcard SSID
D/wpa_supplicant( 3166): WPS: Building WPS IE for Probe Request
D/wpa_supplicant( 3166): WPS: * Version (hardcoded 0x10)
D/wpa_supplicant( 3166): WPS: * Request Type
D/wpa_supplicant( 3166): WPS: * Config Methods (4288)
D/wpa_supplicant( 3166): WPS: * UUID-E
D/wpa_supplicant( 3166): WPS: * Primary Device Type
D/wpa_supplicant( 3166): WPS: * RF Bands (1)
D/wpa_supplicant( 3166): WPS: * Association State
D/wpa_supplicant( 3166): WPS: * Configuration Error (0)
D/wpa_supplicant( 3166): WPS: * Device Password ID (0)
D/wpa_supplicant( 3166): WPS: * Manufacturer
D/wpa_supplicant( 3166): WPS: * Model Name
D/wpa_supplicant( 3166): WPS: * Model Number
D/wpa_supplicant( 3166): WPS: * Device Name
D/wpa_supplicant( 3166): WPS: * Version2 (0x20)
D/wpa_supplicant( 3166): P2P: * P2P IE header
D/wpa_supplicant( 3166): P2P: * Capability dev=21 group=00
D/wpa_supplicant( 3166): P2P: * Listen Channel: Regulatory Class 81 Channel 11
D/wpa_supplicant( 3166): wlan0: Limit manual scan to specified channels
D/wpa_supplicant( 3166): wlan0: Add radio work 'scan'@0xb6836430
D/wpa_supplicant( 3166): wlan0: First radio work item in the queue - schedule start immediately
D/wpa_supplicant( 3166): wlan0: Starting radio work 'scan'@0xb6836430 after 0.000038 second wait
D/wpa_supplicant( 3166): wlan0: nl80211: scan request
D/wpa_supplicant( 3166): nl80211: Scan SSID - hexdump(len=4): 46 4f 58 39
D/wpa_supplicant( 3166): nl80211: Scan SSID - hexdump(len=0): [NULL]
D/wpa_supplicant( 3166): nl80211: Scan extra IEs - hexdump(len=147): dd 7e 00 50 f2 04 10 4a 00 01 10 10 3a 00 01 00 10 08 00 02 42 88 10 47 00 10 48 95 8f 14 8c 54 ...
D/wpa_supplicant( 3166): nl80211: Scan frequency 2437 MHz
D/wpa_supplicant( 3166): Scan requested (ret=0) - scan timeout 30 seconds
D/wpa_supplicant( 3166): nl80211: Event message available
D/wpa_supplicant( 3166): nl80211: Drv Event 33 (NL80211_CMD_TRIGGER_SCAN) received for wlan0
D/wpa_supplicant( 3166): wlan0: nl80211: Scan trigger
D/wpa_supplicant( 3166): wlan0: Event SCAN_STARTED (49) received
D/wpa_supplicant( 3166): wlan0: Own scan request started a scan in 0.000094 seconds
D/wpa_supplicant( 3166): CTRL_IFACE monitor sent successfully to /data/misc/wifi/sockets/wpa_ctrl_1889-2\x00
D/wpa_supplicant( 3166): nl80211: Event message available
D/wpa_supplicant( 3166): nl80211: Drv Event 34 (NL80211_CMD_NEW_SCAN_RESULTS) received for wlan0
D/wpa_supplicant( 3166): wlan0: nl80211: New scan results available
D/wpa_supplicant( 3166): nl80211: Scan probed for SSID 'FOX9'
D/wpa_supplicant( 3166): nl80211: Scan probed for SSID ''
D/wpa_supplicant( 3166): nl80211: Scan included frequencies: 2437
D/wpa_supplicant( 3166): wlan0: Event SCAN_RESULTS (3) received
D/wpa_supplicant( 3166): wlan0: Scan completed in 0.029667 seconds
D/wpa_supplicant( 3166): nl80211: Associated on 2437 MHz
D/wpa_supplicant( 3166): nl80211: Associated with 00:90:4c:5f:00:2a
D/wpa_supplicant( 3166): nl80211: Received scan results (2 BSSes)
D/wpa_supplicant( 3166): nl80211: Scan results indicate BSS status with 00:90:4c:5f:00:2a as associated
D/wpa_supplicant( 3166): Sorted scan results
D/wpa_supplicant( 3166): 00:90:4c:5f:00:2a freq=2437 qual=0 noise=0 level=-48 flags=0xb age=40013
D/wpa_supplicant( 3166): IEs - hexdump(len=96): 00 04 00 00 00 00 01 08 82 84 8b 96 24 30 48 6c 03 01 06 05 04 00 01 00 00 2a 01 00 2f 01 00 30 ...
D/wpa_supplicant( 3166): Beacon IEs - hexdump(len=96): 00 04 00 00 00 00 01 08 82 84 8b 96 24 30 48 6c 03 01 06 05 04 00 01 00 00 2a 01 00 2f 01 00 30 ...
D/wpa_supplicant( 3166): 00:90:4c:5f:00:2a freq=2437 qual=0 noise=0 level=-50 flags=0x2b age=26
D/wpa_supplicant( 3166): IEs - hexdump(len=90): 00 04 46 4f 58 39 01 08 82 84 8b 96 24 30 48 6c 03 01 06 2a 01 00 2f 01 00 30 14 01 00 00 0f ac ...
D/wpa_supplicant( 3166): Beacon IEs - hexdump(len=96): 00 04 00 00 00 00 01 08 82 84 8b 96 24 30 48 6c 03 01 06 05 04 00 01 00 00 2a 01 00 2f 01 00 30 ...
D/wpa_supplicant( 3166): wlan0: BSS: Start scan result update 36
D/wpa_supplicant( 3166): BSS: last_scan_res_used=2/32
D/wpa_supplicant( 3166): Add randomness: count=195 entropy=161
D/wpa_supplicant( 3166): random pool - hexdump(len=128): [REMOVED]
D/wpa_supplicant( 3166): random_mix_pool - hexdump(len=8): [REMOVED]
D/wpa_supplicant( 3166): random_mix_pool - hexdump(len=5): [REMOVED]
D/wpa_supplicant( 3166): random pool - hexdump(len=128): [REMOVED]
D/wpa_supplicant( 3166): Add randomness: count=196 entropy=162
D/wpa_supplicant( 3166): random pool - hexdump(len=128): [REMOVED]
D/wpa_supplicant( 3166): random_mix_pool - hexdump(len=8): [REMOVED]
D/wpa_supplicant( 3166): random_mix_pool - hexdump(len=5): [REMOVED]
D/wpa_supplicant( 3166): random pool - hexdump(len=128): [REMOVED]
D/wpa_supplicant( 3166): wlan0: Scan-only results received
D/wpa_supplicant( 3166): CTRL_IFACE monitor sent successfully to /data/misc/wifi/sockets/wpa_ctrl_1889-2\x00
D/wpa_supplicant( 3166): wlan0: Radio work 'scan'@0xb6836430 done in 0.031953 seconds
D/wpa_supplicant( 3166): RTM_NEWLINK: ifi_index=4 ifname=wlan0 wext ifi_family=0 ifi_flags=0x11043 ([UP][RUNNING][LOWER_UP])
D/wpa_supplicant( 3166): wlan0: Control interface command 'BSS RANGE=0- MASK=0x21987'
D/wpa_supplicant( 3166): wlan0: Control interface command 'STATUS-NO_EVENTS'
D/wpa_supplicant( 3166): wlan0: Control interface command 'SIGNAL_POLL'
D/wpa_supplicant( 3166): wlan0: Control interface command 'SIGNAL_POLL'
D/wpa_supplicant( 3166): wlan0: Control interface command 'SIGNAL_POLL'
D/SurfaceFlinger( 1575): Set power mode=2, type=0 flinger=0xb685c000
D/GRALLOC-DRM( 1575): set master
D/InputEventConsistencyVerifier( 2367): KeyEvent: ACTION_UP but key was not down.
D/InputEventConsistencyVerifier( 2367): in com.android.launcher3.PagedViewIcon{e2675c2 VFED..CL .F...... 169,0-338,93 #1}
D/InputEventConsistencyVerifier( 2367): 0: sent at 613168000000, KeyEvent { action=ACTION_UP, keyCode=KEYCODE_DPAD_RIGHT, scanCode=106, metaState=META_ALT_ON|META_ALT_LEFT_ON, flags=0x8, repeatCount=0, eventTime=613168, downTime=613083, deviceId=6, source=0x101 }
D/InputEventConsistencyVerifier( 2367): KeyEvent: ACTION_UP but key was not down.
D/InputEventConsistencyVerifier( 2367): in android.widget.FrameLayout{25607505 V.E..... ........ 0,0-1366,768}
D/InputEventConsistencyVerifier( 2367): 0: sent at 613192000000, KeyEvent { action=ACTION_UP, keyCode=KEYCODE_ALT_LEFT, scanCode=56, metaState=0, flags=0x8, repeatCount=0, eventTime=613192, downTime=613083, deviceId=6, source=0x101 }
D/InputEventConsistencyVerifier( 2367): -- recent events --
D/InputEventConsistencyVerifier( 2367): 1: sent at 613168000000, KeyEvent { action=ACTION_UP, keyCode=KEYCODE_DPAD_RIGHT, scanCode=106, metaState=META_ALT_ON|META_ALT_LEFT_ON, flags=0x8, repeatCount=0, eventTime=613168, downTime=613083, deviceId=6, source=0x101 }
D/InputEventConsistencyVerifier( 2367): 2: sent at 613083000000, KeyEvent { action=ACTION_DOWN, keyCode=KEYCODE_DPAD_RIGHT, scanCode=106, metaState=META_ALT_ON|META_ALT_LEFT_ON, flags=0x8, repeatCount=0, eventTime=613083, downTime=613083, deviceId=6, source=0x101 }
D/InputEventConsistencyVerifier( 2367): 3: sent at 613049000000, KeyEvent { action=ACTION_DOWN, keyCode=KEYCODE_DPAD_LEFT, scanCode=105, metaState=META_ALT_ON|META_ALT_LEFT_ON, flags=0x8, repeatCount=1722, eventTime=613049, downTime=524926, deviceId=6, source=0x101 }
D/InputEventConsistencyVerifier( 2367): 4: sent at 612998000000, KeyEvent { action=ACTION_DOWN, keyCode=KEYCODE_DPAD_LEFT, scanCode=105, metaState=META_ALT_ON|META_ALT_LEFT_ON, flags=0x8, repeatCount=1721, eventTime=612998, downTime=524926, deviceId=6, source=0x101 }
D/InputEventConsistencyVerifier( 2367): 5: sent at 612947000000, KeyEvent { action=ACTION_DOWN, keyCode=KEYCODE_DPAD_LEFT, scanCode=105, metaState=META_ALT_ON|META_ALT_LEFT_ON, flags=0x8, repeatCount=1720, eventTime=612947, downTime=524926, deviceId=6, source=0x101 }
D/wpa_supplicant( 3166): wlan0: Control interface command 'SIGNAL_POLL' --------- beginning of system
I/ActivityManager( 1889): START u0 {act=android.intent.action.MAIN cat=[android.intent.category.LAUNCHER] flg=0x10200000 cmp=org.videolan.vlc/.gui.MainActivity} from uid 10014 on display 0
W/AudioTrack( 1889): AUDIO_OUTPUT_FLAG_FAST denied by client
V/WindowManager( 1889): addAppToken: AppWindowToken{13d2b49d token=Token{35da0774 ActivityRecord{1b281347 u0 org.videolan.vlc/.gui.MainActivity t10}}} to stack=1 task=10 at 0
V/WindowManager( 1889): Adding window Window{25dad10c u0 Starting org.videolan.vlc} at 3 of 8 (after Window{2d79f3f3 u0 com.cyanogenmod.trebuchet/com.android.launcher3.Launcher})
D/audio_hw_primary( 1581): found out /dev/snd/pcmC1D0p
I/ActivityManager( 1889): Start proc 3686:org.videolan.vlc/u0a52 for activity org.videolan.vlc/.gui.MainActivity
E/Vold ( 1574): Failed to find mounted volume for /storage/usb0/Android/data/org.videolan.vlc/cache/
W/Vold ( 1574): Returning OperationFailed - no handler for errno 0
W/ContextImpl( 3686): Failed to ensure directory: /storage/usb0/Android/data/org.videolan.vlc/cache
E/Vold ( 1574): Failed to find mounted volume for /storage/usb2/Android/data/org.videolan.vlc/cache/
W/Vold ( 1574): Returning OperationFailed - no handler for errno 0
W/ContextImpl( 3686): Failed to ensure directory: /storage/usb2/Android/data/org.videolan.vlc/cache
E/Vold ( 1574): Failed to find mounted volume for /storage/usb3/Android/data/org.videolan.vlc/cache/
W/Vold ( 1574): Returning OperationFailed - no handler for errno 0
W/ContextImpl( 3686): Failed to ensure directory: /storage/usb3/Android/data/org.videolan.vlc/cache
E/Vold ( 1574): Failed to find mounted volume for /storage/sdcard1/Android/data/org.videolan.vlc/cache/
W/Vold ( 1574): Returning OperationFailed - no handler for errno 0
W/ContextImpl( 3686): Failed to ensure directory: /storage/sdcard1/Android/data/org.videolan.vlc/cache
E/Vold ( 1574): Failed to find mounted volume for /storage/usb0/Android/data/org.videolan.vlc/cache/
W/Vold ( 1574): Returning OperationFailed - no handler for errno 0
W/ContextImpl( 3686): Failed to ensure directory: /storage/usb0/Android/data/org.videolan.vlc/cache
E/Vold ( 1574): Failed to find mounted volume for /storage/usb2/Android/data/org.videolan.vlc/cache/
W/Vold ( 1574): Returning OperationFailed - no handler for errno 0
W/ContextImpl( 3686): Failed to ensure directory: /storage/usb2/Android/data/org.videolan.vlc/cache
E/Vold ( 1574): Failed to find mounted volume for /storage/usb3/Android/data/org.videolan.vlc/cache/
W/Vold ( 1574): Returning OperationFailed - no handler for errno 0
W/ContextImpl( 3686): Failed to ensure directory: /storage/usb3/Android/data/org.videolan.vlc/cache
E/Vold ( 1574): Failed to find mounted volume for /storage/sdcard1/Android/data/org.videolan.vlc/cache/
W/Vold ( 1574): Returning OperationFailed - no handler for errno 0
W/ContextImpl( 3686): Failed to ensure directory: /storage/sdcard1/Android/data/org.videolan.vlc/cache
I/VLC/LibVLC/Util( 3686): ELF ABI = x86, 32bits
I/VLC/LibVLC/Util( 3686): ELF arch = null
I/VLC/LibVLC/Util( 3686): ELF fpu = false
W/linker ( 3686): libvlcjni.so has text relocations. This is wasting memory and prevents security hardening. Please fix.
D/VLC/LibVLC( 3686): HWDec enabled: device working with: mediacodec,iomx,all
V/VLC/LibVLC( 3686): Initializing LibVLC
D/VLC ( 3686): [b3e6ef34] core libvlc: VLC media player - 3.0.0-git Vetinari
D/VLC ( 3686): [b3e6ef34] core libvlc: Copyright © 1996-2015 the VideoLAN team
D/VLC ( 3686): [b3e6ef34] core libvlc: revision 2.2.0-git-3064-g3b3bd7e
D/VLC ( 3686): [b3e6ef34] core libvlc: configured with ../configure '--host=i686-linux-android' '--build=x86_64-unknown-linux' '--disable-nls' '--enable-live555' '--enable-realrtsp' '--enable-avformat' '--enable-swscale' '--enable-avcodec' '--enable-opus' '--enable-opensles' '--enable-android-surface' '--enable-mkv' '--enable-taglib' '--enable-dvbpsi' '--disable-vlc' '--disable-shared' '--disable-update-check' '--disable-vlm' '--disable-dbus' '--disable-lua' '--disable-vcd' '--disable-v4l2' '--disable-gnomevfs' '--enable-dvdread' '--enable-dvdnav' '--disable-bluray' '--disable-linsys' '--disable-decklink' '--disable-libva' '--disable-dv1394' '--enable-mod' '--disable-sid' '--disable-gme' '--disable-tremor' '--enable-mad' '--disable-dca' '--disable-sdl-image' '--enable-zvbi' '--disable-fluidsynth' '--disable-jack' '--disable-pulse' '--disable-alsa' '--disable-samplerate' '--disable-sdl' '--disable-xcb' '--disable-atmo' '--disable-qt' '--disable-skins2' '--disable-mtp' '--disable-notify' '--enable-libass' '--disable-svg' '-
D/VLC ( 3686): [b3e6ef34] core libvlc: plug-ins loaded: 253 modules
D/VLC ( 3686): [b3fd00b4] core logger: looking for logger module matching "any": 4 candidates
D/VLC ( 3686): [b3fd00b4] core logger: using logger module "android_logger"
D/VLC ( 3686): [b3e6ef34] core libvlc: translation test: code is "C"
D/VLC ( 3686): [b3e6ef34] core libvlc: CPU has capabilities MMX MMXEXT SSE SSE2 SSE3 SSSE3 SSE4.1 SSE4.2 SSE4A AVX FPU
I/VLC/JNI/main( 3686): LibVLC initialized: 0xb3fbd460
D/VLC/MainActivity( 3686): Reloading displayed fragment
D/OpenGLRenderer( 3686): Use EGL_SWAP_BEHAVIOR_PRESERVED: true
D/VLC/Thumbnailer( 3686): Thumbnailer started
I/GRALLOC-RADEON( 3686): detected chipset 0x9853 family 0x3e (vram size 238MiB, gart size 1019MiB)
I/GRALLOC-DRM( 3686): create radeon for driver radeon
D/Atlas ( 3686): Validating map...
V/WindowManager( 1889): Adding window Window{1bee9b2f u0 org.videolan.vlc/org.videolan.vlc.gui.MainActivity} at 3 of 9 (before Window{25dad10c u0 Starting org.videolan.vlc})
D/VLC ( 3686): [b3eb8c74] core input: Creating an input for 'en_windows_10_pro_technical_preview_10074_x64_dvd.iso'
D/VLC ( 3686): [ae034d94] core art finder: looking for meta fetcher module matching "any": 0 candidates
D/VLC ( 3686): [ae034d94] core art finder: no meta fetcher modules
D/VLC ( 3686): [b3e6ef34] core libvlc: searching art for en_windows_10_pro_technical_preview_10074_x64_dvd.iso
D/VLC ( 3686): [ae034d94] core art finder: looking for art finder module matching "any": 1 candidates
D/VLC ( 3686): [ae034d94] core art finder: no art finder modules matched
D/VLC ( 3686): [b3e6ef34] core libvlc: art not found for en_windows_10_pro_technical_preview_10074_x64_dvd.iso
I/EGL-GALLIUM( 3686): using DRM screen
I/EGL-GALLIUM( 3686): skip unsupported native format 0x3
I/OpenGLRenderer( 3686): Initialized EGL, version 1.4
D/OpenGLRenderer( 3686): Enabling debug mode 0
D/VLC/MediaWrapper( 3686): Title en_windows_10_pro_technical_preview_10074_x64_dvd.iso
D/VLC/MediaWrapper( 3686): Artist null
D/VLC/MediaWrapper( 3686): Genre null
D/VLC/MediaWrapper( 3686): Album null
E/SQLiteLog( 3686): (28) attempt to open "/data/data/org.videolan.vlc/databases/vlc_database-journal" as file descriptor 0
D/VLC ( 3686): [b3e6ef34] core libvlc: meta ok for (null), need to fetch art
D/VLC ( 3686): [b3eb8c74] core input: Creating an input for 'Half-Life_2041_720p60.mkv'
D/VLC ( 3686): [ae290374] core art finder: looking for meta fetcher module matching "any": 0 candidates
D/VLC ( 3686): [ae290374] core art finder: no meta fetcher modules
D/VLC ( 3686): [b3e6ef34] core libvlc: searching art for Half-Life_2041_720p60.mkv
D/VLC ( 3686): [ae290374] core art finder: looking for art finder module matching "any": 1 candidates
D/VLC ( 3686): [ae290374] core art finder: no art finder modules matched
D/VLC ( 3686): [ae290374] core art finder: looking for meta fetcher module matching "any": 0 candidates
D/VLC ( 3686): [ae290374] core art finder: no meta fetcher modules
D/VLC ( 3686): [b3e6ef34] core libvlc: searching art for en_windows_10_pro_technical_preview_10074_x64_dvd.iso
D/VLC ( 3686): [ae290374] core art finder: looking for art finder module matching "any": 1 candidates
D/VLC ( 3686): [ae290374] core art finder: no art finder modules matched
D/VLC ( 3686): [b3e6ef34] core libvlc: art not found for Half-Life_2041_720p60.mkv
D/VLC ( 3686): [b3e6ef34] core libvlc: art not found for en_windows_10_pro_technical_preview_10074_x64_dvd.iso
D/VLC/AudioServiceContoller( 3686): Service Connected
D/VLC/MediaWrapper( 3686): Title Half-Life_2041_720p60.mkv
D/VLC/MediaWrapper( 3686): Artist null
D/VLC/MediaWrapper( 3686): Genre null
D/VLC/MediaWrapper( 3686): Album null
D/VLC ( 3686): [b3e6ef34] core libvlc: meta ok for (null), need to fetch art
D/VLC ( 3686): [b3eb8c74] core input: Creating an input for 'TEST.WAV'
D/VLC ( 3686): [ae3b9794] core art finder: looking for meta fetcher module matching "any": 0 candidates
D/VLC ( 3686): [ae3b9794] core art finder: no meta fetcher modules
D/VLC ( 3686): [b3e6ef34] core libvlc: searching art for TEST.WAV
D/VLC ( 3686): [ae3b9794] core art finder: looking for art finder module matching "any": 1 candidates
D/VLC ( 3686): [ae3b9794] core art finder: no art finder modules matched
D/VLC ( 3686): [ae3b9794] core art finder: looking for meta fetcher module matching "any": 0 candidates
D/VLC ( 3686): [ae3b9794] core art finder: no meta fetcher modules
D/VLC ( 3686): [b3e6ef34] core libvlc: searching art for Half-Life_2041_720p60.mkv
D/VLC ( 3686): [ae3b9794] core art finder: looking for art finder module matching "any": 1 candidates
D/VLC ( 3686): [ae3b9794] core art finder: no art finder modules matched
D/VLC ( 3686): [b3e6ef34] core libvlc: art not found for TEST.WAV
D/VLC ( 3686): [b3e6ef34] core libvlc: art not found for Half-Life_2041_720p60.mkv
D/VLC/MediaWrapper( 3686): Title TEST.WAV
D/VLC/MediaWrapper( 3686): Artist null
D/VLC/MediaWrapper( 3686): Genre null
D/VLC/MediaWrapper( 3686): Album null
D/VLC ( 3686): [b3e6ef34] core libvlc: meta ok for (null), need to fetch art
D/VLC ( 3686): [a04cc074] core art finder: looking for meta fetcher module matching "any": 0 candidates
D/VLC ( 3686): [a04cc074] core art finder: no meta fetcher modules
D/VLC ( 3686): [b3e6ef34] core libvlc: searching art for TEST.WAV
D/VLC ( 3686): [a04cc074] core art finder: looking for art finder module matching "any": 1 candidates
D/VLC ( 3686): [a04cc074] core art finder: no art finder modules matched
D/VLC ( 3686): [b3e6ef34] core libvlc: art not found for TEST.WAV
D/wpa_supplicant( 3166): wlan0: Control interface command 'SIGNAL_POLL'
I/ActivityManager( 1889): Displayed org.videolan.vlc/.gui.MainActivity: +716ms
E/VLC/VideoGridAnimator( 3686): Rescheduling animation: list not ready
D/VLC/BitmapCache( 3686): LRUCache size sets to 107374182
I/VLC/Thumbnailer( 3686): Job added!
I/VLC/Thumbnailer( 3686): Job added!
D/VLC ( 3686): [a04c1894] core generic: creating audio output
D/VLC ( 3686): [a0518a34] core audio output: looking for audio output module matching "android_audiotrack": 4 candidates
D/VLC ( 3686): [a0518a34] core audio output: using audio output module "android_audiotrack"
D/VLC ( 3686): [a04c1894] core generic: keeping audio output
D/VLC ( 3686): [a04cc494] core art finder: looking for meta fetcher module matching "any": 0 candidates
D/VLC ( 3686): [a04cc494] core art finder: no meta fetcher modules
D/VLC ( 3686): [b3e6ef34] core libvlc: searching art for en_windows_10_pro_technical_preview_10074_x64_dvd.iso
D/VLC ( 3686): [a04cc494] core art finder: looking for art finder module matching "any": 1 candidates
D/VLC ( 3686): [a04cc494] core art finder: no art finder modules matched
D/VLC ( 3686): [b3e6ef34] core libvlc: art not found for en_windows_10_pro_technical_preview_10074_x64_dvd.iso
D/VLC ( 3686): [a04cc494] core input: Creating an input for 'en_windows_10_pro_technical_preview_10074_x64_dvd.iso'
E/VLC/JNI/thumbnailer( 3686): Could not find any video track in this file.
D/VLC/MediaDatabase( 3686): Setting new picture for en_windows_10_pro_technical_preview_10074_x64_dvd.iso
D/VLC ( 3686): [b3e6ef34] core libvlc: meta ok for (null), need to fetch art
D/VLC ( 3686): [a04cc494] core art finder: looking for meta fetcher module matching "any": 0 candidates
D/VLC ( 3686): [a04cc494] core art finder: no meta fetcher modules
D/VLC ( 3686): [b3e6ef34] core libvlc: searching art for en_windows_10_pro_technical_preview_10074_x64_dvd.iso
D/VLC ( 3686): [a04cc494] core art finder: looking for art finder module matching "any": 1 candidates
D/VLC ( 3686): [a04cc494] core art finder: no art finder modules matched
D/VLC ( 3686): [b3e6ef34] core libvlc: art not found for en_windows_10_pro_technical_preview_10074_x64_dvd.iso
E/SQLiteLog( 3686): (28) attempt to open "/data/data/org.videolan.vlc/databases/vlc_database-journal" as file descriptor 0
D/VLC ( 3686): [a04fd544] core generic: creating audio output
D/VLC ( 3686): [a0518cb4] core audio output: looking for audio output module matching "android_audiotrack": 4 candidates
D/VLC ( 3686): [a0518cb4] core audio output: using audio output module "android_audiotrack"
D/VLC ( 3686): [a04fd544] core generic: keeping audio output
D/VLC ( 3686): [a04cc9d4] core art finder: looking for meta fetcher module matching "any": 0 candidates
D/VLC ( 3686): [a04cc9d4] core art finder: no meta fetcher modules
D/VLC ( 3686): [b3e6ef34] core libvlc: searching art for Half-Life_2041_720p60.mkv
D/VLC ( 3686): [a04cc9d4] core art finder: looking for art finder module matching "any": 1 candidates
D/VLC ( 3686): [a04cc9d4] core art finder: no art finder modules matched
D/VLC ( 3686): [b3e6ef34] core libvlc: art not found for Half-Life_2041_720p60.mkv
D/VLC ( 3686): [a04cc9d4] core input: Creating an input for 'Half-Life_2041_720p60.mkv'
E/VLC/VideoGridAnimator( 3686): Rescheduling animation: list not ready
D/VLC ( 3686): [a04cc3d4] core input: Creating an input for 'Half-Life_2041_720p60.mkv'
D/VLC ( 3686): [b3e6ef34] core libvlc: meta ok for (null), need to fetch art
D/VLC ( 3686): [a0456d94] core art finder: looking for meta fetcher module matching "any": 0 candidates
D/VLC ( 3686): [a0456d94] core art finder: no meta fetcher modules
D/VLC ( 3686): [b3e6ef34] core libvlc: searching art for Half-Life_2041_720p60.mkv
D/VLC ( 3686): [a0456d94] core art finder: looking for art finder module matching "any": 1 candidates
D/VLC ( 3686): [a04cc3d4] core input: using timeshift granularity of 50 MiB, in path '/tmp'
D/VLC ( 3686): [a04cc3d4] core input: `file:///storage/usb1/USB/Half-Life_2041_720p60.mkv' gives access `file' demux `' path `/storage/usb1/USB/Half-Life_2041_720p60.mkv'
D/VLC ( 3686): [a04cc3d4] core input: specified demux `any'
D/VLC ( 3686): [a04cc3d4] core input: creating demux: access='file' demux='any' location='/storage/usb1/USB/Half-Life_2041_720p60.mkv' file='/storage/usb1/USB/Half-Life_2041_720p60.mkv'
D/VLC ( 3686): [a054d914] core demux: looking for access_demux module matching "file": 6 candidates
D/VLC ( 3686): [a0456d94] core art finder: no art finder modules matched
D/VLC ( 3686): [b3e6ef34] core libvlc: art not found for Half-Life_2041_720p60.mkv
D/VLC ( 3686): [a054d914] core demux: no access_demux modules matched
D/VLC ( 3686): [a04cc3d4] core input: creating access 'file' location='/storage/usb1/USB/Half-Life_2041_720p60.mkv', path='/storage/usb1/USB/Half-Life_2041_720p60.mkv'
D/VLC ( 3686): [a054d914] core access: looking for access module matching "file": 18 candidates
D/VLC ( 3686): [a054d914] filesystem access: opening file `/storage/usb1/USB/Half-Life_2041_720p60.mkv'
D/VLC ( 3686): [a054d914] core access: using access module "filesystem"
D/VLC ( 3686): [a04438b4] core stream: Using stream method for AStream*
D/VLC ( 3686): [a04438b4] core stream: starting pre-buffering
D/VLC ( 3686): [a04438b4] core stream: received first data after 0 ms
D/VLC ( 3686): [a04438b4] core stream: pre-buffering done 1024 bytes in 0s - 6369 KiB/s
D/VLC ( 3686): [a0443934] core stream: looking for stream_filter module matching "any": 9 candidates
D/VLC ( 3686): [a0443934] core stream: no stream_filter modules matched
D/VLC ( 3686): [a0443934] core stream: looking for stream_filter module matching "record": 9 candidates
D/VLC ( 3686): [a0443934] core stream: using stream_filter module "record"
D/VLC ( 3686): [a04cc3d4] core input: creating demux: access='file' demux='any' location='/storage/usb1/USB/Half-Life_2041_720p60.mkv' file='/storage/usb1/USB/Half-Life_2041_720p60.mkv'
D/VLC ( 3686): [a054d9b4] core demux: looking for demux module matching "mkv": 59 candidates
D/VLC ( 3686): [a054d9b4] mkv demux: | + Seek head
D/VLC ( 3686): [a054d9b4] mkv demux: | - info at 4151
D/VLC ( 3686): [a054d9b4] mkv demux: | + Information
D/VLC ( 3686): [a054d9b4] mkv demux: | | + TimecodeScale=1000000
D/VLC ( 3686): [a054d9b4] mkv demux: | | + Muxing Application=libebml v1.3.0 + libmatroska v1.4.1
D/VLC ( 3686): [a054d9b4] mkv demux: | | + Writing Application=mkvmerge v6.8.0 ('Theme for Great Cities') 64bit built on Mar 2 2014 21:34:26
D/VLC ( 3686): [a054d9b4] mkv demux: | | + Duration=1336752
D/VLC ( 3686): [a054d9b4] mkv demux: | | + Date=Wed Apr 09 20:53:46 2014
D/VLC ( 3686): [a054d9b4] mkv demux: | | + UID=1592762296
D/VLC ( 3686): [a054d9b4] mkv demux: | - tracks at 4320
D/VLC ( 3686): [a054d9b4] mkv demux: | + Tracks
D/VLC ( 3686): [a054d9b4] mkv demux: | | + Track Entry
D/VLC ( 3686): [a054d9b4] mkv demux: | | | + Track Number=1
D/VLC ( 3686): [a054d9b4] mkv demux: | | | + Track UID=1084804743
D/VLC ( 3686): [a054d9b4] mkv demux: | | | + Track Type=video
D/VLC ( 3686): [a054d9b4] mkv demux: | | | + Track Lacing=0
D/VLC ( 3686): [a054d9b4] mkv demux: | | | + Track MinCache=1
D/VLC ( 3686): [a054d9b4] mkv demux: | | | + Track CodecId=V_MPEG4/ISO/AVC
D/VLC ( 3686): [a054d9b4] mkv demux: | | | + Track CodecPrivate size=46
D/VLC ( 3686): [a054d9b4] mkv demux: | | | + Track Default Duration=16666666
D/VLC ( 3686): [a054d9b4] mkv demux: | | | + Track Language=`und'
D/VLC ( 3686): [a054d9b4] mkv demux: | | | + Track Video
D/VLC ( 3686): [a054d9b4] mkv demux: | | | | + width=1280
D/VLC ( 3686): [a054d9b4] mkv demux: | | | | + height=720
D/VLC ( 3686): [a054d9b4] mkv demux: | | | | + display width=1280
D/VLC ( 3686): [a054d9b4] mkv demux: | | | | + display height=720
D/VLC ( 3686): [a054d9b4] mkv demux: | | + Track Entry
D/VLC ( 3686): [a054d9b4] mkv demux: | | | + Track Number=2
D/VLC ( 3686): [a054d9b4] mkv demux: | | | + Track UID=220325542
D/VLC ( 3686): [a054d9b4] mkv demux: | | | + Track Type=audio
D/VLC ( 3686): [a054d9b4] mkv demux: | | | + Track CodecId=A_MPEG/L3
D/VLC ( 3686): [a054d9b4] mkv demux: | | | + Track Default Duration=24000000
D/VLC ( 3686): [a054d9b4] mkv demux: | | | + Track Language=`und'
D/VLC ( 3686): [a054d9b4] mkv demux: | | | + Track Name=game + music
D/VLC ( 3686): [a054d9b4] mkv demux: | | | + Track Audio
D/VLC ( 3686): [a054d9b4] mkv demux: | | | | + afreq=48000
D/VLC ( 3686): [a054d9b4] mkv demux: | | | | + achan=2
D/VLC ( 3686): [a054d9b4] mkv demux: | | + Track Entry
D/VLC ( 3686): [a054d9b4] mkv demux: | | | + Track Number=3
D/VLC ( 3686): [a054d9b4] mkv demux: | | | + Track UID=1245012611
D/VLC ( 3686): [a054d9b4] mkv demux: | | | + Track Type=audio
D/VLC ( 3686): [a054d9b4] mkv demux: | | | + Track Default=0
D/VLC ( 3686): [a054d9b4] mkv demux: | | | + Track CodecId=A_MPEG/L3
D/VLC ( 3686): [a054d9b4] mkv demux: | | | + Track Default Duration=24000000
D/VLC ( 3686): [a054d9b4] mkv demux: | | | + Track Language=`und'
D/VLC ( 3686): [a054d9b4] mkv demux: | | | + Track Name=game only
D/VLC ( 3686): [a054d9b4] mkv demux: | | | + Track Audio
D/VLC ( 3686): [a054d9b4] mkv demux: | | | | + afreq=48000
D/VLC ( 3686): [a054d9b4] mkv demux: | | | | + achan=2
D/VLC ( 3686): [a054d9b4] mkv demux: | - cues at 1453591651
D/VLC ( 3686): [a054d9b4] mkv demux: | + Cues
D/VLC ( 3686): [a054d9b4] mkv demux: MKV/Ebml Parser: m_el[mi_level] == NULL
D/VLC ( 3686): [a054d9b4] mkv demux: | - loading cues done.
D/VLC ( 3686): [a054d9b4] mkv demux: | + Void
D/VLC ( 3686): [a054d9b4] mkv demux: | + Information
D/VLC ( 3686): [a054d9b4] mkv demux: | + Tracks
D/VLC ( 3686): [a054d9b4] mkv demux: | + Void
D/VLC ( 3686): [a054d9b4] mkv demux: | + Cluster
D/VLC ( 3686): [a054d9b4] mkv demux: found 3 es
D/VLC ( 3686): [a04cc3d4] core input: selecting program id=0
D/VLC ( 3686): [a04cc3d4] core input: Buffering 0%
D/VLC ( 3686): [a054d9b4] mkv demux: Starting the UI Hook
D/VLC ( 3686): [a054d9b4] core demux: using demux module "mkv"
D/VLC ( 3686): [a04cc3d4] core input: looking for a subtitle file in /storage/usb1/USB/
D/VLC ( 3686): [a0596234] core decoder: looking for decoder module matching "any": 35 candidates
D/VLC ( 3686): [a0596234] avcodec decoder: CPU flags: 0x000253db
D/VLC ( 3686): [a0596234] avcodec decoder: trying to use direct rendering
D/VLC ( 3686): [a0596234] avcodec decoder: allowing 3 thread(s) for decoding
D/VLC ( 3686): [a0596234] avcodec decoder: codec (h264) started
D/VLC ( 3686): [a0596234] avcodec decoder: using frame thread mode with 3 threads
D/VLC ( 3686): [a0596234] core decoder: using decoder module "avcodec"
D/VLC ( 3686): [a04cc3d4] core input: audio is disabled, not selecting ES 0x1
D/VLC ( 3686): [a04cc3d4] core input: audio is disabled, not selecting ES 0x2
D/VLC ( 3686): [a04ccb54] core demux meta: looking for meta reader module matching "any": 1 candidates
D/VLC ( 3686): [a04ccb54] core demux meta: no meta reader modules matched
D/VLC ( 3686): [a04cc3d4] core input: `file:///storage/usb1/USB/Half-Life_2041_720p60.mkv' successfully opened
D/VLC ( 3686): [a054d9b4] mkv demux: seek request to -1 (0.500000%)
D/VLC ( 3686): [a054d9b4] mkv demux: seek got 667667000 - 742009309
E/VLC/VideoGridAnimator( 3686): Rescheduling animation: list not ready
D/VLC ( 3686): [a04cc3d4] core input: Buffering 0%
D/VLC ( 3686): [a04cc3d4] core input: Buffering 1%
D/VLC ( 3686): [a04cc3d4] core input: Buffering 3%
D/VLC ( 3686): [a04cc3d4] core input: Buffering 4%
D/VLC ( 3686): [a04cc3d4] core input: Buffering 6%
D/VLC ( 3686): [a04cc3d4] core input: Buffering 8%
D/VLC ( 3686): [a04cc3d4] core input: Buffering 9%
D/VLC ( 3686): [a04cc3d4] core input: Buffering 11%
D/VLC ( 3686): [a04cc3d4] core input: Buffering 13%
D/VLC ( 3686): [a04cc3d4] core input: Buffering 14%
D/VLC ( 3686): [a04cc3d4] core input: Buffering 16%
D/VLC ( 3686): [a04cc3d4] core input: Buffering 18%
D/VLC ( 3686): [a04cc3d4] core input: Buffering 19%
D/VLC ( 3686): [a04cc3d4] core input: Buffering 21%
D/VLC ( 3686): [a04cc3d4] core input: Buffering 23%
D/VLC ( 3686): [a04cc3d4] core input: Buffering 24%
D/VLC ( 3686): [a04cc3d4] core input: Buffering 26%
D/VLC ( 3686): [a04cc3d4] core input: Buffering 28%
D/VLC ( 3686): [a04cc3d4] core input: Buffering 29%
D/VLC ( 3686): [a04cc3d4] core input: Buffering 31%
D/VLC ( 3686): [a04cc3d4] core input: Buffering 32%
D/VLC ( 3686): [a0596234] avcodec decoder: available software decoder output format 0 (yuv420p)
D/VLC ( 3686): [a04cc3d4] core input: Buffering 34%
D/VLC ( 3686): [a04cc3d4] core input: Buffering 36%
D/VLC ( 3686): [a04cc3d4] core input: Buffering 37%
D/VLC ( 3686): [a04cc3d4] core input: Buffering 39%
D/VLC ( 3686): [a04cc3d4] core input: Buffering 41%
D/VLC ( 3686): [ae24b434] core spu text: looking for text renderer module matching "any": 1 candidates
D/VLC ( 3686): [a04cc3d4] core input: Buffering 42%
D/VLC ( 3686): [ae24b434] freetype spu text: Using /system/fonts/DroidSans-Bold.ttf as font from file /system/fonts/DroidSans-Bold.ttf
D/VLC ( 3686): [ae24b434] freetype spu text: Using /system/fonts/DroidSansMono.ttf as mono-font from file /system/fonts/DroidSansMono.ttf
D/VLC ( 3686): [ae24b434] freetype spu text: using fontsize: 2
D/VLC ( 3686): [a04cc3d4] core input: Buffering 44%
D/VLC ( 3686): [ae24b434] core spu text: using text renderer module "freetype"
D/VLC ( 3686): [ae24b734] core scale: looking for video filter2 module matching "any": 40 candidates
D/VLC ( 3686): [a04cc3d4] core input: Buffering 46%
D/VLC ( 3686): [a04cc3d4] core input: Buffering 47%
D/VLC ( 3686): [a04cc3d4] core input: Buffering 49%
D/VLC ( 3686): [a04cc3d4] core input: Buffering 51%
D/VLC ( 3686): [a04cc3d4] core input: Buffering 52%
D/VLC ( 3686): [a04cc3d4] core input: Buffering 54%
D/VLC ( 3686): [a04cc3d4] core input: Buffering 56%
D/VLC ( 3686): [ae24b734] swscale scale: 32x32 (32x32) chroma: YUVA -> 16x16 (16x16) chroma: RGBA with scaling using Bicubic (good quality)
D/VLC ( 3686): [a04cc3d4] core input: Buffering 57%
D/VLC ( 3686): [ae24b734] core scale: using video filter2 module "swscale"
D/VLC ( 3686): [ae24ba34] core scale: looking for video filter2 module matching "any": 40 candidates
D/VLC ( 3686): [ae24ba34] yuvp scale: YUVP to YUVA converter
D/VLC ( 3686): [ae24ba34] core scale: using video filter2 module "yuvp"
D/VLC ( 3686): [a04cc3d4] core input: Buffering 59%
D/VLC ( 3686): [a04cc3d4] core input: Buffering 61%
D/VLC ( 3686): [a04cc3d4] core input: Buffering 62%
D/VLC ( 3686): [9f228ab4] core video output: Deinterlacing available
D/VLC ( 3686): [a04cc3d4] core input: Buffering 64%
D/VLC ( 3686): [9f228ab4] core video output: deinterlace 0, mode blend, is_needed 0
D/VLC ( 3686): [9f1f1eb4] core window: looking for vout window module matching "none": 1 candidates
D/VLC ( 3686): [a04cc3d4] core input: Buffering 66%
D/VLC ( 3686): [9f1f1eb4] core window: no vout window modules matched
D/VLC ( 3686): [a04cc3d4] core input: Buffering 67%
D/VLC ( 3686): [a04cc3d4] core input: Buffering 69%
D/VLC ( 3686): [a04cc3d4] core input: Buffering 70%
D/VLC ( 3686): [a04cc3d4] core input: Buffering 72%
D/VLC ( 3686): [a04cc3d4] core input: Buffering 74%
D/VLC ( 3686): [a04cc3d4] core input: Buffering 75%
D/VLC ( 3686): [9f228ab4] core video output: Opening vout display wrapper
D/VLC ( 3686): [a051cef4] core vout display: looking for vout display module matching "vmem": 4 candidates
D/VLC ( 3686): [a051cef4] core vout display: VoutDisplayEvent 'fullscreen' 0
D/VLC ( 3686): [a051cef4] core vout display: VoutDisplayEvent 'resize' 200x113
D/VLC ( 3686): [a051cef4] core vout display: using vout display module "vmem"
D/VLC ( 3686): [a051cef4] core vout display: A filter to adapt decoder to display is needed
D/VLC ( 3686): [a07e57b4] core filter: looking for video filter2 module matching "any": 40 candidates
D/VLC ( 3686): [a07e57b4] swscale filter: 1280x720 (1280x738) chroma: I420 -> 200x113 (200x113) chroma: RGBA with scaling using Bicubic (good quality)
D/VLC ( 3686): [a07e57b4] core filter: using video filter2 module "swscale"
D/VLC ( 3686): [a051cef4] core vout display: Filter 'Swscale' (0xa07e57b4) appended to chain
D/VLC ( 3686): [9f228ab4] core video output: original format sz 1280x738, of (0,0), vsz 1280x720, 4cc I420, sar 1:1, msk r0x0 g0x0 b0x0
E/VLC ( 3686): [a051cef4] core vout display: Failed to change zoom
E/VLC ( 3686): [a051cef4] core vout display: Failed to change source AR
