I/art ( 3754): option[37]=-Xmx512m
I/art ( 3754): option[38]=-Xcompiler-option
I/art ( 3754): option[39]=--compiler-filter=interpret-only
I/art ( 3754): option[40]=-Duser.language=en
I/art ( 3754): option[41]=-Duser.region=US
I/mediaserver( 3756): ServiceManager: 0xb58356a0
I/AudioFlinger( 3756): Using default 3000 mSec as standby time.
I/ServiceManager( 3756): Waiting for service batterystats...
E/memtrack( 3754): Couldn't load memtrack module (No such file or directory)
E/android.os.Debug( 3754): failed to load memtrack module: -2
I/SamplingProfilerIntegration( 3754): Profiling disabled.
D/Zygote ( 3754): begin preload
I/Zygote ( 3754): Preloading classes...
I/art ( 3754): Explicit concurrent mark sweep GC freed 796(35KB) AllocSpace objects, 0(0B) LOS objects, 95% free, 43KB/1067KB, paused 127us total 4.748ms
I/art ( 3754): Counter: 1
I/art ( 3754): Explicit concurrent mark sweep GC freed 559(34KB) AllocSpace objects, 0(0B) LOS objects, 94% free, 64KB/1088KB, paused 122us total 4.181ms
I/art ( 3754): Explicit concurrent mark sweep GC freed 650(41KB) AllocSpace objects, 0(0B) LOS objects, 93% free, 71KB/1095KB, paused 126us total 3.707ms
I/art ( 3754): Explicit concurrent mark sweep GC freed 383(22KB) AllocSpace objects, 0(0B) LOS objects, 90% free, 102KB/1126KB, paused 124us total 3.644ms
E/Minikin ( 3754): addFont failed to create font /system/fonts/NotoSansGujarati-Regular.ttf
E/Minikin ( 3754): addFont failed to create font /system/fonts/NotoSansGujarati-Bold.ttf
E/Minikin ( 3754): addFont failed to create font /system/fonts/NotoSansGujaratiUI-Regular.ttf
E/Minikin ( 3754): addFont failed to create font /system/fonts/NotoSansGujaratiUI-Bold.ttf
E/Minikin ( 3754): addFont failed to create font /system/fonts/NotoSansGurmukhi-Regular.ttf
E/Minikin ( 3754): addFont failed to create font /system/fonts/NotoSansGurmukhi-Bold.ttf
E/Minikin ( 3754): addFont failed to create font /system/fonts/NotoSansGurmukhiUI-Regular.ttf
E/Minikin ( 3754): addFont failed to create font /system/fonts/NotoSansGurmukhiUI-Bold.ttf
E/Minikin ( 3754): addFont failed to create font /system/fonts/NotoSansSinhala-Regular.ttf
E/Minikin ( 3754): addFont failed to create font /system/fonts/NotoSansSinhala-Bold.ttf
E/Minikin ( 3754): addFont failed to create font /system/fonts/NotoSansThaana-Regular.ttf
E/Minikin ( 3754): addFont failed to create font /system/fonts/NotoSansThaana-Bold.ttf
E/Minikin ( 3754): addFont failed to create font /system/fonts/NotoSansCham-Regular.ttf
E/Minikin ( 3754): addFont failed to create font /system/fonts/NotoSansCham-Bold.ttf
E/Minikin ( 3754): addFont failed to create font /system/fonts/NotoSansBalinese-Regular.ttf
E/Minikin ( 3754): addFont failed to create font /system/fonts/NotoSansBatak-Regular.ttf
E/Minikin ( 3754): addFont failed to create font /system/fonts/NotoSansBuginese-Regular.ttf
E/Minikin ( 3754): addFont failed to create font /system/fonts/NotoSansBuhid-Regular.ttf
E/Minikin ( 3754): addFont failed to create font /system/fonts/NotoSansCanadianAboriginal-Regular.ttf
E/Minikin ( 3754): addFont failed to create font /system/fonts/NotoSansCherokee-Regular.ttf
E/Minikin ( 3754): addFont failed to create font /system/fonts/NotoSansCoptic-Regular.ttf
E/Minikin ( 3754): addFont failed to create font /system/fonts/NotoSansGlagolitic-Regular.ttf
E/Minikin ( 3754): addFont failed to create font /system/fonts/NotoSansHanunoo-Regular.ttf
E/Minikin ( 3754): addFont failed to create font /system/fonts/NotoSansJavanese-Regular.ttf
E/Minikin ( 3754): addFont failed to create font /system/fonts/NotoSansKayahLi-Regular.ttf
E/Minikin ( 3754): addFont failed to create font /system/fonts/NotoSansLepcha-Regular.ttf
E/Minikin ( 3754): addFont failed to create font /system/fonts/NotoSansLimbu-Regular.ttf
E/Minikin ( 3754): addFont failed to create font /system/fonts/NotoSansMeeteiMayek-Regular.ttf
E/Minikin ( 3754): addFont failed to create font /system/fonts/NotoSansOlChiki-Regular.ttf
E/Minikin ( 3754): addFont failed to create font /system/fonts/NotoSansRejang-Regular.ttf
E/Minikin ( 3754): addFont failed to create font /system/fonts/NotoSansSaurashtra-Regular.ttf
E/Minikin ( 3754): addFont failed to create font /system/fonts/NotoSansSundanese-Regular.ttf
E/Minikin ( 3754): addFont failed to create font /system/fonts/NotoSansSylotiNagri-Regular.ttf
E/Minikin ( 3754): addFont failed to create font /system/fonts/NotoSansTagbanwa-Regular.ttf
E/Minikin ( 3754): addFont failed to create font /system/fonts/NotoSansTaiTham-Regular.ttf
E/Minikin ( 3754): addFont failed to create font /system/fonts/NotoSansTaiViet-Regular.ttf
E/Minikin ( 3754): addFont failed to create font /system/fonts/NotoSansTifinagh-Regular.ttf
E/Minikin ( 3754): addFont failed to create font /system/fonts/NotoSansYi-Regular.ttf
E/Minikin ( 3754): addFont failed to create font /system/fonts/Lohit-Odia.ttf
E/Minikin ( 3754): addFont failed to create font /system/fonts/NotoSansHans-Regular.otf
E/Minikin ( 3754): addFont failed to create font /system/fonts/NotoSansHant-Regular.otf
E/Minikin ( 3754): addFont failed to create font /system/fonts/NotoSansJP-Regular.otf
E/Minikin ( 3754): addFont failed to create font /system/fonts/NotoSansKR-Regular.otf
E/Minikin ( 3754): addFont failed to create font /system/fonts/NotoSansTaiLe-Regular.ttf
I/art ( 3754): Explicit concurrent mark sweep GC freed 1798(129KB) AllocSpace objects, 0(0B) LOS objects, 90% free, 113KB/1137KB, paused 126us total 4.154ms
I/art ( 3754): Explicit concurrent mark sweep GC freed 1933(92KB) AllocSpace objects, 0(0B) LOS objects, 86% free, 153KB/1177KB, paused 123us total 6.470ms
I/art ( 3754): Explicit concurrent mark sweep GC freed 1979(87KB) AllocSpace objects, 0(0B) LOS objects, 84% free, 188KB/1212KB, paused 133us total 5.289ms
I/art ( 3754): Explicit concurrent mark sweep GC freed 371(19KB) AllocSpace objects, 0(0B) LOS objects, 82% free, 221KB/1245KB, paused 123us total 5.677ms
I/art ( 3754): Thread[1,tid=3754,WaitingForJniOnLoad,Thread*=0xb3c25800,peer=0x12c31160,"main"] recursive attempt to load library "/system/lib/libmedia_jni.so"
D/MtpDeviceJNI( 3754): register_android_mtp_MtpDevice
I/art ( 3754): Thread[1,tid=3754,WaitingForJniOnLoad,Thread*=0xb3c25800,peer=0x12c31160,"main"] recursive attempt to load library "/system/lib/libmedia_jni.so"
I/art ( 3754): Thread[1,tid=3754,WaitingForJniOnLoad,Thread*=0xb3c25800,peer=0x12c31160,"main"] recursive attempt to load library "/system/lib/libmedia_jni.so"
I/art ( 3754): Explicit concurrent mark sweep GC freed 661(37KB) AllocSpace objects, 0(0B) LOS objects, 80% free, 244KB/1268KB, paused 123us total 6.003ms
I/art ( 3754): Explicit concurrent mark sweep GC freed 576(29KB) AllocSpace objects, 0(0B) LOS objects, 79% free, 264KB/1288KB, paused 143us total 6.668ms
I/art ( 3754): Explicit concurrent mark sweep GC freed 448(26KB) AllocSpace objects, 0(0B) LOS objects, 77% free, 303KB/1327KB, paused 127us total 4.645ms
I/art ( 3754): Explicit concurrent mark sweep GC freed 1790(104KB) AllocSpace objects, 0(0B) LOS objects, 69% free, 452KB/1476KB, paused 128us total 5.652ms
E/EmojiFactory_jni( 3754): Failed to load libemoji.so: dlopen failed: library "libemoji.so" not found
I/art ( 3754): Explicit concurrent mark sweep GC freed 354(45KB) AllocSpace objects, 0(0B) LOS objects, 57% free, 749KB/1773KB, paused 126us total 7.479ms
I/art ( 3754): Explicit concurrent mark sweep GC freed 438(30KB) AllocSpace objects, 0(0B) LOS objects, 57% free, 768KB/1792KB, paused 125us total 6.665ms
I/art ( 3754): Explicit concurrent mark sweep GC freed 780(49KB) AllocSpace objects, 0(0B) LOS objects, 57% free, 768KB/1792KB, paused 127us total 5.880ms
I/art ( 3754): Explicit concurrent mark sweep GC freed 956(105KB) AllocSpace objects, 0(0B) LOS objects, 55% free, 811KB/1835KB, paused 126us total 9.286ms
I/art ( 3754): Explicit concurrent mark sweep GC freed 597(42KB) AllocSpace objects, 0(0B) LOS objects, 55% free, 818KB/1842KB, paused 127us total 5.708ms
I/art ( 3754): Explicit concurrent mark sweep GC freed 265(20KB) AllocSpace objects, 0(0B) LOS objects, 54% free, 846KB/1870KB, paused 125us total 6.407ms
I/art ( 3754): WaitForGcToComplete blocked for 5.824ms for cause Explicit
I/art ( 3754): Explicit concurrent mark sweep GC freed 20(864B) AllocSpace objects, 0(0B) LOS objects, 45% free, 1225KB/2MB, paused 134us total 6.659ms
I/art ( 3754): Explicit concurrent mark sweep GC freed 572(33KB) AllocSpace objects, 0(0B) LOS objects, 45% free, 1241KB/2MB, paused 138us total 7.131ms
I/art ( 3754): Explicit concurrent mark sweep GC freed 741(45KB) AllocSpace objects, 0(0B) LOS objects, 45% free, 1245KB/2MB, paused 136us total 6.746ms
I/System ( 3754): Loaded time zone names for "" in 53ms (52ms in ICU)
I/System ( 3754): Loaded time zone names for "en_US" in 38ms (36ms in ICU)
I/art ( 3754): Explicit concurrent mark sweep GC freed 2345(178KB) AllocSpace objects, 0(0B) LOS objects, 42% free, 1403KB/2MB, paused 135us total 7.699ms
I/art ( 3754): Explicit concurrent mark sweep GC freed 136(12KB) AllocSpace objects, 0(0B) LOS objects, 41% free, 1468KB/2MB, paused 135us total 7.361ms
I/art ( 3754): Explicit concurrent mark sweep GC freed 288(24KB) AllocSpace objects, 0(0B) LOS objects, 40% free, 1514KB/2MB, paused 135us total 7.942ms
I/art ( 3754): Explicit concurrent mark sweep GC freed 679(47KB) AllocSpace objects, 0(0B) LOS objects, 40% free, 1515KB/2MB, paused 135us total 7.289ms
I/Zygote ( 3754): ...preloaded 3005 classes in 612ms.
I/art ( 3754): VMRuntime.preloadDexCaches starting
I/art ( 3754): VMRuntime.preloadDexCaches strings total=216251 before=39101 after=39101
I/art ( 3754): VMRuntime.preloadDexCaches types total=18707 before=6474 after=6510
I/art ( 3754): VMRuntime.preloadDexCaches fields total=85820 before=32435 after=32769
I/art ( 3754): VMRuntime.preloadDexCaches methods total=152975 before=67523 after=68425
I/art ( 3754): VMRuntime.preloadDexCaches finished
I/art ( 3754): Counter: 0
I/art ( 3754): Counter: 1
I/art ( 3754): Explicit concurrent mark sweep GC freed 61(15KB) AllocSpace objects, 0(0B) LOS objects, 40% free, 1501KB/2MB, paused 143us total 10.522ms
D/idmap ( 3874): error: no read access to /vendor/overlay: No such file or directory
I/Zygote ( 3754): Preloading resources...
I/art ( 3754): Explicit concurrent mark sweep GC freed 86(3KB) AllocSpace objects, 0(0B) LOS objects, 39% free, 1550KB/2MB, paused 151us total 7.711ms
I/art ( 3754): Explicit concurrent mark sweep GC freed 89(4KB) AllocSpace objects, 0(0B) LOS objects, 39% free, 1596KB/2MB, paused 139us total 7.195ms
I/art ( 3754): Explicit concurrent mark sweep GC freed 122(5KB) AllocSpace objects, 0(0B) LOS objects, 39% free, 1644KB/2MB, paused 204us total 7.200ms
I/art ( 3754): Explicit concurrent mark sweep GC freed 101(4KB) AllocSpace objects, 0(0B) LOS objects, 40% free, 1690KB/2MB, paused 139us total 7.166ms
I/art ( 3754): Explicit concurrent mark sweep GC freed 93(4KB) AllocSpace objects, 0(0B) LOS objects, 39% free, 1734KB/2MB, paused 210us total 7.205ms
I/art ( 3754): Explicit concurrent mark sweep GC freed 103(4KB) AllocSpace objects, 0(0B) LOS objects, 40% free, 1780KB/2MB, paused 192us total 7.253ms
I/art ( 3754): Explicit concurrent mark sweep GC freed 112(5KB) AllocSpace objects, 0(0B) LOS objects, 40% free, 1825KB/2MB, paused 193us total 7.410ms
I/art ( 3754): Explicit concurrent mark sweep GC freed 117(5KB) AllocSpace objects, 0(0B) LOS objects, 39% free, 1872KB/3MB, paused 213us total 7.557ms
I/art ( 3754): Explicit concurrent mark sweep GC freed 108(5KB) AllocSpace objects, 0(0B) LOS objects, 39% free, 1920KB/3MB, paused 143us total 7.318ms
I/art ( 3754): Explicit concurrent mark sweep GC freed 147(6KB) AllocSpace objects, 0(0B) LOS objects, 39% free, 1991KB/3MB, paused 228us total 7.582ms
I/art ( 3754): Explicit concurrent mark sweep GC freed 136(5KB) AllocSpace objects, 0(0B) LOS objects, 39% free, 2034KB/3MB, paused 149us total 7.818ms
I/art ( 3754): Explicit concurrent mark sweep GC freed 84(7KB) AllocSpace objects, 0(0B) LOS objects, 39% free, 2MB/3MB, paused 144us total 7.964ms
I/art ( 3754): Explicit concurrent mark sweep GC freed 112(4KB) AllocSpace objects, 0(0B) LOS objects, 39% free, 2MB/3MB, paused 147us total 7.860ms
I/art ( 3754): Explicit concurrent mark sweep GC freed 135(5KB) AllocSpace objects, 0(0B) LOS objects, 39% free, 2MB/3MB, paused 151us total 7.690ms
I/art ( 3754): Explicit concurrent mark sweep GC freed 62(2752B) AllocSpace objects, 0(0B) LOS objects, 39% free, 2MB/3MB, paused 147us total 7.683ms
I/art ( 3754): Explicit concurrent mark sweep GC freed 111(4KB) AllocSpace objects, 0(0B) LOS objects, 39% free, 2MB/4MB, paused 156us total 8.023ms
I/ServiceManager( 3756): Waiting for service batterystats...
I/art ( 3754): Explicit concurrent mark sweep GC freed 206(9KB) AllocSpace objects, 0(0B) LOS objects, 39% free, 2MB/4MB, paused 151us total 7.887ms
I/art ( 3754): Explicit concurrent mark sweep GC freed 370(16KB) AllocSpace objects, 0(0B) LOS objects, 40% free, 2MB/4MB, paused 156us total 7.931ms
I/art ( 3754): Explicit concurrent mark sweep GC freed 214(9KB) AllocSpace objects, 0(0B) LOS objects, 39% free, 2MB/4MB, paused 157us total 7.933ms
I/art ( 3754): Explicit concurrent mark sweep GC freed 112(6KB) AllocSpace objects, 0(0B) LOS objects, 39% free, 2MB/4MB, paused 159us total 8.036ms
I/art ( 3754): Explicit concurrent mark sweep GC freed 113(5KB) AllocSpace objects, 0(0B) LOS objects, 40% free, 2MB/4MB, paused 161us total 7.968ms
I/art ( 3754): Explicit concurrent mark sweep GC freed 49(8KB) AllocSpace objects, 0(0B) LOS objects, 39% free, 2MB/4MB, paused 155us total 7.837ms
I/art ( 3754): Explicit concurrent mark sweep GC freed 101(4KB) AllocSpace objects, 0(0B) LOS objects, 39% free, 2MB/4MB, paused 223us total 7.983ms
I/art ( 3754): Explicit concurrent mark sweep GC freed 105(4KB) AllocSpace objects, 0(0B) LOS objects, 39% free, 2MB/4MB, paused 158us total 8.261ms
I/art ( 3754): Explicit concurrent mark sweep GC freed 99(4KB) AllocSpace objects, 0(0B) LOS objects, 39% free, 2MB/4MB, paused 216us total 8.166ms
I/art ( 3754): Explicit concurrent mark sweep GC freed 172(7KB) AllocSpace objects, 0(0B) LOS objects, 40% free, 2MB/4MB, paused 162us total 8.361ms
V/NatController( 3755): runCmd(/system/bin/iptables -F natctrl_FORWARD) res=0
V/NatController( 3755): runCmd(/system/bin/iptables -A natctrl_FORWARD -j DROP) res=0
I/art ( 3754): Explicit concurrent mark sweep GC freed 417(18KB) AllocSpace objects, 0(0B) LOS objects, 39% free, 3MB/5MB, paused 228us total 8.454ms
V/NatController( 3755): runCmd(/system/bin/iptables -t nat -F natctrl_nat_POSTROUTING) res=0
V/NatController( 3755): runCmd(/system/bin/iptables -F natctrl_tether_counters) res=0
I/art ( 3754): Explicit concurrent mark sweep GC freed 363(16KB) AllocSpace objects, 0(0B) LOS objects, 39% free, 3MB/5MB, paused 167us total 8.592ms
V/NatController( 3755): runCmd(/system/bin/iptables -X natctrl_tether_counters) res=0
V/NatController( 3755): runCmd(/system/bin/iptables -N natctrl_tether_counters) res=0
I/art ( 3754): Explicit concurrent mark sweep GC freed 174(8KB) AllocSpace objects, 0(0B) LOS objects, 40% free, 3MB/5MB, paused 168us total 8.501ms
V/NatController( 3755): runCmd(/system/bin/iptables -t mangle -A natctrl_mangle_FORWARD -p tcp --tcp-flags SYN SYN -j TCPMSS --clamp-mss-to-pmtu) res=0
I/art ( 3754): Explicit concurrent mark sweep GC freed 515(19KB) AllocSpace objects, 0(0B) LOS objects, 39% free, 3MB/5MB, paused 167us total 8.713ms
I/art ( 3754): Explicit concurrent mark sweep GC freed 353(14KB) AllocSpace objects, 0(0B) LOS objects, 40% free, 3MB/5MB, paused 249us total 8.630ms
I/art ( 3754): Explicit concurrent mark sweep GC freed 1153(40KB) AllocSpace objects, 0(0B) LOS objects, 39% free, 3MB/5MB, paused 168us total 8.699ms
I/art ( 3754): Explicit concurrent mark sweep GC freed 1499(50KB) AllocSpace objects, 0(0B) LOS objects, 39% free, 3MB/5MB, paused 176us total 9.171ms
I/art ( 3754): Explicit concurrent mark sweep GC freed 1381(49KB) AllocSpace objects, 0(0B) LOS objects, 40% free, 3MB/5MB, paused 180us total 9.059ms
I/art ( 3754): Explicit concurrent mark sweep GC freed 1453(56KB) AllocSpace objects, 0(0B) LOS objects, 40% free, 3MB/5MB, paused 167us total 10.904ms
I/art ( 3754): Explicit concurrent mark sweep GC freed 603(27KB) AllocSpace objects, 0(0B) LOS objects, 40% free, 3MB/5MB, paused 173us total 9.244ms
I/art ( 3754): Explicit concurrent mark sweep GC freed 344(20KB) AllocSpace objects, 0(0B) LOS objects, 40% free, 3MB/6MB, paused 176us total 9.048ms
I/art ( 3754): Explicit concurrent mark sweep GC freed 384(17KB) AllocSpace objects, 0(0B) LOS objects, 39% free, 3MB/6MB, paused 184us total 9.657ms
I/Zygote ( 3754): ...preloaded 343 resources in 594ms.
I/art ( 3754): Explicit concurrent mark sweep GC freed 639(39KB) AllocSpace objects, 0(0B) LOS objects, 39% free, 3MB/6MB, paused 179us total 9.482ms
I/Zygote ( 3754): ...preloaded 41 resources in 19ms.
I/art ( 3754): Counter: 0
D/libEGL ( 3754): loaded /system/lib/egl/libGLES_mesa.so
I/Zygote ( 3754): Preloading shared libraries...
D/Zygote ( 3754): end preload
I/art ( 3754): Explicit concurrent mark sweep GC freed 450(20KB) AllocSpace objects, 0(0B) LOS objects, 40% free, 3MB/6MB, paused 175us total 9.489ms
I/art ( 3754): Explicit concurrent mark sweep GC freed 389(16KB) AllocSpace objects, 0(0B) LOS objects, 40% free, 3MB/6MB, paused 168us total 9.177ms
I/art ( 3754): Explicit concurrent mark sweep GC freed 5(160B) AllocSpace objects, 0(0B) LOS objects, 40% free, 3MB/6MB, paused 240us total 9.019ms
I/Zygote ( 3754): System server process 3953 has been created
I/Zygote ( 3754): Accepting command socket connections
I/InstallerConnection( 3953): disconnecting...
I/SystemServer( 3953): Entered the Android system server!
V/Fingerprint-JNI( 3953): FingerprintManager JNI ready.
D/SensorService( 3953): nuSensorService starting...
D/KbdSensor( 3953): open_kbd_sensor: id=poll
D/KbdSensor( 3953): SensorFd: module=0xb27412c0 dev=0xb3c51f80
I/iptables( 3755): iptables: No chain/target/match by that name.
I/iptables( 3755): iptables terminated by exit(1)
E/BandwidthController( 3755): runIptablesCmd(): res=1 status=256 failed /system/bin/iptables -A bw_INPUT -m owner --socket-exists
I/ip6tables( 3755): ip6tables: No chain/target/match by that name.
I/ip6tables( 3755): ip6tables terminated by exit(1)
E/BandwidthController( 3755): runIptablesCmd(): res=1 status=256 failed /system/bin/ip6tables -A bw_INPUT -m owner --socket-exists
E/Netd ( 3755): Unable to create netlink socket: Protocol not supported
E/Netd ( 3755): Unable to open quota2 logging socket
D/MDnsDS ( 3755): MDnsSdListener::Hander starting up
D/MDnsDS ( 3755): MDnsSdListener starting to monitor
D/MDnsDS ( 3755): Going to poll with pollCount 1
I/KbdSensor( 3953): Open AT Translated Set 2 keyboard ok, fd=19
D/KbdSensor( 3953): SensorPollContext: dev=0xb3c51f80 fd=19
D/KbdSensor( 3953): poll_activate: dev=0xb3c51f80 handle=0 enabled=0
D/SensorService( 3953): new thread SensorEventAckReceiver
D/SensorService( 3953): nuSensorService thread starting...
I/SystemServiceManager( 3953): Starting com.android.server.pm.Installer
I/Installer( 3953): Waiting for installd to be ready.
I/InstallerConnection( 3953): connecting...
I/installd( 1582): new connection
I/SystemServiceManager( 3953): Starting com.android.server.am.ActivityManagerService$Lifecycle
I/ActivityManager( 3953): Memory class: 192
I/IntentFirewall( 3953): Read new rules (A:0 B:0 S:0)
D/AppOps ( 3953): AppOpsService published
I/SystemServiceManager( 3953): Starting com.android.server.power.PowerManagerService
W/libsuspend( 3953): Error writing 'on' to /sys/power/state: Invalid argument
I/libsuspend( 3953): Selected wakeup count
I/SystemServiceManager( 3953): Starting com.android.server.display.DisplayManagerService
I/SystemServiceManager( 3953): Starting phase 100
I/DisplayManagerService( 3953): Display device added: DisplayDeviceInfo{"Built-in Screen": uniqueId="local:0", 1366 x 768, 60.000004 fps, supportedRefreshRates [60.000004], density 160, 102.0 x 102.0 dpi, appVsyncOff 0, presDeadline 17666666, touch INTERNAL, rotation 0, type BUILT_IN, state UNKNOWN, FLAG_DEFAULT_DISPLAY, FLAG_ROTATES_WITH_CONTENT, FLAG_SECURE, FLAG_SUPPORTS_PROTECTED_BUFFERS}
I/SystemServer( 3953): Package Manager
W/SystemConfig( 3953): No directory /system/etc/sysconfig, skipping
D/SELinuxMMAC( 3953): Using policy file /system/etc/security/mac_permissions.xml
D/PackageManager( 3953): No files in app dir /vendor/overlay
W/PackageManager( 3953): Failed to parse /system/framework/x86: Missing base APK in /system/framework/x86
I/art ( 3953): DexFile_isDexOptNeeded file /system/priv-app/BackupRestoreConfirmation/x86/BackupRestoreConfirmation.odex needs to be relocated for /system/priv-app/BackupRestoreConfirmation/BackupRestoreConfirmation.apk
W/PackageParser( 3953): No actions in intent filter at /system/priv-app/Contacts/Contacts.apk Binary XML file line #356
I/art ( 3953): DexFile_isDexOptNeeded file /system/priv-app/Contacts/x86/Contacts.odex needs to be relocated for /system/priv-app/Contacts/Contacts.apk
W/PackageParser( 3953): No actions in intent filter at /system/priv-app/Dialer/Dialer.apk Binary XML file line #166
I/art ( 3953): DexFile_isDexOptNeeded file /system/priv-app/MmsService/x86/MmsService.odex needs to be relocated for /system/priv-app/MmsService/MmsService.apk
I/art ( 3953): DexFile_isDexOptNeeded file /system/priv-app/ProxyHandler/x86/ProxyHandler.odex needs to be relocated for /system/priv-app/ProxyHandler/ProxyHandler.apk
I/CameraService( 3756): CameraService started (pid=3756)
D/Camera_Factory( 3756): CameraFactory::CameraFactory
D/Camera_Factory( 3756): CameraFactory::parseConfig: configFile = /etc/camera.cfg
D/Camera_Factory( 3756): /etc/camera.cfg not found, using camera configuration defaults
D/Camera_Factory( 3756): Found device /dev/video0
D/Camera_Factory( 3756): CameraFactory::newCameraConfig: 0 -> /dev/video0 (0)
I/CameraService( 3756): Loaded "Camera Module" camera module
D/Camera_Factory( 3756): CameraFactory::get_number_of_cameras
D/Camera_Factory( 3756): CameraFactory::getCameraNum: 1
I/AudioPolicyService( 3756): AudioPolicyService CSTOR in new mode
I/AudioPolicyManager( 3756): loadAudioPolicyConfig() loaded /system/etc/audio_policy.conf
E/audio_hw_primary( 3756): Failed to open /system/etc/mixer_paths.xml
I/AudioFlinger( 3756): loadHwModule() Loaded primary audio interface from Grouper audio HW HAL (audio) handle 1
I/AudioFlinger( 3756): HAL output buffer size 512 frames, normal sink buffer size 1024 frames
I/AudioMixer( 3756): found effect "Multichannel Downmix To Stereo" from The Android Open Source Project
E/MonoPipe( 3756): Failed to fetch local time frequency when constructing a MonoPipe (res = -32). getNextWriteTimestamp calls will be non-functional
I/art ( 3953): DexFile_isDexOptNeeded file /system/priv-app/SharedStorageBackup/x86/SharedStorageBackup.odex needs to be relocated for /system/priv-app/SharedStorageBackup/SharedStorageBackup.apk
I/art ( 3953): DexFile_isDexOptNeeded file /system/priv-app/Shell/x86/Shell.odex needs to be relocated for /system/priv-app/Shell/Shell.apk
W/ResourceType( 3953): Failure getting entry for 0x7f08026f (t=7 e=623) (error -75)
W/PackageParser( 3953): Unknown element under : android at /system/priv-app/Telecom/Telecom.apk Binary XML file line #232
I/art ( 3953): DexFile_isDexOptNeeded file /system/priv-app/VpnDialogs/x86/VpnDialogs.odex needs to be relocated for /system/priv-app/VpnDialogs/VpnDialogs.apk
I/art ( 3953): DexFile_isDexOptNeeded file /system/priv-app/WallpaperCropper/x86/WallpaperCropper.odex needs to be relocated for /system/priv-app/WallpaperCropper/WallpaperCropper.apk
I/art ( 3953): DexFile_isDexOptNeeded file /system/app/BasicDreams/x86/BasicDreams.odex needs to be relocated for /system/app/BasicDreams/BasicDreams.apk
I/art ( 3953): DexFile_isDexOptNeeded file /system/app/BasicSmsReceiver/x86/BasicSmsReceiver.odex needs to be relocated for /system/app/BasicSmsReceiver/BasicSmsReceiver.apk
W/PackageParser( 3953): No actions in intent filter at /system/app/Bluetooth/Bluetooth.apk Binary XML file line #209
W/PackageParser( 3953): No actions in intent filter at /system/app/CMFileManager/CMFileManager.apk Binary XML file line #166
I/art ( 3953): DexFile_isDexOptNeeded file /system/app/Calculator/x86/Calculator.odex needs to be relocated for /system/app/Calculator/Calculator.apk
I/art ( 3953): DexFile_isDexOptNeeded file /system/app/CaptivePortalLogin/x86/CaptivePortalLogin.odex needs to be relocated for /system/app/CaptivePortalLogin/CaptivePortalLogin.apk
I/art ( 3953): DexFile_isDexOptNeeded file /system/app/CertInstaller/x86/CertInstaller.odex needs to be relocated for /system/app/CertInstaller/CertInstaller.apk
I/art ( 3953): DexFile_isDexOptNeeded file /system/app/Development/x86/Development.odex needs to be relocated for /system/app/Development/Development.apk
I/art ( 3953): DexFile_isDexOptNeeded file /system/app/DocumentsUI/x86/DocumentsUI.odex needs to be relocated for /system/app/DocumentsUI/DocumentsUI.apk
I/art ( 3953): DexFile_isDexOptNeeded file /system/app/DownloadProviderUi/x86/DownloadProviderUi.odex needs to be relocated for /system/app/DownloadProviderUi/DownloadProviderUi.apk
I/art ( 3953): DexFile_isDexOptNeeded file /system/app/Galaxy4/x86/Galaxy4.odex needs to be relocated for /system/app/Galaxy4/Galaxy4.apk
W/PackageParser( 3953): Unknown element under : permission at /system/app/Gallery2/Gallery2.apk Binary XML file line #242
W/PackageParser( 3953): Unknown element under : permission at /system/app/Gallery2/Gallery2.apk Binary XML file line #245
I/art ( 3953): DexFile_isDexOptNeeded file /system/app/HTMLViewer/x86/HTMLViewer.odex needs to be relocated for /system/app/HTMLViewer/HTMLViewer.apk
I/art ( 3953): DexFile_isDexOptNeeded file /system/app/HoloSpiralWallpaper/x86/HoloSpiralWallpaper.odex needs to be relocated for /system/app/HoloSpiralWallpaper/HoloSpiralWallpaper.apk
I/art ( 3953): DexFile_isDexOptNeeded file /system/app/LiveWallpapers/x86/LiveWallpapers.odex needs to be relocated for /system/app/LiveWallpapers/LiveWallpapers.apk
I/art ( 3953): DexFile_isDexOptNeeded file /system/app/LiveWallpapersPicker/x86/LiveWallpapersPicker.odex needs to be relocated for /system/app/LiveWallpapersPicker/LiveWallpapersPicker.apk
I/art ( 3953): DexFile_isDexOptNeeded file /system/app/NotePad/x86/NotePad.odex needs to be relocated for /system/app/NotePad/NotePad.apk
I/art ( 3953): DexFile_isDexOptNeeded file /system/app/PacProcessor/x86/PacProcessor.odex needs to be relocated for /system/app/PacProcessor/PacProcessor.apk
I/art ( 3953): DexFile_isDexOptNeeded file /system/app/PhaseBeam/x86/PhaseBeam.odex needs to be relocated for /system/app/PhaseBeam/PhaseBeam.apk
I/art ( 3953): DexFile_isDexOptNeeded file /system/app/QuickSearchBox/x86/QuickSearchBox.odex needs to be relocated for /system/app/QuickSearchBox/QuickSearchBox.apk
I/art ( 3953): DexFile_isDexOptNeeded file /system/app/RSSReader/x86/RSSReader.odex needs to be relocated for /system/app/RSSReader/RSSReader.apk
I/art ( 3953): DexFile_isDexOptNeeded file /system/app/SoundRecorder/x86/SoundRecorder.odex needs to be relocated for /system/app/SoundRecorder/SoundRecorder.apk
I/art ( 3953): DexFile_isDexOptNeeded file /system/app/SpeechRecorder/x86/SpeechRecorder.odex needs to be relocated for /system/app/SpeechRecorder/SpeechRecorder.apk
I/art ( 3953): DexFile_isDexOptNeeded file /system/app/VisualizationWallpapers/x86/VisualizationWallpapers.odex needs to be relocated for /system/app/VisualizationWallpapers/VisualizationWallpapers.apk
D/PackageManager( 3953): No files in app dir /system/vendor/app
D/PackageManager( 3953): No files in app dir /oem/app
W/PackageParser( 3953): Unknown element under : uses-sdk at /data/app/org.videolan.vlc-1/base.apk Binary XML file line #437
D/PackageManager( 3953): No files in app dir /data/app-private
W/PackageManager( 3953): Package com.android.gallery3d desires unavailable shared library com.google.android.media.effects; ignoring!
W/PackageManager( 3953): Package com.android.gallery3d desires unavailable shared library com.google.android.media.effects; ignoring!
I/PackageManager( 3953): Adjusting ABI for : com.android.location.fused to x86
I/PackageManager( 3953): Adjusting ABI for : com.android.providers.settings to x86
I/PackageManager( 3953): Adjusting ABI for : org.zeroxlab.util.tscal to x86
I/PackageManager( 3953): Adjusting ABI for : com.android.inputdevices to x86
I/PackageManager( 3953): Adjusting ABI for : com.android.keychain to x86
I/PackageManager( 3953): Adjusting ABI for : com.android.server.telecom to x86
I/PackageManager( 3953): Adjusting ABI for : com.android.settings to x86
I/PackageManager( 3953): Time to scan packages: 0.567 seconds
W/PackageManager( 3953): Unknown permission com.google.android.googleapps.permission.GOOGLE_AUTH in package com.android.providers.calendar
W/PackageManager( 3953): Unknown permission com.google.android.googleapps.permission.GOOGLE_AUTH.cl in package com.android.providers.calendar
W/PackageManager( 3953): Not granting permission android.permission.GLOBAL_SEARCH to package com.android.quicksearchbox (protectionLevel=18 flags=0x8be45)
W/PackageManager( 3953): Not granting permission android.permission.ACCESS_DOWNLOAD_MANAGER to package com.android.browser (protectionLevel=18 flags=0x9be45)
W/PackageManager( 3953): Not granting permission android.permission.SEND_DOWNLOAD_COMPLETED_INTENTS to package com.android.browser (protectionLevel=2 flags=0x9be45)
W/PackageManager( 3953): Not granting permission android.permission.BIND_WALLPAPER to package com.android.camera2 (protectionLevel=18 flags=0x58bc45)
W/PackageManager( 3953): Unknown permission android.permission.INSTALL_DRM in package com.android.mms
W/PackageManager( 3953): Unknown permission com.google.android.googleapps.permission.GOOGLE_AUTH.mail in package com.android.calendar
W/PackageManager( 3953): Unknown permission com.android.launcher.permission.READ_SETTINGS in package com.android.onetimeinitializer
W/PackageManager( 3953): Unknown permission com.android.launcher.permission.WRITE_SETTINGS in package com.android.onetimeinitializer
W/PackageManager( 3953): Unknown permission com.android.launcher.permission.READ_SETTINGS in package com.cyanogenmod.trebuchet
W/PackageManager( 3953): Unknown permission com.android.launcher.permission.WRITE_SETTINGS in package com.cyanogenmod.trebuchet
W/PackageManager( 3953): Not granting permission android.permission.DELETE_PACKAGES to package com.svox.pico (protectionLevel=18 flags=0x8be45)
W/PackageManager( 3953): Unknown permission com.cyanogenmod.filemanager.permissions.READ_THEME in package com.cyanogenmod.filemanager
W/PackageManager( 3953): Not granting permission android.permission.READ_LOGS to package org.videolan.vlc (protectionLevel=50 flags=0x18be44)
W/PackageManager( 3953): Unknown permission com.google.android.googleapps.permission.GOOGLE_AUTH in package com.android.settings
W/PackageManager( 3953): Unknown permission com.android.launcher.permission.READ_SETTINGS in package com.android.settings
W/PackageManager( 3953): Unknown permission com.android.launcher.permission.WRITE_SETTINGS in package com.android.settings
W/PackageManager( 3953): Unknown permission com.android.smspush.WAPPUSH_MANAGER_BIND in package com.android.phone
W/PackageManager( 3953): Not granting permission android.permission.DEVICE_POWER to package com.android.deskclock (protectionLevel=2 flags=0x48be45)
W/PackageManager( 3953): Unknown permission com.google.android.gallery3d.permission.GALLERY_PROVIDER in package com.android.bluetooth
W/PackageManager( 3953): Unknown permission com.google.android.googleapps.permission.ACCESS_GOOGLE_PASSWORD in package com.android.development
W/PackageManager( 3953): Unknown permission com.google.android.googleapps.permission.GOOGLE_AUTH in package com.android.development
W/PackageManager( 3953): Unknown permission com.google.android.googleapps.permission.GOOGLE_AUTH.ALL_SERVICES in package com.android.development
W/PackageManager( 3953): Unknown permission com.google.android.googleapps.permission.GOOGLE_AUTH.YouTubeUser in package com.android.development
I/art ( 3953): Explicit concurrent mark sweep GC freed 25513(1349KB) AllocSpace objects, 2(32KB) LOS objects, 33% free, 4MB/6MB, paused 364us total 24.572ms
I/SystemServer( 3953): User Service
I/lowmemorykiller( 1572): ActivityManager connected
I/SystemServiceManager( 3953): Starting com.android.server.lights.LightsService
D/lights ( 3953): Detect /sys/class/backlight/radeon_bl0/max_brightness
D/lights ( 3953): Detect /sys/class/backlight/radeon_bl0/brightness
I/SystemServiceManager( 3953): Starting com.android.server.BatteryService
I/SystemServiceManager( 3953): Starting com.android.server.usage.UsageStatsService
I/UsageStatsService( 3953): User[0] Rollover scheduled @ 2015-05-12 00:00:00(1431388800000)
I/SystemServiceManager( 3953): Starting com.android.server.webkit.WebViewUpdateService
I/SystemServer( 3953): Reading configuration...
I/SystemServer( 3953): Scheduling Policy
I/SystemServiceManager( 3953): Starting com.android.server.telecom.TelecomLoaderService
I/SystemServer( 3953): Telephony Registry
I/SystemServer( 3953): Entropy Mixer
I/EntropyMixer( 3953): Writing entropy...
I/SystemServer( 3953): Account Manager
I/SystemServer( 3953): Content Manager
I/SystemServer( 3953): System Content Providers
I/SystemServer( 3953): Vibrator Service
I/SystemServer( 3953): Consumer IR Service
E/ConsumerIrService( 3953): Can't open consumer IR HW Module, error: -2
I/SystemServiceManager( 3953): Starting com.android.server.AlarmManagerService
I/SystemServer( 3953): Init Watchdog
I/SystemServer( 3953): Input Manager
I/InputManager( 3953): Initializing input manager, mUseDevInputEventForAudioJack=true
I/SystemServer( 3953): Window Manager
I/WindowManager( 3953): No existing display settings /data/system/display_settings.xml; starting empty
I/InputManager( 3953): Starting input manager
I/SystemServer( 3953): Bluetooth Manager Service
D/EventHub( 3953): No input device configuration file found for device 'Android Power Button'.
D/BluetoothManagerService( 3953): Loading stored name and address
D/BluetoothManagerService( 3953): Stored bluetooth Name=Android-x86,Address=22:22:83:40:A9:BE
I/SystemServer( 3953): Input Method Service
W/EventHub( 3953): Unable to disable kernel key repeat for /dev/input/event12: Function not implemented
I/EventHub( 3953): New device: id=1, fd=78, path='/dev/input/event12', name='Android Power Button', classes=0x1, configuration='', keyLayout='/system/usr/keylayout/Generic.kl', keyCharacterMap='/system/usr/keychars/Generic.kcm', builtinKeyboard=false, wakeMechanism=EPOLLWAKEUP, usingClockIoctl=true
I/EventHub( 3953): New device: id=2, fd=79, path='/dev/input/event11', name='SynPS/2 Synaptics TouchPad', classes=0x14, configuration='/system/usr/idc/SynPS_2_Synaptics_TouchPad.idc', keyLayout='', keyCharacterMap='', builtinKeyboard=false, wakeMechanism=EPOLLWAKEUP, usingClockIoctl=true
E/EventHub( 3953): could not get driver version for /dev/input/mouse0, Not a typewriter
W/InputMethodManagerService( 3953): Couldn't create dir.: /data/system/inputmethod
I/EventHub( 3953): ignoring event id /dev/input/event2 driver Power Button
I/SystemServer( 3953): Accessibility Manager
D/EventHub( 3953): No input device configuration file found for device 'Lid Switch'.
I/EventHub( 3953): New device: id=3, fd=81, path='/dev/input/event1', name='Lid Switch', classes=0x80, configuration='', keyLayout='', keyCharacterMap='', builtinKeyboard=false, wakeMechanism=EPOLLWAKEUP, usingClockIoctl=true
I/EventHub( 3953): ignoring event id /dev/input/event0 driver Power Button
I/ActivityManager( 3953): Config changes=1df8 {1.0 ?mcc?mnc en_US ?layoutDir sw768dp w1366dp h768dp 160dpi xlrg long land ?uimode ?night -touch -keyb/v/h -nav/h s.2}
D/EventHub( 3953): No input device configuration file found for device 'Video Bus'.
W/EventHub( 3953): Unable to disable kernel key repeat for /dev/input/event3: Function not implemented
I/EventHub( 3953): New device: id=4, fd=82, path='/dev/input/event3', name='Video Bus', classes=0x1, configuration='', keyLayout='/system/usr/keylayout/Generic.kl', keyCharacterMap='/system/usr/keychars/Generic.kcm', builtinKeyboard=false, wakeMechanism=EPOLLWAKEUP, usingClockIoctl=true
D/EventHub( 3953): No input device configuration file found for device 'PC Speaker'.
I/ActivityManager( 3953): Config changes=400 {1.0 ?mcc?mnc en_US ?layoutDir sw768dp w1366dp h695dp 160dpi xlrg long land ?uimode ?night -touch -keyb/v/h -nav/h s.3}
I/SystemServer( 3953): Mount Service
D/MountService( 3953): got storage path: null description: Internal storage primary: true removable: false emulated: true mtpReserve: 100 allowMassStorage: false maxFileSize: 0
D/MountService( 3953): addVolumeLocked() StorageVolume:
D/MountService( 3953): mStorageId=65537 mPath=/storage/emulated/0 mDescriptionId=17040805
D/MountService( 3953): mPrimary=true mRemovable=false mEmulated=true mMtpReserveSpace=100
D/MountService( 3953): mAllowMassStorage=false mMaxFileSize=0 mOwner=UserHandle{0} mUuid=null
D/MountService( 3953): mUserLabel=null mState=null
D/MountService( 3953): got storage path: /storage/sdcard1 description: SD card primary: false removable: true emulated: false mtpReserve: 0 allowMassStorage: false maxFileSize: 4294967296
D/MountService( 3953): addVolumeLocked() StorageVolume:
D/MountService( 3953): mStorageId=0 mPath=/storage/sdcard1 mDescriptionId=17040806 mPrimary=false
D/MountService( 3953): mRemovable=true mEmulated=false mMtpReserveSpace=0 mAllowMassStorage=false
D/MountService( 3953): mMaxFileSize=4294967296 mOwner=null mUuid=null mUserLabel=null mState=null
D/MountService( 3953): got storage path: /storage/usb0 description: USB storage primary: false removable: true emulated: false mtpReserve: 0 allowMassStorage: false maxFileSize: 4294967296
D/MountService( 3953): addVolumeLocked() StorageVolume:
D/MountService( 3953): mStorageId=0 mPath=/storage/usb0 mDescriptionId=17040807 mPrimary=false
D/MountService( 3953): mRemovable=true mEmulated=false mMtpReserveSpace=0 mAllowMassStorage=false
D/MountService( 3953): mMaxFileSize=4294967296 mOwner=null mUuid=null mUserLabel=null mState=null
D/MountService( 3953): got storage path: /storage/usb1 description: USB storage primary: false removable: true emulated: false mtpReserve: 0 allowMassStorage: false maxFileSize: 4294967296
D/MountService( 3953): addVolumeLocked() StorageVolume:
D/MountService( 3953): mStorageId=0 mPath=/storage/usb1 mDescriptionId=17040807 mPrimary=false
D/MountService( 3953): mRemovable=true mEmulated=false mMtpReserveSpace=0 mAllowMassStorage=false
D/MountService( 3953): mMaxFileSize=4294967296 mOwner=null mUuid=null mUserLabel=null mState=null
D/MountService( 3953): got storage path: /storage/usb2 description: USB storage primary: false removable: true emulated: false mtpReserve: 0 allowMassStorage: false maxFileSize: 4294967296
D/MountService( 3953): addVolumeLocked() StorageVolume:
D/MountService( 3953): mStorageId=0 mPath=/storage/usb2 mDescriptionId=17040807 mPrimary=false
D/MountService( 3953): mRemovable=true mEmulated=false mMtpReserveSpace=0 mAllowMassStorage=false
D/MountService( 3953): mMaxFileSize=4294967296 mOwner=null mUuid=null mUserLabel=null mState=null
D/MountService( 3953): got storage path: /storage/usb3 description: USB storage primary: false removable: true emulated: false mtpReserve: 0 allowMassStorage: false maxFileSize: 4294967296
D/MountService( 3953): addVolumeLocked() StorageVolume:
D/MountService( 3953): mStorageId=0 mPath=/storage/usb3 mDescriptionId=17040807 mPrimary=false
D/MountService( 3953): mRemovable=true mEmulated=false mMtpReserveSpace=0 mAllowMassStorage=false
D/MountService( 3953): mMaxFileSize=4294967296 mOwner=null mUuid=null mUserLabel=null mState=null
I/SystemServer( 3953): LockSettingsService
D/EventHub( 3953): No input device configuration file found for device 'AT Translated Set 2 keyboard'.
I/SystemServiceManager( 3953): Starting com.android.server.devicepolicy.DevicePolicyManagerService$Lifecycle
I/EventHub( 3953): New device: id=6, fd=87, path='/dev/input/event9', name='AT Translated Set 2 keyboard', classes=0x3, configuration='', keyLayout='/system/usr/keylayout/Generic.kl', keyCharacterMap='/system/usr/keychars/Generic.kcm', builtinKeyboard=false, wakeMechanism=EPOLLWAKEUP, usingClockIoctl=true
E/EventHub( 3953): could not get driver version for /dev/input/mice, Not a typewriter
W/MountService( 3953): Duplicate state transition (unmounted -> unmounted) for /storage/usb0
I/MountService( 3953): Media already mounted on daemon connection
D/MountService( 3953): volume state changed for /storage/usb1 (unmounted -> mounted)
D/MountService( 3953): volume state changed for /storage/usb2 (unmounted -> removed)
D/MountService( 3953): volume state changed for /storage/usb3 (unmounted -> removed)
I/PackageManager( 3953): No secure containers found
W/PackageManager( 3953): Unknown permission com.google.android.googleapps.permission.GOOGLE_AUTH in package com.android.providers.calendar
W/PackageManager( 3953): Unknown permission com.google.android.googleapps.permission.GOOGLE_AUTH.cl in package com.android.providers.calendar
W/PackageManager( 3953): Not granting permission android.permission.GLOBAL_SEARCH to package com.android.quicksearchbox (protectionLevel=18 flags=0x8be45)
W/PackageManager( 3953): Not granting permission android.permission.ACCESS_DOWNLOAD_MANAGER to package com.android.browser (protectionLevel=18 flags=0x9be45)
W/PackageManager( 3953): Not granting permission android.permission.SEND_DOWNLOAD_COMPLETED_INTENTS to package com.android.browser (protectionLevel=2 flags=0x9be45)
W/PackageManager( 3953): Not granting permission android.permission.BIND_WALLPAPER to package com.android.camera2 (protectionLevel=18 flags=0x58bc45)
W/PackageManager( 3953): Unknown permission android.permission.INSTALL_DRM in package com.android.mms
W/PackageManager( 3953): Unknown permission com.google.android.googleapps.permission.GOOGLE_AUTH.mail in package com.android.calendar
I/SystemServer( 3953): Status Bar
W/PackageManager( 3953): Unknown permission com.android.launcher.permission.READ_SETTINGS in package com.android.onetimeinitializer
W/PackageManager( 3953): Unknown permission com.android.launcher.permission.WRITE_SETTINGS in package com.android.onetimeinitializer
W/PackageManager( 3953): Unknown permission com.android.launcher.permission.READ_SETTINGS in package com.cyanogenmod.trebuchet
W/PackageManager( 3953): Unknown permission com.android.launcher.permission.WRITE_SETTINGS in package com.cyanogenmod.trebuchet
W/PackageManager( 3953): Not granting permission android.permission.DELETE_PACKAGES to package com.svox.pico (protectionLevel=18 flags=0x8be45)
W/PackageManager( 3953): Unknown permission com.cyanogenmod.filemanager.permissions.READ_THEME in package com.cyanogenmod.filemanager
W/PackageManager( 3953): Not granting permission android.permission.READ_LOGS to package org.videolan.vlc (protectionLevel=50 flags=0x18be44)
W/PackageManager( 3953): Unknown permission com.google.android.googleapps.permission.GOOGLE_AUTH in package com.android.settings
W/PackageManager( 3953): Unknown permission com.android.launcher.permission.READ_SETTINGS in package com.android.settings
W/PackageManager( 3953): Unknown permission com.android.launcher.permission.WRITE_SETTINGS in package com.android.settings
W/PackageManager( 3953): Unknown permission com.android.smspush.WAPPUSH_MANAGER_BIND in package com.android.phone
W/PackageManager( 3953): Not granting permission android.permission.DEVICE_POWER to package com.android.deskclock (protectionLevel=2 flags=0x48be45)
W/PackageManager( 3953): Unknown permission com.google.android.gallery3d.permission.GALLERY_PROVIDER in package com.android.bluetooth
W/PackageManager( 3953): Unknown permission com.google.android.googleapps.permission.ACCESS_GOOGLE_PASSWORD in package com.android.development
W/PackageManager( 3953): Unknown permission com.google.android.googleapps.permission.GOOGLE_AUTH in package com.android.development
W/PackageManager( 3953): Unknown permission com.google.android.googleapps.permission.GOOGLE_AUTH.ALL_SERVICES in package com.android.development
W/PackageManager( 3953): Unknown permission com.google.android.googleapps.permission.GOOGLE_AUTH.YouTubeUser in package com.android.development
I/SystemServer( 3953): Clipboard Service
D/EventHub( 3953): No input device configuration file found for device 'Ideapad extra buttons'.
I/SystemServer( 3953): NetworkManagement Service
W/EventHub( 3953): Unable to disable kernel key repeat for /dev/input/event4: Function not implemented
I/EventHub( 3953): New device: id=7, fd=89, path='/dev/input/event4', name='Ideapad extra buttons', classes=0x1, configuration='', keyLayout='/system/usr/keylayout/Generic.kl', keyCharacterMap='/system/usr/keychars/Generic.kcm', builtinKeyboard=false, wakeMechanism=EPOLLWAKEUP, usingClockIoctl=true
D/EventHub( 3953): No input device configuration file found for device 'HD-Audio Generic Headphone'.
I/EventHub( 3953): New device: id=8, fd=90, path='/dev/input/event7', name='HD-Audio Generic Headphone', classes=0x80, configuration='', keyLayout='', keyCharacterMap='', builtinKeyboard=false, wakeMechanism=EPOLLWAKEUP, usingClockIoctl=true
D/EventHub( 3953): No input device configuration file found for device 'HD-Audio Generic Mic'.
I/EventHub( 3953): New device: id=9, fd=91, path='/dev/input/event6', name='HD-Audio Generic Mic', classes=0x80, configuration='', keyLayout='', keyCharacterMap='', builtinKeyboard=false, wakeMechanism=EPOLLWAKEUP, usingClockIoctl=true
D/EventHub( 3953): No input device configuration file found for device 'Lenovo EasyCamera'.
W/EventHub( 3953): Unable to disable kernel key repeat for /dev/input/event10: Function not implemented
I/EventHub( 3953): New device: id=10, fd=92, path='/dev/input/event10', name='Lenovo EasyCamera', classes=0x80000001, configuration='', keyLayout='/system/usr/keylayout/Generic.kl', keyCharacterMap='/system/usr/keychars/Generic.kcm', builtinKeyboard=false, wakeMechanism=EPOLLWAKEUP, usingClockIoctl=true
D/EventHub( 3953): No input device configuration file found for device 'HD-Audio Generic HDMI/DP,pcm=3'.
I/EventHub( 3953): New device: id=11, fd=93, path='/dev/input/event5', name='HD-Audio Generic HDMI/DP,pcm=3', classes=0x80, configuration='', keyLayout='', keyCharacterMap='', builtinKeyboard=false, wakeMechanism=EPOLLWAKEUP, usingClockIoctl=true
I/InputReader( 3953): Device added: id=-1, name='Virtual', sources=0x00000301
I/InputReader( 3953): Device added: id=11, name='HD-Audio Generic HDMI/DP,pcm=3', sources=0x80000000
I/InputReader( 3953): Device added: id=10, name='Lenovo EasyCamera', sources=0x00000101
I/InputReader( 3953): Device added: id=9, name='HD-Audio Generic Mic', sources=0x80000000
I/InputReader( 3953): Device added: id=8, name='HD-Audio Generic Headphone', sources=0x80000000
I/InputReader( 3953): Device added: id=7, name='Ideapad extra buttons', sources=0x00000101
I/InputReader( 3953): Device added: id=6, name='AT Translated Set 2 keyboard', sources=0x00000101
I/InputReader( 3953): Device added: id=4, name='Video Bus', sources=0x00000101
I/InputReader( 3953): Device added: id=3, name='Lid Switch', sources=0x80000000
I/InputReader( 3953): Touch device 'SynPS/2 Synaptics TouchPad' could not query the properties of its associated display. The device will be inoperable until the display size becomes available.
I/InputReader( 3953): Device added: id=2, name='SynPS/2 Synaptics TouchPad', sources=0x00002002
I/InputReader( 3953): Device added: id=1, name='Android Power Button', sources=0x00000101
I/InputReader( 3953): Reconfiguring input devices. changes=0x00000004
I/InputReader( 3953): Device reconfigured: id=2, name='SynPS/2 Synaptics TouchPad', size 1366x768, orientation 0, mode 4, display id 0
I/ActivityManager( 3953): Config changes=30 {1.0 ?mcc?mnc en_US ?layoutDir sw768dp w1366dp h695dp 160dpi xlrg long land ?uimode ?night -touch qwerty/v/v -nav/h s.4}
I/SystemServer( 3953): Text Service Manager Service
I/SystemServer( 3953): Network Score Service
I/SystemServer( 3953): NetworkStats Service
I/SystemServer( 3953): NetworkPolicy Service
I/SystemServiceManager( 3953): Starting com.android.server.wifi.p2p.WifiP2pService
I/WifiP2pService( 3953): Registering wifip2p
I/SystemServiceManager( 3953): Starting com.android.server.wifi.WifiService
W/art ( 3953): Suspending all threads took: 9.105ms
I/art ( 3953): Background partial concurrent mark sweep GC freed 7667(573KB) AllocSpace objects, 3(48KB) LOS objects, 33% free, 5MB/7MB, paused 9.790ms total 32.372ms
E/WifiConfigStore( 3953): associatedPartialScanPeriodMilli set to 20000
D/WifiController( 3953): isAirplaneModeOn = false, isWifiEnabled = true, isScanningAvailable = false
I/WifiService( 3953): Registering wifi
I/SystemServiceManager( 3953): Starting com.android.server.wifi.WifiScanningService
I/WifiScanningService( 3953): Creating wifiscanner
I/WifiScanningService( 3953): Starting wifiscanner
I/SystemServiceManager( 3953): Starting com.android.server.wifi.RttService
I/RttService( 3953): Creating rttmanager
I/RttService( 3953): Starting rttmanager
I/SystemServiceManager( 3953): Starting com.android.server.ethernet.EthernetService
I/EthernetServiceImpl( 3953): Creating EthernetConfigStore
E/IpConfigStore( 3953): Error parsing configuration: java.io.FileNotFoundException: /data/misc/ethernet/ipconfig.txt: open failed: ENOENT (No such file or directory)
W/EthernetConfigStore( 3953): No Ethernet configuration found. Using default.
I/EthernetServiceImpl( 3953): Read stored IP configuration: IP assignment: DHCP
I/EthernetServiceImpl( 3953): Proxy settings: NONE
I/EthernetService( 3953): Registering service ethernet
I/SystemServer( 3953): Connectivity Service
D/ConnectivityService( 3953): ConnectivityService starting up
