04-26 20:17:44.233 1584 1584 E audio_hw_primary: Failed to open /system/etc/mixer_paths.xml
04-26 20:17:44.233 1584 1584 W DeviceHAL: Device 0xf64cb000 set_master_volume: Function not implemented
04-26 20:17:44.233 1579 1579 I AudioFlinger: loadHwModule() Loaded primary audio interface, handle 10
04-26 20:17:44.233 1579 1579 I AudioFlinger: openOutput() this 0xe9335000, module 10 Device 2, SamplingRate 48000, Format 0x000001, Channels 3, flags 2
04-26 20:17:44.233 1584 1584 I audio_hw_primary: choose pcmC1D0p for 0
04-26 20:17:44.233 1579 1579 I AudioFlinger: HAL output buffer size 512 frames, normal sink buffer size 1024 frames
04-26 20:17:44.234 1584 1584 E EffectsConfig: Failed to parse /vendor/etc/audio_effects.xml: Tinyxml2 error (3): /vendor/etc/audio_effects.xml (null)
04-26 20:17:44.234 1584 1584 E EffectsFactoryConfigLoader: Failed to parse XML configuration file
04-26 20:17:44.234 1584 1584 W EffectsFactory: Failed to load XML effect configuration, fallback to .conf
04-26 20:17:44.235 1579 1579 I BufferProvider: found effect "Multichannel Downmix To Stereo" from The Android Open Source Project
04-26 20:17:44.235 1579 1579 I AudioFlinger: Using module 10 as the primary audio interface
04-26 20:17:44.236 1579 1614 I AudioFlinger: AudioFlinger's thread 0xe9203cc0 tid=1614 ready to run
04-26 20:17:44.236 1579 1614 W AudioFlinger: no wake lock to update, system not ready yet
04-26 20:17:44.236 1579 1579 W AudioFlinger: moveEffects() bad srcOutput 0
04-26 20:17:44.236 1579 1614 W AudioFlinger: no wake lock to update, system not ready yet
04-26 20:17:44.236 1584 1584 W DeviceHAL: Device 0xf64cb000 set_voice_volume: Function not implemented
04-26 20:17:44.237 1580 1580 I cameraserver: ServiceManager: 0xedab03c0
04-26 20:17:44.237 1580 1580 I CameraService: CameraService started (pid=1580)
04-26 20:17:44.237 1580 1580 I CameraService: CameraService process starting
04-26 20:17:44.237 1580 1580 W BatteryNotifier: batterystats service unavailable!
04-26 20:17:44.238 1580 1580 W BatteryNotifier: batterystats service unavailable!
04-26 20:17:44.238 1580 1580 I CameraProviderManager: Connecting to new camera provider: legacy/0, isRemote? 1
04-26 20:17:44.238 1580 1580 I CameraProviderManager: Enumerating new camera device: device@1.0/legacy/0
04-26 20:17:44.238 1397 1468 D Camera_Factory: CameraFactory::get_number_of_cameras
04-26 20:17:44.239 1397 1468 D Camera_Factory: CameraFactory::getCameraNum: 1
04-26 20:17:44.239 1397 1468 I CamDev@1.0-impl: Opening camera 0
04-26 20:17:44.239 1397 1468 D Camera_Factory: CameraFactory::get_camera_info
04-26 20:17:44.239 1397 1468 D Camera_Factory: CameraFactory::getCameraInfo: id = 0, info = 0xe8a7f138
04-26 20:17:44.239 1397 1468 D Camera_Factory: CameraFactory::getCameraNum: 1
04-26 20:17:44.239 1397 1468 D Camera_Factory: CameraFactory::device_open: name = 0
04-26 20:17:44.239 1397 1468 D Camera_Factory: CameraFactory::cameraDeviceOpen: id = 0
04-26 20:17:44.239 1397 1468 D Camera_Factory: CameraFactory::getCameraNum: 1
04-26 20:17:44.239 1397 1468 D CameraHardware: CameraHardware::connectCamera: /dev/video0
04-26 20:17:44.239 1397 1468 D CameraHardware: CameraHardware::setCallbacks
04-26 20:17:44.239 1397 1468 D CameraHardware: CameraHardware::getParameters
04-26 20:17:44.239 1397 1468 D CameraHardware: CameraHardware::putParameters
04-26 20:17:44.239 1397 1468 I CamDev@1.0-impl: Closing camera 0
04-26 20:17:44.239 1397 1468 D CameraHardware: CameraHardware::closeCamera
04-26 20:17:44.239 1397 1468 D CameraHardware: CameraHardware::releaseCamera
04-26 20:17:44.239 1580 1580 I CameraProviderManager: Camera provider legacy/0 ready with 1 camera devices
04-26 20:17:44.257 1580 1580 I CameraHardwareInterface: Opening camera 0
04-26 20:17:44.257 1397 1468 I CamDev@1.0-impl: Opening camera 0
04-26 20:17:44.257 1397 1468 D Camera_Factory: CameraFactory::get_camera_info
04-26 20:17:44.257 1397 1468 D Camera_Factory: CameraFactory::getCameraInfo: id = 0, info = 0xe8a7f138
04-26 20:17:44.257 1397 1468 D Camera_Factory: CameraFactory::getCameraNum: 1
04-26 20:17:44.257 1397 1468 D Camera_Factory: CameraFactory::device_open: name = 0
04-26 20:17:44.257 1397 1468 D Camera_Factory: CameraFactory::cameraDeviceOpen: id = 0
04-26 20:17:44.257 1397 1468 D Camera_Factory: CameraFactory::getCameraNum: 1
04-26 20:17:44.257 1397 1468 D CameraHardware: CameraHardware::connectCamera: /dev/video0
04-26 20:17:44.257 1397 1468 D CameraHardware: CameraHardware::setCallbacks
04-26 20:17:44.257 1397 1468 D CameraHardware: CameraHardware::getParameters
04-26 20:17:44.257 1397 1468 D CameraHardware: CameraHardware::putParameters
04-26 20:17:44.258 1397 1468 D CameraHardware: CameraHardware::setPreviewWindow: preview_stream_ops: 0xe95b0484
04-26 20:17:44.258 1397 1468 D CameraHardware: Trivially accept it. No changes detected
04-26 20:17:44.258 1397 1468 D CameraHardware: CameraHardware::stopPreview
04-26 20:17:44.258 1397 1468 D CameraHardware: CameraHardware::stopPreviewLocked
04-26 20:17:44.258 1397 1468 D CameraHardware: CameraHardware::stopPreviewLocked: OK
04-26 20:17:44.258 1397 1468 D CameraHardware: CameraHardware::setPreviewWindow: preview_stream_ops: 0x0
04-26 20:17:44.258 1397 1468 I CamDev@1.0-impl: Closing camera 0
04-26 20:17:44.258 1397 1468 D CameraHardware: CameraHardware::closeCamera
04-26 20:17:44.258 1397 1468 D CameraHardware: CameraHardware::releaseCamera
04-26 20:17:44.258 1580 1580 I CameraService: onDeviceStatusChanged: Status changed for cameraId=0, newStatus=1
04-26 20:17:44.258 1580 1580 E CameraService: onDeviceStatusChanged: State transition to the same status 0x1 not allowed
04-26 20:17:44.258 1578 1578 D Zygote64Timing: PostZygoteInitGC took to complete: 32ms
04-26 20:17:44.258 1578 1578 D Zygote64Timing: ZygoteInit took to complete: 320ms
04-26 20:17:44.259 1580 1616 W CameraProviderManager: addProviderLocked: Camera provider HAL with name 'legacy/0' already registered
04-26 20:17:44.259 1580 1616 I CameraService: onDeviceStatusChanged: Status changed for cameraId=0, newStatus=1
04-26 20:17:44.259 1580 1616 E CameraService: onDeviceStatusChanged: State transition to the same status 0x1 not allowed
04-26 20:17:44.259 1584 1606 W DeviceHAL: Device 0xf64cb000 open_input_stream: Invalid argument
04-26 20:17:44.260 1579 1620 I AudioFlinger: AudioFlinger's thread 0xe8d83a80 tid=1620 ready to run
04-26 20:17:44.262 1579 1579 I bt_a2dp_hw: adev_open: adev_open in A2dp_hw module
04-26 20:17:44.262 1579 1579 I AudioFlinger: loadHwModule() Loaded a2dp audio interface, handle 18
04-26 20:17:44.262 1584 1606 D vndksupport: Loading /vendor/lib/hw/audio.usb.default.so from current namespace instead of sphal namespace.
04-26 20:17:44.263 1579 1579 I AudioFlinger: loadHwModule() Loaded usb audio interface, handle 26
04-26 20:17:44.263 1579 1579 E EffectsConfig: Failed to parse /vendor/etc/audio_effects.xml: Tinyxml2 error (3): /vendor/etc/audio_effects.xml (null)
04-26 20:17:44.263 1579 1579 W AudioPolicyEffects: Failed to load XML effect configuration, fallback to .conf
04-26 20:17:44.264 1581 1581 I mediaserver: ServiceManager: 0xf45b0800
04-26 20:17:44.264 1579 1579 I SoundTriggerHalHidl: getProperties res implementor
04-26 20:17:44.264 1579 1579 I SoundTriggerHalHidl: getProperties ret -19
04-26 20:17:44.264 1579 1579 E SoundTriggerHwService: could not read implementation properties
04-26 20:17:44.265 1581 1581 W BatteryNotifier: batterystats service unavailable!
04-26 20:17:44.284 1622 1622 I chatty : uid=1000 system_server expire 55 lines
04-26 20:17:44.294 1622 1622 I SystemServer: InitBeforeStartServices
04-26 20:17:44.294 1622 1622 I SystemServer: Entered the Android system server!
04-26 20:17:44.390 1622 1622 D SystemServerTiming: InitBeforeStartServices took to complete: 96ms
04-26 20:17:44.390 1622 1622 I SystemServer: StartServices
04-26 20:17:44.390 1622 1622 I SystemServer: Reading configuration...
04-26 20:17:44.390 1622 1622 I SystemServer: ReadingSystemConfig
04-26 20:17:44.390 1622 1622 D SystemServerTiming: ReadingSystemConfig took to complete: 0ms
04-26 20:17:44.390 1622 1622 I SystemServer: StartInstaller
04-26 20:17:44.390 1622 1622 I SystemServiceManager: Starting com.android.server.pm.Installer
04-26 20:17:44.391 1622 1622 D SystemServerTiming: StartInstaller took to complete: 0ms
04-26 20:17:44.391 1622 1622 I SystemServer: DeviceIdentifiersPolicyService
04-26 20:17:44.391 1622 1622 I SystemServiceManager: Starting com.android.server.os.DeviceIdentifiersPolicyService
04-26 20:17:44.391 1622 1622 D SystemServerTiming: DeviceIdentifiersPolicyService took to complete: 1ms
04-26 20:17:44.391 1622 1622 I SystemServer: StartActivityManager
04-26 20:17:44.391 1622 1622 I SystemServiceManager: Starting com.android.server.am.ActivityManagerService$Lifecycle
04-26 20:17:44.398 1622 1622 I ActivityManager: Memory class: 192
04-26 20:17:44.404 1622 1635 D SystemServerInitThreadPool: Started executing ReadingSystemConfig
04-26 20:17:44.409 1622 1622 D BatteryStatsImpl: Reading daily items from /data/system/batterystats-daily.xml
04-26 20:17:44.426 1622 1635 D SystemServerInitThreadPool: Finished executing ReadingSystemConfig
04-26 20:17:44.427 1622 1640 I chatty : uid=1000 system_server expire 2 lines
04-26 20:17:44.438 1622 1640 E BatteryExternalStatsWorker: no controller energy info supplied for telephony
04-26 20:17:44.481 1622 1622 I IntentFirewall: Read new rules (A:0 B:2 S:1)
04-26 20:17:44.483 1402 1402 I power@1.0-servi: type=1400 audit(0.0:240): avc: denied { write } for name="online" dev="sysfs" ino=396 scontext=u:r:hal_power_default:s0 tcontext=u:object_r:sysfs_devices_system_cpu:s0 tclass=file permissive=1
04-26 20:17:44.483 1622 1622 W system_server: Failed to remove /dev/memcg/apps/uid_1036: Device or resource busy
04-26 20:17:44.483 1622 1622 W system_server: Failed to remove /dev/memcg/apps/uid_0/pid_1415: Device or resource busy
04-26 20:17:44.483 1622 1622 W system_server: Failed to remove /dev/memcg/apps/uid_0/pid_1405: Device or resource busy
04-26 20:17:44.483 1622 1622 W system_server: Failed to remove /dev/memcg/apps/uid_0/pid_1582: Device or resource busy
04-26 20:17:44.483 1622 1622 W system_server: Failed to remove /dev/memcg/apps/uid_0/pid_1411: Device or resource busy
04-26 20:17:44.483 1622 1622 W system_server: Failed to remove /dev/memcg/apps/uid_0/pid_1383: Device or resource busy
04-26 20:17:44.483 1622 1622 W system_server: Failed to remove /dev/memcg/apps/uid_0/pid_1307: Device or resource busy
04-26 20:17:44.483 1622 1622 W system_server: Failed to remove /dev/memcg/apps/uid_0/pid_1408: Device or resource busy
04-26 20:17:44.483 1622 1622 W system_server: Failed to remove /dev/memcg/apps/uid_0/pid_1406: Device or resource busy
04-26 20:17:44.483 1622 1622 W system_server: Failed to remove /dev/memcg/apps/uid_0/pid_1422: Device or resource busy
04-26 20:17:44.483 1622 1622 W system_server: Failed to remove /dev/memcg/apps/uid_0/pid_1392: Device or resource busy
04-26 20:17:44.483 1622 1622 W system_server: Failed to remove /dev/memcg/apps/uid_0/pid_1410: Device or resource busy
04-26 20:17:44.483 1622 1622 W system_server: Failed to remove /dev/memcg/apps/uid_0/pid_1409: Device or resource busy
04-26 20:17:44.483 1622 1622 W system_server: Failed to remove /dev/memcg/apps/uid_0/pid_1578: Device or resource busy
04-26 20:17:44.483 1622 1622 W system_server: Failed to remove /dev/memcg/apps/uid_0/pid_1407: Device or resource busy
04-26 20:17:44.483 1622 1622 W system_server: Failed to remove /dev/memcg/apps/uid_0: Device or resource busy
04-26 20:17:44.483 1622 1622 D AppOps : AppOpsService published
04-26 20:17:44.484 1622 1622 D SystemServerTiming: StartActivityManager took to complete: 92ms
04-26 20:17:44.484 1622 1622 I SystemServer: StartPowerManager
04-26 20:17:44.484 1622 1622 I SystemServiceManager: Starting com.android.server.power.PowerManagerService
04-26 20:17:44.484 1622 1622 I libsuspend: Selected wakeup count
04-26 20:17:44.504 1622 1622 D SystemServerTiming: StartPowerManager took to complete: 20ms
04-26 20:17:44.504 1622 1622 I SystemServer: InitPowerManagement
04-26 20:17:44.504 1622 1622 D SystemServerTiming: InitPowerManagement took to complete: 1ms
04-26 20:17:44.504 1622 1622 I SystemServer: StartRecoverySystemService
04-26 20:17:44.504 1622 1622 I SystemServiceManager: Starting com.android.server.RecoverySystemService
04-26 20:17:44.505 1622 1622 D SystemServerTiming: StartRecoverySystemService took to complete: 0ms
04-26 20:17:44.505 1622 1622 W RescueParty: Failed to determine if device was on USB
04-26 20:17:44.505 1622 1622 W RescueParty: java.io.FileNotFoundException: /sys/class/android_usb/android0/state (No such file or directory)
04-26 20:17:44.505 1622 1622 W RescueParty: at java.io.FileInputStream.open0(Native Method)
04-26 20:17:44.505 1622 1622 W RescueParty: at java.io.FileInputStream.open(FileInputStream.java:200)
04-26 20:17:44.505 1622 1622 W RescueParty: at java.io.FileInputStream.(FileInputStream.java:150)
04-26 20:17:44.505 1622 1622 W RescueParty: at android.os.FileUtils.readTextFile(FileUtils.java:262)
04-26 20:17:44.505 1622 1622 W RescueParty: at com.android.server.RescueParty.isUsbActive(RescueParty.java:345)
04-26 20:17:44.505 1622 1622 W RescueParty: at com.android.server.RescueParty.isDisabled(RescueParty.java:86)
04-26 20:17:44.505 1622 1622 W RescueParty: at com.android.server.RescueParty.noteBoot(RescueParty.java:105)
04-26 20:17:44.505 1622 1622 W RescueParty: at com.android.server.SystemServer.startBootstrapServices(SystemServer.java:551)
04-26 20:17:44.505 1622 1622 W RescueParty: at com.android.server.SystemServer.run(SystemServer.java:389)
04-26 20:17:44.505 1622 1622 W RescueParty: at com.android.server.SystemServer.main(SystemServer.java:267)
04-26 20:17:44.505 1622 1622 W RescueParty: at java.lang.reflect.Method.invoke(Native Method)
04-26 20:17:44.505 1622 1622 W RescueParty: at com.android.internal.os.RuntimeInit$MethodAndArgsCaller.run(RuntimeInit.java:463)
04-26 20:17:44.505 1622 1622 W RescueParty: at com.android.internal.os.ZygoteInit.main(ZygoteInit.java:787)
04-26 20:17:44.506 1622 1622 W RescueParty: Noticed 2 events for UID 0 in last 28 sec
04-26 20:17:44.506 1622 1622 I SystemServer: StartLightsService
04-26 20:17:44.506 1622 1622 I SystemServiceManager: Starting com.android.server.lights.LightsService
04-26 20:17:44.506 1622 1622 D SystemServerTiming: StartLightsService took to complete: 0ms
04-26 20:17:44.506 1622 1622 I SystemServer: StartDisplayManager
04-26 20:17:44.506 1622 1622 I SystemServiceManager: Starting com.android.server.display.DisplayManagerService
04-26 20:17:44.507 1622 1622 D SystemServerTiming: StartDisplayManager took to complete: 1ms
04-26 20:17:44.507 1622 1622 I SystemServer: WaitForDisplay
04-26 20:17:44.507 1622 1622 I SystemServiceManager: Starting phase 100
04-26 20:17:44.507 1622 1644 I DisplayManagerService: Display device added: DisplayDeviceInfo{"Écran intégré": uniqueId="local:0", 1600 x 900, modeId 1, defaultModeId 1, supportedModes [{id=1, width=1600, height=900, fps=85.44301}], colorMode 0, supportedColorModes [0], HdrCapabilities android.view.Display$HdrCapabilities@a69d6308, density 160, 160.0 x 159.86014 dpi, appVsyncOff 1000000, presDeadline 11703708, touch INTERNAL, rotation 0, type BUILT_IN, state UNKNOWN, FLAG_DEFAULT_DISPLAY, FLAG_ROTATES_WITH_CONTENT, FLAG_SECURE, FLAG_SUPPORTS_PROTECTED_BUFFERS}
04-26 20:17:44.508 1407 1407 I chatty : uid=0(root) /system/bin/surfaceflinger expire 4 lines
04-26 20:17:44.508 1622 1644 I DisplayManagerService: Display device changed state: "Écran intégré", ON
04-26 20:17:44.509 1622 1622 D SystemServerTiming: WaitForDisplay took to complete: 2ms
04-26 20:17:44.509 1622 1622 I SystemServer: StartPackageManagerService
04-26 20:17:44.512 1622 1622 D SELinuxMMAC: Using policy file /system/etc/selinux/plat_mac_permissions.xml
04-26 20:17:44.513 1622 1622 D SELinuxMMAC: Using policy file /vendor/etc/selinux/nonplat_mac_permissions.xml
04-26 20:17:44.519 1622 1647 I libsuspend: open event3(Power Button) ok fd=69
04-26 20:17:44.519 1622 1647 I libsuspend: open event1(Power Button) ok fd=70
04-26 20:17:44.546 1622 1622 W PackageSettings: Couldn't write 10077 to /config/sdcardfs/com.rami.puissance4/appid
04-26 20:17:44.546 1622 1622 W PackageSettings: Couldn't write 10007 to /config/sdcardfs/com.android.cts.priv.ctsshim/appid
04-26 20:17:44.546 1622 1622 W PackageSettings: Couldn't write 10070 to /config/sdcardfs/com.google.android.youtube/appid
04-26 20:17:44.546 1622 1622 W PackageSettings: Couldn't write 10017 to /config/sdcardfs/com.google.android.ext.services/appid
04-26 20:17:44.546 1622 1622 W PackageSettings: Couldn't write 10064 to /config/sdcardfs/com.example.android.rssreader/appid
04-26 20:17:44.546 1622 1622 W PackageSettings: Couldn't write 10082 to /config/sdcardfs/com.oasisfeng.greenify/appid
04-26 20:17:44.546 1622 1622 W PackageSettings: Couldn't write 1001 to /config/sdcardfs/com.android.providers.telephony/appid
04-26 20:17:44.546 1622 1622 W PackageSettings: Couldn't write 10001 to /config/sdcardfs/org.android_x86.analytics/appid
04-26 20:17:44.546 1622 1622 W PackageSettings: Couldn't write 10034 to /config/sdcardfs/com.google.android.googlequicksearchbox/appid
04-26 20:17:44.546 1622 1622 W PackageSettings: Couldn't write 10002 to /config/sdcardfs/com.android.providers.calendar/appid
04-26 20:17:44.546 1622 1622 W PackageSettings: Couldn't write 10009 to /config/sdcardfs/com.android.providers.media/appid
04-26 20:17:44.546 1622 1622 W PackageSettings: Couldn't write 10020 to /config/sdcardfs/com.google.android.onetimeinitializer/appid
04-26 20:17:44.546 1622 1622 W PackageSettings: Couldn't write 10054 to /config/sdcardfs/com.google.android.ext.shared/appid
04-26 20:17:44.546 1622 1622 W PackageSettings: Couldn't write 10033 to /config/sdcardfs/com.android.wallpapercropper/appid
04-26 20:17:44.546 1622 1622 W PackageSettings: Couldn't write 10090 to /config/sdcardfs/com.applisto.appcloner/appid
04-26 20:17:44.546 1622 1622 W PackageSettings: Couldn't write 10076 to /config/sdcardfs/org.crape.rotationcontrol/appid
04-26 20:17:44.546 1622 1622 W PackageSettings: Couldn't write 10071 to /config/sdcardfs/com.speedsoftware.rootexplorer/appid
04-26 20:17:44.546 1622 1622 W PackageSettings: Couldn't write 1000 to /config/sdcardfs/org.zeroxlab.util.tscal/appid
04-26 20:17:44.546 1622 1622 W PackageSettings: Couldn't write 10011 to /config/sdcardfs/com.android.documentsui/appid
04-26 20:17:44.546 1622 1622 W PackageSettings: Couldn't write 10012 to /config/sdcardfs/com.android.externalstorage/appid
04-26 20:17:44.547 1622 1622 W PackageSettings: Couldn't write 10058 to /config/sdcardfs/com.android.htmlviewer/appid
04-26 20:17:44.547 1622 1622 W PackageSettings: Couldn't write 10073 to /config/sdcardfs/com.whatsapp/appid
04-26 20:17:44.547 1622 1622 W PackageSettings: Couldn't write 10045 to /config/sdcardfs/com.android.companiondevicemanager/appid
04-26 20:17:44.547 1622 1622 W PackageSettings: Couldn't write 1001 to /config/sdcardfs/com.android.mms.service/appid
04-26 20:17:44.547 1622 1622 W PackageSettings: Couldn't write 10079 to /config/sdcardfs/com.bionicapps.newsreader/appid
04-26 20:17:44.547 1622 1622 W PackageSettings: Couldn't write 10009 to /config/sdcardfs/com.android.providers.downloads/appid
04-26 20:17:44.547 1622 1622 W PackageSettings: Couldn't write 10072 to /config/sdcardfs/com.keramidas.TitaniumBackup/appid
04-26 20:17:44.547 1622 1622 W PackageSettings: Couldn't write 10080 to /config/sdcardfs/org.schabi.newpipe/appid
04-26 20:17:44.547 1622 1622 W PackageSettings: Couldn't write 10006 to /config/sdcardfs/com.android.defcontainer/appid
04-26 20:17:44.547 1622 1622 W PackageSettings: Couldn't write 10094 to /config/sdcardfs/com.tpcstld.twozerogame/appid
04-26 20:17:44.547 1622 1622 W PackageSettings: Couldn't write 10009 to /config/sdcardfs/com.android.providers.downloads.ui/appid
04-26 20:17:44.547 1622 1622 W PackageSettings: Couldn't write 10025 to /config/sdcardfs/com.android.vending/appid
04-26 20:17:44.547 1622 1622 W PackageSettings: Couldn't write 10063 to /config/sdcardfs/com.android.pacprocessor/appid
04-26 20:17:44.547 1622 1622 W PackageSettings: Couldn't write 10095 to /config/sdcardfs/com.tws.aviwatch/appid
04-26 20:17:44.547 1622 1622 W PackageSettings: Couldn't write 10046 to /config/sdcardfs/com.android.certinstaller/appid
04-26 20:17:44.547 1622 1622 W PackageSettings: Couldn't write 10004 to /config/sdcardfs/com.android.carrierconfig/appid
04-26 20:17:44.547 1622 1622 W PackageSettings: Couldn't write 10093 to /config/sdcardfs/com.advancedprocessmanager/appid
04-26 20:17:44.547 1622 1622 W PackageSettings: Couldn't write 1000 to /config/sdcardfs/android/appid
04-26 20:17:44.547 1622 1622 W PackageSettings: Couldn't write 10010 to /config/sdcardfs/com.android.contacts/appid
04-26 20:17:44.547 1622 1622 W PackageSettings: Couldn't write 10044 to /config/sdcardfs/com.android.camera2/appid
04-26 20:17:44.547 1622 1622 W PackageSettings: Couldn't write 10078 to /config/sdcardfs/com.eolwral.osmonitor/appid
04-26 20:17:44.547 1622 1622 W PackageSettings: Couldn't write 10049 to /config/sdcardfs/com.android.egg/appid
04-26 20:17:44.547 1622 1622 W PackageSettings: Couldn't write 10009 to /config/sdcardfs/com.android.mtp/appid
04-26 20:17:44.548 1622 1622 W PackageSettings: Couldn't write 10022 to /config/sdcardfs/com.android.launcher3/appid
04-26 20:17:44.548 1622 1622 W PackageSettings: Couldn't write 10003 to /config/sdcardfs/com.android.backupconfirm/appid
04-26 20:17:44.548 1622 1622 W PackageSettings: Couldn't write 10081 to /config/sdcardfs/com.buak.Link2SD/appid
04-26 20:17:44.548 1622 1622 W PackageSettings: Couldn't write 10028 to /config/sdcardfs/com.android.statementservice/appid
04-26 20:17:44.548 1622 1622 W PackageSettings: Couldn't write 10059 to /config/sdcardfs/com.google.android.gm/appid
04-26 20:17:44.548 1622 1622 W PackageSettings: Couldn't write 10042 to /config/sdcardfs/com.android.calendar/appid
04-26 20:17:44.548 1622 1622 W PackageSettings: Couldn't write 10000 to /config/sdcardfs/com.android.systemui.theme.dark/appid
04-26 20:17:44.548 1622 1622 W PackageSettings: Couldn't write 10027 to /config/sdcardfs/com.google.android.setupwizard/appid
04-26 20:17:44.548 1622 1622 W PackageSettings: Couldn't write 1000 to /config/sdcardfs/com.android.providers.settings/appid
04-26 20:17:44.548 1622 1622 W PackageSettings: Couldn't write 10026 to /config/sdcardfs/com.android.sharedstoragebackup/appid
04-26 20:17:44.548 1622 1622 W PackageSettings: Couldn't write 10065 to /config/sdcardfs/com.android.printspooler/appid
04-26 20:17:44.548 1622 1622 W PackageSettings: Couldn't write 10035 to /config/sdcardfs/com.android.dreams.basic/appid
04-26 20:17:44.548 1622 1622 W PackageSettings: Couldn't write 1000 to /config/sdcardfs/com.android.inputdevices/appid
04-26 20:17:44.548 1622 1622 W PackageSettings: Couldn't write 10084 to /config/sdcardfs/com.androidfung.drminfo/appid
04-26 20:17:44.548 1622 1622 W PackageSettings: Couldn't write 10040 to /config/sdcardfs/com.android.bips/appid
04-26 20:17:44.548 1622 1622 W PackageSettings: Couldn't write 10085 to /config/sdcardfs/com.google.android.apps.docs/appid
04-26 20:17:44.548 1622 1622 W PackageSettings: Couldn't write 10008 to /config/sdcardfs/com.android.cellbroadcastreceiver/appid
04-26 20:17:44.548 1622 1622 W PackageSettings: Couldn't write 10069 to /config/sdcardfs/com.google.android.webview/appid
04-26 20:17:44.548 1622 1622 W PackageSettings: Couldn't write 10056 to /config/sdcardfs/com.google.android.syncadapters.contacts/appid
04-26 20:17:44.548 1622 1622 W PackageSettings: Couldn't write 10061 to /config/sdcardfs/com.example.android.notepad/appid
04-26 20:17:44.548 1622 1622 W PackageSettings: Couldn't write 1000 to /config/sdcardfs/com.android.keychain/appid
04-26 20:17:44.548 1622 1622 W PackageSettings: Couldn't write 10051 to /config/sdcardfs/com.android.chrome/appid
04-26 20:17:44.548 1622 1622 W PackageSettings: Couldn't write 10018 to /config/sdcardfs/com.android.dialer/appid
04-26 20:17:44.548 1622 1622 W PackageSettings: Couldn't write 10053 to /config/sdcardfs/com.android.gallery3d/appid
04-26 20:17:44.549 1622 1622 W PackageSettings: Couldn't write 10019 to /config/sdcardfs/com.google.android.packageinstaller/appid
04-26 20:17:44.549 1622 1622 W PackageSettings: Couldn't write 10015 to /config/sdcardfs/com.google.android.gms/appid
04-26 20:17:44.549 1622 1622 W PackageSettings: Couldn't write 10015 to /config/sdcardfs/com.google.android.gsf/appid
04-26 20:17:44.549 1622 1622 W PackageSettings: Couldn't write 10005 to /config/sdcardfs/com.android.calllogbackup/appid
04-26 20:17:44.549 1622 1622 W PackageSettings: Couldn't write 10021 to /config/sdcardfs/com.google.android.partnersetup/appid
04-26 20:17:44.549 1622 1622 W PackageSettings: Couldn't write 10037 to /config/sdcardfs/com.android.basicsmsreceiver/appid
04-26 20:17:44.549 1622 1622 W PackageSettings: Couldn't write 10041 to /config/sdcardfs/com.android.carrierdefaultapp/appid
04-26 20:17:44.549 1622 1622 W PackageSettings: Couldn't write 10067 to /config/sdcardfs/com.svox.pico/appid
04-26 20:17:44.549 1622 1622 W PackageSettings: Couldn't write 10091 to /config/sdcardfs/com.gmail.heagoo.apkeditor.pro/appid
04-26 20:17:44.549 1622 1622 W PackageSettings: Couldn't write 10089 to /config/sdcardfs/rikka.appops/appid
04-26 20:17:44.549 1622 1622 W PackageSettings: Couldn't write 10024 to /config/sdcardfs/com.android.proxyhandler/appid
04-26 20:17:44.549 1622 1622 W PackageSettings: Couldn't write 10062 to /config/sdcardfs/com.android.inputmethod.latin/appid
04-26 20:17:44.549 1622 1622 W PackageSettings: Couldn't write 10013 to /config/sdcardfs/org.lineageos.eleven/appid
04-26 20:17:44.549 1622 1622 W PackageSettings: Couldn't write 10016 to /config/sdcardfs/com.google.android.feedback/appid
04-26 20:17:44.549 1622 1622 W PackageSettings: Couldn't write 10055 to /config/sdcardfs/com.google.android.printservice.recommendation/appid
04-26 20:17:44.549 1622 1622 W PackageSettings: Couldn't write 10057 to /config/sdcardfs/com.google.android.syncadapters.calendar/appid
04-26 20:17:44.549 1622 1622 W PackageSettings: Couldn't write 10023 to /config/sdcardfs/com.android.managedprovisioning/appid
04-26 20:17:44.549 1622 1622 W PackageSettings: Couldn't write 10074 to /config/sdcardfs/com.spotify.music/appid
04-26 20:17:44.549 1622 1622 W PackageSettings: Couldn't write 10066 to /config/sdcardfs/com.android.providers.partnerbookmarks/appid
04-26 20:17:44.549 1622 1622 W PackageSettings: Couldn't write 10015 to /config/sdcardfs/com.google.android.gsf.login/appid
04-26 20:17:44.549 1622 1622 W PackageSettings: Couldn't write 10060 to /config/sdcardfs/com.android.wallpaper.livepicker/appid
04-26 20:17:44.549 1622 1622 W PackageSettings: Couldn't write 10083 to /config/sdcardfs/org.mozilla.firefox/appid
04-26 20:17:44.549 1622 1622 W PackageSettings: Couldn't write 10036 to /config/sdcardfs/jackpal.androidterm/appid
04-26 20:17:44.550 1622 1622 W PackageSettings: Couldn't write 10015 to /config/sdcardfs/com.google.android.backuptransport/appid
04-26 20:17:44.550 1622 1622 W PackageSettings: Couldn't write 10075 to /config/sdcardfs/eu.thedarken.sdm/appid
04-26 20:17:44.550 1622 1622 W PackageSettings: Couldn't write 10029 to /config/sdcardfs/com.android.storagemanager/appid
04-26 20:17:44.550 1622 1622 W PackageSettings: Couldn't write 10038 to /config/sdcardfs/com.android.bookmarkprovider/appid
04-26 20:17:44.550 1622 1622 W PackageSettings: Couldn't write 1000 to /config/sdcardfs/com.android.settings/appid
04-26 20:17:44.550 1622 1622 W PackageSettings: Couldn't write 10031 to /config/sdcardfs/com.farmerbb.taskbar.androidx86/appid
04-26 20:17:44.550 1622 1622 W PackageSettings: Couldn't write 10052 to /config/sdcardfs/com.android.calculator2/appid
04-26 20:17:44.550 1622 1622 W PackageSettings: Couldn't write 10047 to /config/sdcardfs/com.android.cts.ctsshim/appid
04-26 20:17:44.550 1622 1622 W PackageSettings: Couldn't write 10092 to /config/sdcardfs/com.spring.bird.anycut/appid
04-26 20:17:44.550 1622 1622 W PackageSettings: Couldn't write 10032 to /config/sdcardfs/com.android.vpndialogs/appid
04-26 20:17:44.550 1622 1622 W PackageSettings: Couldn't write 1001 to /config/sdcardfs/com.android.phone/appid
04-26 20:17:44.550 1622 1622 W PackageSettings: Couldn't write 2000 to /config/sdcardfs/com.android.shell/appid
04-26 20:17:44.550 1622 1622 W PackageSettings: Couldn't write 1000 to /config/sdcardfs/com.android.wallpaperbackup/appid
04-26 20:17:44.550 1622 1622 W PackageSettings: Couldn't write 10005 to /config/sdcardfs/com.android.providers.blockednumber/appid
04-26 20:17:44.550 1622 1622 W PackageSettings: Couldn't write 10086 to /config/sdcardfs/com.king.candycrushsaga/appid
04-26 20:17:44.550 1622 1622 W PackageSettings: Couldn't write 10005 to /config/sdcardfs/com.android.providers.userdictionary/appid
04-26 20:17:44.550 1622 1622 W PackageSettings: Couldn't write 10014 to /config/sdcardfs/com.android.emergency/appid
04-26 20:17:44.550 1622 1622 W PackageSettings: Couldn't write 1000 to /config/sdcardfs/com.android.location.fused/appid
04-26 20:17:44.550 1622 1622 W PackageSettings: Couldn't write 10050 to /config/sdcardfs/com.android.deskclock/appid
04-26 20:17:44.550 1622 1622 W PackageSettings: Couldn't write 10030 to /config/sdcardfs/com.android.systemui/appid
04-26 20:17:44.550 1622 1622 W PackageSettings: Couldn't write 10039 to /config/sdcardfs/com.android.bluetoothmidiservice/appid
04-26 20:17:44.550 1622 1622 W PackageSettings: Couldn't write 1002 to /config/sdcardfs/com.android.bluetooth/appid
04-26 20:17:44.550 1622 1622 W PackageSettings: Couldn't write 10048 to /config/sdcardfs/com.android.development/appid
04-26 20:17:44.551 1622 1622 W PackageSettings: Couldn't write 10068 to /config/sdcardfs/com.android.wallpaperpicker/appid
04-26 20:17:44.551 1622 1622 W PackageSettings: Couldn't write 10005 to /config/sdcardfs/com.android.providers.contacts/appid
04-26 20:17:44.551 1622 1622 W PackageSettings: Couldn't write 10043 to /config/sdcardfs/com.android.captiveportallogin/appid
04-26 20:17:44.551 1622 1622 W PackageSettings: Couldn't write 10088 to /config/sdcardfs/com.elsdoerfer.android.autostarts/appid
04-26 20:17:44.551 1622 1622 W PackageManager: Wiping cache directory because the system partition changed.
04-26 20:17:44.554 1622 1622 W PackageManager: Failed to parse /system/framework/x86_64: Missing base APK in /system/framework/x86_64
04-26 20:17:44.557 1622 1622 W PackageManager: Failed to parse /system/framework/oat: Missing base APK in /system/framework/oat
04-26 20:17:44.558 1622 1622 W PackageManager: Failed to parse /system/framework/x86: Missing base APK in /system/framework/x86
04-26 20:17:44.637 1622 1622 W PackageManager: Failed to scan /system/priv-app/GmsCore: Package com.google.android.gms at /system/priv-app/GmsCore ignored: updated version 16091023 better than this 12688056
04-26 20:17:44.677 1622 1622 I system_server: type=1400 audit(0.0:245): avc: denied { getattr } for path="/vendor" dev="tmpfs" ino=5338 scontext=u:r:system_server:s0 tcontext=u:object_r:tmpfs:s0 tclass=lnk_file permissive=1
04-26 20:17:44.678 1622 1622 W PackageManager: Failed to scan /system/app/Gmail2: Package com.google.android.gm at /system/app/Gmail2 ignored: updated version 61339644 better than this 59252024
04-26 20:17:44.678 1622 1622 D PackageManager: No files in app dir /system/vendor/app
04-26 20:17:44.678 1622 1622 D PackageManager: No files in app dir /oem/app
04-26 20:17:44.679 1622 1622 I PackageManager: Finished scanning system apps. Time: 127 ms, packageCount: 91 , timePerPackage: 1 , cached: 93
04-26 20:17:44.724 1622 1622 D PackageManager: No files in app dir /data/app-private
04-26 20:17:44.724 1622 1622 I PackageManager: Finished scanning non-system apps. Time: 45 ms, packageCount: 26 , timePerPackage: 1 , cached: 26
04-26 20:17:44.728 1622 1622 I PackageManager: Time to scan packages: 0.176 seconds
04-26 20:17:44.730 1622 1622 V PackageManager: reconcileAppsData for null u0 0x3 migrateAppData=true
04-26 20:17:44.761 1622 1622 V PackageManager: reconcileAppsData finished 17 packages
04-26 20:17:44.761 1622 1668 D SystemServerInitThreadPool: Started executing prepareAppData
04-26 20:17:44.765 1622 1668 D SystemServerTimingAsync: AppDataFixup took to complete: 4ms
04-26 20:17:44.857 1622 1622 W PackageSettings: Couldn't write 10077 to /config/sdcardfs/com.rami.puissance4/appid
04-26 20:17:44.857 1622 1622 W PackageSettings: Couldn't write 10007 to /config/sdcardfs/com.android.cts.priv.ctsshim/appid
04-26 20:17:44.857 1622 1622 W PackageSettings: Couldn't write 10070 to /config/sdcardfs/com.google.android.youtube/appid
04-26 20:17:44.857 1622 1622 W PackageSettings: Couldn't write 10017 to /config/sdcardfs/com.google.android.ext.services/appid
04-26 20:17:44.857 1622 1622 W PackageSettings: Couldn't write 10064 to /config/sdcardfs/com.example.android.rssreader/appid
04-26 20:17:44.857 1622 1622 W PackageSettings: Couldn't write 10082 to /config/sdcardfs/com.oasisfeng.greenify/appid
04-26 20:17:44.858 1622 1622 W PackageSettings: Couldn't write 1001 to /config/sdcardfs/com.android.providers.telephony/appid
04-26 20:17:44.858 1622 1622 W PackageSettings: Couldn't write 10001 to /config/sdcardfs/org.android_x86.analytics/appid
04-26 20:17:44.858 1622 1622 W PackageSettings: Couldn't write 10034 to /config/sdcardfs/com.google.android.googlequicksearchbox/appid
04-26 20:17:44.858 1622 1622 W PackageSettings: Couldn't write 10002 to /config/sdcardfs/com.android.providers.calendar/appid
04-26 20:17:44.858 1622 1622 W PackageSettings: Couldn't write 10009 to /config/sdcardfs/com.android.providers.media/appid
04-26 20:17:44.858 1622 1622 W PackageSettings: Couldn't write 10020 to /config/sdcardfs/com.google.android.onetimeinitializer/appid
04-26 20:17:44.858 1622 1622 W PackageSettings: Couldn't write 10054 to /config/sdcardfs/com.google.android.ext.shared/appid
04-26 20:17:44.858 1622 1622 W PackageSettings: Couldn't write 10033 to /config/sdcardfs/com.android.wallpapercropper/appid
04-26 20:17:44.858 1622 1622 W PackageSettings: Couldn't write 10090 to /config/sdcardfs/com.applisto.appcloner/appid
04-26 20:17:44.858 1622 1622 W PackageSettings: Couldn't write 10076 to /config/sdcardfs/org.crape.rotationcontrol/appid
04-26 20:17:44.859 1622 1622 W PackageSettings: Couldn't write 10071 to /config/sdcardfs/com.speedsoftware.rootexplorer/appid
04-26 20:17:44.859 1622 1622 W PackageSettings: Couldn't write 1000 to /config/sdcardfs/org.zeroxlab.util.tscal/appid
04-26 20:17:44.859 1622 1622 W PackageSettings: Couldn't write 10011 to /config/sdcardfs/com.android.documentsui/appid
04-26 20:17:44.859 1622 1622 W PackageSettings: Couldn't write 10012 to /config/sdcardfs/com.android.externalstorage/appid
04-26 20:17:44.859 1622 1622 W PackageSettings: Couldn't write 10058 to /config/sdcardfs/com.android.htmlviewer/appid
04-26 20:17:44.859 1622 1622 W PackageSettings: Couldn't write 10073 to /config/sdcardfs/com.whatsapp/appid
04-26 20:17:44.859 1622 1622 W PackageSettings: Couldn't write 10045 to /config/sdcardfs/com.android.companiondevicemanager/appid
04-26 20:17:44.859 1622 1622 W PackageSettings: Couldn't write 1001 to /config/sdcardfs/com.android.mms.service/appid
04-26 20:17:44.859 1622 1622 W PackageSettings: Couldn't write 10079 to /config/sdcardfs/com.bionicapps.newsreader/appid
04-26 20:17:44.859 1622 1622 W PackageSettings: Couldn't write 10009 to /config/sdcardfs/com.android.providers.downloads/appid
04-26 20:17:44.859 1622 1622 W PackageSettings: Couldn't write 10072 to /config/sdcardfs/com.keramidas.TitaniumBackup/appid
04-26 20:17:44.860 1622 1622 W PackageSettings: Couldn't write 10080 to /config/sdcardfs/org.schabi.newpipe/appid
04-26 20:17:44.860 1622 1622 W PackageSettings: Couldn't write 10006 to /config/sdcardfs/com.android.defcontainer/appid
04-26 20:17:44.860 1622 1622 W PackageSettings: Couldn't write 10094 to /config/sdcardfs/com.tpcstld.twozerogame/appid
04-26 20:17:44.860 1622 1622 W PackageSettings: Couldn't write 10009 to /config/sdcardfs/com.android.providers.downloads.ui/appid
04-26 20:17:44.860 1622 1622 W PackageSettings: Couldn't write 10025 to /config/sdcardfs/com.android.vending/appid
04-26 20:17:44.860 1622 1622 W PackageSettings: Couldn't write 10063 to /config/sdcardfs/com.android.pacprocessor/appid
04-26 20:17:44.860 1622 1622 W PackageSettings: Couldn't write 10095 to /config/sdcardfs/com.tws.aviwatch/appid
04-26 20:17:44.860 1622 1622 W PackageSettings: Couldn't write 10046 to /config/sdcardfs/com.android.certinstaller/appid
04-26 20:17:44.860 1622 1622 W PackageSettings: Couldn't write 10004 to /config/sdcardfs/com.android.carrierconfig/appid
04-26 20:17:44.860 1622 1622 W PackageSettings: Couldn't write 10093 to /config/sdcardfs/com.advancedprocessmanager/appid
04-26 20:17:44.860 1622 1622 W PackageSettings: Couldn't write 1000 to /config/sdcardfs/android/appid
04-26 20:17:44.861 1622 1622 W PackageSettings: Couldn't write 10010 to /config/sdcardfs/com.android.contacts/appid
04-26 20:17:44.861 1622 1622 W PackageSettings: Couldn't write 10044 to /config/sdcardfs/com.android.camera2/appid
04-26 20:17:44.861 1622 1622 W PackageSettings: Couldn't write 10078 to /config/sdcardfs/com.eolwral.osmonitor/appid
04-26 20:17:44.861 1622 1622 W PackageSettings: Couldn't write 10049 to /config/sdcardfs/com.android.egg/appid
04-26 20:17:44.861 1622 1622 W PackageSettings: Couldn't write 10009 to /config/sdcardfs/com.android.mtp/appid
04-26 20:17:44.861 1622 1622 W PackageSettings: Couldn't write 10022 to /config/sdcardfs/com.android.launcher3/appid
04-26 20:17:44.861 1622 1622 W PackageSettings: Couldn't write 10003 to /config/sdcardfs/com.android.backupconfirm/appid
04-26 20:17:44.861 1622 1622 W PackageSettings: Couldn't write 10081 to /config/sdcardfs/com.buak.Link2SD/appid
04-26 20:17:44.861 1622 1622 W PackageSettings: Couldn't write 10028 to /config/sdcardfs/com.android.statementservice/appid
04-26 20:17:44.861 1622 1622 W PackageSettings: Couldn't write 10059 to /config/sdcardfs/com.google.android.gm/appid
04-26 20:17:44.861 1622 1622 W PackageSettings: Couldn't write 10042 to /config/sdcardfs/com.android.calendar/appid
04-26 20:17:44.862 1622 1622 W PackageSettings: Couldn't write 10000 to /config/sdcardfs/com.android.systemui.theme.dark/appid
04-26 20:17:44.862 1622 1622 W PackageSettings: Couldn't write 10027 to /config/sdcardfs/com.google.android.setupwizard/appid
04-26 20:17:44.862 1622 1622 W PackageSettings: Couldn't write 1000 to /config/sdcardfs/com.android.providers.settings/appid
04-26 20:17:44.862 1622 1622 W PackageSettings: Couldn't write 10026 to /config/sdcardfs/com.android.sharedstoragebackup/appid
04-26 20:17:44.862 1622 1622 W PackageSettings: Couldn't write 10065 to /config/sdcardfs/com.android.printspooler/appid
04-26 20:17:44.862 1622 1622 W PackageSettings: Couldn't write 10035 to /config/sdcardfs/com.android.dreams.basic/appid
04-26 20:17:44.862 1622 1622 W PackageSettings: Couldn't write 1000 to /config/sdcardfs/com.android.inputdevices/appid
04-26 20:17:44.862 1622 1622 W PackageSettings: Couldn't write 10084 to /config/sdcardfs/com.androidfung.drminfo/appid
04-26 20:17:44.862 1622 1622 W PackageSettings: Couldn't write 10040 to /config/sdcardfs/com.android.bips/appid
04-26 20:17:44.862 1622 1622 W PackageSettings: Couldn't write 10085 to /config/sdcardfs/com.google.android.apps.docs/appid
04-26 20:17:44.862 1622 1622 W PackageSettings: Couldn't write 10008 to /config/sdcardfs/com.android.cellbroadcastreceiver/appid
04-26 20:17:44.863 1622 1622 W PackageSettings: Couldn't write 10069 to /config/sdcardfs/com.google.android.webview/appid
04-26 20:17:44.863 1622 1622 W PackageSettings: Couldn't write 10056 to /config/sdcardfs/com.google.android.syncadapters.contacts/appid
04-26 20:17:44.863 1622 1622 W PackageSettings: Couldn't write 10061 to /config/sdcardfs/com.example.android.notepad/appid
04-26 20:17:44.863 1622 1622 W PackageSettings: Couldn't write 1000 to /config/sdcardfs/com.android.keychain/appid
04-26 20:17:44.863 1622 1622 W PackageSettings: Couldn't write 10051 to /config/sdcardfs/com.android.chrome/appid
04-26 20:17:44.863 1622 1622 W PackageSettings: Couldn't write 10018 to /config/sdcardfs/com.android.dialer/appid
04-26 20:17:44.863 1622 1622 W PackageSettings: Couldn't write 10053 to /config/sdcardfs/com.android.gallery3d/appid
04-26 20:17:44.863 1622 1622 W PackageSettings: Couldn't write 10019 to /config/sdcardfs/com.google.android.packageinstaller/appid
04-26 20:17:44.863 1622 1622 W PackageSettings: Couldn't write 10015 to /config/sdcardfs/com.google.android.gms/appid
04-26 20:17:44.863 1622 1622 W PackageSettings: Couldn't write 10015 to /config/sdcardfs/com.google.android.gsf/appid
04-26 20:17:44.863 1622 1622 W PackageSettings: Couldn't write 10005 to /config/sdcardfs/com.android.calllogbackup/appid
04-26 20:17:44.864 1622 1622 W PackageSettings: Couldn't write 10021 to /config/sdcardfs/com.google.android.partnersetup/appid
04-26 20:17:44.864 1622 1622 W PackageSettings: Couldn't write 10037 to /config/sdcardfs/com.android.basicsmsreceiver/appid
04-26 20:17:44.864 1622 1622 W PackageSettings: Couldn't write 10041 to /config/sdcardfs/com.android.carrierdefaultapp/appid
04-26 20:17:44.864 1622 1622 W PackageSettings: Couldn't write 10067 to /config/sdcardfs/com.svox.pico/appid
04-26 20:17:44.864 1622 1622 W PackageSettings: Couldn't write 10091 to /config/sdcardfs/com.gmail.heagoo.apkeditor.pro/appid
04-26 20:17:44.864 1622 1622 W PackageSettings: Couldn't write 10089 to /config/sdcardfs/rikka.appops/appid
04-26 20:17:44.864 1622 1622 W PackageSettings: Couldn't write 10024 to /config/sdcardfs/com.android.proxyhandler/appid
04-26 20:17:44.864 1622 1622 W PackageSettings: Couldn't write 10062 to /config/sdcardfs/com.android.inputmethod.latin/appid
04-26 20:17:44.864 1622 1622 W PackageSettings: Couldn't write 10013 to /config/sdcardfs/org.lineageos.eleven/appid
04-26 20:17:44.864 1622 1622 W PackageSettings: Couldn't write 10016 to /config/sdcardfs/com.google.android.feedback/appid
04-26 20:17:44.864 1622 1622 W PackageSettings: Couldn't write 10055 to /config/sdcardfs/com.google.android.printservice.recommendation/appid
04-26 20:17:44.865 1622 1622 W PackageSettings: Couldn't write 10057 to /config/sdcardfs/com.google.android.syncadapters.calendar/appid
04-26 20:17:44.865 1622 1622 W PackageSettings: Couldn't write 10023 to /config/sdcardfs/com.android.managedprovisioning/appid
04-26 20:17:44.865 1622 1622 W PackageSettings: Couldn't write 10074 to /config/sdcardfs/com.spotify.music/appid
04-26 20:17:44.865 1622 1622 W PackageSettings: Couldn't write 10066 to /config/sdcardfs/com.android.providers.partnerbookmarks/appid
04-26 20:17:44.865 1622 1622 W PackageSettings: Couldn't write 10015 to /config/sdcardfs/com.google.android.gsf.login/appid
04-26 20:17:44.865 1622 1622 W PackageSettings: Couldn't write 10060 to /config/sdcardfs/com.android.wallpaper.livepicker/appid
04-26 20:17:44.865 1622 1622 W PackageSettings: Couldn't write 10083 to /config/sdcardfs/org.mozilla.firefox/appid
04-26 20:17:44.865 1622 1622 W PackageSettings: Couldn't write 10036 to /config/sdcardfs/jackpal.androidterm/appid
04-26 20:17:44.865 1622 1622 W PackageSettings: Couldn't write 10015 to /config/sdcardfs/com.google.android.backuptransport/appid
04-26 20:17:44.865 1622 1622 W PackageSettings: Couldn't write 10075 to /config/sdcardfs/eu.thedarken.sdm/appid
04-26 20:17:44.865 1622 1622 W PackageSettings: Couldn't write 10029 to /config/sdcardfs/com.android.storagemanager/appid
04-26 20:17:44.866 1622 1622 W PackageSettings: Couldn't write 10038 to /config/sdcardfs/com.android.bookmarkprovider/appid
04-26 20:17:44.866 1622 1622 W PackageSettings: Couldn't write 1000 to /config/sdcardfs/com.android.settings/appid
04-26 20:17:44.866 1622 1622 W PackageSettings: Couldn't write 10031 to /config/sdcardfs/com.farmerbb.taskbar.androidx86/appid
04-26 20:17:44.866 1622 1622 W PackageSettings: Couldn't write 10052 to /config/sdcardfs/com.android.calculator2/appid
04-26 20:17:44.866 1622 1622 W PackageSettings: Couldn't write 10047 to /config/sdcardfs/com.android.cts.ctsshim/appid
04-26 20:17:44.866 1622 1622 W PackageSettings: Couldn't write 10092 to /config/sdcardfs/com.spring.bird.anycut/appid
04-26 20:17:44.866 1622 1622 W PackageSettings: Couldn't write 10032 to /config/sdcardfs/com.android.vpndialogs/appid
04-26 20:17:44.866 1622 1622 W PackageSettings: Couldn't write 1001 to /config/sdcardfs/com.android.phone/appid
04-26 20:17:44.866 1622 1622 W PackageSettings: Couldn't write 2000 to /config/sdcardfs/com.android.shell/appid
04-26 20:17:44.866 1622 1622 W PackageSettings: Couldn't write 1000 to /config/sdcardfs/com.android.wallpaperbackup/appid
04-26 20:17:44.866 1622 1622 W PackageSettings: Couldn't write 10005 to /config/sdcardfs/com.android.providers.blockednumber/appid
04-26 20:17:44.866 1622 1622 W PackageSettings: Couldn't write 10086 to /config/sdcardfs/com.king.candycrushsaga/appid
04-26 20:17:44.867 1622 1622 W PackageSettings: Couldn't write 10005 to /config/sdcardfs/com.android.providers.userdictionary/appid
04-26 20:17:44.867 1622 1622 W PackageSettings: Couldn't write 10014 to /config/sdcardfs/com.android.emergency/appid
04-26 20:17:44.867 1622 1622 W PackageSettings: Couldn't write 1000 to /config/sdcardfs/com.android.location.fused/appid
04-26 20:17:44.867 1622 1622 W PackageSettings: Couldn't write 10050 to /config/sdcardfs/com.android.deskclock/appid
04-26 20:17:44.867 1622 1622 W PackageSettings: Couldn't write 10030 to /config/sdcardfs/com.android.systemui/appid
04-26 20:17:44.867 1622 1622 W PackageSettings: Couldn't write 10039 to /config/sdcardfs/com.android.bluetoothmidiservice/appid
04-26 20:17:44.867 1622 1622 W PackageSettings: Couldn't write 1002 to /config/sdcardfs/com.android.bluetooth/appid
04-26 20:17:44.867 1622 1622 W PackageSettings: Couldn't write 10048 to /config/sdcardfs/com.android.development/appid
04-26 20:17:44.867 1622 1622 W PackageSettings: Couldn't write 10068 to /config/sdcardfs/com.android.wallpaperpicker/appid
04-26 20:17:44.867 1622 1622 W PackageSettings: Couldn't write 10005 to /config/sdcardfs/com.android.providers.contacts/appid
04-26 20:17:44.867 1622 1622 W PackageSettings: Couldn't write 10043 to /config/sdcardfs/com.android.captiveportallogin/appid
04-26 20:17:44.867 1622 1622 W PackageSettings: Couldn't write 10088 to /config/sdcardfs/com.elsdoerfer.android.autostarts/appid
04-26 20:17:44.932 1622 1622 V PackageManager: Ephemeral resolver found; pkg: com.google.android.gms, info:ResolveInfo{16310f5 com.google.android.gms/.chimera.PersistentBoundBrokerService m=0x108000}
04-26 20:17:44.932 1622 1622 D PackageManager: Set ephemeral resolver: Pair{ComponentInfo{com.google.android.gms/com.google.android.gms.chimera.PersistentBoundBrokerService} android.intent.action.RESOLVE_INSTANT_APP_PACKAGE}
04-26 20:17:44.933 1622 1622 D PackageManager: Set ephemeral installer activity: ComponentInfo{com.android.vending/com.google.android.finsky.instantapps.EphemeralInstallerActivity}
04-26 20:17:44.977 1622 1668 W zygote64: Long monitor contention with owner main (1622) at java.lang.Object android.util.MapCollections$ArrayIterator.next()(MapCollections.java:56) waiters=0 in void com.android.server.pm.PackageManagerService.lambda$-com_android_server_pm_PackageManagerService_140664(java.util.List, int) for 171ms
04-26 20:17:45.047 1622 1622 I zygote64: Explicit concurrent copying GC freed 20166(1104KB) AllocSpace objects, 7(268KB) LOS objects, 42% free, 5MB/10MB, paused 31us total 111.225ms
04-26 20:17:45.048 1622 1622 D FallbackCategoryProvider: Found 1 fallback categories
04-26 20:17:45.049 1622 1622 D SystemServerTiming: StartPackageManagerService took to complete: 540ms
04-26 20:17:45.049 1622 1622 I SystemServer: StartOtaDexOptService
04-26 20:17:45.049 1622 1622 D OTADexopt: No upgrade, skipping A/B artifacts check.
04-26 20:17:45.049 1622 1622 D SystemServerTiming: StartOtaDexOptService took to complete: 0ms
04-26 20:17:45.049 1622 1622 I SystemServer: StartUserManagerService
04-26 20:17:45.049 1622 1622 I SystemServiceManager: Starting com.android.server.pm.UserManagerService$LifeCycle
04-26 20:17:45.049 1622 1622 D SystemServerTiming: StartUserManagerService took to complete: 0ms
04-26 20:17:45.050 1622 1622 I SystemServer: InitAttributerCache
04-26 20:17:45.050 1622 1622 D SystemServerTiming: InitAttributerCache took to complete: 1ms
04-26 20:17:45.050 1622 1622 I SystemServer: SetSystemProcess
04-26 20:17:45.055 1622 1622 W SchedPolicy: add_tid_to_cgroup failed to write '1622' (No space left on device); fd=3
04-26 20:17:45.055 1622 1622 W SchedPolicy: add_tid_to_cgroup failed to write '1627' (No space left on device); fd=3
04-26 20:17:45.055 1622 1622 W SchedPolicy: add_tid_to_cgroup failed to write '1628' (No space left on device); fd=3
04-26 20:17:45.055 1622 1622 W SchedPolicy: add_tid_to_cgroup failed to write '1629' (No space left on device); fd=3
04-26 20:17:45.056 1622 1622 W SchedPolicy: add_tid_to_cgroup failed to write '1630' (No space left on device); fd=3
04-26 20:17:45.056 1622 1622 W SchedPolicy: add_tid_to_cgroup failed to write '1631' (No space left on device); fd=3
04-26 20:17:45.056 1622 1622 W SchedPolicy: add_tid_to_cgroup failed to write '1632' (No space left on device); fd=3
04-26 20:17:45.056 1622 1622 W SchedPolicy: add_tid_to_cgroup failed to write '1633' (No space left on device); fd=3
04-26 20:17:45.056 1622 1622 W SchedPolicy: add_tid_to_cgroup failed to write '1634' (No space left on device); fd=3
04-26 20:17:45.056 1622 1622 W SchedPolicy: add_tid_to_cgroup failed to write '1635' (No space left on device); fd=3
04-26 20:17:45.056 1622 1622 W SchedPolicy: add_tid_to_cgroup failed to write '1636' (No space left on device); fd=3
