04-26 20:17:54.492 1834 1834 D SystemServerTiming: ReadingSystemConfig took to complete: 1ms
04-26 20:17:54.492 1834 1834 I SystemServer: StartInstaller
04-26 20:17:54.492 1834 1834 I SystemServiceManager: Starting com.android.server.pm.Installer
04-26 20:17:54.492 1834 1847 D SystemServerInitThreadPool: Started executing ReadingSystemConfig
04-26 20:17:54.496 1834 1834 D SystemServerTiming: StartInstaller took to complete: 3ms
04-26 20:17:54.496 1834 1834 I SystemServer: DeviceIdentifiersPolicyService
04-26 20:17:54.496 1834 1834 I SystemServiceManager: Starting com.android.server.os.DeviceIdentifiersPolicyService
04-26 20:17:54.498 1834 1834 D SystemServerTiming: DeviceIdentifiersPolicyService took to complete: 2ms
04-26 20:17:54.498 1834 1834 I SystemServer: StartActivityManager
04-26 20:17:54.498 1834 1834 I SystemServiceManager: Starting com.android.server.am.ActivityManagerService$Lifecycle
04-26 20:17:54.503 1834 1834 I ActivityManager: Memory class: 192
04-26 20:17:54.523 1834 1847 D SystemServerInitThreadPool: Finished executing ReadingSystemConfig
04-26 20:17:54.528 1834 1834 D BatteryStatsImpl: Reading daily items from /data/system/batterystats-daily.xml
04-26 20:17:54.534 1834 1852 I chatty : uid=1000 system_server expire 2 lines
04-26 20:17:54.535 1834 1852 E BatteryExternalStatsWorker: no controller energy info supplied for telephony
04-26 20:17:54.567 1834 1834 I IntentFirewall: Read new rules (A:0 B:2 S:1)
04-26 20:17:54.569 1834 1834 W system_server: Failed to remove /dev/memcg/apps/uid_1046/pid_1424: Device or resource busy
04-26 20:17:54.569 1834 1834 W system_server: Failed to remove /dev/memcg/apps/uid_1046: Device or resource busy
04-26 20:17:54.569 1834 1834 W system_server: Failed to remove /dev/memcg/apps/uid_1036/pid_1334: Device or resource busy
04-26 20:17:54.569 1834 1834 W system_server: Failed to remove /dev/memcg/apps/uid_1036: Device or resource busy
04-26 20:17:54.569 1834 1834 W system_server: Failed to remove /dev/memcg/apps/uid_0/pid_1415: Device or resource busy
04-26 20:17:54.569 1834 1834 W system_server: Failed to remove /dev/memcg/apps/uid_0/pid_1405: Device or resource busy
04-26 20:17:54.569 1834 1834 W system_server: Failed to remove /dev/memcg/apps/uid_0/pid_1411: Device or resource busy
04-26 20:17:54.569 1834 1834 W system_server: Failed to remove /dev/memcg/apps/uid_0/pid_1383: Device or resource busy
04-26 20:17:54.569 1834 1834 W system_server: Failed to remove /dev/memcg/apps/uid_0/pid_1307: Device or resource busy
04-26 20:17:54.569 1834 1834 W system_server: Failed to remove /dev/memcg/apps/uid_0/pid_1796: Device or resource busy
04-26 20:17:54.569 1834 1834 W system_server: Failed to remove /dev/memcg/apps/uid_0/pid_1408: Device or resource busy
04-26 20:17:54.569 1834 1834 W system_server: Failed to remove /dev/memcg/apps/uid_0/pid_1406: Device or resource busy
04-26 20:17:54.569 1834 1834 W system_server: Failed to remove /dev/memcg/apps/uid_0/pid_1422: Device or resource busy
04-26 20:17:54.569 1834 1834 W system_server: Failed to remove /dev/memcg/apps/uid_0/pid_1392: Device or resource busy
04-26 20:17:54.569 1834 1834 W system_server: Failed to remove /dev/memcg/apps/uid_0/pid_1410: Device or resource busy
04-26 20:17:54.569 1834 1834 W system_server: Failed to remove /dev/memcg/apps/uid_0/pid_1409: Device or resource busy
04-26 20:17:54.569 1834 1834 W system_server: Failed to remove /dev/memcg/apps/uid_0/pid_1407: Device or resource busy
04-26 20:17:54.569 1834 1834 W system_server: Failed to remove /dev/memcg/apps/uid_0/pid_1793: Device or resource busy
04-26 20:17:54.569 1834 1834 W system_server: Failed to remove /dev/memcg/apps/uid_0: Device or resource busy
04-26 20:17:54.570 1402 1402 I power@1.0-servi: type=1400 audit(0.0:294): avc: denied { write } for name="online" dev="sysfs" ino=396 scontext=u:r:hal_power_default:s0 tcontext=u:object_r:sysfs_devices_system_cpu:s0 tclass=file permissive=1
04-26 20:17:54.570 1307 1307 I ueventd : type=1400 audit(0.0:295): avc: denied { sys_module } for capability=16 scontext=u:r:ueventd:s0 tcontext=u:r:ueventd:s0 tclass=capability permissive=1
04-26 20:17:54.570 1307 1307 I ueventd : type=1400 audit(0.0:296): avc: denied { module_load } for path="/system/lib/modules/4.9.152-android-x86_64-640709-g76da97e/kernel/drivers/macintosh/mac_hid.ko" dev="loop0" ino=4240 scontext=u:r:ueventd:s0 tcontext=u:object_r:system_file:s0 tclass=system permissive=1
04-26 20:17:54.570 1834 1834 D AppOps : AppOpsService published
04-26 20:17:54.570 1834 1834 D SystemServerTiming: StartActivityManager took to complete: 73ms
04-26 20:17:54.570 1834 1834 I SystemServer: StartPowerManager
04-26 20:17:54.570 1834 1834 I SystemServiceManager: Starting com.android.server.power.PowerManagerService
04-26 20:17:54.571 1834 1834 I libsuspend: Selected wakeup count
04-26 20:17:54.574 1834 1834 D SystemServerTiming: StartPowerManager took to complete: 4ms
04-26 20:17:54.574 1834 1834 I SystemServer: InitPowerManagement
04-26 20:17:54.575 1834 1834 D SystemServerTiming: InitPowerManagement took to complete: 1ms
04-26 20:17:54.575 1834 1834 I SystemServer: StartRecoverySystemService
04-26 20:17:54.575 1834 1834 I SystemServiceManager: Starting com.android.server.RecoverySystemService
04-26 20:17:54.575 1834 1834 D SystemServerTiming: StartRecoverySystemService took to complete: 0ms
04-26 20:17:54.576 1834 1834 W RescueParty: Failed to determine if device was on USB
04-26 20:17:54.576 1834 1834 W RescueParty: java.io.FileNotFoundException: /sys/class/android_usb/android0/state (No such file or directory)
04-26 20:17:54.576 1834 1834 W RescueParty: at java.io.FileInputStream.open0(Native Method)
04-26 20:17:54.576 1834 1834 W RescueParty: at java.io.FileInputStream.open(FileInputStream.java:200)
04-26 20:17:54.576 1834 1834 W RescueParty: at java.io.FileInputStream.(FileInputStream.java:150)
04-26 20:17:54.576 1834 1834 W RescueParty: at android.os.FileUtils.readTextFile(FileUtils.java:262)
04-26 20:17:54.576 1834 1834 W RescueParty: at com.android.server.RescueParty.isUsbActive(RescueParty.java:345)
04-26 20:17:54.576 1834 1834 W RescueParty: at com.android.server.RescueParty.isDisabled(RescueParty.java:86)
04-26 20:17:54.576 1834 1834 W RescueParty: at com.android.server.RescueParty.noteBoot(RescueParty.java:105)
04-26 20:17:54.576 1834 1834 W RescueParty: at com.android.server.SystemServer.startBootstrapServices(SystemServer.java:551)
04-26 20:17:54.576 1834 1834 W RescueParty: at com.android.server.SystemServer.run(SystemServer.java:389)
04-26 20:17:54.576 1834 1834 W RescueParty: at com.android.server.SystemServer.main(SystemServer.java:267)
04-26 20:17:54.576 1834 1834 W RescueParty: at java.lang.reflect.Method.invoke(Native Method)
04-26 20:17:54.576 1834 1834 W RescueParty: at com.android.internal.os.RuntimeInit$MethodAndArgsCaller.run(RuntimeInit.java:463)
04-26 20:17:54.576 1834 1834 W RescueParty: at com.android.internal.os.ZygoteInit.main(ZygoteInit.java:787)
04-26 20:17:54.577 1834 1834 W RescueParty: Noticed 4 events for UID 0 in last 38 sec
04-26 20:17:54.577 1834 1834 I SystemServer: StartLightsService
04-26 20:17:54.577 1834 1834 I SystemServiceManager: Starting com.android.server.lights.LightsService
04-26 20:17:54.577 1834 1834 D SystemServerTiming: StartLightsService took to complete: 0ms
04-26 20:17:54.577 1834 1834 I SystemServer: StartDisplayManager
04-26 20:17:54.577 1834 1834 I SystemServiceManager: Starting com.android.server.display.DisplayManagerService
04-26 20:17:54.578 1834 1834 D SystemServerTiming: StartDisplayManager took to complete: 1ms
04-26 20:17:54.578 1834 1834 I SystemServer: WaitForDisplay
04-26 20:17:54.578 1834 1834 I SystemServiceManager: Starting phase 100
04-26 20:17:54.582 1401 1401 I light@2.0-servi: type=1400 audit(0.0:297): avc: denied { read write } for name="brightness" dev="sysfs" ino=7538 scontext=u:r:hal_light_default:s0 tcontext=u:object_r:sysfs:s0 tclass=file permissive=1
04-26 20:17:54.582 1401 1401 I light@2.0-servi: type=1400 audit(0.0:298): avc: denied { open } for path="/sys/devices/pci0000:00/0000:00:02.1/0000:01:00.0/backlight/acpi_video0/brightness" dev="sysfs" ino=7538 scontext=u:r:hal_light_default:s0 tcontext=u:object_r:sysfs:s0 tclass=file permissive=1
04-26 20:17:54.582 1834 1856 I DisplayManagerService: Display device added: DisplayDeviceInfo{"Écran intégré": uniqueId="local:0", 1600 x 900, modeId 1, defaultModeId 1, supportedModes [{id=1, width=1600, height=900, fps=85.44301}], colorMode 0, supportedColorModes [0], HdrCapabilities android.view.Display$HdrCapabilities@a69d6308, density 160, 160.0 x 159.86014 dpi, appVsyncOff 1000000, presDeadline 11703708, touch INTERNAL, rotation 0, type BUILT_IN, state UNKNOWN, FLAG_DEFAULT_DISPLAY, FLAG_ROTATES_WITH_CONTENT, FLAG_SECURE, FLAG_SUPPORTS_PROTECTED_BUFFERS}
04-26 20:17:54.582 1407 1407 D SurfaceFlinger: Set power mode=2, type=0 flinger=0x798a5586d000
04-26 20:17:54.582 1407 1407 D SurfaceFlinger: Screen type=0 is already mode=2
04-26 20:17:54.584 1834 1856 I DisplayManagerService: Display device changed state: "Écran intégré", ON
04-26 20:17:54.584 1834 1834 D SystemServerTiming: WaitForDisplay took to complete: 5ms
04-26 20:17:54.584 1834 1834 I SystemServer: StartPackageManagerService
04-26 20:17:54.608 1834 1859 I libsuspend: open event3(Power Button) ok fd=65
04-26 20:17:54.608 1834 1859 I libsuspend: open event1(Power Button) ok fd=66
04-26 20:17:54.612 1834 1834 D SELinuxMMAC: Using policy file /system/etc/selinux/plat_mac_permissions.xml
04-26 20:17:54.612 1834 1834 D SELinuxMMAC: Using policy file /vendor/etc/selinux/nonplat_mac_permissions.xml
04-26 20:17:54.646 1834 1834 W PackageSettings: Couldn't write 10077 to /config/sdcardfs/com.rami.puissance4/appid
04-26 20:17:54.646 1834 1834 W PackageSettings: Couldn't write 10007 to /config/sdcardfs/com.android.cts.priv.ctsshim/appid
04-26 20:17:54.646 1834 1834 W PackageSettings: Couldn't write 10070 to /config/sdcardfs/com.google.android.youtube/appid
04-26 20:17:54.646 1834 1834 W PackageSettings: Couldn't write 10017 to /config/sdcardfs/com.google.android.ext.services/appid
04-26 20:17:54.646 1834 1834 W PackageSettings: Couldn't write 10064 to /config/sdcardfs/com.example.android.rssreader/appid
04-26 20:17:54.646 1834 1834 W PackageSettings: Couldn't write 10082 to /config/sdcardfs/com.oasisfeng.greenify/appid
04-26 20:17:54.646 1834 1834 W PackageSettings: Couldn't write 1001 to /config/sdcardfs/com.android.providers.telephony/appid
04-26 20:17:54.646 1834 1834 W PackageSettings: Couldn't write 10001 to /config/sdcardfs/org.android_x86.analytics/appid
04-26 20:17:54.646 1834 1834 W PackageSettings: Couldn't write 10034 to /config/sdcardfs/com.google.android.googlequicksearchbox/appid
04-26 20:17:54.646 1834 1834 W PackageSettings: Couldn't write 10002 to /config/sdcardfs/com.android.providers.calendar/appid
04-26 20:17:54.646 1834 1834 W PackageSettings: Couldn't write 10009 to /config/sdcardfs/com.android.providers.media/appid
04-26 20:17:54.647 1834 1834 W PackageSettings: Couldn't write 10020 to /config/sdcardfs/com.google.android.onetimeinitializer/appid
04-26 20:17:54.647 1834 1834 W PackageSettings: Couldn't write 10054 to /config/sdcardfs/com.google.android.ext.shared/appid
04-26 20:17:54.647 1834 1834 W PackageSettings: Couldn't write 10033 to /config/sdcardfs/com.android.wallpapercropper/appid
04-26 20:17:54.647 1834 1834 W PackageSettings: Couldn't write 10090 to /config/sdcardfs/com.applisto.appcloner/appid
04-26 20:17:54.647 1834 1834 W PackageSettings: Couldn't write 10076 to /config/sdcardfs/org.crape.rotationcontrol/appid
04-26 20:17:54.647 1834 1834 W PackageSettings: Couldn't write 10071 to /config/sdcardfs/com.speedsoftware.rootexplorer/appid
04-26 20:17:54.647 1834 1834 W PackageSettings: Couldn't write 1000 to /config/sdcardfs/org.zeroxlab.util.tscal/appid
04-26 20:17:54.647 1834 1834 W PackageSettings: Couldn't write 10011 to /config/sdcardfs/com.android.documentsui/appid
04-26 20:17:54.647 1834 1834 W PackageSettings: Couldn't write 10012 to /config/sdcardfs/com.android.externalstorage/appid
04-26 20:17:54.647 1834 1834 W PackageSettings: Couldn't write 10058 to /config/sdcardfs/com.android.htmlviewer/appid
04-26 20:17:54.647 1834 1834 W PackageSettings: Couldn't write 10073 to /config/sdcardfs/com.whatsapp/appid
04-26 20:17:54.647 1834 1834 W PackageSettings: Couldn't write 10045 to /config/sdcardfs/com.android.companiondevicemanager/appid
04-26 20:17:54.647 1834 1834 W PackageSettings: Couldn't write 1001 to /config/sdcardfs/com.android.mms.service/appid
04-26 20:17:54.647 1834 1834 W PackageSettings: Couldn't write 10079 to /config/sdcardfs/com.bionicapps.newsreader/appid
04-26 20:17:54.647 1834 1834 W PackageSettings: Couldn't write 10009 to /config/sdcardfs/com.android.providers.downloads/appid
04-26 20:17:54.647 1834 1834 W PackageSettings: Couldn't write 10072 to /config/sdcardfs/com.keramidas.TitaniumBackup/appid
04-26 20:17:54.647 1834 1834 W PackageSettings: Couldn't write 10080 to /config/sdcardfs/org.schabi.newpipe/appid
04-26 20:17:54.647 1834 1834 W PackageSettings: Couldn't write 10006 to /config/sdcardfs/com.android.defcontainer/appid
04-26 20:17:54.647 1834 1834 W PackageSettings: Couldn't write 10094 to /config/sdcardfs/com.tpcstld.twozerogame/appid
04-26 20:17:54.647 1834 1834 W PackageSettings: Couldn't write 10009 to /config/sdcardfs/com.android.providers.downloads.ui/appid
04-26 20:17:54.647 1834 1834 W PackageSettings: Couldn't write 10025 to /config/sdcardfs/com.android.vending/appid
04-26 20:17:54.647 1834 1834 W PackageSettings: Couldn't write 10063 to /config/sdcardfs/com.android.pacprocessor/appid
04-26 20:17:54.647 1834 1834 W PackageSettings: Couldn't write 10095 to /config/sdcardfs/com.tws.aviwatch/appid
04-26 20:17:54.648 1834 1834 W PackageSettings: Couldn't write 10046 to /config/sdcardfs/com.android.certinstaller/appid
04-26 20:17:54.648 1834 1834 W PackageSettings: Couldn't write 10004 to /config/sdcardfs/com.android.carrierconfig/appid
04-26 20:17:54.648 1834 1834 W PackageSettings: Couldn't write 10093 to /config/sdcardfs/com.advancedprocessmanager/appid
04-26 20:17:54.648 1834 1834 W PackageSettings: Couldn't write 1000 to /config/sdcardfs/android/appid
04-26 20:17:54.648 1834 1834 W PackageSettings: Couldn't write 10010 to /config/sdcardfs/com.android.contacts/appid
04-26 20:17:54.648 1834 1834 W PackageSettings: Couldn't write 10044 to /config/sdcardfs/com.android.camera2/appid
04-26 20:17:54.648 1834 1834 W PackageSettings: Couldn't write 10078 to /config/sdcardfs/com.eolwral.osmonitor/appid
04-26 20:17:54.648 1834 1834 W PackageSettings: Couldn't write 10049 to /config/sdcardfs/com.android.egg/appid
04-26 20:17:54.648 1834 1834 W PackageSettings: Couldn't write 10009 to /config/sdcardfs/com.android.mtp/appid
04-26 20:17:54.648 1834 1834 W PackageSettings: Couldn't write 10022 to /config/sdcardfs/com.android.launcher3/appid
04-26 20:17:54.648 1834 1834 W PackageSettings: Couldn't write 10003 to /config/sdcardfs/com.android.backupconfirm/appid
04-26 20:17:54.648 1834 1834 W PackageSettings: Couldn't write 10081 to /config/sdcardfs/com.buak.Link2SD/appid
04-26 20:17:54.648 1834 1834 W PackageSettings: Couldn't write 10028 to /config/sdcardfs/com.android.statementservice/appid
04-26 20:17:54.648 1834 1834 W PackageSettings: Couldn't write 10059 to /config/sdcardfs/com.google.android.gm/appid
04-26 20:17:54.648 1834 1834 W PackageSettings: Couldn't write 10042 to /config/sdcardfs/com.android.calendar/appid
04-26 20:17:54.648 1834 1834 W PackageSettings: Couldn't write 10000 to /config/sdcardfs/com.android.systemui.theme.dark/appid
04-26 20:17:54.648 1834 1834 W PackageSettings: Couldn't write 10027 to /config/sdcardfs/com.google.android.setupwizard/appid
04-26 20:17:54.648 1834 1834 W PackageSettings: Couldn't write 1000 to /config/sdcardfs/com.android.providers.settings/appid
04-26 20:17:54.648 1834 1834 W PackageSettings: Couldn't write 10026 to /config/sdcardfs/com.android.sharedstoragebackup/appid
04-26 20:17:54.648 1834 1834 W PackageSettings: Couldn't write 10065 to /config/sdcardfs/com.android.printspooler/appid
04-26 20:17:54.648 1834 1834 W PackageSettings: Couldn't write 10035 to /config/sdcardfs/com.android.dreams.basic/appid
04-26 20:17:54.648 1834 1834 W PackageSettings: Couldn't write 1000 to /config/sdcardfs/com.android.inputdevices/appid
04-26 20:17:54.648 1834 1834 W PackageSettings: Couldn't write 10084 to /config/sdcardfs/com.androidfung.drminfo/appid
04-26 20:17:54.649 1834 1834 W PackageSettings: Couldn't write 10040 to /config/sdcardfs/com.android.bips/appid
04-26 20:17:54.649 1834 1834 W PackageSettings: Couldn't write 10085 to /config/sdcardfs/com.google.android.apps.docs/appid
04-26 20:17:54.649 1834 1834 W PackageSettings: Couldn't write 10008 to /config/sdcardfs/com.android.cellbroadcastreceiver/appid
04-26 20:17:54.649 1834 1834 W PackageSettings: Couldn't write 10069 to /config/sdcardfs/com.google.android.webview/appid
04-26 20:17:54.649 1834 1834 W PackageSettings: Couldn't write 10056 to /config/sdcardfs/com.google.android.syncadapters.contacts/appid
04-26 20:17:54.649 1834 1834 W PackageSettings: Couldn't write 10061 to /config/sdcardfs/com.example.android.notepad/appid
04-26 20:17:54.649 1834 1834 W PackageSettings: Couldn't write 1000 to /config/sdcardfs/com.android.keychain/appid
04-26 20:17:54.649 1834 1834 W PackageSettings: Couldn't write 10051 to /config/sdcardfs/com.android.chrome/appid
04-26 20:17:54.649 1834 1834 W PackageSettings: Couldn't write 10018 to /config/sdcardfs/com.android.dialer/appid
04-26 20:17:54.649 1834 1834 W PackageSettings: Couldn't write 10053 to /config/sdcardfs/com.android.gallery3d/appid
04-26 20:17:54.649 1834 1834 W PackageSettings: Couldn't write 10019 to /config/sdcardfs/com.google.android.packageinstaller/appid
04-26 20:17:54.649 1834 1834 W PackageSettings: Couldn't write 10015 to /config/sdcardfs/com.google.android.gms/appid
04-26 20:17:54.649 1834 1834 W PackageSettings: Couldn't write 10015 to /config/sdcardfs/com.google.android.gsf/appid
04-26 20:17:54.649 1834 1834 W PackageSettings: Couldn't write 10005 to /config/sdcardfs/com.android.calllogbackup/appid
04-26 20:17:54.649 1834 1834 W PackageSettings: Couldn't write 10021 to /config/sdcardfs/com.google.android.partnersetup/appid
04-26 20:17:54.649 1834 1834 W PackageSettings: Couldn't write 10037 to /config/sdcardfs/com.android.basicsmsreceiver/appid
04-26 20:17:54.649 1834 1834 W PackageSettings: Couldn't write 10041 to /config/sdcardfs/com.android.carrierdefaultapp/appid
04-26 20:17:54.649 1834 1834 W PackageSettings: Couldn't write 10067 to /config/sdcardfs/com.svox.pico/appid
04-26 20:17:54.649 1834 1834 W PackageSettings: Couldn't write 10091 to /config/sdcardfs/com.gmail.heagoo.apkeditor.pro/appid
04-26 20:17:54.649 1834 1834 W PackageSettings: Couldn't write 10089 to /config/sdcardfs/rikka.appops/appid
04-26 20:17:54.649 1834 1834 W PackageSettings: Couldn't write 10024 to /config/sdcardfs/com.android.proxyhandler/appid
04-26 20:17:54.649 1834 1834 W PackageSettings: Couldn't write 10062 to /config/sdcardfs/com.android.inputmethod.latin/appid
04-26 20:17:54.649 1834 1834 W PackageSettings: Couldn't write 10013 to /config/sdcardfs/org.lineageos.eleven/appid
04-26 20:17:54.650 1834 1834 W PackageSettings: Couldn't write 10016 to /config/sdcardfs/com.google.android.feedback/appid
04-26 20:17:54.650 1834 1834 W PackageSettings: Couldn't write 10055 to /config/sdcardfs/com.google.android.printservice.recommendation/appid
04-26 20:17:54.650 1834 1834 W PackageSettings: Couldn't write 10057 to /config/sdcardfs/com.google.android.syncadapters.calendar/appid
04-26 20:17:54.650 1834 1834 W PackageSettings: Couldn't write 10023 to /config/sdcardfs/com.android.managedprovisioning/appid
04-26 20:17:54.650 1834 1834 W PackageSettings: Couldn't write 10074 to /config/sdcardfs/com.spotify.music/appid
04-26 20:17:54.650 1834 1834 W PackageSettings: Couldn't write 10066 to /config/sdcardfs/com.android.providers.partnerbookmarks/appid
04-26 20:17:54.650 1834 1834 W PackageSettings: Couldn't write 10015 to /config/sdcardfs/com.google.android.gsf.login/appid
04-26 20:17:54.650 1834 1834 W PackageSettings: Couldn't write 10060 to /config/sdcardfs/com.android.wallpaper.livepicker/appid
04-26 20:17:54.650 1834 1834 W PackageSettings: Couldn't write 10083 to /config/sdcardfs/org.mozilla.firefox/appid
04-26 20:17:54.650 1834 1834 W PackageSettings: Couldn't write 10036 to /config/sdcardfs/jackpal.androidterm/appid
04-26 20:17:54.650 1834 1834 W PackageSettings: Couldn't write 10015 to /config/sdcardfs/com.google.android.backuptransport/appid
04-26 20:17:54.650 1834 1834 W PackageSettings: Couldn't write 10075 to /config/sdcardfs/eu.thedarken.sdm/appid
04-26 20:17:54.650 1834 1834 W PackageSettings: Couldn't write 10029 to /config/sdcardfs/com.android.storagemanager/appid
04-26 20:17:54.650 1834 1834 W PackageSettings: Couldn't write 10038 to /config/sdcardfs/com.android.bookmarkprovider/appid
04-26 20:17:54.650 1834 1834 W PackageSettings: Couldn't write 1000 to /config/sdcardfs/com.android.settings/appid
04-26 20:17:54.650 1834 1834 W PackageSettings: Couldn't write 10031 to /config/sdcardfs/com.farmerbb.taskbar.androidx86/appid
04-26 20:17:54.650 1834 1834 W PackageSettings: Couldn't write 10052 to /config/sdcardfs/com.android.calculator2/appid
04-26 20:17:54.650 1834 1834 W PackageSettings: Couldn't write 10047 to /config/sdcardfs/com.android.cts.ctsshim/appid
04-26 20:17:54.650 1834 1834 W PackageSettings: Couldn't write 10092 to /config/sdcardfs/com.spring.bird.anycut/appid
04-26 20:17:54.650 1834 1834 W PackageSettings: Couldn't write 10032 to /config/sdcardfs/com.android.vpndialogs/appid
04-26 20:17:54.650 1834 1834 W PackageSettings: Couldn't write 1001 to /config/sdcardfs/com.android.phone/appid
04-26 20:17:54.650 1834 1834 W PackageSettings: Couldn't write 2000 to /config/sdcardfs/com.android.shell/appid
04-26 20:17:54.650 1834 1834 W PackageSettings: Couldn't write 1000 to /config/sdcardfs/com.android.wallpaperbackup/appid
04-26 20:17:54.651 1834 1834 W PackageSettings: Couldn't write 10005 to /config/sdcardfs/com.android.providers.blockednumber/appid
04-26 20:17:54.651 1834 1834 W PackageSettings: Couldn't write 10086 to /config/sdcardfs/com.king.candycrushsaga/appid
04-26 20:17:54.651 1834 1834 W PackageSettings: Couldn't write 10005 to /config/sdcardfs/com.android.providers.userdictionary/appid
04-26 20:17:54.651 1834 1834 W PackageSettings: Couldn't write 10014 to /config/sdcardfs/com.android.emergency/appid
04-26 20:17:54.651 1834 1834 W PackageSettings: Couldn't write 1000 to /config/sdcardfs/com.android.location.fused/appid
04-26 20:17:54.651 1834 1834 W PackageSettings: Couldn't write 10050 to /config/sdcardfs/com.android.deskclock/appid
04-26 20:17:54.651 1834 1834 W PackageSettings: Couldn't write 10030 to /config/sdcardfs/com.android.systemui/appid
04-26 20:17:54.651 1834 1834 W PackageSettings: Couldn't write 10039 to /config/sdcardfs/com.android.bluetoothmidiservice/appid
04-26 20:17:54.651 1834 1834 W PackageSettings: Couldn't write 1002 to /config/sdcardfs/com.android.bluetooth/appid
04-26 20:17:54.651 1834 1834 W PackageSettings: Couldn't write 10048 to /config/sdcardfs/com.android.development/appid
04-26 20:17:54.651 1834 1834 W PackageSettings: Couldn't write 10068 to /config/sdcardfs/com.android.wallpaperpicker/appid
04-26 20:17:54.651 1834 1834 W PackageSettings: Couldn't write 10005 to /config/sdcardfs/com.android.providers.contacts/appid
04-26 20:17:54.651 1834 1834 W PackageSettings: Couldn't write 10043 to /config/sdcardfs/com.android.captiveportallogin/appid
04-26 20:17:54.651 1834 1834 W PackageSettings: Couldn't write 10088 to /config/sdcardfs/com.elsdoerfer.android.autostarts/appid
04-26 20:17:54.652 1834 1834 W PackageManager: Wiping cache directory because the system partition changed.
04-26 20:17:54.661 1834 1834 W PackageManager: Failed to parse /system/framework/x86: Missing base APK in /system/framework/x86
04-26 20:17:54.662 1834 1834 W PackageManager: Failed to parse /system/framework/x86_64: Missing base APK in /system/framework/x86_64
04-26 20:17:54.662 1834 1834 W PackageManager: Failed to parse /system/framework/oat: Missing base APK in /system/framework/oat
04-26 20:17:54.730 1834 1834 W PackageManager: Failed to scan /system/priv-app/GmsCore: Package com.google.android.gms at /system/priv-app/GmsCore ignored: updated version 16091023 better than this 12688056
04-26 20:17:54.743 1834 1834 W PackageManager: Failed to scan /system/app/Gmail2: Package com.google.android.gm at /system/app/Gmail2 ignored: updated version 61339644 better than this 59252024
04-26 20:17:54.744 1834 1834 I system_server: type=1400 audit(0.0:299): avc: denied { getattr } for path="/vendor" dev="tmpfs" ino=5338 scontext=u:r:system_server:s0 tcontext=u:object_r:tmpfs:s0 tclass=lnk_file permissive=1
04-26 20:17:54.745 1834 1834 D PackageManager: No files in app dir /system/vendor/app
04-26 20:17:54.745 1834 1834 D PackageManager: No files in app dir /oem/app
04-26 20:17:54.746 1834 1834 I PackageManager: Finished scanning system apps. Time: 94 ms, packageCount: 91 , timePerPackage: 1 , cached: 93
04-26 20:17:54.806 1834 1834 D PackageManager: No files in app dir /data/app-private
04-26 20:17:54.806 1834 1834 I PackageManager: Finished scanning non-system apps. Time: 60 ms, packageCount: 26 , timePerPackage: 2 , cached: 26
04-26 20:17:54.808 1834 1834 I PackageManager: Time to scan packages: 0.157 seconds
04-26 20:17:54.813 1834 1834 V PackageManager: reconcileAppsData for null u0 0x3 migrateAppData=true
04-26 20:17:54.833 1834 1834 V PackageManager: reconcileAppsData finished 17 packages
04-26 20:17:54.836 1834 1880 D SystemServerInitThreadPool: Started executing prepareAppData
04-26 20:17:54.837 1415 1670 W installd: Ignoring /data/data/com.google.android.googlequicksearchbox/lib with unexpected GID 0 instead of 10034
04-26 20:17:54.837 1415 1670 W installd: Ignoring /data/data/com.google.android.webview/lib with unexpected GID 0 instead of 10069
04-26 20:17:54.837 1415 1670 W installd: Ignoring /data/data/com.android.chrome/lib with unexpected GID 0 instead of 10051
04-26 20:17:54.838 1415 1670 W installd: Ignoring /data/data/com.svox.pico/lib with unexpected GID 0 instead of 10067
04-26 20:17:54.838 1415 1670 W installd: Ignoring /data/data/jackpal.androidterm/lib with unexpected GID 0 instead of 10036
04-26 20:17:54.838 1415 1670 W installd: Ignoring /data/data/com.keramidas.TitaniumBackup/lib with unexpected GID 0 instead of 10072
04-26 20:17:54.838 1415 1670 W installd: Ignoring /data/data/com.spotify.music/lib with unexpected GID 0 instead of 10074
04-26 20:17:54.838 1415 1670 W installd: Ignoring /data/data/com.rami.puissance4/lib with unexpected GID 0 instead of 10077
04-26 20:17:54.838 1415 1670 W installd: Ignoring /data/data/org.mozilla.firefox/lib with unexpected GID 0 instead of 10083
04-26 20:17:54.838 1415 1670 W installd: Ignoring /data/data/com.king.candycrushsaga/lib with unexpected GID 0 instead of 10086
04-26 20:17:54.838 1415 1670 W installd: Ignoring /data/data/com.tws.aviwatch/lib with unexpected GID 0 instead of 10095
04-26 20:17:54.839 1415 1670 W installd: Ignoring /data/data/com.gmail.heagoo.apkeditor.pro/lib with unexpected GID 0 instead of 10091
04-26 20:17:54.840 1834 1880 D SystemServerTimingAsync: AppDataFixup took to complete: 4ms
04-26 20:17:54.913 1834 1834 W PackageSettings: Couldn't write 10077 to /config/sdcardfs/com.rami.puissance4/appid
04-26 20:17:54.913 1834 1834 W PackageSettings: Couldn't write 10007 to /config/sdcardfs/com.android.cts.priv.ctsshim/appid
04-26 20:17:54.913 1834 1834 W PackageSettings: Couldn't write 10070 to /config/sdcardfs/com.google.android.youtube/appid
04-26 20:17:54.913 1834 1834 W PackageSettings: Couldn't write 10017 to /config/sdcardfs/com.google.android.ext.services/appid
04-26 20:17:54.913 1834 1834 W PackageSettings: Couldn't write 10064 to /config/sdcardfs/com.example.android.rssreader/appid
04-26 20:17:54.913 1834 1834 W PackageSettings: Couldn't write 10082 to /config/sdcardfs/com.oasisfeng.greenify/appid
04-26 20:17:54.913 1834 1834 W PackageSettings: Couldn't write 1001 to /config/sdcardfs/com.android.providers.telephony/appid
04-26 20:17:54.913 1834 1834 W PackageSettings: Couldn't write 10001 to /config/sdcardfs/org.android_x86.analytics/appid
04-26 20:17:54.913 1834 1834 W PackageSettings: Couldn't write 10034 to /config/sdcardfs/com.google.android.googlequicksearchbox/appid
04-26 20:17:54.913 1834 1834 W PackageSettings: Couldn't write 10002 to /config/sdcardfs/com.android.providers.calendar/appid
04-26 20:17:54.914 1834 1834 W PackageSettings: Couldn't write 10009 to /config/sdcardfs/com.android.providers.media/appid
04-26 20:17:54.914 1834 1834 W PackageSettings: Couldn't write 10020 to /config/sdcardfs/com.google.android.onetimeinitializer/appid
04-26 20:17:54.914 1834 1834 W PackageSettings: Couldn't write 10054 to /config/sdcardfs/com.google.android.ext.shared/appid
04-26 20:17:54.914 1834 1834 W PackageSettings: Couldn't write 10033 to /config/sdcardfs/com.android.wallpapercropper/appid
04-26 20:17:54.914 1834 1834 W PackageSettings: Couldn't write 10090 to /config/sdcardfs/com.applisto.appcloner/appid
04-26 20:17:54.914 1834 1834 W PackageSettings: Couldn't write 10076 to /config/sdcardfs/org.crape.rotationcontrol/appid
04-26 20:17:54.914 1834 1834 W PackageSettings: Couldn't write 10071 to /config/sdcardfs/com.speedsoftware.rootexplorer/appid
04-26 20:17:54.914 1834 1834 W PackageSettings: Couldn't write 1000 to /config/sdcardfs/org.zeroxlab.util.tscal/appid
04-26 20:17:54.914 1834 1834 W PackageSettings: Couldn't write 10011 to /config/sdcardfs/com.android.documentsui/appid
04-26 20:17:54.914 1834 1834 W PackageSettings: Couldn't write 10012 to /config/sdcardfs/com.android.externalstorage/appid
04-26 20:17:54.914 1834 1834 W PackageSettings: Couldn't write 10058 to /config/sdcardfs/com.android.htmlviewer/appid
04-26 20:17:54.915 1834 1834 W PackageSettings: Couldn't write 10073 to /config/sdcardfs/com.whatsapp/appid
04-26 20:17:54.915 1834 1834 W PackageSettings: Couldn't write 10045 to /config/sdcardfs/com.android.companiondevicemanager/appid
04-26 20:17:54.915 1834 1834 W PackageSettings: Couldn't write 1001 to /config/sdcardfs/com.android.mms.service/appid
04-26 20:17:54.915 1834 1834 W PackageSettings: Couldn't write 10079 to /config/sdcardfs/com.bionicapps.newsreader/appid
04-26 20:17:54.915 1834 1834 W PackageSettings: Couldn't write 10009 to /config/sdcardfs/com.android.providers.downloads/appid
04-26 20:17:54.915 1834 1834 W PackageSettings: Couldn't write 10072 to /config/sdcardfs/com.keramidas.TitaniumBackup/appid
04-26 20:17:54.915 1834 1834 W PackageSettings: Couldn't write 10080 to /config/sdcardfs/org.schabi.newpipe/appid
04-26 20:17:54.915 1834 1834 W PackageSettings: Couldn't write 10006 to /config/sdcardfs/com.android.defcontainer/appid
04-26 20:17:54.915 1834 1834 W PackageSettings: Couldn't write 10094 to /config/sdcardfs/com.tpcstld.twozerogame/appid
04-26 20:17:54.915 1834 1834 W PackageSettings: Couldn't write 10009 to /config/sdcardfs/com.android.providers.downloads.ui/appid
04-26 20:17:54.916 1834 1834 W PackageSettings: Couldn't write 10025 to /config/sdcardfs/com.android.vending/appid
04-26 20:17:54.916 1834 1834 W PackageSettings: Couldn't write 10063 to /config/sdcardfs/com.android.pacprocessor/appid
04-26 20:17:54.916 1834 1834 W PackageSettings: Couldn't write 10095 to /config/sdcardfs/com.tws.aviwatch/appid
04-26 20:17:54.916 1834 1834 W PackageSettings: Couldn't write 10046 to /config/sdcardfs/com.android.certinstaller/appid
04-26 20:17:54.916 1834 1834 W PackageSettings: Couldn't write 10004 to /config/sdcardfs/com.android.carrierconfig/appid
04-26 20:17:54.916 1834 1834 W PackageSettings: Couldn't write 10093 to /config/sdcardfs/com.advancedprocessmanager/appid
04-26 20:17:54.916 1834 1834 W PackageSettings: Couldn't write 1000 to /config/sdcardfs/android/appid
04-26 20:17:54.916 1834 1834 W PackageSettings: Couldn't write 10010 to /config/sdcardfs/com.android.contacts/appid
04-26 20:17:54.916 1834 1834 W PackageSettings: Couldn't write 10044 to /config/sdcardfs/com.android.camera2/appid
04-26 20:17:54.916 1834 1834 W PackageSettings: Couldn't write 10078 to /config/sdcardfs/com.eolwral.osmonitor/appid
04-26 20:17:54.916 1834 1834 W PackageSettings: Couldn't write 10049 to /config/sdcardfs/com.android.egg/appid
04-26 20:17:54.917 1834 1834 W PackageSettings: Couldn't write 10009 to /config/sdcardfs/com.android.mtp/appid
04-26 20:17:54.917 1834 1834 W PackageSettings: Couldn't write 10022 to /config/sdcardfs/com.android.launcher3/appid
04-26 20:17:54.917 1834 1834 W PackageSettings: Couldn't write 10003 to /config/sdcardfs/com.android.backupconfirm/appid
04-26 20:17:54.917 1834 1834 W PackageSettings: Couldn't write 10081 to /config/sdcardfs/com.buak.Link2SD/appid
04-26 20:17:54.917 1834 1834 W PackageSettings: Couldn't write 10028 to /config/sdcardfs/com.android.statementservice/appid
04-26 20:17:54.917 1834 1834 W PackageSettings: Couldn't write 10059 to /config/sdcardfs/com.google.android.gm/appid
04-26 20:17:54.917 1834 1834 W PackageSettings: Couldn't write 10042 to /config/sdcardfs/com.android.calendar/appid
04-26 20:17:54.917 1834 1834 W PackageSettings: Couldn't write 10000 to /config/sdcardfs/com.android.systemui.theme.dark/appid
04-26 20:17:54.918 1834 1834 W PackageSettings: Couldn't write 10027 to /config/sdcardfs/com.google.android.setupwizard/appid
04-26 20:17:54.918 1834 1834 W PackageSettings: Couldn't write 1000 to /config/sdcardfs/com.android.providers.settings/appid
04-26 20:17:54.918 1834 1834 W PackageSettings: Couldn't write 10026 to /config/sdcardfs/com.android.sharedstoragebackup/appid
04-26 20:17:54.918 1834 1834 W PackageSettings: Couldn't write 10065 to /config/sdcardfs/com.android.printspooler/appid
04-26 20:17:54.918 1834 1834 W PackageSettings: Couldn't write 10035 to /config/sdcardfs/com.android.dreams.basic/appid
04-26 20:17:54.918 1834 1834 W PackageSettings: Couldn't write 1000 to /config/sdcardfs/com.android.inputdevices/appid
04-26 20:17:54.918 1834 1834 W PackageSettings: Couldn't write 10084 to /config/sdcardfs/com.androidfung.drminfo/appid
04-26 20:17:54.918 1834 1834 W PackageSettings: Couldn't write 10040 to /config/sdcardfs/com.android.bips/appid
04-26 20:17:54.918 1834 1834 W PackageSettings: Couldn't write 10085 to /config/sdcardfs/com.google.android.apps.docs/appid
04-26 20:17:54.918 1834 1834 W PackageSettings: Couldn't write 10008 to /config/sdcardfs/com.android.cellbroadcastreceiver/appid
04-26 20:17:54.918 1834 1834 W PackageSettings: Couldn't write 10069 to /config/sdcardfs/com.google.android.webview/appid
04-26 20:17:54.918 1834 1834 W PackageSettings: Couldn't write 10056 to /config/sdcardfs/com.google.android.syncadapters.contacts/appid
04-26 20:17:54.918 1834 1834 W PackageSettings: Couldn't write 10061 to /config/sdcardfs/com.example.android.notepad/appid
04-26 20:17:54.918 1834 1834 W PackageSettings: Couldn't write 1000 to /config/sdcardfs/com.android.keychain/appid
04-26 20:17:54.918 1834 1834 W PackageSettings: Couldn't write 10051 to /config/sdcardfs/com.android.chrome/appid
04-26 20:17:54.919 1834 1834 W PackageSettings: Couldn't write 10018 to /config/sdcardfs/com.android.dialer/appid
04-26 20:17:54.919 1834 1834 W PackageSettings: Couldn't write 10053 to /config/sdcardfs/com.android.gallery3d/appid
04-26 20:17:54.919 1834 1834 W PackageSettings: Couldn't write 10019 to /config/sdcardfs/com.google.android.packageinstaller/appid
04-26 20:17:54.919 1834 1834 W PackageSettings: Couldn't write 10015 to /config/sdcardfs/com.google.android.gms/appid
04-26 20:17:54.919 1834 1834 W PackageSettings: Couldn't write 10015 to /config/sdcardfs/com.google.android.gsf/appid
04-26 20:17:54.919 1834 1834 W PackageSettings: Couldn't write 10005 to /config/sdcardfs/com.android.calllogbackup/appid
04-26 20:17:54.919 1834 1834 W PackageSettings: Couldn't write 10021 to /config/sdcardfs/com.google.android.partnersetup/appid
04-26 20:17:54.919 1834 1834 W PackageSettings: Couldn't write 10037 to /config/sdcardfs/com.android.basicsmsreceiver/appid
04-26 20:17:54.919 1834 1834 W PackageSettings: Couldn't write 10041 to /config/sdcardfs/com.android.carrierdefaultapp/appid
04-26 20:17:54.919 1834 1834 W PackageSettings: Couldn't write 10067 to /config/sdcardfs/com.svox.pico/appid
04-26 20:17:54.919 1834 1834 W PackageSettings: Couldn't write 10091 to /config/sdcardfs/com.gmail.heagoo.apkeditor.pro/appid
04-26 20:17:54.919 1834 1834 W PackageSettings: Couldn't write 10089 to /config/sdcardfs/rikka.appops/appid
04-26 20:17:54.919 1834 1834 W PackageSettings: Couldn't write 10024 to /config/sdcardfs/com.android.proxyhandler/appid
04-26 20:17:54.919 1834 1834 W PackageSettings: Couldn't write 10062 to /config/sdcardfs/com.android.inputmethod.latin/appid
04-26 20:17:54.919 1834 1834 W PackageSettings: Couldn't write 10013 to /config/sdcardfs/org.lineageos.eleven/appid
04-26 20:17:54.919 1834 1834 W PackageSettings: Couldn't write 10016 to /config/sdcardfs/com.google.android.feedback/appid
04-26 20:17:54.920 1834 1834 W PackageSettings: Couldn't write 10055 to /config/sdcardfs/com.google.android.printservice.recommendation/appid
04-26 20:17:54.920 1834 1834 W PackageSettings: Couldn't write 10057 to /config/sdcardfs/com.google.android.syncadapters.calendar/appid
04-26 20:17:54.920 1834 1834 W PackageSettings: Couldn't write 10023 to /config/sdcardfs/com.android.managedprovisioning/appid
04-26 20:17:54.920 1834 1834 W PackageSettings: Couldn't write 10074 to /config/sdcardfs/com.spotify.music/appid
04-26 20:17:54.920 1834 1834 W PackageSettings: Couldn't write 10066 to /config/sdcardfs/com.android.providers.partnerbookmarks/appid
04-26 20:17:54.920 1834 1834 W PackageSettings: Couldn't write 10015 to /config/sdcardfs/com.google.android.gsf.login/appid
04-26 20:17:54.920 1834 1834 W PackageSettings: Couldn't write 10060 to /config/sdcardfs/com.android.wallpaper.livepicker/appid
04-26 20:17:54.920 1834 1834 W PackageSettings: Couldn't write 10083 to /config/sdcardfs/org.mozilla.firefox/appid
04-26 20:17:54.920 1834 1834 W PackageSettings: Couldn't write 10036 to /config/sdcardfs/jackpal.androidterm/appid
04-26 20:17:54.920 1834 1834 W PackageSettings: Couldn't write 10015 to /config/sdcardfs/com.google.android.backuptransport/appid
04-26 20:17:54.920 1834 1834 W PackageSettings: Couldn't write 10075 to /config/sdcardfs/eu.thedarken.sdm/appid
04-26 20:17:54.920 1834 1834 W PackageSettings: Couldn't write 10029 to /config/sdcardfs/com.android.storagemanager/appid
04-26 20:17:54.920 1834 1834 W PackageSettings: Couldn't write 10038 to /config/sdcardfs/com.android.bookmarkprovider/appid
04-26 20:17:54.920 1834 1834 W PackageSettings: Couldn't write 1000 to /config/sdcardfs/com.android.settings/appid
04-26 20:17:54.920 1834 1834 W PackageSettings: Couldn't write 10031 to /config/sdcardfs/com.farmerbb.taskbar.androidx86/appid
04-26 20:17:54.920 1834 1834 W PackageSettings: Couldn't write 10052 to /config/sdcardfs/com.android.calculator2/appid
04-26 20:17:54.920 1834 1834 W PackageSettings: Couldn't write 10047 to /config/sdcardfs/com.android.cts.ctsshim/appid
04-26 20:17:54.920 1834 1834 W PackageSettings: Couldn't write 10092 to /config/sdcardfs/com.spring.bird.anycut/appid
04-26 20:17:54.920 1834 1834 W PackageSettings: Couldn't write 10032 to /config/sdcardfs/com.android.vpndialogs/appid
04-26 20:17:54.921 1834 1834 W PackageSettings: Couldn't write 1001 to /config/sdcardfs/com.android.phone/appid
04-26 20:17:54.921 1834 1834 W PackageSettings: Couldn't write 2000 to /config/sdcardfs/com.android.shell/appid
04-26 20:17:54.921 1834 1834 W PackageSettings: Couldn't write 1000 to /config/sdcardfs/com.android.wallpaperbackup/appid
04-26 20:17:54.921 1834 1834 W PackageSettings: Couldn't write 10005 to /config/sdcardfs/com.android.providers.blockednumber/appid
04-26 20:17:54.921 1834 1834 W PackageSettings: Couldn't write 10086 to /config/sdcardfs/com.king.candycrushsaga/appid
04-26 20:17:54.921 1834 1834 W PackageSettings: Couldn't write 10005 to /config/sdcardfs/com.android.providers.userdictionary/appid
04-26 20:17:54.921 1834 1834 W PackageSettings: Couldn't write 10014 to /config/sdcardfs/com.android.emergency/appid
04-26 20:17:54.921 1834 1834 W PackageSettings: Couldn't write 1000 to /config/sdcardfs/com.android.location.fused/appid
04-26 20:17:54.921 1834 1834 W PackageSettings: Couldn't write 10050 to /config/sdcardfs/com.android.deskclock/appid
04-26 20:17:54.921 1834 1834 W PackageSettings: Couldn't write 10030 to /config/sdcardfs/com.android.systemui/appid
04-26 20:17:54.921 1834 1834 W PackageSettings: Couldn't write 10039 to /config/sdcardfs/com.android.bluetoothmidiservice/appid
04-26 20:17:54.921 1834 1834 W PackageSettings: Couldn't write 1002 to /config/sdcardfs/com.android.bluetooth/appid
04-26 20:17:54.921 1834 1834 W PackageSettings: Couldn't write 10048 to /config/sdcardfs/com.android.development/appid
04-26 20:17:54.921 1834 1834 W PackageSettings: Couldn't write 10068 to /config/sdcardfs/com.android.wallpaperpicker/appid
04-26 20:17:54.921 1834 1834 W PackageSettings: Couldn't write 10005 to /config/sdcardfs/com.android.providers.contacts/appid
04-26 20:17:54.921 1834 1834 W PackageSettings: Couldn't write 10043 to /config/sdcardfs/com.android.captiveportallogin/appid
04-26 20:17:54.921 1834 1834 W PackageSettings: Couldn't write 10088 to /config/sdcardfs/com.elsdoerfer.android.autostarts/appid
04-26 20:17:54.969 1834 1834 V PackageManager: Ephemeral resolver found; pkg: com.google.android.gms, info:ResolveInfo{7d5bc17 com.google.android.gms/.chimera.PersistentBoundBrokerService m=0x108000}
04-26 20:17:54.969 1834 1834 D PackageManager: Set ephemeral resolver: Pair{ComponentInfo{com.google.android.gms/com.google.android.gms.chimera.PersistentBoundBrokerService} android.intent.action.RESOLVE_INSTANT_APP_PACKAGE}
04-26 20:17:54.970 1834 1834 D PackageManager: Set ephemeral installer activity: ComponentInfo{com.android.vending/com.google.android.finsky.instantapps.EphemeralInstallerActivity}
04-26 20:17:54.978 1415 1670 W cutils : Expected path /data/data/com.oasisfeng.greenify with mode 700 but found 751
04-26 20:17:55.004 1415 1670 W cutils : Expected path /data/data/com.keramidas.TitaniumBackup with mode 751 but found 755
04-26 20:17:55.057 1834 1834 I zygote64: Explicit concurrent copying GC freed 22454(1201KB) AllocSpace objects, 7(268KB) LOS objects, 42% free, 5MB/10MB, paused 66us total 83.430ms
04-26 20:17:55.058 1834 1834 D FallbackCategoryProvider: Found 1 fallback categories
04-26 20:17:55.058 1834 1834 D SystemServerTiming: StartPackageManagerService took to complete: 475ms
04-26 20:17:55.058 1834 1834 I SystemServer: StartOtaDexOptService
04-26 20:17:55.059 1834 1834 D OTADexopt: No upgrade, skipping A/B artifacts check.
04-26 20:17:55.059 1834 1834 D SystemServerTiming: StartOtaDexOptService took to complete: 0ms
04-26 20:17:55.059 1834 1834 I SystemServer: StartUserManagerService
04-26 20:17:55.059 1834 1834 I SystemServiceManager: Starting com.android.server.pm.UserManagerService$LifeCycle
04-26 20:17:55.059 1834 1834 D SystemServerTiming: StartUserManagerService took to complete: 1ms
04-26 20:17:55.059 1834 1834 I SystemServer: InitAttributerCache
04-26 20:17:55.059 1834 1834 D SystemServerTiming: InitAttributerCache took to complete: 0ms
04-26 20:17:55.059 1834 1834 I SystemServer: SetSystemProcess
04-26 20:17:55.061 1406 1406 I lowmemorykiller: ActivityManager connected
04-26 20:17:55.061 1834 1834 W SchedPolicy: add_tid_to_cgroup failed to write '1834' (No space left on device); fd=3
04-26 20:17:55.061 1834 1834 W SchedPolicy: add_tid_to_cgroup failed to write '1839' (No space left on device); fd=3
04-26 20:17:55.061 1834 1834 W SchedPolicy: add_tid_to_cgroup failed to write '1840' (No space left on device); fd=3
04-26 20:17:55.061 1834 1834 W SchedPolicy: add_tid_to_cgroup failed to write '1841' (No space left on device); fd=3
04-26 20:17:55.061 1834 1834 W SchedPolicy: add_tid_to_cgroup failed to write '1842' (No space left on device); fd=3
04-26 20:17:55.061 1834 1834 W SchedPolicy: add_tid_to_cgroup failed to write '1843' (No space left on device); fd=3
04-26 20:17:55.061 1834 1834 W SchedPolicy: add_tid_to_cgroup failed to write '1844' (No space left on device); fd=3
04-26 20:17:55.061 1834 1834 W SchedPolicy: add_tid_to_cgroup failed to write '1845' (No space left on device); fd=3
04-26 20:17:55.061 1834 1834 W SchedPolicy: add_tid_to_cgroup failed to write '1846' (No space left on device); fd=3
04-26 20:17:55.061 1834 1834 W SchedPolicy: add_tid_to_cgroup failed to write '1847' (No space left on device); fd=3
04-26 20:17:55.061 1834 1834 W SchedPolicy: add_tid_to_cgroup failed to write '1848' (No space left on device); fd=3
04-26 20:17:55.061 1834 1834 W SchedPolicy: add_tid_to_cgroup failed to write '1849' (No space left on device); fd=3
04-26 20:17:55.061 1415 1560 W cutils : Expected path /data/data/com.google.android.gms with mode 700 but found 711
04-26 20:17:55.061 1834 1834 W SchedPolicy: add_tid_to_cgroup failed to write '1850' (No space left on device); fd=3
04-26 20:17:55.061 1834 1834 W SchedPolicy: add_tid_to_cgroup failed to write '1851' (No space left on device); fd=3
04-26 20:17:55.061 1834 1834 W SchedPolicy: add_tid_to_cgroup failed to write '1852' (No space left on device); fd=3
04-26 20:17:55.061 1834 1834 W SchedPolicy: add_tid_to_cgroup failed to write '1853' (No space left on device); fd=3
04-26 20:17:55.061 1834 1834 W SchedPolicy: add_tid_to_cgroup failed to write '1854' (No space left on device); fd=3
04-26 20:17:55.061 1834 1834 W SchedPolicy: add_tid_to_cgroup failed to write '1855' (No space left on device); fd=3
04-26 20:17:55.061 1834 1834 W SchedPolicy: add_tid_to_cgroup failed to write '1856' (No space left on device); fd=3
04-26 20:17:55.061 1834 1834 W SchedPolicy: add_tid_to_cgroup failed to write '1857' (No space left on device); fd=3
04-26 20:17:55.061 1834 1834 W SchedPolicy: add_tid_to_cgroup failed to write '1858' (No space left on device); fd=3
04-26 20:17:55.061 1834 1834 W SchedPolicy: add_tid_to_cgroup failed to write '1859' (No space left on device); fd=3
04-26 20:17:55.061 1834 1834 W SchedPolicy: add_tid_to_cgroup failed to write '1860' (No space left on device); fd=3
04-26 20:17:55.062 1834 1834 W SchedPolicy: add_tid_to_cgroup failed to write '1861' (No space left on device); fd=3
04-26 20:17:55.062 1415 1560 W cutils : Expected path /data/user_de/0/com.google.android.gms with mode 700 but found 711
04-26 20:17:55.062 1834 1834 W SchedPolicy: add_tid_to_cgroup failed to write '1862' (No space left on device); fd=3
04-26 20:17:55.062 1834 1834 W SchedPolicy: add_tid_to_cgroup failed to write '1880' (No space left on device); fd=3
04-26 20:17:55.062 1834 1834 W SchedPolicy: add_tid_to_cgroup failed to write '1881' (No space left on device); fd=3
04-26 20:17:55.062 1415 1560 W cutils : Expected path /data/data/com.google.android.gms with mode 700 but found 711
04-26 20:17:55.062 1415 1560 W cutils : Expected path /data/user_de/0/com.google.android.gms with mode 700 but found 711
04-26 20:17:55.067 1834 1834 D SystemServerTiming: SetSystemProcess took to complete: 7ms
04-26 20:17:55.067 1834 1834 W SchedPolicy: add_tid_to_cgroup failed to write '1856' (No space left on device); fd=27
04-26 20:17:55.068 1834 1834 W SchedPolicy: add_tid_to_cgroup failed to write '1882' (No space left on device); fd=27
04-26 20:17:55.068 1834 1834 I SystemServer: StartOverlayManagerService
04-26 20:17:55.069 1834 1834 D SystemServerTiming: StartOverlayManagerService took to complete: 0ms
04-26 20:17:55.069 1834 1834 I SystemServer: StartDropBoxManager
04-26 20:17:55.069 1834 1834 I SystemServiceManager: Starting com.android.server.DropBoxManagerService
04-26 20:17:55.070 1834 1834 D SystemServerTiming: StartDropBoxManager took to complete: 0ms
04-26 20:17:55.070 1834 1834 I SystemServer: StartBatteryService
04-26 20:17:55.070 1834 1883 D SystemServerInitThreadPool: Started executing Init OverlayManagerService
04-26 20:17:55.070 1834 1834 I SystemServiceManager: Starting com.android.server.BatteryService
04-26 20:17:55.071 1834 1884 D SystemServerInitThreadPool: Started executing StartSensorService
04-26 20:17:55.071 1834 1884 D SensorService: nuSensorService starting...
04-26 20:17:55.071 1834 1884 D vndksupport: Loading /vendor/lib64/hw/android.hardware.sensors@1.0-impl.so from current namespace instead of sphal namespace.
04-26 20:17:55.074 1834 1834 D SystemServerTiming: StartBatteryService took to complete: 4ms
04-26 20:17:55.074 1834 1834 I SystemServer: StartUsageService
04-26 20:17:55.074 1834 1834 I SystemServiceManager: Starting com.android.server.usage.UsageStatsService
04-26 20:17:55.074 1834 1846 E LightsService: Light requested not available on this device. 3
04-26 20:17:55.076 1834 1884 D vndksupport: Loading /vendor/lib64/hw/sensors.kbd.so from current namespace instead of sphal namespace.
04-26 20:17:55.084 1834 1834 D SystemServerTiming: StartUsageService took to complete: 10ms
04-26 20:17:55.084 1834 1834 I SystemServer: StartWebViewUpdateService
04-26 20:17:55.084 1834 1834 I SystemServiceManager: Starting com.android.server.webkit.WebViewUpdateService
04-26 20:17:55.084 1834 1884 D KbdSensor: open_kbd_sensor: id=poll
04-26 20:17:55.086 1834 1834 D SystemServerTiming: StartWebViewUpdateService took to complete: 3ms
04-26 20:17:55.087 1834 1834 I SystemServer: StartKeyAttestationApplicationIdProviderService
04-26 20:17:55.087 1834 1847 D SystemServerInitThreadPool: Started executing SecondaryZygotePreload
04-26 20:17:55.087 1834 1847 I SystemServer: SecondaryZygotePreload
04-26 20:17:55.103 1834 1834 D SystemServerTiming: StartKeyAttestationApplicationIdProviderService took to complete: 16ms
