04-26 20:18:02.257 1940 1986 I chatty : uid=1000 system_server expire 12 lines
04-26 20:18:02.257 1940 2005 I chatty : uid=1000(system) HwBinder:1940_2 expire 1 line
04-26 20:18:02.259 1896 1896 I AudioFlinger: systemReady
04-26 20:18:02.271 1383 1386 V vold : DISK mbr
04-26 20:18:02.271 1383 1386 V vold :
04-26 20:18:02.271 1383 1386 V vold : PART 1 7
04-26 20:18:02.271 1383 1386 V vold :
04-26 20:18:02.271 1383 1386 V vold : PART 2 83
04-26 20:18:02.271 1383 1386 V vold :
04-26 20:18:02.272 2091 2091 I iptables-restor: type=1400 audit(0.0:362): avc: denied { getattr } for path="/vendor" dev="tmpfs" ino=5338 scontext=u:r:netd:s0 tcontext=u:object_r:tmpfs:s0 tclass=lnk_file permissive=1
04-26 20:18:02.272 2091 2091 I iptables-restor: type=1400 audit(0.0:363): avc: denied { read } for name="vendor" dev="tmpfs" ino=5338 scontext=u:r:netd:s0 tcontext=u:object_r:tmpfs:s0 tclass=lnk_file permissive=1
04-26 20:18:02.301 1940 2013 I chatty : uid=1000(system) NetworkPolicy expire 1 line
04-26 20:18:02.304 1940 2083 I chatty : uid=1000(system) UsbService host expire 8 lines
04-26 20:18:02.324 1940 2088 I chatty : uid=1000(system) SoundPoolThread expire 12 lines
04-26 20:18:02.325 1940 2083 I chatty : uid=1000(system) UsbService host expire 32 lines
04-26 20:18:02.326 2102 2102 I sh : type=1400 audit(0.0:364): avc: denied { getattr } for path="/vendor" dev="tmpfs" ino=5338 scontext=u:r:blkid_untrusted:s0 tcontext=u:object_r:tmpfs:s0 tclass=lnk_file permissive=1
04-26 20:18:02.326 2102 2102 I sh : type=1400 audit(0.0:365): avc: denied { read } for name="vendor" dev="tmpfs" ino=5338 scontext=u:r:blkid_untrusted:s0 tcontext=u:object_r:tmpfs:s0 tclass=lnk_file permissive=1
04-26 20:18:02.326 1383 1386 D vold : Found a CDROM: /sys//devices/pci0000:00/0000:00:11.0/ata2/host1/target1:0:0/1:0:0:0/block/sr0
04-26 20:18:02.326 1383 1386 W vold : sgdisk failed to scan /dev/block/vold/disk:11,0
04-26 20:18:02.326 1383 1386 V vold : /system/bin/blkid
04-26 20:18:02.326 1383 1386 V vold : -c
04-26 20:18:02.326 1383 1386 V vold : /dev/null
04-26 20:18:02.326 1383 1386 V vold : -s
04-26 20:18:02.326 1383 1386 V vold : TYPE
04-26 20:18:02.326 1383 1386 V vold : -s
04-26 20:18:02.326 1383 1386 V vold : UUID
04-26 20:18:02.326 1383 1386 V vold : -s
04-26 20:18:02.326 1383 1386 V vold : LABEL
04-26 20:18:02.326 1383 1386 V vold : /dev/block/vold/disk:11,0
04-26 20:18:02.332 1940 1986 I chatty : uid=1000 system_server expire 1 line
04-26 20:18:02.353 2061 2061 I zygote64: The ClassLoaderContext is a special shared library.
04-26 20:18:02.378 2077 2077 I zygote64: The ClassLoaderContext is a special shared library.
04-26 20:18:02.405 2110 2110 W zygote64: Unexpected CPU variant for X86 using defaults: x86_64
04-26 20:18:02.406 1383 1386 E vold : Failed to pclose /system/bin/blkid -c /dev/null -s TYPE -s UUID -s LABEL /dev/block/vold/disk:11,0 : No medium found
04-26 20:18:02.406 1383 1386 W vold : blkid failed to identify /dev/block/vold/disk:11,0
04-26 20:18:02.409 2110 2110 V WebViewLibraryLoader: RelroFileCreator (64bit = true), 32-bit lib: /system/app/WebViewGoogle/WebViewGoogle.apk!/lib/x86/libwebviewchromium.so, 64-bit lib: /system/app/WebViewGoogle/WebViewGoogle.apk!/lib/x86_64/libwebviewchromium.so
04-26 20:18:02.410 1 1 I init : type=1400 audit(0.0:366): avc: denied { create } for name="cgroup.procs" scontext=u:r:init:s0 tcontext=u:object_r:cgroup:s0 tclass=file permissive=1
04-26 20:18:02.411 1383 1386 V vold : Waiting for FUSE to spin up...
04-26 20:18:02.428 2125 2125 I sdcard : type=1400 audit(0.0:367): avc: denied { getattr } for path="/vendor" dev="tmpfs" ino=5338 scontext=u:r:sdcardd:s0 tcontext=u:object_r:tmpfs:s0 tclass=lnk_file permissive=1
04-26 20:18:02.429 2125 2125 I sdcard : type=1400 audit(0.0:368): avc: denied { read } for name="vendor" dev="tmpfs" ino=5338 scontext=u:r:sdcardd:s0 tcontext=u:object_r:tmpfs:s0 tclass=lnk_file permissive=1
04-26 20:18:02.461 1383 1386 V vold : Waiting for FUSE to spin up...
04-26 20:18:02.483 2124 2124 I webview_zygote3: type=1400 audit(0.0:369): avc: denied { getattr } for path="/vendor" dev="tmpfs" ino=5338 scontext=u:r:webview_zygote:s0 tcontext=u:object_r:tmpfs:s0 tclass=lnk_file permissive=1
04-26 20:18:02.483 2124 2124 I webview_zygote3: type=1400 audit(0.0:370): avc: denied { read } for name="vendor" dev="tmpfs" ino=5338 scontext=u:r:webview_zygote:s0 tcontext=u:object_r:tmpfs:s0 tclass=lnk_file permissive=1
04-26 20:18:02.487 2125 2125 W /system/bin/sdcard: Device explicitly enabled sdcardfs
04-26 20:18:02.492 2105 2105 W zygote : Unexpected CPU variant for X86 using defaults: x86_64
04-26 20:18:02.514 1383 1386 V vold : /system/bin/blkid
04-26 20:18:02.514 1383 1386 V vold : -c
04-26 20:18:02.514 1383 1386 V vold : /dev/null
04-26 20:18:02.514 1383 1386 V vold : -s
04-26 20:18:02.514 1383 1386 V vold : TYPE
04-26 20:18:02.514 1383 1386 V vold : -s
04-26 20:18:02.514 1383 1386 V vold : UUID
04-26 20:18:02.514 1383 1386 V vold : -s
04-26 20:18:02.514 1383 1386 V vold : LABEL
04-26 20:18:02.514 1383 1386 V vold : /dev/block/vold/public:8,17
04-26 20:18:02.622 2105 2105 V WebViewLibraryLoader: RelroFileCreator (64bit = false), 32-bit lib: /system/app/WebViewGoogle/WebViewGoogle.apk!/lib/x86/libwebviewchromium.so, 64-bit lib: /system/app/WebViewGoogle/WebViewGoogle.apk!/lib/x86_64/libwebviewchromium.so
04-26 20:18:02.627 2105 2135 I zygote : Background concurrent copying GC freed 43(77KB) AllocSpace objects, 0(0B) LOS objects, 62% free, 915KB/2MB, paused 41.691ms total 66.229ms
04-26 20:18:02.663 1898 1938 I OMXClient: Treble IOmx obtained
04-26 20:18:02.663 1424 1461 I OMXMaster: makeComponentInstance(OMX.google.aac.decoder) in omx@1.0-service process
04-26 20:18:02.731 1383 1386 V vold : /dev/block/vold/public:8,17: LABEL="CLEF128GO" UUID="AFEE-BB90" TYPE="vfat"
04-26 20:18:02.731 1383 1386 V vold :
04-26 20:18:02.731 1383 1386 V vold : /system/bin/fsck_msdos
04-26 20:18:02.731 1383 1386 V vold : -p
04-26 20:18:02.731 1383 1386 V vold : -f
04-26 20:18:02.731 1383 1386 V vold : /dev/block/vold/public:8,17
04-26 20:18:02.732 2124 2124 D AndroidRuntime: >>>>>> START com.android.internal.os.WebViewZygoteInit uid 1053 <<<<<<
04-26 20:18:02.734 2124 2124 I /system/bin/webview_zygote32: option[0]=-Xzygote
04-26 20:18:02.734 2124 2124 I /system/bin/webview_zygote32: option[1]=-Xusetombstonedtraces
04-26 20:18:02.734 2124 2124 I /system/bin/webview_zygote32: option[2]=exit
04-26 20:18:02.734 2124 2124 I /system/bin/webview_zygote32: option[3]=vfprintf
04-26 20:18:02.734 2124 2124 I /system/bin/webview_zygote32: option[4]=sensitiveThread
04-26 20:18:02.734 2124 2124 I /system/bin/webview_zygote32: option[5]=-verbose:gc
04-26 20:18:02.734 2124 2124 I /system/bin/webview_zygote32: option[6]=-Xms16m
04-26 20:18:02.734 2124 2124 I /system/bin/webview_zygote32: option[7]=-Xmx512m
04-26 20:18:02.734 2124 2124 I /system/bin/webview_zygote32: option[8]=-XX:HeapGrowthLimit=192m
04-26 20:18:02.734 2124 2124 I /system/bin/webview_zygote32: option[9]=-XX:HeapMinFree=512k
04-26 20:18:02.734 2124 2124 I /system/bin/webview_zygote32: option[10]=-XX:HeapMaxFree=8m
04-26 20:18:02.734 2124 2124 I /system/bin/webview_zygote32: option[11]=-XX:HeapTargetUtilization=0.75
04-26 20:18:02.734 2124 2124 I /system/bin/webview_zygote32: option[12]=-Xusejit:true
04-26 20:18:02.734 2124 2124 I /system/bin/webview_zygote32: option[13]=-Xjitsaveprofilinginfo
04-26 20:18:02.734 2124 2124 I /system/bin/webview_zygote32: option[14]=-agentlib:jdwp=transport=dt_android_adb,suspend=n,server=y
04-26 20:18:02.734 2124 2124 I /system/bin/webview_zygote32: option[15]=-Xlockprofthreshold:500
04-26 20:18:02.734 2124 2124 I /system/bin/webview_zygote32: option[16]=-Ximage-compiler-option
04-26 20:18:02.734 2124 2124 I /system/bin/webview_zygote32: option[17]=--runtime-arg
04-26 20:18:02.734 2124 2124 I /system/bin/webview_zygote32: option[18]=-Ximage-compiler-option
04-26 20:18:02.734 2124 2124 I /system/bin/webview_zygote32: option[19]=-Xms64m
04-26 20:18:02.734 2124 2124 I /system/bin/webview_zygote32: option[20]=-Ximage-compiler-option
04-26 20:18:02.734 2124 2124 I /system/bin/webview_zygote32: option[21]=--runtime-arg
04-26 20:18:02.734 2124 2124 I /system/bin/webview_zygote32: option[22]=-Ximage-compiler-option
04-26 20:18:02.734 2124 2124 I /system/bin/webview_zygote32: option[23]=-Xmx64m
04-26 20:18:02.734 2124 2124 I /system/bin/webview_zygote32: option[24]=-Ximage-compiler-option
04-26 20:18:02.734 2124 2124 I /system/bin/webview_zygote32: option[25]=--image-classes=/system/etc/preloaded-classes
04-26 20:18:02.734 2124 2124 I /system/bin/webview_zygote32: option[26]=-Ximage-compiler-option
04-26 20:18:02.734 2124 2124 I /system/bin/webview_zygote32: option[27]=--compiled-classes=/system/etc/compiled-classes
04-26 20:18:02.734 2124 2124 I /system/bin/webview_zygote32: option[28]=-Ximage-compiler-option
04-26 20:18:02.734 2124 2124 I /system/bin/webview_zygote32: option[29]=--dirty-image-objects=/system/etc/dirty-image-objects
04-26 20:18:02.734 2124 2124 I /system/bin/webview_zygote32: option[30]=-Xcompiler-option
04-26 20:18:02.734 2124 2124 I /system/bin/webview_zygote32: option[31]=--runtime-arg
04-26 20:18:02.734 2124 2124 I /system/bin/webview_zygote32: option[32]=-Xcompiler-option
04-26 20:18:02.734 2124 2124 I /system/bin/webview_zygote32: option[33]=-Xms64m
04-26 20:18:02.734 2124 2124 I /system/bin/webview_zygote32: option[34]=-Xcompiler-option
04-26 20:18:02.734 2124 2124 I /system/bin/webview_zygote32: option[35]=--runtime-arg
04-26 20:18:02.734 2124 2124 I /system/bin/webview_zygote32: option[36]=-Xcompiler-option
04-26 20:18:02.734 2124 2124 I /system/bin/webview_zygote32: option[37]=-Xmx512m
04-26 20:18:02.734 2124 2124 I /system/bin/webview_zygote32: option[38]=-Ximage-compiler-option
04-26 20:18:02.734 2124 2124 I /system/bin/webview_zygote32: option[39]=--instruction-set-variant=x86_64
04-26 20:18:02.734 2124 2124 I /system/bin/webview_zygote32: option[40]=-Xcompiler-option
04-26 20:18:02.734 2124 2124 I /system/bin/webview_zygote32: option[41]=--instruction-set-variant=x86_64
04-26 20:18:02.734 2124 2124 I /system/bin/webview_zygote32: option[42]=-Ximage-compiler-option
04-26 20:18:02.734 2124 2124 I /system/bin/webview_zygote32: option[43]=--instruction-set-features=default
04-26 20:18:02.734 2124 2124 I /system/bin/webview_zygote32: option[44]=-Xcompiler-option
04-26 20:18:02.734 2124 2124 I /system/bin/webview_zygote32: option[45]=--instruction-set-features=default
04-26 20:18:02.734 2124 2124 I /system/bin/webview_zygote32: option[46]=-Duser.locale=fr-FR
04-26 20:18:02.734 2124 2124 I /system/bin/webview_zygote32: option[47]=-XX:NativeBridge=libnb.so
04-26 20:18:02.734 2124 2124 I /system/bin/webview_zygote32: option[48]=--cpu-abilist=x86,armeabi-v7a,armeabi
04-26 20:18:02.734 2124 2124 I /system/bin/webview_zygote32: option[49]=-Xfingerprint:Android-x86/android_x86_64/x86_64:8.1.0/OPM8.190105.002/lh0124:userdebug/test-keys
04-26 20:18:02.750 1898 1938 I OMXClient: Treble IOmx obtained
04-26 20:18:02.750 1424 1461 I OMXMaster: makeComponentInstance(OMX.ffmpeg.aac.decoder) in omx@1.0-service process
04-26 20:18:02.750 1424 1461 V FFmpegOMXPlugin: makeComponentInstance 'OMX.ffmpeg.aac.decoder'
04-26 20:18:02.750 1424 1461 D SoftFFmpegAudio: SoftFFmpegAudio component: OMX.ffmpeg.aac.decoder mCodingType: 21
04-26 20:18:02.795 1383 1386 I fsck_msdos: ** /dev/block/vold/public:8,17
04-26 20:18:02.826 2046 2046 D AdapterServiceConfig: Adding HeadsetService
04-26 20:18:02.826 2046 2046 D AdapterServiceConfig: Adding A2dpService
04-26 20:18:02.826 2046 2046 D AdapterServiceConfig: Adding HidService
04-26 20:18:02.826 2046 2046 D AdapterServiceConfig: Adding HealthService
04-26 20:18:02.826 2046 2046 D AdapterServiceConfig: Adding PanService
04-26 20:18:02.826 2046 2046 D AdapterServiceConfig: Adding GattService
04-26 20:18:02.826 2046 2046 D AdapterServiceConfig: Adding BluetoothMapService
04-26 20:18:02.826 2046 2046 W AdapterServiceConfig: Could not find profile bit mask
04-26 20:18:02.826 2046 2046 D AdapterServiceConfig: Adding BluetoothOppService
04-26 20:18:02.826 2046 2046 W AdapterServiceConfig: Could not find profile bit mask
04-26 20:18:02.826 2046 2046 D AdapterServiceConfig: Adding BluetoothPbapService
04-26 20:18:02.837 2061 2061 I LatinIME: Hardware accelerated drawing: true
04-26 20:18:02.888 1383 1386 I fsck_msdos: ** Phase 1 - Read FAT (compare skipped)
04-26 20:18:02.888 1383 1386 I fsck_msdos: Attempting to allocate 26766 KB for FAT
04-26 20:18:03.294 2061 2061 W InputAttributes: No editor info for this field. Bug?
04-26 20:18:03.426 2077 2077 V SystemUIService: Starting SystemUI services for user 0.
04-26 20:18:03.595 2046 2046 I droid.bluetooth: type=1400 audit(0.0:385): avc: denied { call } for scontext=u:r:zygote:s0 tcontext=u:r:servicemanager:s0 tclass=binder permissive=1
04-26 20:18:03.595 2046 2046 D BluetoothAdapterService: onCreate()
04-26 20:18:03.604 2046 2046 D BluetoothAdapterState: make() - Creating AdapterState
04-26 20:18:03.606 2046 2046 I bt_btif : init
04-26 20:18:03.606 2046 2046 D bt_osi_allocation_tracker: canary initialized
04-26 20:18:03.606 2046 2148 I BluetoothAdapterState: Entering OffState
04-26 20:18:03.658 2061 2150 I LatinIME:LogUtils: Dictionary info: dictionary = UserHistoryDictionary.fr ; version = 1556302683 ; date = ?
04-26 20:18:03.658 2061 2150 I LatinIME:LogUtils: Dictionary info: dictionary = userunigram.fr ; version = 1556302683 ; date = ?
04-26 20:18:03.659 2061 2150 E ActivityThread: Failed to find provider info for user_dictionary
04-26 20:18:03.714 1383 1386 I fsck_msdos: ** Phase 2 - Check Cluster Chains
04-26 20:18:03.752 1940 2089 I chatty : uid=1000(system) Binder:1940_4 expire 15 lines
04-26 20:18:03.753 2046 2152 I bt_osi_thread: run_thread: thread id 2152, thread name stack_manager started
04-26 20:18:03.754 2046 2152 I bt_stack_manager: event_init_stack is initializing the stack
04-26 20:18:03.770 2046 2046 I stack_manager: type=1400 audit(0.0:387): avc: denied { read } for name="bt_config.conf" dev="sdb2" ino=559448 scontext=u:r:zygote:s0 tcontext=u:object_r:bluetooth_data_file:s0 tclass=file permissive=1
04-26 20:18:03.770 2046 2046 I stack_manager: type=1400 audit(0.0:388): avc: denied { open } for path="/data/misc/bluedroid/bt_config.conf" dev="sdb2" ino=559448 scontext=u:r:zygote:s0 tcontext=u:object_r:bluetooth_data_file:s0 tclass=file permissive=1
04-26 20:18:03.770 2046 2046 I stack_manager: type=1400 audit(0.0:389): avc: denied { getattr } for path="/data/misc/bluedroid/bt_config.conf" dev="sdb2" ino=559448 scontext=u:r:zygote:s0 tcontext=u:object_r:bluetooth_data_file:s0 tclass=file permissive=1
04-26 20:18:03.772 2077 2077 D SystemUIBootTiming: StartServicesDependency took to complete: 16ms
04-26 20:18:03.800 1383 1386 I fsck_msdos: ** Phase 3 - Checking Directories
04-26 20:18:03.802 2061 2150 I LatinIME:LogUtils: Dictionary info: dictionary = main:fr ; version = 54 ; date = 1414726264
04-26 20:18:03.810 2077 2077 D SystemUIBootTiming: StartServicesNotificationChannels took to complete: 39ms
04-26 20:18:03.833 2077 2077 D SystemUIBootTiming: StartServicesCommandQueueStart took to complete: 22ms
04-26 20:18:03.907 2105 2105 I WebViewLoader-x86: System.exit called, status: 0
04-26 20:18:03.907 2105 2105 I AndroidRuntime: VM exiting with result code 0, cleanup skipped.
04-26 20:18:03.915 2077 2077 V MediaRouter: Adding route: RouteInfo{ name=Tablette, description=null, status=null, category=RouteCategory{ name=Système types=ROUTE_TYPE_LIVE_AUDIO ROUTE_TYPE_LIVE_VIDEO groupable=false }, supportedTypes=ROUTE_TYPE_LIVE_AUDIO ROUTE_TYPE_LIVE_VIDEO , presentationDisplay=null }
04-26 20:18:03.917 2077 2077 V MediaRouter: Selecting route: RouteInfo{ name=Tablette, description=null, status=null, category=RouteCategory{ name=Système types=ROUTE_TYPE_LIVE_AUDIO ROUTE_TYPE_LIVE_VIDEO groupable=false }, supportedTypes=ROUTE_TYPE_LIVE_AUDIO ROUTE_TYPE_LIVE_VIDEO , presentationDisplay=null }
04-26 20:18:03.927 1424 1461 E OMXNodeInstance: getParameter(0xe99a10e0:ffmpeg.aac.decoder, ParamAudioProfileQuerySupported(0x6f400005)) ERROR: UnsupportedIndex(0x8000101a)
04-26 20:18:03.927 1898 1938 W ACodec : component OMX.ffmpeg.aac.decoder doesn't support profile query.
04-26 20:18:03.928 1898 1938 I OMXClient: Treble IOmx obtained
04-26 20:18:03.928 1424 2156 I OMXMaster: makeComponentInstance(OMX.ffmpeg.ac3.decoder) in omx@1.0-service process
04-26 20:18:03.928 1424 2156 V FFmpegOMXPlugin: makeComponentInstance 'OMX.ffmpeg.ac3.decoder'
04-26 20:18:03.928 1424 2156 D SoftFFmpegAudio: SoftFFmpegAudio component: OMX.ffmpeg.ac3.decoder mCodingType: 2130706434
04-26 20:18:03.928 2046 2152 E bt_btif_config: Config is missing adapter section
04-26 20:18:03.928 2046 2152 W bt_btif_config: init unable to load config file: /data/misc/bluedroid/bt_config.conf; using backup.
04-26 20:18:03.929 2046 2152 E bt_btif_config: Config is missing adapter section
04-26 20:18:03.929 2046 2152 W bt_btif_config: init unable to load backup; attempting to transcode legacy file.
04-26 20:18:03.929 2046 2152 E bt_btif_config_transcode: btif_config_transcode unable to load XML file '/data/misc/bluedroid/bt_config.xml': 3
04-26 20:18:03.929 2046 2152 E bt_btif_config: init unable to transcode legacy file; creating empty config.
04-26 20:18:03.930 2046 2046 I stack_manager: type=1400 audit(0.0:390): avc: denied { read } for name="etc" dev="tmpfs" ino=5301 scontext=u:r:zygote:s0 tcontext=u:object_r:tmpfs:s0 tclass=lnk_file permissive=1
04-26 20:18:03.930 2046 2160 I bt_osi_thread: run_thread: thread id 2160, thread name alarm_default_ca started
04-26 20:18:03.931 2046 2161 I bt_osi_thread: run_thread: thread id 2161, thread name alarm_dispatcher started
04-26 20:18:03.931 2046 2152 I bt_btif_core: btif_init_bluetooth entered
04-26 20:18:03.932 2046 2152 I bt_stack_config: init attempt to load stack conf from /etc/bluetooth/bt_stack.conf
04-26 20:18:03.936 1898 1938 I OMXClient: Treble IOmx obtained
04-26 20:18:03.936 1424 1460 I OMXMaster: makeComponentInstance(OMX.google.amrnb.decoder) in omx@1.0-service process
04-26 20:18:04.146 2046 2163 I bt_osi_thread: run_thread: thread id 2163, thread name bt_jni_workqueue started
04-26 20:18:04.146 2046 2152 I bt_btif_core: btif_init_bluetooth finished
04-26 20:18:04.146 2046 2152 I bt_stack_manager: event_init_stack finished
04-26 20:18:04.146 2046 2046 I bt_osi_wakelock: wakelock_set_os_callouts set to non-native
04-26 20:18:04.146 2046 2046 I bt_btif : get_profile_interface: id = socket
04-26 20:18:04.146 2046 2163 I bt_btif_core: run_message_loop entered
04-26 20:18:04.194 2046 2046 W bt_btif : do_in_jni_thread: Dropped message, message_loop not initialized yet!
04-26 20:18:04.194 2046 2046 W bt_btif : do_in_jni_thread: Dropped message, message_loop not initialized yet!
04-26 20:18:04.237 2046 2046 I bt_btif : get_profile_interface: id = sdp
04-26 20:18:04.238 2046 2046 I BluetoothAdapterService: Phone policy enabled
04-26 20:18:04.239 2046 2046 D BluetoothAdapterService: setAdapterService() - set to: null
04-26 20:18:04.240 2046 2046 D BluetoothAdapterService: onBind()
04-26 20:18:04.257 1898 1938 I OMXClient: Treble IOmx obtained
04-26 20:18:04.257 1424 2156 I OMXMaster: makeComponentInstance(OMX.google.amrwb.decoder) in omx@1.0-service process
04-26 20:18:04.258 1898 1938 I OMXClient: Treble IOmx obtained
04-26 20:18:04.259 1424 1460 I OMXMaster: makeComponentInstance(OMX.ffmpeg.ape.decoder) in omx@1.0-service process
04-26 20:18:04.259 1424 1460 V FFmpegOMXPlugin: makeComponentInstance 'OMX.ffmpeg.ape.decoder'
04-26 20:18:04.259 1424 1460 D SoftFFmpegAudio: SoftFFmpegAudio component: OMX.ffmpeg.ape.decoder mCodingType: 2130706435
04-26 20:18:04.260 1898 1938 I OMXClient: Treble IOmx obtained
04-26 20:18:04.260 1424 2156 I OMXMaster: makeComponentInstance(OMX.ffmpeg.dts.decoder) in omx@1.0-service process
04-26 20:18:04.260 1424 2156 V FFmpegOMXPlugin: makeComponentInstance 'OMX.ffmpeg.dts.decoder'
04-26 20:18:04.260 1424 2156 D SoftFFmpegAudio: SoftFFmpegAudio component: OMX.ffmpeg.dts.decoder mCodingType: 2130706436
04-26 20:18:04.262 1898 1938 I OMXClient: Treble IOmx obtained
04-26 20:18:04.262 1424 2156 I OMXMaster: makeComponentInstance(OMX.google.flac.decoder) in omx@1.0-service process
04-26 20:18:04.269 2077 2077 W SoundPool: Use of stream types is deprecated for operations other than volume control
04-26 20:18:04.269 2077 2077 W SoundPool: See the documentation of SoundPool() for what to use instead with android.media.AudioAttributes to qualify your playback use case
04-26 20:18:04.270 2077 2178 V NuMediaExtractor: setDataSource fd=34 (/system/media/audio/ui/Lock.ogg), offset=0, length=8308
04-26 20:18:04.271 2077 2077 D SystemUIBootTiming: StartServicesKeyguardViewMediator took to complete: 438ms
04-26 20:18:04.314 2077 2178 V NuMediaExtractor: track of type 'audio/vorbis' does not publish bitrate
04-26 20:18:04.324 1898 1938 I OMXClient: Treble IOmx obtained
04-26 20:18:04.324 1424 1460 I OMXMaster: makeComponentInstance(OMX.ffmpeg.flac.decoder) in omx@1.0-service process
04-26 20:18:04.324 1424 1460 V FFmpegOMXPlugin: makeComponentInstance 'OMX.ffmpeg.flac.decoder'
04-26 20:18:04.324 1424 1460 D SoftFFmpegAudio: SoftFFmpegAudio component: OMX.ffmpeg.flac.decoder mCodingType: 28
04-26 20:18:04.326 1898 1938 I OMXClient: Treble IOmx obtained
04-26 20:18:04.326 1424 1460 I OMXMaster: makeComponentInstance(OMX.google.g711.alaw.decoder) in omx@1.0-service process
04-26 20:18:04.393 1898 1938 I OMXClient: Treble IOmx obtained
04-26 20:18:04.394 1424 1460 I OMXMaster: makeComponentInstance(OMX.google.g711.mlaw.decoder) in omx@1.0-service process
04-26 20:18:04.396 1898 1938 I OMXClient: Treble IOmx obtained
04-26 20:18:04.396 1424 1460 I OMXMaster: makeComponentInstance(OMX.ffmpeg.mp2.decoder) in omx@1.0-service process
04-26 20:18:04.396 1424 1460 V FFmpegOMXPlugin: makeComponentInstance 'OMX.ffmpeg.mp2.decoder'
04-26 20:18:04.397 1424 1460 D SoftFFmpegAudio: SoftFFmpegAudio component: OMX.ffmpeg.mp2.decoder mCodingType: 2130706433
04-26 20:18:04.398 1898 1938 I OMXClient: Treble IOmx obtained
04-26 20:18:04.398 1424 2156 I OMXMaster: makeComponentInstance(OMX.google.mp3.decoder) in omx@1.0-service process
04-26 20:18:04.416 1898 1938 I OMXClient: Treble IOmx obtained
04-26 20:18:04.416 1424 1460 I OMXMaster: makeComponentInstance(OMX.ffmpeg.mp3.decoder) in omx@1.0-service process
04-26 20:18:04.416 1424 1460 V FFmpegOMXPlugin: makeComponentInstance 'OMX.ffmpeg.mp3.decoder'
04-26 20:18:04.417 1424 1460 D SoftFFmpegAudio: SoftFFmpegAudio component: OMX.ffmpeg.mp3.decoder mCodingType: 22
04-26 20:18:04.418 1898 1938 I OMXClient: Treble IOmx obtained
04-26 20:18:04.418 1424 2156 I OMXMaster: makeComponentInstance(OMX.google.opus.decoder) in omx@1.0-service process
04-26 20:18:04.504 2110 2110 I WebViewLoader-x86_64: System.exit called, status: 0
04-26 20:18:04.504 2110 2110 I AndroidRuntime: VM exiting with result code 0, cleanup skipped.
04-26 20:18:04.521 1898 1938 I OMXClient: Treble IOmx obtained
04-26 20:18:04.521 1424 1460 I OMXMaster: makeComponentInstance(OMX.ffmpeg.ra.decoder) in omx@1.0-service process
04-26 20:18:04.521 1424 1460 V FFmpegOMXPlugin: makeComponentInstance 'OMX.ffmpeg.ra.decoder'
04-26 20:18:04.521 1424 1460 D SoftFFmpegAudio: SoftFFmpegAudio component: OMX.ffmpeg.ra.decoder mCodingType: 26
04-26 20:18:04.543 1898 1938 I OMXClient: Treble IOmx obtained
04-26 20:18:04.543 1424 2156 I OMXMaster: makeComponentInstance(OMX.google.raw.decoder) in omx@1.0-service process
04-26 20:18:04.548 2077 2077 D SystemUIBootTiming: StartServicesRecents took to complete: 277ms
04-26 20:18:04.549 1898 1938 I OMXClient: Treble IOmx obtained
04-26 20:18:04.549 1424 1461 I OMXMaster: makeComponentInstance(OMX.ffmpeg.atrial.decoder) in omx@1.0-service process
04-26 20:18:04.549 1424 1461 V FFmpegOMXPlugin: makeComponentInstance 'OMX.ffmpeg.atrial.decoder'
04-26 20:18:04.549 1424 1461 D SoftFFmpegAudio: SoftFFmpegAudio component: OMX.ffmpeg.atrial.decoder mCodingType: 1
04-26 20:18:04.550 1898 1938 I OMXClient: Treble IOmx obtained
04-26 20:18:04.550 1424 2156 I OMXMaster: makeComponentInstance(OMX.google.vorbis.decoder) in omx@1.0-service process
04-26 20:18:04.569 1383 1386 I fsck_msdos: ** Phase 4 - Checking for Lost Files
04-26 20:18:04.577 2077 2077 I vol.Events: writeEvent collection_started
04-26 20:18:04.579 1898 1938 I OMXClient: Treble IOmx obtained
04-26 20:18:04.580 1424 2156 I OMXMaster: makeComponentInstance(OMX.ffmpeg.vorbis.decoder) in omx@1.0-service process
04-26 20:18:04.580 1424 2156 V FFmpegOMXPlugin: makeComponentInstance 'OMX.ffmpeg.vorbis.decoder'
04-26 20:18:04.580 1424 2156 D SoftFFmpegAudio: SoftFFmpegAudio component: OMX.ffmpeg.vorbis.decoder mCodingType: 24
04-26 20:18:04.583 2077 2211 I vol.Events: writeEvent external_ringer_mode_changed normal
04-26 20:18:04.583 2077 2211 I vol.Events: writeEvent internal_ringer_mode_changed normal
04-26 20:18:04.586 1898 1938 I OMXClient: Treble IOmx obtained
04-26 20:18:04.586 1424 2156 I OMXMaster: makeComponentInstance(OMX.ffmpeg.wma.decoder) in omx@1.0-service process
04-26 20:18:04.586 1424 2156 V FFmpegOMXPlugin: makeComponentInstance 'OMX.ffmpeg.wma.decoder'
04-26 20:18:04.586 1424 2156 D SoftFFmpegAudio: SoftFFmpegAudio component: OMX.ffmpeg.wma.decoder mCodingType: 25
04-26 20:18:04.588 1898 1938 I OMXClient: Treble IOmx obtained
04-26 20:18:04.588 1424 2156 I OMXMaster: makeComponentInstance(OMX.google.aac.encoder) in omx@1.0-service process
04-26 20:18:04.602 1383 1386 I fsck_msdos: 2132 files, 815536 free (2934555 clusters)
04-26 20:18:04.627 1383 1386 I Vold : Filesystem check completed OK
04-26 20:18:04.647 1383 1386 V vold : Waiting for FUSE to spin up...
04-26 20:18:04.653 2220 2220 W /system/bin/sdcard: Device explicitly enabled sdcardfs
04-26 20:18:04.680 1898 1938 I OMXClient: Treble IOmx obtained
04-26 20:18:04.687 1424 2156 I OMXMaster: makeComponentInstance(OMX.google.amrnb.encoder) in omx@1.0-service process
04-26 20:18:04.690 1898 1938 I OMXClient: Treble IOmx obtained
04-26 20:18:04.690 1424 1461 I OMXMaster: makeComponentInstance(OMX.google.amrwb.encoder) in omx@1.0-service process
04-26 20:18:04.719 1383 1386 V vold : /system/bin/blkid
04-26 20:18:04.719 1383 1386 V vold : -c
04-26 20:18:04.719 1383 1386 V vold : /dev/null
04-26 20:18:04.719 1383 1386 V vold : -s
04-26 20:18:04.719 1383 1386 V vold : TYPE
04-26 20:18:04.719 1383 1386 V vold : -s
04-26 20:18:04.719 1383 1386 V vold : UUID
04-26 20:18:04.719 1383 1386 V vold : -s
04-26 20:18:04.719 1383 1386 V vold : LABEL
04-26 20:18:04.719 1383 1386 V vold : /dev/block/vold/public:8,18
04-26 20:18:04.720 2225 2225 I sh : type=1400 audit(0.0:391): avc: denied { getattr } for path="/vendor" dev="tmpfs" ino=5338 scontext=u:r:blkid_untrusted:s0 tcontext=u:object_r:tmpfs:s0 tclass=lnk_file permissive=1
04-26 20:18:04.720 2225 2225 I sh : type=1400 audit(0.0:392): avc: denied { read } for name="vendor" dev="tmpfs" ino=5338 scontext=u:r:blkid_untrusted:s0 tcontext=u:object_r:tmpfs:s0 tclass=lnk_file permissive=1
04-26 20:18:04.731 1898 1938 I OMXClient: Treble IOmx obtained
04-26 20:18:04.731 1424 2156 I OMXMaster: makeComponentInstance(OMX.google.flac.encoder) in omx@1.0-service process
04-26 20:18:04.737 1898 1938 I OMXClient: Treble IOmx obtained
04-26 20:18:04.737 1424 1461 I OMXMaster: makeComponentInstance(OMX.ffmpeg.h264.decoder) in omx@1.0-service process
04-26 20:18:04.737 1424 1461 V FFmpegOMXPlugin: makeComponentInstance 'OMX.ffmpeg.h264.decoder'
04-26 20:18:04.737 1424 1461 D SoftFFmpegVideo: SoftFFmpegVideo component: OMX.ffmpeg.h264.decoder codingType=7 appData: 0xe99b8500
04-26 20:18:04.739 1424 1461 D SoftFFmpegVideo: 0xe99c8a00 initDecoder: 0xe99cb800
04-26 20:18:04.740 1898 1938 W ACodec : [OMX.ffmpeg.h264.decoder] stopping checking profiles after 32: 2/8000
04-26 20:18:04.740 1424 1461 E OMXNodeInstance: getExtensionIndex(0xe99a10e0:ffmpeg.h264.decoder, OMX.google.android.index.configureVideoTunnelMode) ERROR: UnsupportedIndex(0x8000101a)
04-26 20:18:04.740 1424 1461 E OMXNodeInstance: getExtensionIndex(0xe99a10e0:ffmpeg.h264.decoder, OMX.google.android.index.enableAndroidNativeBuffers) ERROR: UnsupportedIndex(0x8000101a)
04-26 20:18:04.740 1424 1461 D SoftFFmpegVideo: 0xe99c8a00 deInitDecoder: 0xe99cb800
04-26 20:18:04.741 1898 1938 I OMXClient: Treble IOmx obtained
04-26 20:18:04.741 1424 2156 I OMXMaster: makeComponentInstance(OMX.google.h264.decoder) in omx@1.0-service process
04-26 20:18:04.751 1424 2156 E OMXNodeInstance: getExtensionIndex(0xe99a1440:google.h264.decoder, OMX.google.android.index.configureVideoTunnelMode) ERROR: UnsupportedIndex(0x8000101a)
04-26 20:18:04.751 1424 2156 E OMXNodeInstance: getExtensionIndex(0xe99a1440:google.h264.decoder, OMX.google.android.index.enableAndroidNativeBuffers) ERROR: UnsupportedIndex(0x8000101a)
04-26 20:18:04.752 1898 1938 I OMXClient: Treble IOmx obtained
04-26 20:18:04.752 1424 1461 I OMXMaster: makeComponentInstance(OMX.ffmpeg.divx.decoder) in omx@1.0-service process
04-26 20:18:04.752 1424 1461 V FFmpegOMXPlugin: makeComponentInstance 'OMX.ffmpeg.divx.decoder'
04-26 20:18:04.752 1424 1461 D SoftFFmpegVideo: SoftFFmpegVideo component: OMX.ffmpeg.divx.decoder codingType=2130706435 appData: 0xe99b8500
04-26 20:18:04.752 1424 1461 D SoftFFmpegVideo: 0xe99c8a00 initDecoder: 0xe99cb800
04-26 20:18:04.753 1424 1461 E OMXNodeInstance: getExtensionIndex(0xe99a10e0:ffmpeg.divx.decoder, OMX.google.android.index.configureVideoTunnelMode) ERROR: UnsupportedIndex(0x8000101a)
04-26 20:18:04.753 1424 1461 E OMXNodeInstance: getExtensionIndex(0xe99a10e0:ffmpeg.divx.decoder, OMX.google.android.index.enableAndroidNativeBuffers) ERROR: UnsupportedIndex(0x8000101a)
04-26 20:18:04.753 1424 1461 D SoftFFmpegVideo: 0xe99c8a00 deInitDecoder: 0xe99cb800
04-26 20:18:04.753 1898 1938 I OMXClient: Treble IOmx obtained
04-26 20:18:04.754 1424 2156 I OMXMaster: makeComponentInstance(OMX.ffmpeg.flv1.decoder) in omx@1.0-service process
04-26 20:18:04.754 1424 2156 V FFmpegOMXPlugin: makeComponentInstance 'OMX.ffmpeg.flv1.decoder'
04-26 20:18:04.754 1424 2156 D SoftFFmpegVideo: SoftFFmpegVideo component: OMX.ffmpeg.flv1.decoder codingType=2130706434 appData: 0xe99b8a00
04-26 20:18:04.754 1424 2156 D SoftFFmpegVideo: 0xe99eda00 initDecoder: 0xe68d2000
04-26 20:18:04.754 1424 2156 E OMXNodeInstance: getExtensionIndex(0xe99a1440:ffmpeg.flv1.decoder, OMX.google.android.index.configureVideoTunnelMode) ERROR: UnsupportedIndex(0x8000101a)
04-26 20:18:04.754 1424 2156 E OMXNodeInstance: getExtensionIndex(0xe99a1440:ffmpeg.flv1.decoder, OMX.google.android.index.enableAndroidNativeBuffers) ERROR: UnsupportedIndex(0x8000101a)
04-26 20:18:04.754 1424 2156 D SoftFFmpegVideo: 0xe99eda00 deInitDecoder: 0xe68d2000
04-26 20:18:04.755 1898 1938 I OMXClient: Treble IOmx obtained
04-26 20:18:04.755 1424 2156 I OMXMaster: makeComponentInstance(OMX.ffmpeg.h263.decoder) in omx@1.0-service process
04-26 20:18:04.755 1424 2156 V FFmpegOMXPlugin: makeComponentInstance 'OMX.ffmpeg.h263.decoder'
04-26 20:18:04.755 1424 2156 D SoftFFmpegVideo: SoftFFmpegVideo component: OMX.ffmpeg.h263.decoder codingType=3 appData: 0xe99b8a00
04-26 20:18:04.755 1424 2156 D SoftFFmpegVideo: 0xe99eda00 initDecoder: 0xe68d2000
04-26 20:18:04.756 1424 2156 E OMXNodeInstance: getExtensionIndex(0xe99a1440:ffmpeg.h263.decoder, OMX.google.android.index.configureVideoTunnelMode) ERROR: UnsupportedIndex(0x8000101a)
04-26 20:18:04.756 1424 2156 E OMXNodeInstance: getExtensionIndex(0xe99a1440:ffmpeg.h263.decoder, OMX.google.android.index.enableAndroidNativeBuffers) ERROR: UnsupportedIndex(0x8000101a)
04-26 20:18:04.756 1424 2156 D SoftFFmpegVideo: 0xe99eda00 deInitDecoder: 0xe68d2000
04-26 20:18:04.757 1898 1938 I OMXClient: Treble IOmx obtained
04-26 20:18:04.757 1424 1461 I OMXMaster: makeComponentInstance(OMX.google.h263.decoder) in omx@1.0-service process
04-26 20:18:04.766 1424 1461 E OMXNodeInstance: getExtensionIndex(0xe99a10e0:google.h263.decoder, OMX.google.android.index.configureVideoTunnelMode) ERROR: UnsupportedIndex(0x8000101a)
04-26 20:18:04.766 1424 1461 E OMXNodeInstance: getExtensionIndex(0xe99a10e0:google.h263.decoder, OMX.google.android.index.enableAndroidNativeBuffers) ERROR: UnsupportedIndex(0x8000101a)
04-26 20:18:04.769 1898 1938 I OMXClient: Treble IOmx obtained
04-26 20:18:04.769 1424 1461 I OMXMaster: makeComponentInstance(OMX.ffmpeg.hevc.decoder) in omx@1.0-service process
04-26 20:18:04.769 1424 1461 V FFmpegOMXPlugin: makeComponentInstance 'OMX.ffmpeg.hevc.decoder'
04-26 20:18:04.769 1424 1461 D SoftFFmpegVideo: SoftFFmpegVideo component: OMX.ffmpeg.hevc.decoder codingType=11 appData: 0xe99b8500
04-26 20:18:04.769 1424 1461 D SoftFFmpegVideo: 0xe99c8a00 initDecoder: 0xe99cb800
04-26 20:18:04.770 1424 1461 E OMXNodeInstance: getExtensionIndex(0xe99a10e0:ffmpeg.hevc.decoder, OMX.google.android.index.configureVideoTunnelMode) ERROR: UnsupportedIndex(0x8000101a)
04-26 20:18:04.770 1424 1461 E OMXNodeInstance: getExtensionIndex(0xe99a10e0:ffmpeg.hevc.decoder, OMX.google.android.index.enableAndroidNativeBuffers) ERROR: UnsupportedIndex(0x8000101a)
04-26 20:18:04.771 1424 1461 D SoftFFmpegVideo: 0xe99c8a00 deInitDecoder: 0xe99cb800
04-26 20:18:04.771 1898 1938 I OMXClient: Treble IOmx obtained
04-26 20:18:04.771 1424 2156 I OMXMaster: makeComponentInstance(OMX.google.hevc.decoder) in omx@1.0-service process
04-26 20:18:04.813 1424 2156 E OMXNodeInstance: getExtensionIndex(0xe99a1440:google.hevc.decoder, OMX.google.android.index.configureVideoTunnelMode) ERROR: UnsupportedIndex(0x8000101a)
04-26 20:18:04.813 1424 2156 E OMXNodeInstance: getExtensionIndex(0xe99a1440:google.hevc.decoder, OMX.google.android.index.enableAndroidNativeBuffers) ERROR: UnsupportedIndex(0x8000101a)
04-26 20:18:04.814 1898 1938 I OMXClient: Treble IOmx obtained
04-26 20:18:04.814 1424 2156 I OMXMaster: makeComponentInstance(OMX.ffmpeg.mpeg2.decoder) in omx@1.0-service process
04-26 20:18:04.814 1424 2156 V FFmpegOMXPlugin: makeComponentInstance 'OMX.ffmpeg.mpeg2.decoder'
04-26 20:18:04.814 1424 2156 D SoftFFmpegVideo: SoftFFmpegVideo component: OMX.ffmpeg.mpeg2.decoder codingType=2 appData: 0xe99b8a00
04-26 20:18:04.814 1424 2156 D SoftFFmpegVideo: 0xe99eda00 initDecoder: 0xe68d2000
04-26 20:18:04.815 1424 2156 E OMXNodeInstance: getExtensionIndex(0xe99a1440:ffmpeg.mpeg2.decoder, OMX.google.android.index.configureVideoTunnelMode) ERROR: UnsupportedIndex(0x8000101a)
04-26 20:18:04.815 1424 1461 E OMXNodeInstance: getExtensionIndex(0xe99a1440:ffmpeg.mpeg2.decoder, OMX.google.android.index.enableAndroidNativeBuffers) ERROR: UnsupportedIndex(0x8000101a)
04-26 20:18:04.815 1424 1461 D SoftFFmpegVideo: 0xe99eda00 deInitDecoder: 0xe68d2000
04-26 20:18:04.815 1898 1938 I OMXClient: Treble IOmx obtained
04-26 20:18:04.815 1424 2156 I OMXMaster: makeComponentInstance(OMX.ffmpeg.mpeg4.decoder) in omx@1.0-service process
04-26 20:18:04.815 1424 2156 V FFmpegOMXPlugin: makeComponentInstance 'OMX.ffmpeg.mpeg4.decoder'
04-26 20:18:04.816 1424 2156 D SoftFFmpegVideo: SoftFFmpegVideo component: OMX.ffmpeg.mpeg4.decoder codingType=4 appData: 0xe99b8b40
04-26 20:18:04.816 1424 2156 D SoftFFmpegVideo: 0xe99ed900 initDecoder: 0xe68d1c00
04-26 20:18:04.816 1424 1461 E OMXNodeInstance: getExtensionIndex(0xe99a17a0:ffmpeg.mpeg4.decoder, OMX.google.android.index.configureVideoTunnelMode) ERROR: UnsupportedIndex(0x8000101a)
04-26 20:18:04.816 1424 1461 E OMXNodeInstance: getExtensionIndex(0xe99a17a0:ffmpeg.mpeg4.decoder, OMX.google.android.index.enableAndroidNativeBuffers) ERROR: UnsupportedIndex(0x8000101a)
04-26 20:18:04.816 1424 1461 D SoftFFmpegVideo: 0xe99ed900 deInitDecoder: 0xe68d1c00
04-26 20:18:04.817 1898 1938 I OMXClient: Treble IOmx obtained
04-26 20:18:04.817 1424 1461 I OMXMaster: makeComponentInstance(OMX.google.mpeg4.decoder) in omx@1.0-service process
04-26 20:18:04.818 1424 1461 E OMXNodeInstance: getExtensionIndex(0xe99a17a0:google.mpeg4.decoder, OMX.google.android.index.configureVideoTunnelMode) ERROR: UnsupportedIndex(0x8000101a)
04-26 20:18:04.818 1424 1461 E OMXNodeInstance: getExtensionIndex(0xe99a17a0:google.mpeg4.decoder, OMX.google.android.index.enableAndroidNativeBuffers) ERROR: UnsupportedIndex(0x8000101a)
04-26 20:18:04.819 1898 1938 I OMXClient: Treble IOmx obtained
04-26 20:18:04.819 1424 2156 I OMXMaster: makeComponentInstance(OMX.ffmpeg.rv.decoder) in omx@1.0-service process
04-26 20:18:04.819 1424 2156 V FFmpegOMXPlugin: makeComponentInstance 'OMX.ffmpeg.rv.decoder'
04-26 20:18:04.819 1424 2156 D SoftFFmpegVideo: SoftFFmpegVideo component: OMX.ffmpeg.rv.decoder codingType=6 appData: 0xe99b8c80
04-26 20:18:04.819 1424 2156 D SoftFFmpegVideo: 0xe99ed800 initDecoder: 0xe68d1800
04-26 20:18:04.820 1424 2156 E OMXNodeInstance: getExtensionIndex(0xe99a16e0:ffmpeg.rv.decoder, OMX.google.android.index.configureVideoTunnelMode) ERROR: UnsupportedIndex(0x8000101a)
04-26 20:18:04.820 1424 2156 E OMXNodeInstance: getExtensionIndex(0xe99a16e0:ffmpeg.rv.decoder, OMX.google.android.index.enableAndroidNativeBuffers) ERROR: UnsupportedIndex(0x8000101a)
04-26 20:18:04.820 1424 2156 D SoftFFmpegVideo: 0xe99ed800 deInitDecoder: 0xe68d1800
04-26 20:18:04.820 1898 1938 I OMXClient: Treble IOmx obtained
04-26 20:18:04.820 1424 2156 I OMXMaster: makeComponentInstance(OMX.ffmpeg.vtrial.decoder) in omx@1.0-service process
04-26 20:18:04.820 1424 2156 V FFmpegOMXPlugin: makeComponentInstance 'OMX.ffmpeg.vtrial.decoder'
04-26 20:18:04.821 1424 2156 D SoftFFmpegVideo: SoftFFmpegVideo component: OMX.ffmpeg.vtrial.decoder codingType=1 appData: 0xe99b8c80
04-26 20:18:04.821 1424 2156 D SoftFFmpegVideo: 0xe99ed800 initDecoder: 0xe68d1800
04-26 20:18:04.821 1424 2156 E OMXNodeInstance: getExtensionIndex(0xe99a16e0:ffmpeg.vtrial.decoder, OMX.google.android.index.configureVideoTunnelMode) ERROR: UnsupportedIndex(0x8000101a)
04-26 20:18:04.821 1424 2156 E OMXNodeInstance: getExtensionIndex(0xe99a16e0:ffmpeg.vtrial.decoder, OMX.google.android.index.enableAndroidNativeBuffers) ERROR: UnsupportedIndex(0x8000101a)
04-26 20:18:04.821 1424 2156 D SoftFFmpegVideo: 0xe99ed800 deInitDecoder: 0xe68d1800
04-26 20:18:04.822 1898 1938 I OMXClient: Treble IOmx obtained
04-26 20:18:04.822 1424 1461 I OMXMaster: makeComponentInstance(OMX.ffmpeg.vc1.decoder) in omx@1.0-service process
04-26 20:18:04.822 1424 1461 V FFmpegOMXPlugin: makeComponentInstance 'OMX.ffmpeg.vc1.decoder'
04-26 20:18:04.822 1424 1461 D SoftFFmpegVideo: SoftFFmpegVideo component: OMX.ffmpeg.vc1.decoder codingType=2130706433 appData: 0xe99b8b40
04-26 20:18:04.822 1424 1461 D SoftFFmpegVideo: 0xe99ed900 initDecoder: 0xe68d1c00
04-26 20:18:04.822 1424 1461 E OMXNodeInstance: getExtensionIndex(0xe99a17a0:ffmpeg.vc1.decoder, OMX.google.android.index.configureVideoTunnelMode) ERROR: UnsupportedIndex(0x8000101a)
04-26 20:18:04.822 1424 1461 E OMXNodeInstance: getExtensionIndex(0xe99a17a0:ffmpeg.vc1.decoder, OMX.google.android.index.enableAndroidNativeBuffers) ERROR: UnsupportedIndex(0x8000101a)
04-26 20:18:04.823 1424 1461 D SoftFFmpegVideo: 0xe99ed900 deInitDecoder: 0xe68d1c00
04-26 20:18:04.823 1898 1938 I OMXClient: Treble IOmx obtained
04-26 20:18:04.823 1424 1461 I OMXMaster: makeComponentInstance(OMX.ffmpeg.vp8.decoder) in omx@1.0-service process
04-26 20:18:04.823 1424 1461 V FFmpegOMXPlugin: makeComponentInstance 'OMX.ffmpeg.vp8.decoder'
04-26 20:18:04.823 1424 1461 D SoftFFmpegVideo: SoftFFmpegVideo component: OMX.ffmpeg.vp8.decoder codingType=9 appData: 0xe99b8b40
04-26 20:18:04.823 1424 1461 D SoftFFmpegVideo: 0xe99ed900 initDecoder: 0xe68d1c00
04-26 20:18:04.824 1424 1461 E OMXNodeInstance: getExtensionIndex(0xe99a17a0:ffmpeg.vp8.decoder, OMX.google.android.index.configureVideoTunnelMode) ERROR: UnsupportedIndex(0x8000101a)
04-26 20:18:04.824 1424 1461 E OMXNodeInstance: getExtensionIndex(0xe99a17a0:ffmpeg.vp8.decoder, OMX.google.android.index.enableAndroidNativeBuffers) ERROR: UnsupportedIndex(0x8000101a)
04-26 20:18:04.824 1424 1461 D SoftFFmpegVideo: 0xe99ed900 deInitDecoder: 0xe68d1c00
04-26 20:18:04.824 1898 1938 I OMXClient: Treble IOmx obtained
04-26 20:18:04.824 1424 1461 I OMXMaster: makeComponentInstance(OMX.google.vp8.decoder) in omx@1.0-service process
04-26 20:18:04.839 1383 1386 V vold : /dev/block/vold/public:8,18: LABEL="ANDROID" UUID="033e8fc7-4cfe-9454-bc59-df7329ca862d" TYPE="ext4"
04-26 20:18:04.839 1383 1386 V vold :
04-26 20:18:04.860 1424 2156 E OMXNodeInstance: getExtensionIndex(0xe99a17a0:google.vp8.decoder, OMX.google.android.index.configureVideoTunnelMode) ERROR: UnsupportedIndex(0x8000101a)
04-26 20:18:04.860 1424 2156 E OMXNodeInstance: getExtensionIndex(0xe99a17a0:google.vp8.decoder, OMX.google.android.index.enableAndroidNativeBuffers) ERROR: UnsupportedIndex(0x8000101a)
04-26 20:18:04.886 1898 1938 I OMXClient: Treble IOmx obtained
04-26 20:18:04.886 1424 2156 I OMXMaster: makeComponentInstance(OMX.google.vp9.decoder) in omx@1.0-service process
04-26 20:18:04.894 1424 2156 E OMXNodeInstance: getExtensionIndex(0xe99a1080:google.vp9.decoder, OMX.google.android.index.configureVideoTunnelMode) ERROR: UnsupportedIndex(0x8000101a)
04-26 20:18:04.894 1424 2156 E OMXNodeInstance: getExtensionIndex(0xe99a1080:google.vp9.decoder, OMX.google.android.index.enableAndroidNativeBuffers) ERROR: UnsupportedIndex(0x8000101a)
04-26 20:18:04.900 1898 1938 I OMXClient: Treble IOmx obtained
04-26 20:18:04.900 1424 2156 I OMXMaster: makeComponentInstance(OMX.google.h264.encoder) in omx@1.0-service process
04-26 20:18:04.913 1898 1938 W OMXUtils: do not know color format 0x7f000789 = 2130708361
04-26 20:18:04.914 1898 1938 I OMXClient: Treble IOmx obtained
04-26 20:18:04.914 1424 2156 I OMXMaster: makeComponentInstance(OMX.google.h263.encoder) in omx@1.0-service process
04-26 20:18:04.921 1424 2156 I SoftMPEG4Encoder: Construct SoftMPEG4Encoder
04-26 20:18:04.922 1898 1938 W OMXUtils: do not know color format 0x7f000789 = 2130708361
04-26 20:18:04.922 1424 2156 E OMXNodeInstance: getConfig(0xe99a1080:google.h263.encoder, ConfigAndroidIntraRefresh(0x6f60000a)) ERROR: Undefined(0x80001001)
04-26 20:18:04.926 1898 1938 I OMXClient: Treble IOmx obtained
04-26 20:18:04.926 1424 2156 I OMXMaster: makeComponentInstance(OMX.google.mpeg4.encoder) in omx@1.0-service process
04-26 20:18:04.926 1424 2156 I SoftMPEG4Encoder: Construct SoftMPEG4Encoder
04-26 20:18:04.927 1898 1938 W OMXUtils: do not know color format 0x7f000789 = 2130708361
04-26 20:18:04.927 1424 2156 E OMXNodeInstance: getConfig(0xe99a1080:google.mpeg4.encoder, ConfigAndroidIntraRefresh(0x6f60000a)) ERROR: Undefined(0x80001001)
04-26 20:18:04.929 1898 1938 I OMXClient: Treble IOmx obtained
04-26 20:18:04.929 1424 2156 I OMXMaster: makeComponentInstance(OMX.google.vp8.encoder) in omx@1.0-service process
04-26 20:18:04.974 1898 1938 W OMXUtils: do not know color format 0x7f000789 = 2130708361
04-26 20:18:04.974 1424 2156 E OMXNodeInstance: getConfig(0xe99a1080:google.vp8.encoder, ConfigAndroidIntraRefresh(0x6f60000a)) ERROR: Undefined(0x80001001)
04-26 20:18:04.977 1898 1938 I OMXClient: Treble IOmx obtained
04-26 20:18:04.977 1424 2156 I OMXMaster: makeComponentInstance(OMX.google.vp9.encoder) in omx@1.0-service process
04-26 20:18:04.978 1898 1938 W OMXUtils: do not know color format 0x7f000789 = 2130708361
04-26 20:18:04.978 1424 2156 E OMXNodeInstance: getConfig(0xe99a1080:google.vp9.encoder, ConfigAndroidIntraRefresh(0x6f60000a)) ERROR: Undefined(0x80001001)
04-26 20:18:04.981 1940 2126 I chatty : uid=1000 system_server expire 1 line
04-26 20:18:04.982 1424 2156 I OMXMaster: makeComponentInstance(OMX.google.vorbis.decoder) in omx@1.0-service process
04-26 20:18:04.983 2077 2182 I OMXClient: Treble IOmx obtained
04-26 20:18:04.983 1424 2156 I OMXMaster: makeComponentInstance(OMX.google.vorbis.decoder) in omx@1.0-service process
04-26 20:18:04.983 1424 1461 E OMXNodeInstance: getConfig(0xe99a1080:google.vorbis.decoder, ConfigAndroidVendorExtension(0x6f100004)) ERROR: Undefined(0x80001001)
04-26 20:18:04.985 1394 1394 W /system/bin/hw/android.hidl.allocator@1.0-service: ashmem_create_region(32768) returning hidl_memory(0x7a6b10e2b2d0, 32768)
04-26 20:18:04.985 2077 2211 I vol.Events: writeEvent level_changed STREAM_VOICE_CALL 4
04-26 20:18:04.986 1424 1461 E OMXNodeInstance: getConfig(0xe99a1680:google.vorbis.decoder, ConfigAndroidVendorExtension(0x6f100004)) ERROR: Undefined(0x80001001)
04-26 20:18:04.987 2077 2211 I vol.Events: writeEvent level_changed STREAM_SYSTEM 5
04-26 20:18:04.987 1394 1394 W /system/bin/hw/android.hidl.allocator@1.0-service: ashmem_create_region(32768) returning hidl_memory(0x7a6b10e2b2d0, 32768)
04-26 20:18:04.988 2077 2211 I vol.Events: writeEvent level_changed STREAM_RING 5
04-26 20:18:04.988 2077 2211 I vol.Events: writeEvent level_changed STREAM_MUSIC 5
04-26 20:18:04.989 2077 2211 I vol.Events: writeEvent level_changed STREAM_ALARM 6
04-26 20:18:04.989 2077 2211 I vol.Events: writeEvent level_changed STREAM_BLUETOOTH_SCO 7
04-26 20:18:04.990 1383 1386 D Vold : Running /system/bin/e2fsck on /dev/block/vold/public:8,18
04-26 20:18:04.990 1383 1386 V vold : /system/bin/e2fsck
04-26 20:18:04.990 1383 1386 V vold : -y
04-26 20:18:04.990 1383 1386 V vold : /dev/block/vold/public:8,18
04-26 20:18:04.991 1424 1424 I HwBinder:1424_3: type=1400 audit(0.0:394): avc: denied { read } for name="vendor" dev="tmpfs" ino=5338 scontext=u:r:mediacodec:s0 tcontext=u:object_r:tmpfs:s0 tclass=lnk_file permissive=1
04-26 20:18:04.995 2077 2077 D SystemUIBootTiming: StartServicesVolumeUI took to complete: 447ms
04-26 20:18:04.997 1394 1394 W /system/bin/hw/android.hidl.allocator@1.0-service: ashmem_create_region(32768) returning hidl_memory(0x7a6b10e2b2d0, 32768)
04-26 20:18:05.008 1394 1394 I chatty : uid=1000(system) allocator@1.0-s identical 84 lines
04-26 20:18:05.043 1383 1386 I e2fsck : e2fsck 1.43.3 (04-Sep-2016)
04-26 20:18:05.044 1383 1386 I e2fsck : /dev/block/vold/public:8,18 is mounted.
04-26 20:18:05.044 1383 1386 I e2fsck : e2fsck: Cannot continue, aborting.
04-26 20:18:05.044 1383 1386 I e2fsck :
04-26 20:18:05.044 1383 1386 I e2fsck :
04-26 20:18:05.044 2077 2178 V NuMediaExtractor: setDataSource fd=36 (/system/media/audio/ui/Unlock.ogg), offset=0, length=7853
04-26 20:18:05.045 1383 1386 I e2fsck : e2fsck terminated by exit(8)
04-26 20:18:05.045 1383 1386 E vold : public:8,18 failed filesystem check
04-26 20:18:05.049 2077 2287 D OpenGLRenderer: HWUI GL Pipeline
04-26 20:18:05.054 2077 2178 V NuMediaExtractor: track of type 'audio/vorbis' does not publish bitrate
04-26 20:18:05.054 2077 2077 D SystemUIBootTiming: StartServicesDivider took to complete: 59ms
04-26 20:18:05.057 1940 2289 I chatty : uid=1000 system_server expire 1 line
04-26 20:18:05.057 1424 2156 I OMXMaster: makeComponentInstance(OMX.google.vorbis.decoder) in omx@1.0-service process
04-26 20:18:05.058 1424 2156 E OMXNodeInstance: getConfig(0xe99a1080:google.vorbis.decoder, ConfigAndroidVendorExtension(0x6f100004)) ERROR: Undefined(0x80001001)
04-26 20:18:05.061 2077 2288 I OMXClient: Treble IOmx obtained
04-26 20:18:05.061 1424 1461 I OMXMaster: makeComponentInstance(OMX.google.vorbis.decoder) in omx@1.0-service process
04-26 20:18:05.063 1424 1461 E OMXNodeInstance: getConfig(0xe99a1800:google.vorbis.decoder, ConfigAndroidVendorExtension(0x6f100004)) ERROR: Undefined(0x80001001)
04-26 20:18:05.064 1940 2286 I chatty : uid=1000(system) Binder:1940_5 expire 3 lines
04-26 20:18:05.069 1394 1394 W /system/bin/hw/android.hidl.allocator@1.0-service: ashmem_create_region(32768) returning hidl_memory(0x7a6b10e2b2d0, 32768)
04-26 20:18:05.071 1394 1394 W /system/bin/hw/android.hidl.allocator@1.0-service: ashmem_create_region(32768) returning hidl_memory(0x7a6b10e2b2d0, 32768)
04-26 20:18:05.072 1394 1394 W /system/bin/hw/android.hidl.allocator@1.0-service: ashmem_create_region(32768) returning hidl_memory(0x7a6b10e2b2d0, 32768)
04-26 20:18:05.077 1394 1394 W /system/bin/hw/android.hidl.allocator@1.0-service: ashmem_create_region(32768) returning hidl_memory(0x7a6b10e2b2d0, 32768)
04-26 20:18:05.078 1394 1394 W /system/bin/hw/android.hidl.allocator@1.0-service: ashmem_create_region(32768) returning hidl_memory(0x7a6b10e2b2d0, 32768)
04-26 20:18:05.093 2077 2178 V NuMediaExtractor: setDataSource fd=38 (/system/media/audio/ui/Trusted.ogg), offset=0, length=6123
04-26 20:18:05.094 1940 2297 I chatty : uid=1000 system_server expire 1 line
04-26 20:18:05.094 1424 1461 I OMXMaster: makeComponentInstance(OMX.google.vorbis.decoder) in omx@1.0-service process
04-26 20:18:05.095 1424 1461 E OMXNodeInstance: getConfig(0xe99a1800:google.vorbis.decoder, ConfigAndroidVendorExtension(0x6f100004)) ERROR: Undefined(0x80001001)
04-26 20:18:05.096 1394 1394 W /system/bin/hw/android.hidl.allocator@1.0-service: ashmem_create_region(32768) returning hidl_memory(0x7a6b10e2b2d0, 32768)
04-26 20:18:05.122 1394 1394 W /system/bin/hw/android.hidl.allocator@1.0-service: ashmem_create_region(32768) returning hidl_memory(0x7a6b10e2b2d0, 32768)
04-26 20:18:05.125 1940 2295 I chatty : uid=1000(system) Binder:1940_6 expire 3 lines
04-26 20:18:05.129 2077 2178 V NuMediaExtractor: track of type 'audio/vorbis' does not publish bitrate
04-26 20:18:05.132 2077 2302 I OMXClient: Treble IOmx obtained
04-26 20:18:05.132 1424 1461 I OMXMaster: makeComponentInstance(OMX.google.vorbis.decoder) in omx@1.0-service process
04-26 20:18:05.135 2077 2077 D StatusBar: disable
04-26 20:18:05.139 1424 1461 E OMXNodeInstance: getConfig(0xe99a1440:google.vorbis.decoder, ConfigAndroidVendorExtension(0x6f100004)) ERROR: Undefined(0x80001001)
04-26 20:18:05.144 1394 1394 W /system/bin/hw/android.hidl.allocator@1.0-service: ashmem_create_region(32768) returning hidl_memory(0x7a6b10e2b2d0, 32768)
04-26 20:18:05.145 1394 1394 W /system/bin/hw/android.hidl.allocator@1.0-service: ashmem_create_region(32768) returning hidl_memory(0x7a6b10e2b2d0, 32768)
04-26 20:18:05.146 1394 1394 W /system/bin/hw/android.hidl.allocator@1.0-service: ashmem_create_region(32768) returning hidl_memory(0x7a6b10e2b2d0, 32768)
