--------- beginning of system
04-26 20:17:25.447 1383 1383 I vold : Vold 3.0 (the awakening) firing up
04-26 20:17:25.448 1383 1383 V vold : Detected support for: exfat ext4 f2fs iso9660 ntfs vfat
04-26 20:17:25.458 1383 1383 I vold : [libfs_mgr]fs_mgr_read_fstab_dt(): failed to read fstab from dt
04-26 20:17:25.461 1383 1385 V vold : /system/bin/sgdisk
04-26 20:17:25.461 1383 1385 V vold : --android-dump
04-26 20:17:25.461 1383 1385 V vold : /dev/block/vold/disk:8,16
04-26 20:17:25.467 1383 1387 D vold : e4crypt_init_user0
04-26 20:17:25.467 1383 1387 D vold : e4crypt_prepare_user_storage for volume null, user 0, serial 0, flags 1
04-26 20:17:25.467 1383 1387 D vold : Preparing: /data/system/users/0
04-26 20:17:25.467 1383 1387 D vold : Preparing: /data/misc/profiles/cur/0
04-26 20:17:25.502 1383 1387 D vold : Preparing: /data/system_de/0
04-26 20:17:25.503 1383 1387 D vold : Preparing: /data/misc_de/0
04-26 20:17:25.504 1383 1387 D vold : Preparing: /data/user_de/0
04-26 20:17:25.505 1383 1387 D vold : e4crypt_unlock_user_key 0 serial=0 token_present=0
04-26 20:17:25.987 1383 1385 V vold : DISK mbr
04-26 20:17:25.987 1383 1385 V vold :
04-26 20:17:25.987 1383 1385 V vold : PART 1 7
04-26 20:17:25.987 1383 1385 V vold :
04-26 20:17:25.987 1383 1385 V vold : PART 2 83
04-26 20:17:25.987 1383 1385 V vold :
04-26 20:17:26.032 1383 1385 D vold : Found a CDROM: /sys//devices/pci0000:00/0000:00:11.0/ata2/host1/target1:0:0/1:0:0:0/block/sr0
04-26 20:17:26.032 1383 1385 W vold : sgdisk failed to scan /dev/block/vold/disk:11,0
04-26 20:17:26.032 1383 1385 V vold : /system/bin/blkid
04-26 20:17:26.032 1383 1385 V vold : -c
04-26 20:17:26.032 1383 1385 V vold : /dev/null
04-26 20:17:26.032 1383 1385 V vold : -s
04-26 20:17:26.032 1383 1385 V vold : TYPE
04-26 20:17:26.032 1383 1385 V vold : -s
04-26 20:17:26.032 1383 1385 V vold : UUID
04-26 20:17:26.032 1383 1385 V vold : -s
04-26 20:17:26.032 1383 1385 V vold : LABEL
04-26 20:17:26.032 1383 1385 V vold : /dev/block/vold/disk:11,0
04-26 20:17:26.172 1415 1415 I installd: installd firing up
04-26 20:17:26.677 1423 1423 I wificond: wificond is starting up...
04-26 20:17:26.682 1383 1385 E vold : Failed to pclose /system/bin/blkid -c /dev/null -s TYPE -s UUID -s LABEL /dev/block/vold/disk:11,0 : No medium found
04-26 20:17:26.682 1383 1385 W vold : blkid failed to identify /dev/block/vold/disk:11,0
04-26 20:17:27.329 1404 1404 I android.hardware.wifi@1.0-service: Wifi Hal is booting up...
04-26 20:17:27.880 1407 1407 W SchedPolicy: add_tid_to_cgroup failed to write '1407' (No space left on device); fd=9 --------- beginning of main
04-26 20:17:28.059 1413 1413 E /system/bin/cameraserver: Could not unregister service notification for android.hardware.camera.provider@2.4::ICameraProvider/legacy/0.
04-26 20:17:28.059 1413 1413 I CameraProviderManager: Connecting to new camera provider: legacy/0, isRemote? 1
04-26 20:17:28.059 1413 1413 I CameraProviderManager: Enumerating new camera device: device@1.0/legacy/0
04-26 20:17:28.084 1397 1468 D Camera_Factory: CameraFactory::get_number_of_cameras
04-26 20:17:28.084 1397 1468 D Camera_Factory: CameraFactory::getCameraNum: 1
04-26 20:17:28.098 1395 1395 I audio@2.0-servi: type=1400 audit(0.0:188): avc: denied { read } for name="vendor" dev="tmpfs" ino=5338 scontext=u:r:hal_audio_default:s0 tcontext=u:object_r:tmpfs:s0 tclass=lnk_file permissive=1
04-26 20:17:28.099 1395 1395 I ServiceManagement: Removing namespace from process name android.hardware.audio@2.0-service to audio@2.0-servi.
04-26 20:17:28.099 1395 1395 I audiohalservice: Registration complete for android.hardware.audio@2.0::IDevicesFactory/default.
04-26 20:17:28.100 1412 1412 E /system/bin/audioserver: Could not unregister service notification for android.hardware.audio@2.0::IDevicesFactory/default.
04-26 20:17:28.100 1395 1395 D vndksupport: Loading /vendor/lib/hw/android.hardware.audio.effect@2.0-impl.so from current namespace instead of sphal namespace.
04-26 20:17:28.116 1397 1468 I CamDev@1.0-impl: Opening camera 0
04-26 20:17:28.116 1397 1468 D Camera_Factory: CameraFactory::get_camera_info
04-26 20:17:28.116 1397 1468 D Camera_Factory: CameraFactory::getCameraInfo: id = 0, info = 0xe8a7f138
04-26 20:17:28.116 1397 1468 D Camera_Factory: CameraFactory::getCameraNum: 1
04-26 20:17:28.116 1397 1468 D Camera_Factory: CameraFactory::device_open: name = 0
04-26 20:17:28.116 1397 1468 D Camera_Factory: CameraFactory::cameraDeviceOpen: id = 0
04-26 20:17:28.116 1397 1468 D Camera_Factory: CameraFactory::getCameraNum: 1
04-26 20:17:28.116 1397 1468 D CameraHardware: CameraHardware::PowerOn: Power ON camera.
04-26 20:17:28.116 1397 1468 D CameraHardware: CameraHardware::PowerOn: no power_file set
04-26 20:17:28.116 1397 1468 D CameraHardware: CameraHardware::initDefaultParameters
04-26 20:17:28.116 1397 1468 D V4L2Camera: Open /dev/video0 OK
04-26 20:17:28.116 1397 1468 D V4L2Camera: V4L2Camera::EnumFrameFormats
04-26 20:17:28.116 1397 1468 D V4L2Camera: { pixelformat = 'YUYV', description = 'YUYV 4:2:2' }
04-26 20:17:28.116 1397 1468 D V4L2Camera: V4L2Camera::EnumFrameSizes: pixfmt: 0x56595559
04-26 20:17:28.116 1397 1468 D V4L2Camera: { discrete: width = 640, height = 480 }
04-26 20:17:28.116 1397 1468 D V4L2Camera: V4L2Camera::EnumFrameIntervals: pixfmt: 0x56595559, w:640, h:480
04-26 20:17:28.116 1397 1468 D V4L2Camera: Time interval between frame:
04-26 20:17:28.116 1397 1468 D V4L2Camera: 1/30
04-26 20:17:28.116 1397 1468 D V4L2Camera: 1/25
04-26 20:17:28.116 1397 1468 D V4L2Camera: 1/20
04-26 20:17:28.116 1397 1468 D V4L2Camera: { discrete: width = 160, height = 120 }
04-26 20:17:28.116 1397 1468 D V4L2Camera: V4L2Camera::EnumFrameIntervals: pixfmt: 0x56595559, w:160, h:120
04-26 20:17:28.116 1397 1468 D V4L2Camera: Time interval between frame:
04-26 20:17:28.116 1397 1468 D V4L2Camera: 1/30
04-26 20:17:28.116 1397 1468 D V4L2Camera: 1/25
04-26 20:17:28.116 1397 1468 D V4L2Camera: 1/20
04-26 20:17:28.116 1397 1468 D V4L2Camera: { discrete: width = 176, height = 144 }
04-26 20:17:28.116 1397 1468 D V4L2Camera: V4L2Camera::EnumFrameIntervals: pixfmt: 0x56595559, w:176, h:144
04-26 20:17:28.116 1397 1468 D V4L2Camera: Time interval between frame:
04-26 20:17:28.116 1397 1468 D V4L2Camera: 1/30
04-26 20:17:28.116 1397 1468 D V4L2Camera: 1/25
04-26 20:17:28.116 1397 1468 D V4L2Camera: 1/20
04-26 20:17:28.116 1397 1468 D V4L2Camera: { discrete: width = 320, height = 240 }
04-26 20:17:28.116 1397 1468 D V4L2Camera: V4L2Camera::EnumFrameIntervals: pixfmt: 0x56595559, w:320, h:240
04-26 20:17:28.116 1397 1468 D V4L2Camera: Time interval between frame:
04-26 20:17:28.116 1397 1468 D V4L2Camera: 1/30
04-26 20:17:28.116 1397 1468 D V4L2Camera: 1/25
04-26 20:17:28.116 1397 1468 D V4L2Camera: 1/20
04-26 20:17:28.116 1397 1468 D V4L2Camera: { discrete: width = 352, height = 288 }
04-26 20:17:28.116 1397 1468 D V4L2Camera: V4L2Camera::EnumFrameIntervals: pixfmt: 0x56595559, w:352, h:288
04-26 20:17:28.116 1397 1468 D V4L2Camera: Time interval between frame:
04-26 20:17:28.116 1397 1468 D V4L2Camera: 1/30
04-26 20:17:28.116 1397 1468 D V4L2Camera: 1/25
04-26 20:17:28.116 1397 1468 D V4L2Camera: 1/20
04-26 20:17:28.116 1397 1468 D V4L2Camera: V4L2Camera::getAvailableSizes
04-26 20:17:28.116 1397 1468 D V4L2Camera: V4L2Camera::getAvailableFps
04-26 20:17:28.116 1397 1468 I CameraHardware: Default preview size: (640 x 480), fps:30
04-26 20:17:28.116 1397 1468 I CameraHardware: All available formats: 160x120,176x144,240x160,320x200,320x240,352x288,432x320,480x320,640x480
04-26 20:17:28.116 1397 1468 I CameraHardware: All available fps: (20000,20000),(25000,25000),(30000,30000)
04-26 20:17:28.116 1397 1468 I CameraHardware: Default picture size: (640 x 480)
04-26 20:17:28.117 1397 1468 D CameraHardware: CameraHardware::setParameters: PREVIEW: Size 640x480, 30 fps, format: yuv422sp
04-26 20:17:28.117 1397 1468 D CameraHardware: CameraHardware::setParameters: PICTURE: Size 640x480, format: jpeg
04-26 20:17:28.117 1397 1468 D CameraHardware: CameraHardware::setParameters: VIDEO: Size 640x480, format: yuv420p
04-26 20:17:28.117 1397 1468 E CameraHardware: No memory allocator available
04-26 20:17:28.117 1397 1468 D CameraHardware: CameraHardware::setParameters: OK
04-26 20:17:28.117 1397 1468 D CameraHardware: CameraHardware::connectCamera: /dev/video0
04-26 20:17:28.117 1397 1468 D CameraHardware: CameraHardware::setCallbacks
04-26 20:17:28.117 1397 1468 D CameraHardware: CameraHardware::getParameters
04-26 20:17:28.117 1397 1468 D CameraHardware: CameraHardware::putParameters
04-26 20:17:28.117 1397 1468 I CamDev@1.0-impl: Closing camera 0
04-26 20:17:28.117 1397 1468 D CameraHardware: CameraHardware::closeCamera
04-26 20:17:28.117 1397 1468 D CameraHardware: CameraHardware::releaseCamera
04-26 20:17:28.117 1413 1413 I CameraProviderManager: Camera provider legacy/0 ready with 1 camera devices
04-26 20:17:28.117 1413 1456 W CameraProviderManager: addProviderLocked: Camera provider HAL with name 'legacy/0' already registered
04-26 20:17:28.135 1413 1413 I CameraHardwareInterface: Opening camera 0
04-26 20:17:28.135 1397 1468 I CamDev@1.0-impl: Opening camera 0
04-26 20:17:28.135 1397 1468 D Camera_Factory: CameraFactory::get_camera_info
04-26 20:17:28.135 1397 1468 D Camera_Factory: CameraFactory::getCameraInfo: id = 0, info = 0xe8a7f138
04-26 20:17:28.135 1397 1468 D Camera_Factory: CameraFactory::getCameraNum: 1
04-26 20:17:28.135 1397 1468 D Camera_Factory: CameraFactory::device_open: name = 0
04-26 20:17:28.135 1397 1468 D Camera_Factory: CameraFactory::cameraDeviceOpen: id = 0
04-26 20:17:28.135 1397 1468 D Camera_Factory: CameraFactory::getCameraNum: 1
04-26 20:17:28.135 1397 1468 D CameraHardware: CameraHardware::connectCamera: /dev/video0
04-26 20:17:28.135 1397 1468 D CameraHardware: CameraHardware::setCallbacks
04-26 20:17:28.135 1397 1467 D CameraHardware: CameraHardware::getParameters
04-26 20:17:28.135 1397 1467 D CameraHardware: CameraHardware::putParameters
04-26 20:17:28.145 1397 1468 D CameraHardware: CameraHardware::setPreviewWindow: preview_stream_ops: 0xe95b0484
04-26 20:17:28.145 1397 1468 D CameraHardware: Trivially accept it. No changes detected
04-26 20:17:28.145 1397 1468 D CameraHardware: CameraHardware::stopPreview
04-26 20:17:28.145 1397 1468 D CameraHardware: CameraHardware::stopPreviewLocked
04-26 20:17:28.145 1397 1468 D CameraHardware: CameraHardware::stopPreviewLocked: OK
04-26 20:17:28.145 1397 1468 D CameraHardware: CameraHardware::setPreviewWindow: preview_stream_ops: 0x0
04-26 20:17:28.145 1397 1468 I CamDev@1.0-impl: Closing camera 0
04-26 20:17:28.145 1397 1468 D CameraHardware: CameraHardware::closeCamera
04-26 20:17:28.145 1397 1468 D CameraHardware: CameraHardware::releaseCamera
04-26 20:17:28.146 1413 1413 I CameraService: onDeviceStatusChanged: Status changed for cameraId=0, newStatus=1
04-26 20:17:28.146 1413 1413 E CameraService: onDeviceStatusChanged: State transition to the same status 0x1 not allowed
04-26 20:17:28.146 1413 1456 I CameraService: onDeviceStatusChanged: Status changed for cameraId=0, newStatus=1
04-26 20:17:28.146 1413 1456 E CameraService: onDeviceStatusChanged: State transition to the same status 0x1 not allowed
04-26 20:17:28.210 1395 1395 I audiohalservice: Registration complete for android.hardware.audio.effect@2.0::IEffectsFactory/default.
04-26 20:17:28.210 1336 1336 W /system/bin/hwservicemanager: getTransport: Cannot find entry android.hardware.soundtrigger@2.0::ISoundTriggerHw/default in either framework or device manifest.
04-26 20:17:28.211 1395 1395 D vndksupport: Loading /vendor/lib/hw/android.hardware.soundtrigger@2.0-impl.so from current namespace instead of sphal namespace.
04-26 20:17:28.254 1421 1421 W BatteryNotifier: batterystats service unavailable!
04-26 20:17:28.255 1395 1395 E SoundTriggerHalImpl: couldn't load sound trigger module sound_trigger.primary (No such file or directory)
04-26 20:17:28.255 1395 1395 I audiohalservice: Registration complete for android.hardware.soundtrigger@2.0::ISoundTriggerHw/default.
04-26 20:17:28.256 1412 1412 I AudioFlinger: Using default 3000 mSec as standby time.
04-26 20:17:28.263 1422 1429 I chatty : uid=0(root) /system/bin/storaged expire 3 lines
04-26 20:17:28.273 1412 1412 I audioserver: type=1400 audit(0.0:189): avc: denied { read } for name="vendor" dev="tmpfs" ino=5338 scontext=u:r:audioserver:s0 tcontext=u:object_r:tmpfs:s0 tclass=lnk_file permissive=1
04-26 20:17:28.282 1412 1412 I APM::ConfigParsingUtils: loadAudioPolicyConfig() loaded /system/etc/audio_policy.conf
04-26 20:17:28.322 1420 1420 I mediametrics: ServiceManager: 0x733fdc63e680
04-26 20:17:28.322 1420 1420 D MediaAnalyticsService: MediaAnalyticsService created
04-26 20:17:28.322 1420 1420 D MediaAnalyticsService: MediaAnalyticsService::newSummarizerSet
04-26 20:17:28.334 1395 1472 D audio_hw_primary: found audio out at /dev/snd/pcmC0D3p
04-26 20:17:28.334 1395 1472 D audio_hw_primary: card: 0/3 id: HDMI 0
04-26 20:17:28.334 1395 1472 D audio_hw_primary: name: HDMI 0
04-26 20:17:28.334 1395 1472 D audio_hw_primary: subname: subdevice #0
04-26 20:17:28.334 1395 1472 D audio_hw_primary: stream: 0
04-26 20:17:28.337 1395 1472 D audio_hw_primary: found audio out at /dev/snd/pcmC1D0p
04-26 20:17:28.337 1395 1472 D audio_hw_primary: card: 1/0 id: CX20751/2 Analog
04-26 20:17:28.337 1395 1472 D audio_hw_primary: name: CX20751/2 Analog
04-26 20:17:28.337 1395 1472 D audio_hw_primary: subname: subdevice #0
04-26 20:17:28.337 1395 1472 D audio_hw_primary: stream: 0
04-26 20:17:28.337 1395 1472 I audio_hw_primary: choose pcmC1D0p for 0
04-26 20:17:28.337 1395 1472 E audio_hw_primary: Failed to open /system/etc/mixer_paths.xml
04-26 20:17:28.337 1395 1472 W DeviceHAL: Device 0xee44b000 set_master_volume: Function not implemented
04-26 20:17:28.338 1412 1412 I AudioFlinger: loadHwModule() Loaded primary audio interface, handle 10
04-26 20:17:28.338 1412 1412 I AudioFlinger: openOutput() this 0xe70b5000, module 10 Device 2, SamplingRate 48000, Format 0x000001, Channels 3, flags 2
04-26 20:17:28.338 1395 1472 I audio_hw_primary: choose pcmC1D0p for 0
04-26 20:17:28.343 1419 1419 V MediaUtils: physMem: 7250169856
04-26 20:17:28.343 1419 1419 V MediaUtils: requested limit: 1450033960
04-26 20:17:28.343 1419 1419 V MediaUtils: cfi shadow size: 2147483648
04-26 20:17:28.343 1419 1419 V MediaUtils: actual limit: 3597517608
04-26 20:17:28.343 1419 1419 V MediaUtils: original limits: -1/-1
04-26 20:17:28.343 1419 1419 V MediaUtils: new limits: 3597517608/-1
04-26 20:17:28.343 1419 1419 D vndksupport: Loading libutils.so from current namespace instead of sphal namespace.
04-26 20:17:28.355 1412 1412 I AudioFlinger: HAL output buffer size 512 frames, normal sink buffer size 1024 frames
04-26 20:17:28.356 1395 1472 E EffectsConfig: Failed to parse /vendor/etc/audio_effects.xml: Tinyxml2 error (3): /vendor/etc/audio_effects.xml (null)
04-26 20:17:28.356 1395 1472 E EffectsFactoryConfigLoader: Failed to parse XML configuration file
04-26 20:17:28.356 1395 1472 W EffectsFactory: Failed to load XML effect configuration, fallback to .conf
04-26 20:17:28.501 1424 1424 I omx@1.0-service: type=1400 audit(0.0:190): avc: denied { execmod } for path="/system/vendor/lib/libavcodec.so" dev="loop0" ino=7494 scontext=u:r:mediacodec:s0 tcontext=u:object_r:vendor_file:s0 tclass=file permissive=1
04-26 20:17:28.543 1412 1412 I BufferProvider: found effect "Multichannel Downmix To Stereo" from The Android Open Source Project
04-26 20:17:28.543 1412 1482 I AudioFlinger: AudioFlinger's thread 0xe6e838c0 tid=1482 ready to run
04-26 20:17:28.567 1412 1412 I AudioFlinger: Using module 10 as the primary audio interface
04-26 20:17:28.567 1412 1412 W AudioFlinger: moveEffects() bad srcOutput 0
04-26 20:17:28.567 1412 1482 W AudioFlinger: no wake lock to update, system not ready yet
04-26 20:17:28.568 1395 1472 W DeviceHAL: Device 0xee44b000 set_voice_volume: Function not implemented
04-26 20:17:28.568 1395 1472 W DeviceHAL: Device 0xee44b000 open_input_stream: Invalid argument
04-26 20:17:28.568 1412 1482 W AudioFlinger: no wake lock to update, system not ready yet
04-26 20:17:28.568 1412 1483 I AudioFlinger: AudioFlinger's thread 0xe6b83fc0 tid=1483 ready to run
04-26 20:17:28.702 1424 1424 W MediaCodecsXmlParser: ignoring Limit specified outside of a Type
04-26 20:17:28.702 1424 1424 W MediaCodecsXmlParser: ignoring Limit specified outside of a Type
04-26 20:17:28.702 1424 1424 W MediaCodecsXmlParser: unable to open media codecs configuration xml file: /data/misc/media/media_codecs_profiling_results.xml
04-26 20:17:28.702 1424 1424 W MediaCodecsXmlParser: parseTopLevelXMLFile(/data/misc/media/media_codecs_profiling_results.xml) failed
04-26 20:17:28.702 1424 1424 I ServiceManagement: Removing namespace from process name android.hardware.media.omx@1.0-service to omx@1.0-service.
04-26 20:17:28.703 1424 1424 I /vendor/bin/hw/android.hardware.media.omx@1.0-service: Treble OMX service created.
04-26 20:17:28.851 1412 1412 I bt_a2dp_hw: adev_open: adev_open in A2dp_hw module
04-26 20:17:28.851 1412 1412 I AudioFlinger: loadHwModule() Loaded a2dp audio interface, handle 18
04-26 20:17:28.851 1395 1472 D vndksupport: Loading /vendor/lib/hw/audio.usb.default.so from current namespace instead of sphal namespace.
04-26 20:17:28.906 1412 1412 I AudioFlinger: loadHwModule() Loaded usb audio interface, handle 26
04-26 20:17:28.906 1412 1412 E EffectsConfig: Failed to parse /vendor/etc/audio_effects.xml: Tinyxml2 error (3): /vendor/etc/audio_effects.xml (null)
04-26 20:17:28.906 1412 1412 W AudioPolicyEffects: Failed to load XML effect configuration, fallback to .conf
04-26 20:17:28.906 1336 1336 W /system/bin/hwservicemanager: getTransport: Cannot find entry android.hardware.soundtrigger@2.0::ISoundTriggerHw/default in either framework or device manifest.
04-26 20:17:28.907 1412 1412 I SoundTriggerHalHidl: getProperties res implementor
04-26 20:17:28.907 1412 1412 I SoundTriggerHalHidl: getProperties ret -19
04-26 20:17:28.907 1412 1412 E SoundTriggerHwService: could not read implementation properties
04-26 20:17:29.022 1392 1392 I chatty : uid=0(root) main expire 86 lines
04-26 20:17:29.030 1391 1391 I chatty : uid=0(root) expire 92 lines
04-26 20:17:29.044 1419 1419 W /system/bin/mediaextractor: No seccomp policy defined for this architecture.
04-26 20:17:29.126 1407 1407 I chatty : uid=0(root) /system/bin/surfaceflinger expire 43 lines
04-26 20:17:29.334 1 1 I chatty : uid=0(root) /init expire 3 lines
04-26 20:17:29.339 1496 1496 I bootanimation: type=1400 audit(0.0:197): avc: denied { getattr } for path="/vendor" dev="tmpfs" ino=5338 scontext=u:r:bootanim:s0 tcontext=u:object_r:tmpfs:s0 tclass=lnk_file permissive=1
04-26 20:17:29.339 1496 1496 I bootanimation: type=1400 audit(0.0:198): avc: denied { read } for name="vendor" dev="tmpfs" ino=5338 scontext=u:r:bootanim:s0 tcontext=u:object_r:tmpfs:s0 tclass=lnk_file permissive=1
04-26 20:17:29.600 1407 1465 I chatty : uid=0(root) Binder:1407_2 expire 3 lines
04-26 20:17:29.600 1496 1500 D vndksupport: Loading /vendor/lib64/egl/libEGL_swiftshader.so from current namespace instead of sphal namespace.
04-26 20:17:29.603 1496 1500 D libEGL : loaded /vendor/lib64/egl/libEGL_swiftshader.so
04-26 20:17:29.622 1496 1500 D vndksupport: Loading /vendor/lib64/egl/libGLESv1_CM_swiftshader.so from current namespace instead of sphal namespace.
04-26 20:17:29.623 1496 1500 D libEGL : loaded /vendor/lib64/egl/libGLESv1_CM_swiftshader.so
04-26 20:17:29.639 1496 1500 D vndksupport: Loading /vendor/lib64/egl/libGLESv2_swiftshader.so from current namespace instead of sphal namespace.
04-26 20:17:29.639 1496 1500 D libEGL : loaded /vendor/lib64/egl/libGLESv2_swiftshader.so
04-26 20:17:29.656 1496 1500 I /system/bin/bootanimation: android::hardware::configstore::V1_0::ISurfaceFlingerConfigs::hasWideColorDisplay retrieved: 0
04-26 20:17:29.681 1496 1500 D BootAnimation: BootAnimationShownTiming start time: 13906ms
04-26 20:17:29.799 1496 1500 D vndksupport: Loading /vendor/lib64/hw/android.hardware.graphics.mapper@2.0-impl.so from current namespace instead of sphal namespace.
04-26 20:17:29.800 1496 1500 D vndksupport: Loading /vendor/lib64/hw/gralloc.default.so from current namespace instead of sphal namespace.
04-26 20:17:29.800 1496 1500 D vndksupport: Loading /vendor/lib64/hw/gralloc.default.so from current namespace instead of sphal namespace.
04-26 20:17:30.626 1281 1281 I chatty : uid=0(root) kworker/0:2 expire 1 line
04-26 20:17:31.265 1422 1429 E /system/bin/storaged: getService package_native failed
04-26 20:17:31.266 1422 1429 I /system/bin/storaged: storaged: Start
04-26 20:17:32.340 1392 1392 D Zygote32Timing: PostZygoteInitGC took to complete: 23ms
04-26 20:17:32.340 1392 1392 D Zygote32Timing: ZygoteInit took to complete: 30ms
04-26 20:17:32.743 1391 1391 D Zygote64Timing: BeginIcuCachePinning took to complete: 273ms
04-26 20:17:34.090 1391 1391 D Zygote64Timing: PreloadClasses took to complete: 1347ms
04-26 20:17:34.094 1513 1513 I idmap : type=1400 audit(0.0:202): avc: denied { getattr } for path="/vendor" dev="tmpfs" ino=5338 scontext=u:r:zygote:s0 tcontext=u:object_r:tmpfs:s0 tclass=lnk_file permissive=1
04-26 20:17:34.463 1391 1391 D Zygote64Timing: PreloadResources took to complete: 372ms
04-26 20:17:34.591 1391 1391 D Zygote64Timing: ZygotePreload took to complete: 2120ms
04-26 20:17:34.622 1391 1391 D Zygote64Timing: PostZygoteInitGC took to complete: 32ms
04-26 20:17:34.622 1391 1391 D Zygote64Timing: ZygoteInit took to complete: 2156ms
04-26 20:17:34.674 1514 1514 I Zygote : Process: zygote socket zygote_secondary opened, supported ABIS: x86,armeabi-v7a,armeabi
04-26 20:17:34.804 1514 1514 I zygote64: The ClassLoaderContext is a special shared library.
04-26 20:17:34.818 1514 1514 I chatty : uid=1000 system_server identical 58 lines
04-26 20:17:34.918 1514 1514 I SystemServer: InitBeforeStartServices
04-26 20:17:34.932 1514 1514 I SystemServer: Entered the Android system server!
04-26 20:17:35.319 1514 1514 D SystemServerTiming: InitBeforeStartServices took to complete: 400ms
04-26 20:17:35.319 1514 1514 I SystemServer: StartServices
04-26 20:17:35.319 1514 1514 I SystemServer: Reading configuration...
04-26 20:17:35.319 1514 1514 I SystemServer: ReadingSystemConfig
04-26 20:17:35.319 1514 1514 D SystemServerTiming: ReadingSystemConfig took to complete: 0ms
04-26 20:17:35.319 1514 1514 I SystemServer: StartInstaller
04-26 20:17:35.319 1514 1514 I SystemServiceManager: Starting com.android.server.pm.Installer
04-26 20:17:35.320 1514 1527 D SystemServerInitThreadPool: Started executing ReadingSystemConfig
04-26 20:17:35.328 1514 1514 D SystemServerTiming: StartInstaller took to complete: 9ms
04-26 20:17:35.328 1514 1514 I SystemServer: DeviceIdentifiersPolicyService
04-26 20:17:35.328 1514 1514 I SystemServiceManager: Starting com.android.server.os.DeviceIdentifiersPolicyService
04-26 20:17:35.329 1514 1514 D SystemServerTiming: DeviceIdentifiersPolicyService took to complete: 0ms
04-26 20:17:35.329 1514 1514 I SystemServer: StartActivityManager
04-26 20:17:35.329 1514 1514 I SystemServiceManager: Starting com.android.server.am.ActivityManagerService$Lifecycle
04-26 20:17:35.399 1514 1514 I ActivityManager: Memory class: 192
04-26 20:17:35.408 1514 1527 D SystemServerInitThreadPool: Finished executing ReadingSystemConfig
04-26 20:17:35.490 1514 1514 D BatteryStatsImpl: Reading daily items from /data/system/batterystats-daily.xml
04-26 20:17:35.549 1514 1532 I chatty : uid=1000 system_server expire 2 lines
04-26 20:17:35.553 1514 1532 E BatteryExternalStatsWorker: no controller energy info supplied for telephony
04-26 20:17:35.589 1336 1336 I chatty : uid=1000(system) hwservicemanage expire 10 lines
04-26 20:17:35.666 1514 1514 I IntentFirewall: Read new rules (A:0 B:2 S:1)
04-26 20:17:35.670 1514 1514 W system_server: Failed to remove /dev/memcg/apps/uid_0/pid_1406: Device or resource busy
04-26 20:17:35.670 1514 1514 W system_server: Failed to remove /dev/memcg/apps/uid_0/pid_1422: Device or resource busy
04-26 20:17:35.670 1514 1514 W system_server: Failed to remove /dev/memcg/apps/uid_0/pid_1392: Device or resource busy
04-26 20:17:35.670 1514 1514 W system_server: Failed to remove /dev/memcg/apps/uid_0/pid_1410: Device or resource busy
04-26 20:17:35.670 1514 1514 W system_server: Failed to remove /dev/memcg/apps/uid_0/pid_1390: Device or resource busy
04-26 20:17:35.670 1514 1514 W system_server: Failed to remove /dev/memcg/apps/uid_0/pid_1409: Device or resource busy
04-26 20:17:35.670 1514 1514 W system_server: Failed to remove /dev/memcg/apps/uid_0/pid_1407: Device or resource busy
04-26 20:17:35.670 1514 1514 W system_server: Failed to remove /dev/memcg/apps/uid_0: Device or resource busy
04-26 20:17:35.671 1514 1514 D AppOps : AppOpsService published
04-26 20:17:35.671 1514 1514 D SystemServerTiming: StartActivityManager took to complete: 341ms
04-26 20:17:35.671 1514 1514 I SystemServer: StartPowerManager
04-26 20:17:35.671 1514 1514 I SystemServiceManager: Starting com.android.server.power.PowerManagerService
04-26 20:17:35.712 1514 1514 I system_server: type=1400 audit(0.0:205): avc: denied { write } for name="uinput" dev="tmpfs" ino=7363 scontext=u:r:system_server:s0 tcontext=u:object_r:uhid_device:s0 tclass=chr_file permissive=1
04-26 20:17:35.712 1514 1514 I system_server: type=1400 audit(0.0:206): avc: denied { open } for path="/dev/uinput" dev="tmpfs" ino=7363 scontext=u:r:system_server:s0 tcontext=u:object_r:uhid_device:s0 tclass=chr_file permissive=1
04-26 20:17:35.712 1514 1514 I system_server: type=1400 audit(0.0:207): avc: denied { ioctl } for path="/dev/uinput" dev="tmpfs" ino=7363 ioctlcmd=0x5564 scontext=u:r:system_server:s0 tcontext=u:object_r:uhid_device:s0 tclass=chr_file permissive=1
04-26 20:17:35.713 1307 1307 I chatty : uid=0(root) /sbin/ueventd expire 4 lines
04-26 20:17:35.716 1402 1402 I power@1.0-servi: type=1400 audit(0.0:210): avc: denied { read } for name="u:object_r:wifi_prop:s0" dev="tmpfs" ino=165 scontext=u:r:hal_power_default:s0 tcontext=u:object_r:wifi_prop:s0 tclass=file permissive=1
04-26 20:17:35.716 1402 1402 I power@1.0-servi: type=1400 audit(0.0:211): avc: denied { open } for path="/dev/__properties__/u:object_r:wifi_prop:s0" dev="tmpfs" ino=165 scontext=u:r:hal_power_default:s0 tcontext=u:object_r:wifi_prop:s0 tclass=file permissive=1
04-26 20:17:35.716 1402 1402 I power@1.0-servi: type=1400 audit(0.0:212): avc: denied { getattr } for path="/dev/__properties__/u:object_r:wifi_prop:s0" dev="tmpfs" ino=165 scontext=u:r:hal_power_default:s0 tcontext=u:object_r:wifi_prop:s0 tclass=file permissive=1
04-26 20:17:35.717 1402 1402 I power@1.0-servi: type=1400 audit(0.0:213): avc: denied { write } for name="online" dev="sysfs" ino=396 scontext=u:r:hal_power_default:s0 tcontext=u:object_r:sysfs_devices_system_cpu:s0 tclass=file permissive=1
04-26 20:17:35.718 1514 1514 I libsuspend: Selected wakeup count
04-26 20:17:35.719 1514 1514 D SystemServerTiming: StartPowerManager took to complete: 48ms
04-26 20:17:35.719 1514 1514 I SystemServer: InitPowerManagement
04-26 20:17:35.722 1514 1514 D SystemServerTiming: InitPowerManagement took to complete: 3ms
04-26 20:17:35.722 1514 1514 I SystemServer: StartRecoverySystemService
04-26 20:17:35.722 1514 1514 I SystemServiceManager: Starting com.android.server.RecoverySystemService
04-26 20:17:35.723 1514 1514 D SystemServerTiming: StartRecoverySystemService took to complete: 0ms
04-26 20:17:35.735 1514 1514 W RescueParty: Failed to determine if device was on USB
04-26 20:17:35.735 1514 1514 W RescueParty: java.io.FileNotFoundException: /sys/class/android_usb/android0/state (No such file or directory)
04-26 20:17:35.735 1514 1514 W RescueParty: at java.io.FileInputStream.open0(Native Method)
04-26 20:17:35.735 1514 1514 W RescueParty: at java.io.FileInputStream.open(FileInputStream.java:200)
04-26 20:17:35.735 1514 1514 W RescueParty: at java.io.FileInputStream.(FileInputStream.java:150)
04-26 20:17:35.735 1514 1514 W RescueParty: at android.os.FileUtils.readTextFile(FileUtils.java:262)
04-26 20:17:35.735 1514 1514 W RescueParty: at com.android.server.RescueParty.isUsbActive(RescueParty.java:345)
04-26 20:17:35.735 1514 1514 W RescueParty: at com.android.server.RescueParty.isDisabled(RescueParty.java:86)
04-26 20:17:35.735 1514 1514 W RescueParty: at com.android.server.RescueParty.noteBoot(RescueParty.java:105)
04-26 20:17:35.735 1514 1514 W RescueParty: at com.android.server.SystemServer.startBootstrapServices(SystemServer.java:551)
04-26 20:17:35.735 1514 1514 W RescueParty: at com.android.server.SystemServer.run(SystemServer.java:389)
04-26 20:17:35.735 1514 1514 W RescueParty: at com.android.server.SystemServer.main(SystemServer.java:267)
04-26 20:17:35.735 1514 1514 W RescueParty: at java.lang.reflect.Method.invoke(Native Method)
04-26 20:17:35.735 1514 1514 W RescueParty: at com.android.internal.os.RuntimeInit$MethodAndArgsCaller.run(RuntimeInit.java:463)
04-26 20:17:35.735 1514 1514 W RescueParty: at com.android.internal.os.ZygoteInit.main(ZygoteInit.java:787)
04-26 20:17:35.741 1514 1514 W RescueParty: Noticed 1 events for UID 0 in last 19 sec
04-26 20:17:35.741 1514 1514 I SystemServer: StartLightsService
04-26 20:17:35.741 1514 1514 I SystemServiceManager: Starting com.android.server.lights.LightsService
04-26 20:17:35.741 1514 1514 D SystemServerTiming: StartLightsService took to complete: 0ms
04-26 20:17:35.741 1514 1514 I SystemServer: StartDisplayManager
04-26 20:17:35.741 1514 1514 I SystemServiceManager: Starting com.android.server.display.DisplayManagerService
04-26 20:17:35.745 1514 1539 I libsuspend: open event3(Power Button) ok fd=65
04-26 20:17:35.745 1514 1539 I libsuspend: open event1(Power Button) ok fd=66
04-26 20:17:35.749 1514 1514 D SystemServerTiming: StartDisplayManager took to complete: 7ms
04-26 20:17:35.749 1514 1514 I SystemServer: WaitForDisplay
04-26 20:17:35.749 1514 1514 I SystemServiceManager: Starting phase 100
04-26 20:17:35.762 1401 1401 I light@2.0-servi: type=1400 audit(0.0:214): avc: denied { read write } for name="brightness" dev="sysfs" ino=7538 scontext=u:r:hal_light_default:s0 tcontext=u:object_r:sysfs:s0 tclass=file permissive=1
04-26 20:17:35.762 1401 1401 I light@2.0-servi: type=1400 audit(0.0:215): avc: denied { open } for path="/sys/devices/pci0000:00/0000:00:02.1/0000:01:00.0/backlight/acpi_video0/brightness" dev="sysfs" ino=7538 scontext=u:r:hal_light_default:s0 tcontext=u:object_r:sysfs:s0 tclass=file permissive=1
04-26 20:17:35.762 1514 1536 I DisplayManagerService: Display device added: DisplayDeviceInfo{"Écran intégré": uniqueId="local:0", 1600 x 900, modeId 1, defaultModeId 1, supportedModes [{id=1, width=1600, height=900, fps=85.44301}], colorMode 0, supportedColorModes [0], HdrCapabilities android.view.Display$HdrCapabilities@a69d6308, density 160, 160.0 x 159.86014 dpi, appVsyncOff 1000000, presDeadline 11703708, touch INTERNAL, rotation 0, type BUILT_IN, state UNKNOWN, FLAG_DEFAULT_DISPLAY, FLAG_ROTATES_WITH_CONTENT, FLAG_SECURE, FLAG_SUPPORTS_PROTECTED_BUFFERS}
04-26 20:17:35.764 1514 1536 I DisplayManagerService: Display device changed state: "Écran intégré", ON
04-26 20:17:35.765 1514 1514 D SystemServerTiming: WaitForDisplay took to complete: 16ms
04-26 20:17:35.765 1514 1514 I SystemServer: StartPackageManagerService
04-26 20:17:35.826 1514 1514 D SELinuxMMAC: Using policy file /system/etc/selinux/plat_mac_permissions.xml
04-26 20:17:35.827 1514 1514 I system_server: type=1400 audit(0.0:216): avc: denied { read } for name="vendor" dev="tmpfs" ino=5338 scontext=u:r:system_server:s0 tcontext=u:object_r:tmpfs:s0 tclass=lnk_file permissive=1
04-26 20:17:35.829 1514 1514 D SELinuxMMAC: Using policy file /vendor/etc/selinux/nonplat_mac_permissions.xml
04-26 20:17:35.935 1514 1514 W PackageSettings: Couldn't write 10077 to /config/sdcardfs/com.rami.puissance4/appid
04-26 20:17:35.935 1514 1514 W PackageSettings: Couldn't write 10007 to /config/sdcardfs/com.android.cts.priv.ctsshim/appid
04-26 20:17:35.935 1514 1514 W PackageSettings: Couldn't write 10070 to /config/sdcardfs/com.google.android.youtube/appid
04-26 20:17:35.935 1514 1514 W PackageSettings: Couldn't write 10017 to /config/sdcardfs/com.google.android.ext.services/appid
04-26 20:17:35.935 1514 1514 W PackageSettings: Couldn't write 10064 to /config/sdcardfs/com.example.android.rssreader/appid
04-26 20:17:35.935 1514 1514 W PackageSettings: Couldn't write 10082 to /config/sdcardfs/com.oasisfeng.greenify/appid
04-26 20:17:35.935 1514 1514 W PackageSettings: Couldn't write 1001 to /config/sdcardfs/com.android.providers.telephony/appid
04-26 20:17:35.935 1514 1514 W PackageSettings: Couldn't write 10001 to /config/sdcardfs/org.android_x86.analytics/appid
04-26 20:17:35.935 1514 1514 W PackageSettings: Couldn't write 10034 to /config/sdcardfs/com.google.android.googlequicksearchbox/appid
04-26 20:17:35.935 1514 1514 W PackageSettings: Couldn't write 10002 to /config/sdcardfs/com.android.providers.calendar/appid
04-26 20:17:35.935 1514 1514 W PackageSettings: Couldn't write 10009 to /config/sdcardfs/com.android.providers.media/appid
04-26 20:17:35.935 1514 1514 W PackageSettings: Couldn't write 10020 to /config/sdcardfs/com.google.android.onetimeinitializer/appid
04-26 20:17:35.935 1514 1514 W PackageSettings: Couldn't write 10054 to /config/sdcardfs/com.google.android.ext.shared/appid
04-26 20:17:35.936 1514 1514 W PackageSettings: Couldn't write 10033 to /config/sdcardfs/com.android.wallpapercropper/appid
04-26 20:17:35.936 1514 1514 W PackageSettings: Couldn't write 10090 to /config/sdcardfs/com.applisto.appcloner/appid
04-26 20:17:35.936 1514 1514 W PackageSettings: Couldn't write 10076 to /config/sdcardfs/org.crape.rotationcontrol/appid
04-26 20:17:35.936 1514 1514 W PackageSettings: Couldn't write 10071 to /config/sdcardfs/com.speedsoftware.rootexplorer/appid
04-26 20:17:35.936 1514 1514 W PackageSettings: Couldn't write 1000 to /config/sdcardfs/org.zeroxlab.util.tscal/appid
04-26 20:17:35.936 1514 1514 W PackageSettings: Couldn't write 10011 to /config/sdcardfs/com.android.documentsui/appid
04-26 20:17:35.936 1514 1514 W PackageSettings: Couldn't write 10012 to /config/sdcardfs/com.android.externalstorage/appid
04-26 20:17:35.936 1514 1514 W PackageSettings: Couldn't write 10058 to /config/sdcardfs/com.android.htmlviewer/appid
04-26 20:17:35.936 1514 1514 W PackageSettings: Couldn't write 10073 to /config/sdcardfs/com.whatsapp/appid
04-26 20:17:35.936 1514 1514 W PackageSettings: Couldn't write 10045 to /config/sdcardfs/com.android.companiondevicemanager/appid
04-26 20:17:35.936 1514 1514 W PackageSettings: Couldn't write 1001 to /config/sdcardfs/com.android.mms.service/appid
04-26 20:17:35.936 1514 1514 W PackageSettings: Couldn't write 10079 to /config/sdcardfs/com.bionicapps.newsreader/appid
04-26 20:17:35.936 1514 1514 W PackageSettings: Couldn't write 10009 to /config/sdcardfs/com.android.providers.downloads/appid
04-26 20:17:35.936 1514 1514 W PackageSettings: Couldn't write 10072 to /config/sdcardfs/com.keramidas.TitaniumBackup/appid
04-26 20:17:35.936 1514 1514 W PackageSettings: Couldn't write 10080 to /config/sdcardfs/org.schabi.newpipe/appid
04-26 20:17:35.936 1514 1514 W PackageSettings: Couldn't write 10006 to /config/sdcardfs/com.android.defcontainer/appid
04-26 20:17:35.936 1514 1514 W PackageSettings: Couldn't write 10094 to /config/sdcardfs/com.tpcstld.twozerogame/appid
04-26 20:17:35.937 1514 1514 W PackageSettings: Couldn't write 10009 to /config/sdcardfs/com.android.providers.downloads.ui/appid
04-26 20:17:35.937 1514 1514 W PackageSettings: Couldn't write 10025 to /config/sdcardfs/com.android.vending/appid
04-26 20:17:35.937 1514 1514 W PackageSettings: Couldn't write 10063 to /config/sdcardfs/com.android.pacprocessor/appid
04-26 20:17:35.937 1514 1514 W PackageSettings: Couldn't write 10095 to /config/sdcardfs/com.tws.aviwatch/appid
04-26 20:17:35.937 1514 1514 W PackageSettings: Couldn't write 10046 to /config/sdcardfs/com.android.certinstaller/appid
04-26 20:17:35.937 1514 1514 W PackageSettings: Couldn't write 10004 to /config/sdcardfs/com.android.carrierconfig/appid
04-26 20:17:35.937 1514 1514 W PackageSettings: Couldn't write 10093 to /config/sdcardfs/com.advancedprocessmanager/appid
04-26 20:17:35.937 1514 1514 W PackageSettings: Couldn't write 1000 to /config/sdcardfs/android/appid
04-26 20:17:35.937 1514 1514 W PackageSettings: Couldn't write 10010 to /config/sdcardfs/com.android.contacts/appid
04-26 20:17:35.937 1514 1514 W PackageSettings: Couldn't write 10044 to /config/sdcardfs/com.android.camera2/appid
04-26 20:17:35.937 1514 1514 W PackageSettings: Couldn't write 10078 to /config/sdcardfs/com.eolwral.osmonitor/appid
04-26 20:17:35.937 1514 1514 W PackageSettings: Couldn't write 10049 to /config/sdcardfs/com.android.egg/appid
04-26 20:17:35.937 1514 1514 W PackageSettings: Couldn't write 10009 to /config/sdcardfs/com.android.mtp/appid
04-26 20:17:35.937 1514 1514 W PackageSettings: Couldn't write 10022 to /config/sdcardfs/com.android.launcher3/appid
04-26 20:17:35.937 1514 1514 W PackageSettings: Couldn't write 10003 to /config/sdcardfs/com.android.backupconfirm/appid
04-26 20:17:35.937 1514 1514 W PackageSettings: Couldn't write 10081 to /config/sdcardfs/com.buak.Link2SD/appid
04-26 20:17:35.937 1514 1514 W PackageSettings: Couldn't write 10028 to /config/sdcardfs/com.android.statementservice/appid
04-26 20:17:35.938 1514 1514 W PackageSettings: Couldn't write 10059 to /config/sdcardfs/com.google.android.gm/appid
04-26 20:17:35.938 1514 1514 W PackageSettings: Couldn't write 10042 to /config/sdcardfs/com.android.calendar/appid
04-26 20:17:35.938 1514 1514 W PackageSettings: Couldn't write 10000 to /config/sdcardfs/com.android.systemui.theme.dark/appid
04-26 20:17:35.938 1514 1514 W PackageSettings: Couldn't write 10027 to /config/sdcardfs/com.google.android.setupwizard/appid
04-26 20:17:35.938 1514 1514 W PackageSettings: Couldn't write 1000 to /config/sdcardfs/com.android.providers.settings/appid
04-26 20:17:35.938 1514 1514 W PackageSettings: Couldn't write 10026 to /config/sdcardfs/com.android.sharedstoragebackup/appid
04-26 20:17:35.938 1514 1514 W PackageSettings: Couldn't write 10065 to /config/sdcardfs/com.android.printspooler/appid
04-26 20:17:35.938 1514 1514 W PackageSettings: Couldn't write 10035 to /config/sdcardfs/com.android.dreams.basic/appid
04-26 20:17:35.938 1514 1514 W PackageSettings: Couldn't write 1000 to /config/sdcardfs/com.android.inputdevices/appid
04-26 20:17:35.938 1514 1514 W PackageSettings: Couldn't write 10084 to /config/sdcardfs/com.androidfung.drminfo/appid
04-26 20:17:35.938 1514 1514 W PackageSettings: Couldn't write 10040 to /config/sdcardfs/com.android.bips/appid
04-26 20:17:35.938 1514 1514 W PackageSettings: Couldn't write 10085 to /config/sdcardfs/com.google.android.apps.docs/appid
04-26 20:17:35.938 1514 1514 W PackageSettings: Couldn't write 10008 to /config/sdcardfs/com.android.cellbroadcastreceiver/appid
04-26 20:17:35.938 1514 1514 W PackageSettings: Couldn't write 10069 to /config/sdcardfs/com.google.android.webview/appid
04-26 20:17:35.938 1514 1514 W PackageSettings: Couldn't write 10056 to /config/sdcardfs/com.google.android.syncadapters.contacts/appid
04-26 20:17:35.938 1514 1514 W PackageSettings: Couldn't write 10061 to /config/sdcardfs/com.example.android.notepad/appid
04-26 20:17:35.938 1514 1514 W PackageSettings: Couldn't write 1000 to /config/sdcardfs/com.android.keychain/appid
04-26 20:17:35.939 1514 1514 W PackageSettings: Couldn't write 10051 to /config/sdcardfs/com.android.chrome/appid
04-26 20:17:35.939 1514 1514 W PackageSettings: Couldn't write 10018 to /config/sdcardfs/com.android.dialer/appid
04-26 20:17:35.939 1514 1514 W PackageSettings: Couldn't write 10053 to /config/sdcardfs/com.android.gallery3d/appid
04-26 20:17:35.939 1514 1514 W PackageSettings: Couldn't write 10019 to /config/sdcardfs/com.google.android.packageinstaller/appid
04-26 20:17:35.939 1514 1514 W PackageSettings: Couldn't write 10015 to /config/sdcardfs/com.google.android.gms/appid
04-26 20:17:35.939 1514 1514 W PackageSettings: Couldn't write 10015 to /config/sdcardfs/com.google.android.gsf/appid
04-26 20:17:35.939 1514 1514 W PackageSettings: Couldn't write 10005 to /config/sdcardfs/com.android.calllogbackup/appid
04-26 20:17:35.939 1514 1514 W PackageSettings: Couldn't write 10021 to /config/sdcardfs/com.google.android.partnersetup/appid
04-26 20:17:35.939 1514 1514 W PackageSettings: Couldn't write 10037 to /config/sdcardfs/com.android.basicsmsreceiver/appid
04-26 20:17:35.939 1514 1514 W PackageSettings: Couldn't write 10041 to /config/sdcardfs/com.android.carrierdefaultapp/appid
04-26 20:17:35.939 1514 1514 W PackageSettings: Couldn't write 10067 to /config/sdcardfs/com.svox.pico/appid
04-26 20:17:35.939 1514 1514 W PackageSettings: Couldn't write 10091 to /config/sdcardfs/com.gmail.heagoo.apkeditor.pro/appid
04-26 20:17:35.939 1514 1514 W PackageSettings: Couldn't write 10089 to /config/sdcardfs/rikka.appops/appid
04-26 20:17:35.939 1514 1514 W PackageSettings: Couldn't write 10024 to /config/sdcardfs/com.android.proxyhandler/appid
04-26 20:17:35.939 1514 1514 W PackageSettings: Couldn't write 10062 to /config/sdcardfs/com.android.inputmethod.latin/appid
04-26 20:17:35.939 1514 1514 W PackageSettings: Couldn't write 10013 to /config/sdcardfs/org.lineageos.eleven/appid
04-26 20:17:35.939 1514 1514 W PackageSettings: Couldn't write 10016 to /config/sdcardfs/com.google.android.feedback/appid
04-26 20:17:35.940 1514 1514 W PackageSettings: Couldn't write 10055 to /config/sdcardfs/com.google.android.printservice.recommendation/appid
04-26 20:17:35.940 1514 1514 W PackageSettings: Couldn't write 10057 to /config/sdcardfs/com.google.android.syncadapters.calendar/appid
04-26 20:17:35.940 1514 1514 W PackageSettings: Couldn't write 10023 to /config/sdcardfs/com.android.managedprovisioning/appid
04-26 20:17:35.940 1514 1514 W PackageSettings: Couldn't write 10074 to /config/sdcardfs/com.spotify.music/appid
04-26 20:17:35.940 1514 1514 W PackageSettings: Couldn't write 10066 to /config/sdcardfs/com.android.providers.partnerbookmarks/appid
04-26 20:17:35.940 1514 1514 W PackageSettings: Couldn't write 10015 to /config/sdcardfs/com.google.android.gsf.login/appid
04-26 20:17:35.940 1514 1514 W PackageSettings: Couldn't write 10060 to /config/sdcardfs/com.android.wallpaper.livepicker/appid
04-26 20:17:35.940 1514 1514 W PackageSettings: Couldn't write 10083 to /config/sdcardfs/org.mozilla.firefox/appid
04-26 20:17:35.940 1514 1514 W PackageSettings: Couldn't write 10036 to /config/sdcardfs/jackpal.androidterm/appid
04-26 20:17:35.940 1514 1514 W PackageSettings: Couldn't write 10015 to /config/sdcardfs/com.google.android.backuptransport/appid
04-26 20:17:35.940 1514 1514 W PackageSettings: Couldn't write 10075 to /config/sdcardfs/eu.thedarken.sdm/appid
04-26 20:17:35.940 1514 1514 W PackageSettings: Couldn't write 10029 to /config/sdcardfs/com.android.storagemanager/appid
04-26 20:17:35.940 1514 1514 W PackageSettings: Couldn't write 10038 to /config/sdcardfs/com.android.bookmarkprovider/appid
04-26 20:17:35.940 1514 1514 W PackageSettings: Couldn't write 1000 to /config/sdcardfs/com.android.settings/appid
04-26 20:17:35.940 1514 1514 W PackageSettings: Couldn't write 10031 to /config/sdcardfs/com.farmerbb.taskbar.androidx86/appid
04-26 20:17:35.940 1514 1514 W PackageSettings: Couldn't write 10052 to /config/sdcardfs/com.android.calculator2/appid
04-26 20:17:35.940 1514 1514 W PackageSettings: Couldn't write 10047 to /config/sdcardfs/com.android.cts.ctsshim/appid
04-26 20:17:35.941 1514 1514 W PackageSettings: Couldn't write 10092 to /config/sdcardfs/com.spring.bird.anycut/appid
04-26 20:17:35.941 1514 1514 W PackageSettings: Couldn't write 10032 to /config/sdcardfs/com.android.vpndialogs/appid
04-26 20:17:35.941 1514 1514 W PackageSettings: Couldn't write 1001 to /config/sdcardfs/com.android.phone/appid
04-26 20:17:35.941 1514 1514 W PackageSettings: Couldn't write 2000 to /config/sdcardfs/com.android.shell/appid
04-26 20:17:35.941 1514 1514 W PackageSettings: Couldn't write 1000 to /config/sdcardfs/com.android.wallpaperbackup/appid
04-26 20:17:35.941 1514 1514 W PackageSettings: Couldn't write 10005 to /config/sdcardfs/com.android.providers.blockednumber/appid
04-26 20:17:35.941 1514 1514 W PackageSettings: Couldn't write 10086 to /config/sdcardfs/com.king.candycrushsaga/appid
04-26 20:17:35.941 1514 1514 W PackageSettings: Couldn't write 10005 to /config/sdcardfs/com.android.providers.userdictionary/appid
04-26 20:17:35.941 1514 1514 W PackageSettings: Couldn't write 10014 to /config/sdcardfs/com.android.emergency/appid
04-26 20:17:35.941 1514 1514 W PackageSettings: Couldn't write 1000 to /config/sdcardfs/com.android.location.fused/appid
04-26 20:17:35.941 1514 1514 W PackageSettings: Couldn't write 10050 to /config/sdcardfs/com.android.deskclock/appid
04-26 20:17:35.941 1514 1514 W PackageSettings: Couldn't write 10030 to /config/sdcardfs/com.android.systemui/appid
04-26 20:17:35.941 1514 1514 W PackageSettings: Couldn't write 10039 to /config/sdcardfs/com.android.bluetoothmidiservice/appid
04-26 20:17:35.941 1514 1514 W PackageSettings: Couldn't write 1002 to /config/sdcardfs/com.android.bluetooth/appid
04-26 20:17:35.941 1514 1514 W PackageSettings: Couldn't write 10048 to /config/sdcardfs/com.android.development/appid
04-26 20:17:35.941 1514 1514 W PackageSettings: Couldn't write 10068 to /config/sdcardfs/com.android.wallpaperpicker/appid
04-26 20:17:35.941 1514 1514 W PackageSettings: Couldn't write 10005 to /config/sdcardfs/com.android.providers.contacts/appid
04-26 20:17:35.942 1514 1514 W PackageSettings: Couldn't write 10043 to /config/sdcardfs/com.android.captiveportallogin/appid
04-26 20:17:35.942 1514 1514 W PackageSettings: Couldn't write 10088 to /config/sdcardfs/com.elsdoerfer.android.autostarts/appid
04-26 20:17:36.015 1514 1514 W PackageManager: Wiping cache directory because the system partition changed.
04-26 20:17:36.056 1514 1514 W PackageManager: Failed to parse /system/framework/oat: Missing base APK in /system/framework/oat
04-26 20:17:36.056 1514 1514 W PackageManager: Failed to parse /system/framework/x86_64: Missing base APK in /system/framework/x86_64
04-26 20:17:36.057 1514 1514 W PackageManager: Failed to parse /system/framework/x86: Missing base APK in /system/framework/x86
04-26 20:17:36.320 1514 1548 I PackageParser: Parse times for '/system/priv-app/CellBroadcastReceiver': parse=183ms, update_cache=1 ms
04-26 20:17:36.382 1514 1551 W PackageParser: No actions in intent filter at /system/priv-app/Contacts/Contacts.apk Binary XML file line #443
04-26 20:17:36.397 1514 1551 I PackageParser: Parse times for '/system/priv-app/Contacts': parse=243ms, update_cache=14 ms
04-26 20:17:36.423 1514 1550 I PackageParser: Parse times for '/system/priv-app/DocumentsUI': parse=191ms, update_cache=1 ms
04-26 20:17:36.570 1514 1548 I PackageParser: Parse times for '/system/priv-app/EmergencyInfo': parse=156ms, update_cache=0 ms
04-26 20:17:36.603 1514 1549 I PackageParser: Parse times for '/system/priv-app/Dialer': parse=370ms, update_cache=4 ms
04-26 20:17:36.814 1514 1549 I PackageParser: Parse times for '/system/priv-app/GooglePartnerSetup': parse=158ms, update_cache=0 ms
04-26 20:17:36.832 1514 1548 I PackageParser: Parse times for '/system/priv-app/GoogleLoginService': parse=260ms, update_cache=2 ms
04-26 20:17:36.889 1514 1550 I PackageParser: Parse times for '/system/priv-app/GooglePackageInstaller': parse=237ms, update_cache=0 ms
04-26 20:17:36.892 1514 1551 I PackageParser: Parse times for '/system/priv-app/GmsCore': parse=390ms, update_cache=39 ms
04-26 20:17:36.893 1514 1514 W PackageManager: Failed to scan /system/priv-app/GmsCore: Package com.google.android.gms at /system/priv-app/GmsCore ignored: updated version 16091023 better than this 12688056
04-26 20:17:36.996 1514 1549 I PackageParser: Parse times for '/system/priv-app/GoogleServicesFramework': parse=180ms, update_cache=2 ms
04-26 20:17:36.999 1514 1550 I PackageParser: Parse times for '/system/priv-app/ManagedProvisioning': parse=109ms, update_cache=1 ms
04-26 20:17:37.248 1514 1548 W PackageParser: Ignoring duplicate uses-permissions/uses-permissions-sdk-m: android.permission.INSTALL_GRANT_RUNTIME_PERMISSIONS in package: com.android.shell at: Binary XML file line #106
04-26 20:17:37.364 1514 1551 I PackageParser: Parse times for '/system/priv-app/Phonesky': parse=370ms, update_cache=7 ms
04-26 20:17:37.434 1514 1549 I PackageParser: Parse times for '/system/priv-app/SetupWizard': parse=350ms, update_cache=4 ms
04-26 20:17:37.481 1514 1548 I PackageParser: Parse times for '/system/priv-app/StorageManager': parse=205ms, update_cache=0 ms
04-26 20:17:37.606 1514 1548 I PackageParser: Parse times for '/system/priv-app/Taskbar': parse=122ms, update_cache=2 ms
04-26 20:17:37.755 1514 1551 W PackageParser: Ignoring duplicate uses-permissions/uses-permissions-sdk-m: android.permission.CONFIGURE_WIFI_DISPLAY in package: com.android.systemui at: Binary XML file line #131
04-26 20:17:37.841 1514 1549 I PackageParser: Parse times for '/system/priv-app/TeleService': parse=350ms, update_cache=3 ms
04-26 20:17:37.854 1514 1551 I PackageParser: Parse times for '/system/priv-app/SystemUI': parse=486ms, update_cache=3 ms
04-26 20:17:38.165 1514 1550 I PackageParser: Parse times for '/system/priv-app/Settings': parse=1155ms, update_cache=10 ms
04-26 20:17:38.198 1514 1548 W PackageParser: Ignoring duplicate uses-permissions/uses-permissions-sdk-m: android.permission.READ_PHONE_STATE in package: com.google.android.googlequicksearchbox at: Binary XML file line #233
04-26 20:17:38.198 1514 1548 W PackageParser: Ignoring duplicate uses-permissions/uses-permissions-sdk-m: android.permission.CAMERA in package: com.google.android.googlequicksearchbox at: Binary XML file line #269
