04-26 20:17:49.997 1727 1727 W PackageSettings: Couldn't write 1000 to /config/sdcardfs/org.zeroxlab.util.tscal/appid
04-26 20:17:49.997 1727 1727 W PackageSettings: Couldn't write 10011 to /config/sdcardfs/com.android.documentsui/appid
04-26 20:17:49.997 1727 1727 W PackageSettings: Couldn't write 10012 to /config/sdcardfs/com.android.externalstorage/appid
04-26 20:17:49.997 1727 1727 W PackageSettings: Couldn't write 10058 to /config/sdcardfs/com.android.htmlviewer/appid
04-26 20:17:49.997 1727 1727 W PackageSettings: Couldn't write 10073 to /config/sdcardfs/com.whatsapp/appid
04-26 20:17:49.997 1727 1727 W PackageSettings: Couldn't write 10045 to /config/sdcardfs/com.android.companiondevicemanager/appid
04-26 20:17:49.997 1727 1727 W PackageSettings: Couldn't write 1001 to /config/sdcardfs/com.android.mms.service/appid
04-26 20:17:49.997 1727 1727 W PackageSettings: Couldn't write 10079 to /config/sdcardfs/com.bionicapps.newsreader/appid
04-26 20:17:49.997 1727 1727 W PackageSettings: Couldn't write 10009 to /config/sdcardfs/com.android.providers.downloads/appid
04-26 20:17:49.998 1727 1727 W PackageSettings: Couldn't write 10072 to /config/sdcardfs/com.keramidas.TitaniumBackup/appid
04-26 20:17:49.998 1727 1727 W PackageSettings: Couldn't write 10080 to /config/sdcardfs/org.schabi.newpipe/appid
04-26 20:17:50.022 1727 1727 W PackageSettings: Couldn't write 10006 to /config/sdcardfs/com.android.defcontainer/appid
04-26 20:17:50.023 1727 1727 W PackageSettings: Couldn't write 10094 to /config/sdcardfs/com.tpcstld.twozerogame/appid
04-26 20:17:50.023 1727 1727 W PackageSettings: Couldn't write 10009 to /config/sdcardfs/com.android.providers.downloads.ui/appid
04-26 20:17:50.023 1727 1727 W PackageSettings: Couldn't write 10025 to /config/sdcardfs/com.android.vending/appid
04-26 20:17:50.023 1727 1727 W PackageSettings: Couldn't write 10063 to /config/sdcardfs/com.android.pacprocessor/appid
04-26 20:17:50.023 1727 1727 W PackageSettings: Couldn't write 10095 to /config/sdcardfs/com.tws.aviwatch/appid
04-26 20:17:50.023 1727 1727 W PackageSettings: Couldn't write 10046 to /config/sdcardfs/com.android.certinstaller/appid
04-26 20:17:50.023 1727 1727 W PackageSettings: Couldn't write 10004 to /config/sdcardfs/com.android.carrierconfig/appid
04-26 20:17:50.023 1727 1727 W PackageSettings: Couldn't write 10093 to /config/sdcardfs/com.advancedprocessmanager/appid
04-26 20:17:50.023 1727 1727 W PackageSettings: Couldn't write 1000 to /config/sdcardfs/android/appid
04-26 20:17:50.023 1727 1727 W PackageSettings: Couldn't write 10010 to /config/sdcardfs/com.android.contacts/appid
04-26 20:17:50.023 1727 1727 W PackageSettings: Couldn't write 10044 to /config/sdcardfs/com.android.camera2/appid
04-26 20:17:50.023 1727 1727 W PackageSettings: Couldn't write 10078 to /config/sdcardfs/com.eolwral.osmonitor/appid
04-26 20:17:50.023 1727 1727 W PackageSettings: Couldn't write 10049 to /config/sdcardfs/com.android.egg/appid
04-26 20:17:50.023 1727 1727 W PackageSettings: Couldn't write 10009 to /config/sdcardfs/com.android.mtp/appid
04-26 20:17:50.023 1727 1727 W PackageSettings: Couldn't write 10022 to /config/sdcardfs/com.android.launcher3/appid
04-26 20:17:50.023 1727 1727 W PackageSettings: Couldn't write 10003 to /config/sdcardfs/com.android.backupconfirm/appid
04-26 20:17:50.023 1727 1727 W PackageSettings: Couldn't write 10081 to /config/sdcardfs/com.buak.Link2SD/appid
04-26 20:17:50.023 1727 1727 W PackageSettings: Couldn't write 10028 to /config/sdcardfs/com.android.statementservice/appid
04-26 20:17:50.023 1727 1727 W PackageSettings: Couldn't write 10059 to /config/sdcardfs/com.google.android.gm/appid
04-26 20:17:50.023 1727 1727 W PackageSettings: Couldn't write 10042 to /config/sdcardfs/com.android.calendar/appid
04-26 20:17:50.023 1727 1727 W PackageSettings: Couldn't write 10000 to /config/sdcardfs/com.android.systemui.theme.dark/appid
04-26 20:17:50.023 1727 1727 W PackageSettings: Couldn't write 10027 to /config/sdcardfs/com.google.android.setupwizard/appid
04-26 20:17:50.024 1727 1727 W PackageSettings: Couldn't write 1000 to /config/sdcardfs/com.android.providers.settings/appid
04-26 20:17:50.024 1727 1727 W PackageSettings: Couldn't write 10026 to /config/sdcardfs/com.android.sharedstoragebackup/appid
04-26 20:17:50.024 1727 1727 W PackageSettings: Couldn't write 10065 to /config/sdcardfs/com.android.printspooler/appid
04-26 20:17:50.024 1727 1727 W PackageSettings: Couldn't write 10035 to /config/sdcardfs/com.android.dreams.basic/appid
04-26 20:17:50.024 1727 1727 W PackageSettings: Couldn't write 1000 to /config/sdcardfs/com.android.inputdevices/appid
04-26 20:17:50.024 1727 1727 W PackageSettings: Couldn't write 10084 to /config/sdcardfs/com.androidfung.drminfo/appid
04-26 20:17:50.024 1727 1727 W PackageSettings: Couldn't write 10040 to /config/sdcardfs/com.android.bips/appid
04-26 20:17:50.024 1727 1727 W PackageSettings: Couldn't write 10085 to /config/sdcardfs/com.google.android.apps.docs/appid
04-26 20:17:50.024 1727 1727 W PackageSettings: Couldn't write 10008 to /config/sdcardfs/com.android.cellbroadcastreceiver/appid
04-26 20:17:50.024 1727 1727 W PackageSettings: Couldn't write 10069 to /config/sdcardfs/com.google.android.webview/appid
04-26 20:17:50.024 1727 1727 W PackageSettings: Couldn't write 10056 to /config/sdcardfs/com.google.android.syncadapters.contacts/appid
04-26 20:17:50.024 1727 1727 W PackageSettings: Couldn't write 10061 to /config/sdcardfs/com.example.android.notepad/appid
04-26 20:17:50.024 1727 1727 W PackageSettings: Couldn't write 1000 to /config/sdcardfs/com.android.keychain/appid
04-26 20:17:50.024 1727 1727 W PackageSettings: Couldn't write 10051 to /config/sdcardfs/com.android.chrome/appid
04-26 20:17:50.024 1727 1727 W PackageSettings: Couldn't write 10018 to /config/sdcardfs/com.android.dialer/appid
04-26 20:17:50.024 1727 1727 W PackageSettings: Couldn't write 10053 to /config/sdcardfs/com.android.gallery3d/appid
04-26 20:17:50.024 1727 1727 W PackageSettings: Couldn't write 10019 to /config/sdcardfs/com.google.android.packageinstaller/appid
04-26 20:17:50.024 1727 1727 W PackageSettings: Couldn't write 10015 to /config/sdcardfs/com.google.android.gms/appid
04-26 20:17:50.024 1727 1727 W PackageSettings: Couldn't write 10015 to /config/sdcardfs/com.google.android.gsf/appid
04-26 20:17:50.024 1727 1727 W PackageSettings: Couldn't write 10005 to /config/sdcardfs/com.android.calllogbackup/appid
04-26 20:17:50.024 1727 1727 W PackageSettings: Couldn't write 10021 to /config/sdcardfs/com.google.android.partnersetup/appid
04-26 20:17:50.024 1727 1727 W PackageSettings: Couldn't write 10037 to /config/sdcardfs/com.android.basicsmsreceiver/appid
04-26 20:17:50.024 1727 1727 W PackageSettings: Couldn't write 10041 to /config/sdcardfs/com.android.carrierdefaultapp/appid
04-26 20:17:50.025 1727 1727 W PackageSettings: Couldn't write 10067 to /config/sdcardfs/com.svox.pico/appid
04-26 20:17:50.025 1727 1727 W PackageSettings: Couldn't write 10091 to /config/sdcardfs/com.gmail.heagoo.apkeditor.pro/appid
04-26 20:17:50.025 1727 1727 W PackageSettings: Couldn't write 10089 to /config/sdcardfs/rikka.appops/appid
04-26 20:17:50.025 1727 1727 W PackageSettings: Couldn't write 10024 to /config/sdcardfs/com.android.proxyhandler/appid
04-26 20:17:50.025 1727 1727 W PackageSettings: Couldn't write 10062 to /config/sdcardfs/com.android.inputmethod.latin/appid
04-26 20:17:50.025 1727 1727 W PackageSettings: Couldn't write 10013 to /config/sdcardfs/org.lineageos.eleven/appid
04-26 20:17:50.025 1727 1727 W PackageSettings: Couldn't write 10016 to /config/sdcardfs/com.google.android.feedback/appid
04-26 20:17:50.025 1727 1727 W PackageSettings: Couldn't write 10055 to /config/sdcardfs/com.google.android.printservice.recommendation/appid
04-26 20:17:50.025 1727 1727 W PackageSettings: Couldn't write 10057 to /config/sdcardfs/com.google.android.syncadapters.calendar/appid
04-26 20:17:50.025 1727 1727 W PackageSettings: Couldn't write 10023 to /config/sdcardfs/com.android.managedprovisioning/appid
04-26 20:17:50.025 1727 1727 W PackageSettings: Couldn't write 10074 to /config/sdcardfs/com.spotify.music/appid
04-26 20:17:50.025 1727 1727 W PackageSettings: Couldn't write 10066 to /config/sdcardfs/com.android.providers.partnerbookmarks/appid
04-26 20:17:50.025 1727 1727 W PackageSettings: Couldn't write 10015 to /config/sdcardfs/com.google.android.gsf.login/appid
04-26 20:17:50.025 1727 1727 W PackageSettings: Couldn't write 10060 to /config/sdcardfs/com.android.wallpaper.livepicker/appid
04-26 20:17:50.025 1727 1727 W PackageSettings: Couldn't write 10083 to /config/sdcardfs/org.mozilla.firefox/appid
04-26 20:17:50.025 1727 1727 W PackageSettings: Couldn't write 10036 to /config/sdcardfs/jackpal.androidterm/appid
04-26 20:17:50.025 1727 1727 W PackageSettings: Couldn't write 10015 to /config/sdcardfs/com.google.android.backuptransport/appid
04-26 20:17:50.025 1727 1727 W PackageSettings: Couldn't write 10075 to /config/sdcardfs/eu.thedarken.sdm/appid
04-26 20:17:50.025 1727 1727 W PackageSettings: Couldn't write 10029 to /config/sdcardfs/com.android.storagemanager/appid
04-26 20:17:50.025 1727 1727 W PackageSettings: Couldn't write 10038 to /config/sdcardfs/com.android.bookmarkprovider/appid
04-26 20:17:50.025 1727 1727 W PackageSettings: Couldn't write 1000 to /config/sdcardfs/com.android.settings/appid
04-26 20:17:50.025 1727 1727 W PackageSettings: Couldn't write 10031 to /config/sdcardfs/com.farmerbb.taskbar.androidx86/appid
04-26 20:17:50.025 1727 1727 W PackageSettings: Couldn't write 10052 to /config/sdcardfs/com.android.calculator2/appid
04-26 20:17:50.025 1727 1727 W PackageSettings: Couldn't write 10047 to /config/sdcardfs/com.android.cts.ctsshim/appid
04-26 20:17:50.026 1727 1727 W PackageSettings: Couldn't write 10092 to /config/sdcardfs/com.spring.bird.anycut/appid
04-26 20:17:50.026 1727 1727 W PackageSettings: Couldn't write 10032 to /config/sdcardfs/com.android.vpndialogs/appid
04-26 20:17:50.026 1727 1727 W PackageSettings: Couldn't write 1001 to /config/sdcardfs/com.android.phone/appid
04-26 20:17:50.026 1727 1727 W PackageSettings: Couldn't write 2000 to /config/sdcardfs/com.android.shell/appid
04-26 20:17:50.026 1727 1727 W PackageSettings: Couldn't write 1000 to /config/sdcardfs/com.android.wallpaperbackup/appid
04-26 20:17:50.026 1727 1727 W PackageSettings: Couldn't write 10005 to /config/sdcardfs/com.android.providers.blockednumber/appid
04-26 20:17:50.026 1727 1727 W PackageSettings: Couldn't write 10086 to /config/sdcardfs/com.king.candycrushsaga/appid
04-26 20:17:50.026 1727 1727 W PackageSettings: Couldn't write 10005 to /config/sdcardfs/com.android.providers.userdictionary/appid
04-26 20:17:50.026 1727 1727 W PackageSettings: Couldn't write 10014 to /config/sdcardfs/com.android.emergency/appid
04-26 20:17:50.026 1727 1727 W PackageSettings: Couldn't write 1000 to /config/sdcardfs/com.android.location.fused/appid
04-26 20:17:50.026 1727 1727 W PackageSettings: Couldn't write 10050 to /config/sdcardfs/com.android.deskclock/appid
04-26 20:17:50.026 1727 1727 W PackageSettings: Couldn't write 10030 to /config/sdcardfs/com.android.systemui/appid
04-26 20:17:50.026 1727 1727 W PackageSettings: Couldn't write 10039 to /config/sdcardfs/com.android.bluetoothmidiservice/appid
04-26 20:17:50.026 1727 1727 W PackageSettings: Couldn't write 1002 to /config/sdcardfs/com.android.bluetooth/appid
04-26 20:17:50.026 1727 1727 W PackageSettings: Couldn't write 10048 to /config/sdcardfs/com.android.development/appid
04-26 20:17:50.026 1727 1727 W PackageSettings: Couldn't write 10068 to /config/sdcardfs/com.android.wallpaperpicker/appid
04-26 20:17:50.026 1727 1727 W PackageSettings: Couldn't write 10005 to /config/sdcardfs/com.android.providers.contacts/appid
04-26 20:17:50.026 1727 1727 W PackageSettings: Couldn't write 10043 to /config/sdcardfs/com.android.captiveportallogin/appid
04-26 20:17:50.026 1727 1727 W PackageSettings: Couldn't write 10088 to /config/sdcardfs/com.elsdoerfer.android.autostarts/appid
04-26 20:17:50.052 1727 1727 V PackageManager: Ephemeral resolver found; pkg: com.google.android.gms, info:ResolveInfo{49c6686 com.google.android.gms/.chimera.PersistentBoundBrokerService m=0x108000}
04-26 20:17:50.053 1727 1727 D PackageManager: Set ephemeral resolver: Pair{ComponentInfo{com.google.android.gms/com.google.android.gms.chimera.PersistentBoundBrokerService} android.intent.action.RESOLVE_INSTANT_APP_PACKAGE}
04-26 20:17:50.053 1727 1727 D PackageManager: Set ephemeral installer activity: ComponentInfo{com.android.vending/com.google.android.finsky.instantapps.EphemeralInstallerActivity}
04-26 20:17:50.135 1727 1727 I zygote64: Explicit concurrent copying GC freed 22798(1248KB) AllocSpace objects, 9(308KB) LOS objects, 42% free, 5MB/10MB, paused 29us total 78.006ms
04-26 20:17:50.135 1727 1727 D FallbackCategoryProvider: Found 1 fallback categories
04-26 20:17:50.136 1727 1727 D SystemServerTiming: StartPackageManagerService took to complete: 584ms
04-26 20:17:50.136 1727 1727 I SystemServer: StartOtaDexOptService
04-26 20:17:50.137 1727 1727 D OTADexopt: No upgrade, skipping A/B artifacts check.
04-26 20:17:50.137 1727 1727 D SystemServerTiming: StartOtaDexOptService took to complete: 0ms
04-26 20:17:50.137 1727 1727 I SystemServer: StartUserManagerService
04-26 20:17:50.137 1727 1727 I SystemServiceManager: Starting com.android.server.pm.UserManagerService$LifeCycle
04-26 20:17:50.137 1727 1727 D SystemServerTiming: StartUserManagerService took to complete: 0ms
04-26 20:17:50.137 1727 1727 I SystemServer: InitAttributerCache
04-26 20:17:50.137 1727 1727 D SystemServerTiming: InitAttributerCache took to complete: 0ms
04-26 20:17:50.137 1727 1727 I SystemServer: SetSystemProcess
04-26 20:17:50.139 1727 1727 W SchedPolicy: add_tid_to_cgroup failed to write '1727' (No space left on device); fd=3
04-26 20:17:50.139 1727 1727 W SchedPolicy: add_tid_to_cgroup failed to write '1732' (No space left on device); fd=3
04-26 20:17:50.139 1727 1727 W SchedPolicy: add_tid_to_cgroup failed to write '1733' (No space left on device); fd=3
04-26 20:17:50.139 1727 1727 W SchedPolicy: add_tid_to_cgroup failed to write '1734' (No space left on device); fd=3
04-26 20:17:50.139 1727 1727 W SchedPolicy: add_tid_to_cgroup failed to write '1735' (No space left on device); fd=3
04-26 20:17:50.139 1727 1727 W SchedPolicy: add_tid_to_cgroup failed to write '1736' (No space left on device); fd=3
04-26 20:17:50.139 1727 1727 W SchedPolicy: add_tid_to_cgroup failed to write '1737' (No space left on device); fd=3
04-26 20:17:50.139 1727 1727 W SchedPolicy: add_tid_to_cgroup failed to write '1738' (No space left on device); fd=3
04-26 20:17:50.139 1727 1727 W SchedPolicy: add_tid_to_cgroup failed to write '1739' (No space left on device); fd=3
04-26 20:17:50.139 1727 1727 W SchedPolicy: add_tid_to_cgroup failed to write '1740' (No space left on device); fd=3
04-26 20:17:50.139 1727 1727 W SchedPolicy: add_tid_to_cgroup failed to write '1741' (No space left on device); fd=3
04-26 20:17:50.139 1727 1727 W SchedPolicy: add_tid_to_cgroup failed to write '1742' (No space left on device); fd=3
04-26 20:17:50.139 1727 1727 W SchedPolicy: add_tid_to_cgroup failed to write '1743' (No space left on device); fd=3
04-26 20:17:50.139 1727 1727 W SchedPolicy: add_tid_to_cgroup failed to write '1744' (No space left on device); fd=3
04-26 20:17:50.139 1727 1727 W SchedPolicy: add_tid_to_cgroup failed to write '1745' (No space left on device); fd=3
04-26 20:17:50.139 1727 1727 W SchedPolicy: add_tid_to_cgroup failed to write '1746' (No space left on device); fd=3
04-26 20:17:50.139 1727 1727 W SchedPolicy: add_tid_to_cgroup failed to write '1747' (No space left on device); fd=3
04-26 20:17:50.139 1727 1727 W SchedPolicy: add_tid_to_cgroup failed to write '1748' (No space left on device); fd=3
04-26 20:17:50.139 1727 1727 W SchedPolicy: add_tid_to_cgroup failed to write '1749' (No space left on device); fd=3
04-26 20:17:50.139 1727 1727 W SchedPolicy: add_tid_to_cgroup failed to write '1750' (No space left on device); fd=3
04-26 20:17:50.139 1727 1727 W SchedPolicy: add_tid_to_cgroup failed to write '1751' (No space left on device); fd=3
04-26 20:17:50.139 1727 1727 W SchedPolicy: add_tid_to_cgroup failed to write '1752' (No space left on device); fd=3
04-26 20:17:50.139 1727 1727 W SchedPolicy: add_tid_to_cgroup failed to write '1753' (No space left on device); fd=3
04-26 20:17:50.139 1727 1727 W SchedPolicy: add_tid_to_cgroup failed to write '1754' (No space left on device); fd=3
04-26 20:17:50.139 1727 1727 W SchedPolicy: add_tid_to_cgroup failed to write '1755' (No space left on device); fd=3
04-26 20:17:50.139 1727 1727 W SchedPolicy: add_tid_to_cgroup failed to write '1773' (No space left on device); fd=3
04-26 20:17:50.139 1727 1727 W SchedPolicy: add_tid_to_cgroup failed to write '1774' (No space left on device); fd=3
04-26 20:17:50.145 1727 1727 D SystemServerTiming: SetSystemProcess took to complete: 7ms
04-26 20:17:50.145 1727 1727 W SchedPolicy: add_tid_to_cgroup failed to write '1749' (No space left on device); fd=27
04-26 20:17:50.146 1727 1727 W SchedPolicy: add_tid_to_cgroup failed to write '1776' (No space left on device); fd=27
04-26 20:17:50.146 1727 1727 I SystemServer: StartOverlayManagerService
04-26 20:17:50.147 1727 1727 D SystemServerTiming: StartOverlayManagerService took to complete: 0ms
04-26 20:17:50.147 1727 1727 I SystemServer: StartDropBoxManager
04-26 20:17:50.147 1727 1727 I SystemServiceManager: Starting com.android.server.DropBoxManagerService
04-26 20:17:50.147 1727 1727 D SystemServerTiming: StartDropBoxManager took to complete: 0ms
04-26 20:17:50.148 1727 1727 I SystemServer: StartBatteryService
04-26 20:17:50.148 1727 1727 I SystemServiceManager: Starting com.android.server.BatteryService
04-26 20:17:50.148 1727 1777 D SystemServerInitThreadPool: Started executing Init OverlayManagerService
04-26 20:17:50.156 1727 1727 D SystemServerTiming: StartBatteryService took to complete: 9ms
04-26 20:17:50.156 1727 1727 I SystemServer: StartUsageService
04-26 20:17:50.156 1727 1727 I SystemServiceManager: Starting com.android.server.usage.UsageStatsService
04-26 20:17:50.157 1727 1739 E LightsService: Light requested not available on this device. 3
04-26 20:17:50.158 1415 1775 I chatty : uid=0(root) Binder:1415_5 expire 4 lines
04-26 20:17:50.158 1727 1778 D SystemServerInitThreadPool: Started executing StartSensorService
04-26 20:17:50.158 1727 1778 D SensorService: nuSensorService starting...
04-26 20:17:50.159 1727 1778 D vndksupport: Loading /vendor/lib64/hw/android.hardware.sensors@1.0-impl.so from current namespace instead of sphal namespace.
04-26 20:17:50.161 1727 1727 D SystemServerTiming: StartUsageService took to complete: 5ms
04-26 20:17:50.161 1727 1727 I SystemServer: StartWebViewUpdateService
04-26 20:17:50.161 1727 1727 I SystemServiceManager: Starting com.android.server.webkit.WebViewUpdateService
04-26 20:17:50.183 1727 1778 D vndksupport: Loading /vendor/lib64/hw/sensors.kbd.so from current namespace instead of sphal namespace.
04-26 20:17:50.184 1727 1778 D KbdSensor: open_kbd_sensor: id=poll
04-26 20:17:50.186 1727 1727 D SystemServerTiming: StartWebViewUpdateService took to complete: 25ms
04-26 20:17:50.186 1727 1727 I SystemServer: StartKeyAttestationApplicationIdProviderService
04-26 20:17:50.186 1727 1740 D SystemServerInitThreadPool: Started executing SecondaryZygotePreload
04-26 20:17:50.186 1727 1740 I SystemServer: SecondaryZygotePreload
04-26 20:17:50.187 1727 1727 D SystemServerTiming: StartKeyAttestationApplicationIdProviderService took to complete: 1ms
04-26 20:17:50.187 1727 1727 I SystemServer: StartKeyChainSystemService
04-26 20:17:50.187 1727 1727 I SystemServiceManager: Starting com.android.server.security.KeyChainSystemService
04-26 20:17:50.187 1727 1727 D SystemServerTiming: StartKeyChainSystemService took to complete: 0ms
04-26 20:17:50.187 1727 1727 I SystemServer: StartSchedulingPolicyService
04-26 20:17:50.188 1727 1727 D SystemServerTiming: StartSchedulingPolicyService took to complete: 0ms
04-26 20:17:50.188 1727 1727 I SystemServer: StartTelecomLoaderService
04-26 20:17:50.188 1727 1727 I SystemServiceManager: Starting com.android.server.telecom.TelecomLoaderService
04-26 20:17:50.188 1727 1727 D SystemServerTiming: StartTelecomLoaderService took to complete: 0ms
04-26 20:17:50.188 1727 1727 I SystemServer: StartTelephonyRegistry
04-26 20:17:50.189 1727 1727 D SystemServerTiming: StartTelephonyRegistry took to complete: 0ms
04-26 20:17:50.189 1727 1727 I SystemServer: StartEntropyMixer
04-26 20:17:50.190 1727 1727 I EntropyMixer: Writing entropy...
04-26 20:17:50.197 1727 1740 I Zygote : Process: zygote socket zygote opened, supported ABIS: x86_64
04-26 20:17:50.207 1727 1740 I Zygote : Process: zygote socket zygote_secondary opened, supported ABIS: x86,armeabi-v7a,armeabi
04-26 20:17:50.218 1727 1740 E SystemServer: Unable to preload default resources
04-26 20:17:50.218 1727 1740 D SystemServerTimingAsync: SecondaryZygotePreload took to complete: 31ms
04-26 20:17:50.218 1727 1740 D SystemServerInitThreadPool: Finished executing SecondaryZygotePreload
04-26 20:17:50.278 1727 1778 I KbdSensor: Open AT Translated Set 2 keyboard ok, fd=78
04-26 20:17:50.278 1727 1778 D KbdSensor: SensorPollContext: module=0x7d6f07f7c2b8 dev=0x7d6f08fce000 fd=78
04-26 20:17:50.279 1727 1778 D KbdSensor: poll_activate: dev=0x7d6f08fce000 handle=0 enabled=0
04-26 20:17:50.279 1727 1778 F libc : Fatal signal 11 (SIGSEGV), code 128, fault addr 0x0 in tid 1778 (system-server-i), pid 1727 (system_server)
04-26 20:17:50.285 1782 1782 I crash_dump64: type=1400 audit(0.0:270): avc: denied { getattr } for path="/vendor" dev="tmpfs" ino=5338 scontext=u:r:crash_dump:s0 tcontext=u:object_r:tmpfs:s0 tclass=lnk_file permissive=1
04-26 20:17:50.285 1782 1782 I crash_dump64: type=1400 audit(0.0:271): avc: denied { read } for name="vendor" dev="tmpfs" ino=5338 scontext=u:r:crash_dump:s0 tcontext=u:object_r:tmpfs:s0 tclass=lnk_file permissive=1
04-26 20:17:50.302 1783 1783 I crash_dump64: obtaining output fd from tombstoned, type: kDebuggerdTombstone
04-26 20:17:50.302 1427 1427 I /system/bin/tombstoned: received crash request for pid 1727
04-26 20:17:50.306 1783 1783 I crash_dump64: performing dump of process 1727 (target tid = 1778)
04-26 20:17:50.306 1783 1783 F DEBUG : *** *** *** *** *** *** *** *** *** *** *** *** *** *** *** ***
04-26 20:17:50.306 1783 1783 F DEBUG : Build fingerprint: 'Android-x86/android_x86_64/x86_64:8.1.0/OPM8.190105.002/lh0124:userdebug/test-keys'
04-26 20:17:50.306 1783 1783 F DEBUG : Revision: '0'
04-26 20:17:50.306 1783 1783 F DEBUG : ABI: 'x86_64'
04-26 20:17:50.306 1783 1783 F DEBUG : pid: 1727, tid: 1778, name: system-server-i >>> system_server <<<
04-26 20:17:50.306 1783 1783 F DEBUG : signal 11 (SIGSEGV), code 128 (SI_KERNEL), fault addr 0x0
04-26 20:17:50.306 1783 1783 F DEBUG : rax 0052004f0046002e rbx 00007d6f080cdbc0 rcx 0000000000000001 rdx 00000000ffffffff
04-26 20:17:50.307 1783 1783 F DEBUG : rsi 0000000000000000 rdi 00007d6f08fce000
04-26 20:17:50.307 1783 1783 F DEBUG : r8 ffffffffffffffe0 r9 00007d6f08fad288 r10 00007d6f080ccac0 r11 0000000000000206
04-26 20:17:50.307 1783 1783 F DEBUG : r12 00007d6f080cdbc0 r13 00007d6fa69650dc r14 0000000000000000 r15 00007d6f080cdb90
04-26 20:17:50.307 1783 1783 F DEBUG : cs 0000000000000033 ss 000000000000002b
04-26 20:17:50.307 1783 1783 F DEBUG : rip 00007d6f07f9b456 rbp 00007d6fa6965050 rsp 00007d6f080cda50 eflags 0000000000010246
04-26 20:17:50.809 1783 1783 F DEBUG :
04-26 20:17:50.809 1783 1783 F DEBUG : backtrace:
04-26 20:17:50.809 1783 1783 F DEBUG : #00 pc 0000000000009456 /system/vendor/lib64/hw/android.hardware.sensors@1.0-impl.so (android::hardware::sensors::V1_0::implementation::Sensors::unregisterDirectChannel(int)+38)
04-26 20:17:50.809 1783 1783 F DEBUG : #01 pc 0000000000030722 /system/lib64/android.hardware.sensors@1.0.so (android::hardware::sensors::V1_0::BsSensors::unregisterDirectChannel(int)+130)
04-26 20:17:50.809 1783 1783 F DEBUG : #02 pc 0000000000012d43 /system/lib64/libsensorservice.so (android::SensorDevice::SensorDevice()+611)
04-26 20:17:50.809 1783 1783 F DEBUG : #03 pc 000000000001f6cf /system/lib64/libsensorservice.so (android::SensorService::onFirstRef()+111)
04-26 20:17:50.809 1783 1783 F DEBUG : #04 pc 000000000006f0d6 /system/lib64/libandroid_servers.so (android::BinderService::publish(bool)+118)
04-26 20:17:50.809 1783 1783 F DEBUG : #05 pc 000000000006edd6 /system/lib64/libandroid_servers.so (android::android_server_SystemServer_startSensorService(_JNIEnv*, _jobject*)+70)
04-26 20:17:50.809 1783 1783 F DEBUG : #06 pc 00000000005d8daa /system/framework/oat/x86_64/services.odex (offset 0x5ac000) (com.android.server.HardwarePropertiesManagerService.nativeInit [DEDUPED]+186)
04-26 20:17:50.809 1783 1783 F DEBUG : #07 pc 00000000005acfe3 /system/framework/oat/x86_64/services.odex (offset 0x5ac000) (com.android.server.-$Lambda$T7cKu_OKm_Fk2kBNthmo_uUJTSo.run+515)
04-26 20:17:50.809 1783 1783 F DEBUG : #08 pc 00000000005fdcdf /system/framework/oat/x86_64/services.odex (offset 0x5ac000) (com.android.server.SystemServerInitThreadPool.lambda$-com_android_server_SystemServerInitThreadPool_2249+271)
04-26 20:17:50.809 1783 1783 F DEBUG : #09 pc 00000000005ac5f7 /system/framework/oat/x86_64/services.odex (offset 0x5ac000) (com.android.server.-$Lambda$Ganck_s9Kl5o2K6eVDoQTKLc-6g.run+231)
04-26 20:17:50.809 1783 1783 F DEBUG : #10 pc 00000000005f9439 /system/framework/x86_64/boot.oat (offset 0x1d3000) (java.util.concurrent.Executors$RunnableAdapter.call+73)
04-26 20:17:50.809 1783 1783 F DEBUG : #11 pc 00000000005f7daa /system/framework/x86_64/boot.oat (offset 0x1d3000) (java.util.concurrent.FutureTask.run+250)
04-26 20:17:50.809 1783 1783 F DEBUG : #12 pc 000000000061ba50 /system/framework/x86_64/boot.oat (offset 0x1d3000) (java.util.concurrent.ThreadPoolExecutor.runWorker+1200)
04-26 20:17:50.809 1783 1783 F DEBUG : #13 pc 000000000062bd13 /system/framework/x86_64/boot.oat (offset 0x1d3000) (java.util.concurrent.ThreadPoolExecutor$Worker.run+67)
04-26 20:17:50.809 1783 1783 F DEBUG : #14 pc 00000000017585be /system/framework/x86_64/boot-framework.oat (offset 0x60a000) (com.android.internal.util.ConcurrentUtils$1$1.run+94)
04-26 20:17:50.809 1783 1783 F DEBUG : #15 pc 0000000000611514 /system/lib64/libart.so (art_quick_invoke_stub+756)
04-26 20:17:50.809 1783 1783 F DEBUG : #16 pc 00000000001470d7 /system/lib64/libart.so (art::ArtMethod::Invoke(art::Thread*, unsigned int*, unsigned int, art::JValue*, char const*)+215)
04-26 20:17:50.809 1783 1783 F DEBUG : #17 pc 0000000000527ab6 /system/lib64/libart.so (art::InvokeWithArgArray(art::ScopedObjectAccessAlreadyRunnable const&, art::ArtMethod*, art::ArgArray*, art::JValue*, char const*)+86)
04-26 20:17:50.809 1783 1783 F DEBUG : #18 pc 0000000000528f34 /system/lib64/libart.so (art::InvokeVirtualOrInterfaceWithJValues(art::ScopedObjectAccessAlreadyRunnable const&, _jobject*, _jmethodID*, jvalue*)+724)
04-26 20:17:50.809 1783 1783 F DEBUG : #19 pc 0000000000553095 /system/lib64/libart.so (art::Thread::CreateCallback(void*)+1349)
04-26 20:17:50.809 1783 1783 F DEBUG : #20 pc 0000000000079f0b /system/lib64/libc.so (__pthread_start(void*)+27)
04-26 20:17:50.809 1783 1783 F DEBUG : #21 pc 0000000000028c5d /system/lib64/libc.so (__start_thread+61)
04-26 20:17:50.809 1783 1783 F DEBUG : #22 pc 0000000000027555 /system/lib64/libc.so (__bionic_clone+53)
04-26 20:17:51.132 1783 1783 E crash_dump64: unable to connect to activity manager: Connection refused
04-26 20:17:51.132 1427 1427 E /system/bin/tombstoned: Tombstone written to: /data/tombstones/tombstone_14
04-26 20:17:51.275 1689 1695 E audio_hw_primary: audio_route_free: invalid audio_route
04-26 20:17:53.584 1790 1790 I audioserver: type=1400 audit(0.0:273): avc: denied { getattr } for path="/vendor" dev="tmpfs" ino=5338 scontext=u:r:audioserver:s0 tcontext=u:object_r:tmpfs:s0 tclass=lnk_file permissive=1
04-26 20:17:53.585 1790 1790 I audioserver: type=1400 audit(0.0:274): avc: denied { read } for name="vendor" dev="tmpfs" ino=5338 scontext=u:r:audioserver:s0 tcontext=u:object_r:tmpfs:s0 tclass=lnk_file permissive=1
04-26 20:17:53.608 1791 1791 I cameraserver: type=1400 audit(0.0:275): avc: denied { getattr } for path="/vendor" dev="tmpfs" ino=5338 scontext=u:r:cameraserver:s0 tcontext=u:object_r:tmpfs:s0 tclass=lnk_file permissive=1
04-26 20:17:53.608 1791 1791 I cameraserver: type=1400 audit(0.0:276): avc: denied { read } for name="vendor" dev="tmpfs" ino=5338 scontext=u:r:cameraserver:s0 tcontext=u:object_r:tmpfs:s0 tclass=lnk_file permissive=1
04-26 20:17:53.610 1792 1792 I mediaserver: type=1400 audit(0.0:277): avc: denied { getattr } for path="/vendor" dev="tmpfs" ino=5338 scontext=u:r:mediaserver:s0 tcontext=u:object_r:tmpfs:s0 tclass=lnk_file permissive=1
04-26 20:17:53.610 1792 1792 I mediaserver: type=1400 audit(0.0:278): avc: denied { read } for name="vendor" dev="tmpfs" ino=5338 scontext=u:r:mediaserver:s0 tcontext=u:object_r:tmpfs:s0 tclass=lnk_file permissive=1
04-26 20:17:53.611 1795 1795 I android.hardwar: type=1400 audit(0.0:279): avc: denied { getattr } for path="/vendor" dev="tmpfs" ino=5338 scontext=u:r:hal_audio_default:s0 tcontext=u:object_r:tmpfs:s0 tclass=lnk_file permissive=1
04-26 20:17:53.612 1795 1795 I android.hardwar: type=1400 audit(0.0:280): avc: denied { read } for name="vendor" dev="tmpfs" ino=5338 scontext=u:r:hal_audio_default:s0 tcontext=u:object_r:tmpfs:s0 tclass=lnk_file permissive=1
04-26 20:17:53.614 1793 1793 I chatty : uid=0(root) /system/bin/netd expire 15 lines
04-26 20:17:53.617 1794 1794 I wificond: type=1400 audit(0.0:283): avc: denied { getattr } for path="/vendor" dev="tmpfs" ino=5338 scontext=u:r:wificond:s0 tcontext=u:object_r:tmpfs:s0 tclass=lnk_file permissive=1
04-26 20:17:53.617 1794 1794 I wificond: type=1400 audit(0.0:284): avc: denied { read } for name="vendor" dev="tmpfs" ino=5338 scontext=u:r:wificond:s0 tcontext=u:object_r:tmpfs:s0 tclass=lnk_file permissive=1
04-26 20:17:53.619 1796 1796 I chatty : uid=0(root) /system/bin/app_process64 expire 15 lines
04-26 20:17:53.711 1794 1794 I wificond: wificond is starting up...
04-26 20:17:53.788 1799 1799 I chatty : uid=0(root) /sbin/modprobe expire 3 lines
04-26 20:17:53.798 1795 1795 D vndksupport: Loading /vendor/lib/hw/android.hardware.audio@2.0-impl.so from current namespace instead of sphal namespace.
04-26 20:17:53.803 1795 1795 I ServiceManagement: Removing namespace from process name android.hardware.audio@2.0-service to audio@2.0-servi.
04-26 20:17:53.804 1795 1795 I audiohalservice: Registration complete for android.hardware.audio@2.0::IDevicesFactory/default.
04-26 20:17:53.804 1795 1795 D vndksupport: Loading /vendor/lib/hw/android.hardware.audio.effect@2.0-impl.so from current namespace instead of sphal namespace.
04-26 20:17:53.860 1795 1795 I audiohalservice: Registration complete for android.hardware.audio.effect@2.0::IEffectsFactory/default.
04-26 20:17:53.860 1336 1336 I chatty : uid=1000(system) hwservicemanage expire 4 lines
04-26 20:17:53.862 1795 1795 D vndksupport: Loading /vendor/lib/hw/android.hardware.soundtrigger@2.0-impl.so from current namespace instead of sphal namespace.
04-26 20:17:53.862 1795 1795 E SoundTriggerHalImpl: couldn't load sound trigger module sound_trigger.primary (No such file or directory)
04-26 20:17:53.867 1795 1795 I audiohalservice: Registration complete for android.hardware.soundtrigger@2.0::ISoundTriggerHw/default.
04-26 20:17:53.882 1796 1796 I zygote64: option[12]=-Xusejit:true
04-26 20:17:53.882 1796 1796 I zygote64: option[13]=-Xjitsaveprofilinginfo
04-26 20:17:53.882 1796 1796 I zygote64: option[14]=-agentlib:jdwp=transport=dt_android_adb,suspend=n,server=y
04-26 20:17:53.882 1796 1796 I zygote64: option[15]=-Xlockprofthreshold:500
04-26 20:17:53.882 1796 1796 I zygote64: option[16]=-Ximage-compiler-option
04-26 20:17:53.882 1796 1796 I zygote64: option[17]=--runtime-arg
04-26 20:17:53.882 1796 1796 I zygote64: option[18]=-Ximage-compiler-option
04-26 20:17:53.882 1796 1796 I zygote64: option[19]=-Xms64m
04-26 20:17:53.882 1796 1796 I zygote64: option[20]=-Ximage-compiler-option
04-26 20:17:53.882 1796 1796 I zygote64: option[21]=--runtime-arg
04-26 20:17:53.882 1796 1796 I zygote64: option[22]=-Ximage-compiler-option
04-26 20:17:53.882 1796 1796 I zygote64: option[23]=-Xmx64m
04-26 20:17:53.882 1796 1796 I zygote64: option[24]=-Ximage-compiler-option
04-26 20:17:53.882 1796 1796 I zygote64: option[25]=--image-classes=/system/etc/preloaded-classes
04-26 20:17:53.882 1796 1796 I zygote64: option[26]=-Ximage-compiler-option
04-26 20:17:53.882 1796 1796 I zygote64: option[27]=--compiled-classes=/system/etc/compiled-classes
04-26 20:17:53.882 1796 1796 I zygote64: option[28]=-Ximage-compiler-option
04-26 20:17:53.882 1796 1796 I zygote64: option[29]=--dirty-image-objects=/system/etc/dirty-image-objects
04-26 20:17:53.882 1796 1796 I zygote64: option[30]=-Xcompiler-option
04-26 20:17:53.882 1796 1796 I zygote64: option[31]=--runtime-arg
04-26 20:17:53.882 1796 1796 I zygote64: option[32]=-Xcompiler-option
04-26 20:17:53.882 1796 1796 I zygote64: option[33]=-Xms64m
04-26 20:17:53.882 1796 1796 I zygote64: option[34]=-Xcompiler-option
04-26 20:17:53.882 1796 1796 I zygote64: option[35]=--runtime-arg
04-26 20:17:53.882 1796 1796 I zygote64: option[36]=-Xcompiler-option
04-26 20:17:53.882 1796 1796 I zygote64: option[37]=-Xmx512m
04-26 20:17:53.882 1796 1796 I zygote64: option[38]=-Ximage-compiler-option
04-26 20:17:53.882 1796 1796 I zygote64: option[39]=--instruction-set-variant=x86_64
04-26 20:17:53.882 1796 1796 I zygote64: option[40]=-Xcompiler-option
04-26 20:17:53.882 1796 1796 I zygote64: option[41]=--instruction-set-variant=x86_64
04-26 20:17:53.882 1796 1796 I zygote64: option[42]=-Ximage-compiler-option
04-26 20:17:53.882 1796 1796 I zygote64: option[43]=--instruction-set-features=default
04-26 20:17:53.882 1796 1796 I zygote64: option[44]=-Xcompiler-option
04-26 20:17:53.882 1796 1796 I zygote64: option[45]=--instruction-set-features=default
04-26 20:17:53.882 1796 1796 I zygote64: option[46]=-Duser.locale=fr-FR
04-26 20:17:53.882 1796 1796 I zygote64: option[47]=-XX:NativeBridge=libnb.so
04-26 20:17:53.882 1796 1796 I zygote64: option[48]=--cpu-abilist=x86_64
04-26 20:17:53.882 1796 1796 I zygote64: option[49]=-Xfingerprint:Android-x86/android_x86_64/x86_64:8.1.0/OPM8.190105.002/lh0124:userdebug/test-keys
04-26 20:17:53.952 1799 1799 E ProbeModule: insmod_by_dep: cannot load module: [netdev-dummy0]
04-26 20:17:53.952 1799 1799 W /sbin/modprobe: failed to load netdev-dummy0: Bad file descriptor
04-26 20:17:53.964 1800 1800 I /sbin/modprobe: Parsing file /system/etc/modules.blacklist...
04-26 20:17:53.964 1800 1800 I /sbin/modprobe: Parsing file /system/lib/modules/4.9.152-android-x86_64-640709-g76da97e/modules.alias...
04-26 20:17:54.029 1796 1796 D Zygote : begin preload
04-26 20:17:54.029 1796 1796 I Zygote : Installing ICU cache reference pinning...
04-26 20:17:54.029 1796 1796 I Zygote : Preloading ICU data...
04-26 20:17:54.032 1796 1796 D Zygote64Timing: BeginIcuCachePinning took to complete: 4ms
04-26 20:17:54.032 1796 1796 I Zygote : Preloading classes...
04-26 20:17:54.034 1792 1792 I mediaserver: ServiceManager: 0xeb530800
04-26 20:17:54.034 1792 1792 W BatteryNotifier: batterystats service unavailable!
04-26 20:17:54.076 1800 1800 E ProbeModule: insmod_by_dep: cannot load module: [dummy0]
04-26 20:17:54.076 1800 1800 W /sbin/modprobe: failed to load dummy0: Bad file descriptor
04-26 20:17:54.077 1791 1791 I cameraserver: ServiceManager: 0xec0b03c0
04-26 20:17:54.077 1791 1791 I CameraService: CameraService started (pid=1791)
04-26 20:17:54.077 1791 1791 I CameraService: CameraService process starting
04-26 20:17:54.077 1791 1791 W BatteryNotifier: batterystats service unavailable!
04-26 20:17:54.077 1791 1791 W BatteryNotifier: batterystats service unavailable!
04-26 20:17:54.078 1791 1791 I CameraProviderManager: Connecting to new camera provider: legacy/0, isRemote? 1
04-26 20:17:54.078 1791 1791 I CameraProviderManager: Enumerating new camera device: device@1.0/legacy/0
04-26 20:17:54.078 1397 1468 D Camera_Factory: CameraFactory::get_number_of_cameras
04-26 20:17:54.078 1397 1468 D Camera_Factory: CameraFactory::getCameraNum: 1
04-26 20:17:54.079 1397 1468 I CamDev@1.0-impl: Opening camera 0
04-26 20:17:54.079 1397 1468 D Camera_Factory: CameraFactory::get_camera_info
04-26 20:17:54.079 1397 1468 D Camera_Factory: CameraFactory::getCameraInfo: id = 0, info = 0xe8a7f138
04-26 20:17:54.079 1397 1468 D Camera_Factory: CameraFactory::getCameraNum: 1
04-26 20:17:54.079 1397 1468 D Camera_Factory: CameraFactory::device_open: name = 0
04-26 20:17:54.079 1397 1468 D Camera_Factory: CameraFactory::cameraDeviceOpen: id = 0
04-26 20:17:54.079 1397 1468 D Camera_Factory: CameraFactory::getCameraNum: 1
04-26 20:17:54.079 1397 1468 D CameraHardware: CameraHardware::connectCamera: /dev/video0
04-26 20:17:54.079 1397 1468 D CameraHardware: CameraHardware::setCallbacks
04-26 20:17:54.079 1397 1468 D CameraHardware: CameraHardware::getParameters
04-26 20:17:54.079 1397 1468 D CameraHardware: CameraHardware::putParameters
04-26 20:17:54.079 1397 1468 I CamDev@1.0-impl: Closing camera 0
04-26 20:17:54.079 1397 1468 D CameraHardware: CameraHardware::closeCamera
04-26 20:17:54.079 1397 1468 D CameraHardware: CameraHardware::releaseCamera
04-26 20:17:54.079 1791 1791 I CameraProviderManager: Camera provider legacy/0 ready with 1 camera devices
04-26 20:17:54.079 1791 1791 I CameraHardwareInterface: Opening camera 0
04-26 20:17:54.079 1397 1468 I CamDev@1.0-impl: Opening camera 0
04-26 20:17:54.079 1397 1468 D Camera_Factory: CameraFactory::get_camera_info
04-26 20:17:54.079 1397 1468 D Camera_Factory: CameraFactory::getCameraInfo: id = 0, info = 0xe8a7f138
04-26 20:17:54.079 1397 1468 D Camera_Factory: CameraFactory::getCameraNum: 1
04-26 20:17:54.079 1397 1468 D Camera_Factory: CameraFactory::device_open: name = 0
04-26 20:17:54.079 1397 1468 D Camera_Factory: CameraFactory::cameraDeviceOpen: id = 0
04-26 20:17:54.079 1397 1468 D Camera_Factory: CameraFactory::getCameraNum: 1
04-26 20:17:54.079 1397 1468 D CameraHardware: CameraHardware::connectCamera: /dev/video0
04-26 20:17:54.079 1397 1468 D CameraHardware: CameraHardware::setCallbacks
04-26 20:17:54.079 1397 1468 D CameraHardware: CameraHardware::getParameters
04-26 20:17:54.079 1397 1468 D CameraHardware: CameraHardware::putParameters
04-26 20:17:54.080 1397 1468 D CameraHardware: CameraHardware::setPreviewWindow: preview_stream_ops: 0xe95b0484
04-26 20:17:54.080 1397 1468 D CameraHardware: Trivially accept it. No changes detected
04-26 20:17:54.080 1397 1468 D CameraHardware: CameraHardware::stopPreview
04-26 20:17:54.080 1397 1468 D CameraHardware: CameraHardware::stopPreviewLocked
04-26 20:17:54.080 1397 1468 D CameraHardware: CameraHardware::stopPreviewLocked: OK
04-26 20:17:54.080 1397 1468 D CameraHardware: CameraHardware::setPreviewWindow: preview_stream_ops: 0x0
04-26 20:17:54.080 1397 1468 I CamDev@1.0-impl: Closing camera 0
04-26 20:17:54.080 1397 1468 D CameraHardware: CameraHardware::closeCamera
04-26 20:17:54.080 1397 1468 D CameraHardware: CameraHardware::releaseCamera
04-26 20:17:54.080 1791 1791 I CameraService: onDeviceStatusChanged: Status changed for cameraId=0, newStatus=1
04-26 20:17:54.080 1791 1791 E CameraService: onDeviceStatusChanged: State transition to the same status 0x1 not allowed
04-26 20:17:54.081 1791 1806 W CameraProviderManager: addProviderLocked: Camera provider HAL with name 'legacy/0' already registered
04-26 20:17:54.081 1791 1806 I CameraService: onDeviceStatusChanged: Status changed for cameraId=0, newStatus=1
04-26 20:17:54.081 1791 1806 E CameraService: onDeviceStatusChanged: State transition to the same status 0x1 not allowed
04-26 20:17:54.081 1793 1793 E Netd : cannot find interface dummy0
04-26 20:17:54.081 1793 1793 I Netd : Initializing RouteController: 295.6ms
04-26 20:17:54.082 1793 1793 D MDnsDS : MDnsSdListener::Hander starting up
04-26 20:17:54.082 1793 1793 I Netd : Registering NetdNativeService: 0.6ms
04-26 20:17:54.082 1793 1793 I Netd : Starting CommandListener: 0.1ms
04-26 20:17:54.083 1793 1793 I Netd : Registering NetdHwService: 0.7ms
04-26 20:17:54.083 1793 1793 I Netd : Netd started in 373ms
04-26 20:17:54.083 1793 1815 D MDnsDS : MDnsSdListener starting to monitor
04-26 20:17:54.083 1793 1815 D MDnsDS : Going to poll with pollCount 1
04-26 20:17:54.097 1796 1796 E ActivityRecognitionHardware: activity_recognition HAL is deprecated. class_init is effectively a no-op
04-26 20:17:54.098 1790 1790 I FastMixerState: sMaxFastTracks = 8
04-26 20:17:54.099 1790 1790 I audioserver: ServiceManager: 0xf291ae80
04-26 20:17:54.099 1790 1790 W BatteryNotifier: batterystats service unavailable!
04-26 20:17:54.103 1796 1796 W Zygote : Class not found for preloading: android.icu.impl.number.Parse
04-26 20:17:54.104 1790 1790 I AudioFlinger: Using default 3000 mSec as standby time.
04-26 20:17:54.104 1790 1790 I APM::ConfigParsingUtils: loadAudioPolicyConfig() loaded /system/etc/audio_policy.conf
04-26 20:17:54.121 1796 1796 I zygote64: Thread[1,tid=1796,Native,Thread*=0x76b41b4bea00,peer=0x12c01d10,"main"] recursive attempt to load library "/system/lib64/libmedia_jni.so"
04-26 20:17:54.121 1796 1796 D MtpDeviceJNI: register_android_mtp_MtpDevice
04-26 20:17:54.122 1796 1796 I zygote64: Thread[1,tid=1796,Native,Thread*=0x76b41b4bea00,peer=0x12c01d10,"main"] recursive attempt to load library "/system/lib64/libmedia_jni.so"
04-26 20:17:54.122 1796 1796 I zygote64: Thread[1,tid=1796,Native,Thread*=0x76b41b4bea00,peer=0x12c01d10,"main"] recursive attempt to load library "/system/lib64/libmedia_jni.so"
04-26 20:17:54.124 1795 1795 D audio_hw_primary: found audio out at /dev/snd/pcmC0D3p
04-26 20:17:54.124 1795 1795 D audio_hw_primary: card: 0/3 id: HDMI 0
04-26 20:17:54.124 1795 1795 D audio_hw_primary: name: HDMI 0
04-26 20:17:54.124 1795 1795 D audio_hw_primary: subname: subdevice #0
04-26 20:17:54.124 1795 1795 D audio_hw_primary: stream: 0
04-26 20:17:54.126 1795 1795 D audio_hw_primary: found audio out at /dev/snd/pcmC1D0p
04-26 20:17:54.126 1795 1795 D audio_hw_primary: card: 1/0 id: CX20751/2 Analog
04-26 20:17:54.126 1795 1795 D audio_hw_primary: name: CX20751/2 Analog
04-26 20:17:54.126 1795 1795 D audio_hw_primary: subname: subdevice #0
04-26 20:17:54.126 1795 1795 D audio_hw_primary: stream: 0
04-26 20:17:54.126 1795 1795 I audio_hw_primary: choose pcmC1D0p for 0
04-26 20:17:54.126 1795 1795 E audio_hw_primary: Failed to open /system/etc/mixer_paths.xml
04-26 20:17:54.126 1795 1795 W DeviceHAL: Device 0xef6cb000 set_master_volume: Function not implemented
04-26 20:17:54.126 1790 1790 I AudioFlinger: loadHwModule() Loaded primary audio interface, handle 10
04-26 20:17:54.126 1790 1790 I AudioFlinger: openOutput() this 0xf2935000, module 10 Device 2, SamplingRate 48000, Format 0x000001, Channels 3, flags 2
04-26 20:17:54.127 1795 1795 I audio_hw_primary: choose pcmC1D0p for 0
04-26 20:17:54.127 1790 1790 I AudioFlinger: HAL output buffer size 512 frames, normal sink buffer size 1024 frames
04-26 20:17:54.127 1795 1795 E EffectsConfig: Failed to parse /vendor/etc/audio_effects.xml: Tinyxml2 error (3): /vendor/etc/audio_effects.xml (null)
04-26 20:17:54.127 1795 1795 E EffectsFactoryConfigLoader: Failed to parse XML configuration file
04-26 20:17:54.127 1795 1795 W EffectsFactory: Failed to load XML effect configuration, fallback to .conf
04-26 20:17:54.129 1790 1790 I BufferProvider: found effect "Multichannel Downmix To Stereo" from The Android Open Source Project
04-26 20:17:54.129 1790 1790 I AudioFlinger: Using module 10 as the primary audio interface
04-26 20:17:54.129 1790 1790 W AudioFlinger: moveEffects() bad srcOutput 0
04-26 20:17:54.130 1790 1790 I audioserver: type=1400 audit(0.0:288): avc: denied { read } for name="vendor" dev="tmpfs" ino=5338 scontext=u:r:audioserver:s0 tcontext=u:object_r:tmpfs:s0 tclass=lnk_file permissive=1
04-26 20:17:54.130 1790 1829 I AudioFlinger: AudioFlinger's thread 0xf2803080 tid=1829 ready to run
04-26 20:17:54.130 1790 1829 W AudioFlinger: no wake lock to update, system not ready yet
04-26 20:17:54.130 1795 1821 W DeviceHAL: Device 0xef6cb000 set_voice_volume: Function not implemented
04-26 20:17:54.131 1795 1795 W DeviceHAL: Device 0xef6cb000 open_input_stream: Invalid argument
04-26 20:17:54.131 1790 1829 W AudioFlinger: no wake lock to update, system not ready yet
04-26 20:17:54.132 1790 1832 I AudioFlinger: AudioFlinger's thread 0xf2383700 tid=1832 ready to run
04-26 20:17:54.134 1790 1790 I bt_a2dp_hw: adev_open: adev_open in A2dp_hw module
04-26 20:17:54.134 1790 1790 I AudioFlinger: loadHwModule() Loaded a2dp audio interface, handle 18
04-26 20:17:54.134 1795 1831 D vndksupport: Loading /vendor/lib/hw/audio.usb.default.so from current namespace instead of sphal namespace.
04-26 20:17:54.135 1790 1790 I AudioFlinger: loadHwModule() Loaded usb audio interface, handle 26
04-26 20:17:54.135 1790 1790 E EffectsConfig: Failed to parse /vendor/etc/audio_effects.xml: Tinyxml2 error (3): /vendor/etc/audio_effects.xml (null)
04-26 20:17:54.135 1790 1790 W AudioPolicyEffects: Failed to load XML effect configuration, fallback to .conf
04-26 20:17:54.136 1790 1790 I SoundTriggerHalHidl: getProperties res implementor
04-26 20:17:54.136 1790 1790 I SoundTriggerHalHidl: getProperties ret -19
04-26 20:17:54.136 1790 1790 E SoundTriggerHwService: could not read implementation properties
04-26 20:17:54.152 1796 1796 I Zygote : ...preloaded 4715 classes in 120ms.
04-26 20:17:54.152 1796 1796 I zygote64: VMRuntime.preloadDexCaches starting
04-26 20:17:54.201 1796 1796 I zygote64: VMRuntime.preloadDexCaches strings total=313177 before=10352 after=10352
04-26 20:17:54.201 1796 1796 I zygote64: VMRuntime.preloadDexCaches types total=26677 before=5508 after=5510
04-26 20:17:54.201 1796 1796 I zygote64: VMRuntime.preloadDexCaches fields total=126901 before=5508 after=5538
04-26 20:17:54.201 1796 1796 I zygote64: VMRuntime.preloadDexCaches methods total=225445 before=9943 after=9943
04-26 20:17:54.201 1796 1796 I zygote64: VMRuntime.preloadDexCaches finished
04-26 20:17:54.201 1796 1796 D Zygote64Timing: PreloadClasses took to complete: 169ms
04-26 20:17:54.233 1796 1796 I Zygote : Preloading resources...
04-26 20:17:54.236 1796 1796 W Resources: Preloaded drawable resource #0x1080264 (android:drawable/dialog_background_material) that varies with configuration!!
04-26 20:17:54.245 1796 1796 I Zygote : ...preloaded 64 resources in 12ms.
04-26 20:17:54.249 1796 1796 W Resources: Preloaded color resource #0x1060053 (android:color/btn_default_material_dark) that varies with configuration!!
04-26 20:17:54.249 1796 1796 I Zygote : ...preloaded 41 resources in 4ms.
04-26 20:17:54.249 1796 1796 I Zygote : ...preloaded 2 resource in 0ms.
04-26 20:17:54.249 1796 1796 D Zygote64Timing: PreloadResources took to complete: 48ms
04-26 20:17:54.250 1796 1796 D vndksupport: Loading /vendor/lib64/hw/android.hardware.graphics.mapper@2.0-impl.so from current namespace instead of sphal namespace.
04-26 20:17:54.250 1796 1796 D vndksupport: Loading /vendor/lib64/egl/libEGL_swiftshader.so from current namespace instead of sphal namespace.
04-26 20:17:54.252 1796 1796 D libEGL : loaded /vendor/lib64/egl/libEGL_swiftshader.so
04-26 20:17:54.276 1796 1796 D vndksupport: Loading /vendor/lib64/egl/libGLESv1_CM_swiftshader.so from current namespace instead of sphal namespace.
04-26 20:17:54.276 1796 1796 D libEGL : loaded /vendor/lib64/egl/libGLESv1_CM_swiftshader.so
04-26 20:17:54.293 1796 1796 D vndksupport: Loading /vendor/lib64/egl/libGLESv2_swiftshader.so from current namespace instead of sphal namespace.
04-26 20:17:54.293 1796 1796 D libEGL : loaded /vendor/lib64/egl/libGLESv2_swiftshader.so
04-26 20:17:54.306 1796 1796 I Zygote : Preloading shared libraries...
04-26 20:17:54.310 1796 1796 I Zygote : Uninstalled ICU cache reference pinning...
04-26 20:17:54.310 1796 1796 I Zygote : Installed AndroidKeyStoreProvider in 1ms.
04-26 20:17:54.314 1796 1796 I Zygote : Warmed up JCA providers in 3ms.
04-26 20:17:54.314 1796 1796 D Zygote : end preload
04-26 20:17:54.314 1796 1796 D Zygote64Timing: ZygotePreload took to complete: 285ms
04-26 20:17:54.321 1796 1796 I zygote64: Explicit concurrent copying GC freed 29747(2MB) AllocSpace objects, 23(432KB) LOS objects, 50% free, 1534KB/2MB, paused 22us total 7.457ms
04-26 20:17:54.331 1796 1796 I main : type=1400 audit(0.0:289): avc: denied { mounton } for path="/" dev="tmpfs" ino=5224 scontext=u:r:zygote:s0 tcontext=u:object_r:tmpfs:s0 tclass=dir permissive=1
04-26 20:17:54.332 1796 1796 I zygote64: Explicit concurrent copying GC freed 5481(200KB) AllocSpace objects, 0(0B) LOS objects, 52% free, 1366KB/2MB, paused 11us total 9.309ms
04-26 20:17:54.332 1796 1796 D Zygote64Timing: PostZygoteInitGC took to complete: 18ms
04-26 20:17:54.332 1796 1796 D Zygote64Timing: ZygoteInit took to complete: 303ms
04-26 20:17:54.338 1796 1796 I : seccomp disabled by setenforce 0
04-26 20:17:54.374 1796 1796 I Zygote : System server process 1834 has been created
04-26 20:17:54.375 1796 1796 I Zygote : Accepting command socket connections
04-26 20:17:54.378 1834 1834 I chatty : uid=1000 system_server expire 52 lines
04-26 20:17:54.388 1834 1834 I SystemServer: InitBeforeStartServices
04-26 20:17:54.388 1834 1834 I SystemServer: Entered the Android system server!
04-26 20:17:54.492 1834 1834 D SystemServerTiming: InitBeforeStartServices took to complete: 103ms
04-26 20:17:54.492 1834 1834 I SystemServer: StartServices
04-26 20:17:54.492 1834 1834 I SystemServer: Reading configuration...
04-26 20:17:54.492 1834 1834 I SystemServer: ReadingSystemConfig
