04-26 20:18:05.151 1394 1394 W /system/bin/hw/android.hidl.allocator@1.0-service: ashmem_create_region(32768) returning hidl_memory(0x7a6b10e2b2d0, 32768)
04-26 20:18:05.151 1940 2305 I chatty : uid=1000 system_server expire 2 lines
04-26 20:18:05.151 1424 2156 I OMXMaster: makeComponentInstance(OMX.google.vorbis.decoder) in omx@1.0-service process
04-26 20:18:05.153 1424 2156 E OMXNodeInstance: getConfig(0xe99a1800:google.vorbis.decoder, ConfigAndroidVendorExtension(0x6f100004)) ERROR: Undefined(0x80001001)
04-26 20:18:05.153 1394 1394 W /system/bin/hw/android.hidl.allocator@1.0-service: ashmem_create_region(32768) returning hidl_memory(0x7a6b10e2b2d0, 32768)
04-26 20:18:05.159 1394 1394 W /system/bin/hw/android.hidl.allocator@1.0-service: ashmem_create_region(32768) returning hidl_memory(0x7a6b10e2b2d0, 32768)
04-26 20:18:05.174 1940 2308 I chatty : uid=1000 system_server expire 1 line
04-26 20:18:05.174 1424 1461 I OMXMaster: makeComponentInstance(OMX.google.vorbis.decoder) in omx@1.0-service process
04-26 20:18:05.175 1424 1461 E OMXNodeInstance: getConfig(0xe99a1440:google.vorbis.decoder, ConfigAndroidVendorExtension(0x6f100004)) ERROR: Undefined(0x80001001)
04-26 20:18:05.176 1394 1394 W /system/bin/hw/android.hidl.allocator@1.0-service: ashmem_create_region(32768) returning hidl_memory(0x7a6b10e2b2d0, 32768)
04-26 20:18:05.187 1394 1394 W /system/bin/hw/android.hidl.allocator@1.0-service: ashmem_create_region(32768) returning hidl_memory(0x7a6b10e2b2d0, 32768)
04-26 20:18:05.231 1940 2312 I chatty : uid=1000 system_server expire 1 line
04-26 20:18:05.231 1424 1461 I OMXMaster: makeComponentInstance(OMX.google.vorbis.decoder) in omx@1.0-service process
04-26 20:18:05.232 1424 1461 E OMXNodeInstance: getConfig(0xe99a1440:google.vorbis.decoder, ConfigAndroidVendorExtension(0x6f100004)) ERROR: Undefined(0x80001001)
04-26 20:18:05.233 1394 1394 W /system/bin/hw/android.hidl.allocator@1.0-service: ashmem_create_region(32768) returning hidl_memory(0x7a6b10e2b2d0, 32768)
04-26 20:18:05.233 1394 1394 W /system/bin/hw/android.hidl.allocator@1.0-service: ashmem_create_region(32768) returning hidl_memory(0x7a6b10e2b2d0, 32768)
04-26 20:18:05.234 2077 2311 I SecurityController: could not bind to KeyChainService
04-26 20:18:05.236 1394 1394 W /system/bin/hw/android.hidl.allocator@1.0-service: ashmem_create_region(32768) returning hidl_memory(0x7a6b10e2b2d0, 32768)
04-26 20:18:05.237 1394 1394 W /system/bin/hw/android.hidl.allocator@1.0-service: ashmem_create_region(32768) returning hidl_memory(0x7a6b10e2b2d0, 32768)
04-26 20:18:05.239 2077 2077 I CameraManagerGlobal: Connecting to camera service
04-26 20:18:05.241 1897 1922 I CameraService: CameraService::connect call (PID -1 "cameraserver", camera ID 0) for HAL version default and Camera API version 1
04-26 20:18:05.241 1397 1468 D Camera_Factory: CameraFactory::get_camera_info
04-26 20:18:05.241 1397 1468 D Camera_Factory: CameraFactory::getCameraInfo: id = 0, info = 0xe8a7f130
04-26 20:18:05.241 1397 1468 D Camera_Factory: CameraFactory::getCameraNum: 1
04-26 20:18:05.243 1898 1938 D NuPlayerDriver: NuPlayerDriver(0xea114070) created, clientPid(1897)
04-26 20:18:05.245 1394 1394 W /system/bin/hw/android.hidl.allocator@1.0-service: ashmem_create_region(32768) returning hidl_memory(0x7a6b10e2b2d0, 32768)
04-26 20:18:05.245 1394 1394 W /system/bin/hw/android.hidl.allocator@1.0-service: ashmem_create_region(32768) returning hidl_memory(0x7a6b10e2b2d0, 32768)
04-26 20:18:05.296 1898 2316 D NuPlayerDriver: notifyListener_l(0xea114070), (1, 0, 0, -1), loop setting(0, 0)
04-26 20:18:05.296 1898 1938 D NuPlayerDriver: NuPlayerDriver(0xea114310) created, clientPid(1897)
04-26 20:18:05.299 1898 2318 D NuPlayerDriver: notifyListener_l(0xea114310), (1, 0, 0, -1), loop setting(0, 0)
04-26 20:18:05.299 1898 1938 D NuPlayerDriver: NuPlayerDriver(0xea1145b0) created, clientPid(1897)
04-26 20:18:05.302 1898 2320 D NuPlayerDriver: notifyListener_l(0xea1145b0), (1, 0, 0, -1), loop setting(0, 0)
04-26 20:18:05.303 1897 1922 I CameraHardwareInterface: Opening camera 0
04-26 20:18:05.303 1397 1468 I CamDev@1.0-impl: Opening camera 0
04-26 20:18:05.303 1397 1468 D Camera_Factory: CameraFactory::get_camera_info
04-26 20:18:05.303 1397 1468 D Camera_Factory: CameraFactory::getCameraInfo: id = 0, info = 0xe8a7f138
04-26 20:18:05.303 1397 1468 D Camera_Factory: CameraFactory::getCameraNum: 1
04-26 20:18:05.304 1397 1468 D Camera_Factory: CameraFactory::device_open: name = 0
04-26 20:18:05.304 1397 1468 D Camera_Factory: CameraFactory::cameraDeviceOpen: id = 0
04-26 20:18:05.304 1397 1468 D Camera_Factory: CameraFactory::getCameraNum: 1
04-26 20:18:05.304 1397 1468 D CameraHardware: CameraHardware::connectCamera: /dev/video0
04-26 20:18:05.304 1397 1468 D CameraHardware: CameraHardware::setCallbacks
04-26 20:18:05.304 1897 1921 I CameraHardwareInterface: Destroying camera 0
04-26 20:18:05.304 1397 1468 D CameraHardware: CameraHardware::enableMsgType: 3085
04-26 20:18:05.304 1397 1468 D CameraHardware: CameraHardware::getParameters
04-26 20:18:05.304 1397 1468 D CameraHardware: CameraHardware::putParameters
04-26 20:18:05.304 1397 1468 D CameraHardware: CameraHardware::disableMsgType: 65535
04-26 20:18:05.304 1397 1468 D CameraHardware: CameraHardware::stopPreview
04-26 20:18:05.304 1397 1468 D CameraHardware: CameraHardware::stopPreviewLocked
04-26 20:18:05.304 1397 1468 D CameraHardware: CameraHardware::stopPreviewLocked: OK
04-26 20:18:05.304 1397 1468 D CameraHardware: CameraHardware::cancelPicture
04-26 20:18:05.304 1397 1468 I CamDev@1.0-impl: Closing camera 0
04-26 20:18:05.304 1397 1468 D CameraHardware: CameraHardware::closeCamera
04-26 20:18:05.304 1397 1468 D CameraHardware: CameraHardware::releaseCamera
04-26 20:18:05.305 1897 1922 I CameraService: disconnect: Disconnected client for camera 0 for PID 1897
04-26 20:18:05.305 1898 1938 D NuPlayerDriver: reset(0xea114070) at state 4
04-26 20:18:05.305 1898 1938 D NuPlayerDriver: notifyListener_l(0xea114070), (8, 0, 0, -1), loop setting(0, 0)
04-26 20:18:05.305 1898 2316 D NuPlayerDriver: notifyResetComplete(0xea114070)
04-26 20:18:05.306 1898 2275 D NuPlayerDriver: reset(0xea114310) at state 4
04-26 20:18:05.306 1898 2275 D NuPlayerDriver: notifyListener_l(0xea114310), (8, 0, 0, -1), loop setting(0, 0)
04-26 20:18:05.306 1898 2318 D NuPlayerDriver: notifyResetComplete(0xea114310)
04-26 20:18:05.306 1898 2275 D NuPlayerDriver: reset(0xea1145b0) at state 4
04-26 20:18:05.306 1898 2275 D NuPlayerDriver: notifyListener_l(0xea1145b0), (8, 0, 0, -1), loop setting(0, 0)
04-26 20:18:05.306 1898 2320 D NuPlayerDriver: notifyResetComplete(0xea1145b0)
04-26 20:18:05.307 1397 1468 D Camera_Factory: CameraFactory::get_camera_info
04-26 20:18:05.307 1397 1468 D Camera_Factory: CameraFactory::getCameraInfo: id = 0, info = 0xe8a7f130
04-26 20:18:05.307 1397 1468 D Camera_Factory: CameraFactory::getCameraNum: 1
04-26 20:18:05.332 2077 2077 I StatusBar: isKeyguardShowing() called before startKeyguard(), returning true
04-26 20:18:05.336 2077 2077 W StatusBar: isKeyguardSecure() called before startKeyguard(), returning false
04-26 20:18:05.336 2077 2077 W StatusBar: java.lang.Throwable
04-26 20:18:05.336 2077 2077 W StatusBar: at com.android.systemui.statusbar.phone.StatusBar.isKeyguardSecure(StatusBar.java:7551)
04-26 20:18:05.336 2077 2077 W StatusBar: at com.android.systemui.statusbar.phone.StatusBar.isCameraAllowedByAdmin(StatusBar.java:5436)
04-26 20:18:05.336 2077 2077 W StatusBar: at com.android.systemui.statusbar.phone.KeyguardBottomAreaView$DefaultRightButton.getIcon(KeyguardBottomAreaView.java:856)
04-26 20:18:05.336 2077 2077 W StatusBar: at com.android.systemui.statusbar.phone.KeyguardBottomAreaView.updateCameraVisibility(KeyguardBottomAreaView.java:382)
04-26 20:18:05.336 2077 2077 W StatusBar: at com.android.systemui.statusbar.phone.KeyguardBottomAreaView.setStatusBar(KeyguardBottomAreaView.java:351)
04-26 20:18:05.336 2077 2077 W StatusBar: at com.android.systemui.statusbar.phone.NotificationPanelView.setStatusBar(NotificationPanelView.java:252)
04-26 20:18:05.336 2077 2077 W StatusBar: at com.android.systemui.statusbar.phone.StatusBar.makeStatusBarView(StatusBar.java:1019)
04-26 20:18:05.336 2077 2077 W StatusBar: at com.android.systemui.statusbar.phone.StatusBar.addStatusBarWindow(StatusBar.java:3664)
04-26 20:18:05.336 2077 2077 W StatusBar: at com.android.systemui.statusbar.phone.StatusBar.createAndAddWindows(StatusBar.java:3660)
04-26 20:18:05.336 2077 2077 W StatusBar: at com.android.systemui.statusbar.phone.StatusBar.start(StatusBar.java:889)
04-26 20:18:05.336 2077 2077 W StatusBar: at com.android.systemui.SystemBars.createStatusBarFromConfig(SystemBars.java:71)
04-26 20:18:05.336 2077 2077 W StatusBar: at com.android.systemui.SystemBars.start(SystemBars.java:42)
04-26 20:18:05.336 2077 2077 W StatusBar: at com.android.systemui.SystemUIApplication.startServicesIfNeeded(SystemUIApplication.java:215)
04-26 20:18:05.336 2077 2077 W StatusBar: at com.android.systemui.SystemUIApplication.startServicesIfNeeded(SystemUIApplication.java:164)
04-26 20:18:05.336 2077 2077 W StatusBar: at com.android.systemui.SystemUIService.onCreate(SystemUIService.java:33)
04-26 20:18:05.336 2077 2077 W StatusBar: at android.app.ActivityThread.handleCreateService(ActivityThread.java:3339)
04-26 20:18:05.336 2077 2077 W StatusBar: at android.app.ActivityThread.-wrap4(Unknown Source:0)
04-26 20:18:05.336 2077 2077 W StatusBar: at android.app.ActivityThread$H.handleMessage(ActivityThread.java:1677)
04-26 20:18:05.336 2077 2077 W StatusBar: at android.os.Handler.dispatchMessage(Handler.java:106)
04-26 20:18:05.336 2077 2077 W StatusBar: at android.os.Looper.loop(Looper.java:164)
04-26 20:18:05.336 2077 2077 W StatusBar: at android.app.ActivityThread.main(ActivityThread.java:6494)
04-26 20:18:05.336 2077 2077 W StatusBar: at java.lang.reflect.Method.invoke(Native Method)
04-26 20:18:05.336 2077 2077 W StatusBar: at com.android.internal.os.RuntimeInit$MethodAndArgsCaller.run(RuntimeInit.java:463)
04-26 20:18:05.336 2077 2077 W StatusBar: at com.android.internal.os.ZygoteInit.main(ZygoteInit.java:807)
04-26 20:18:05.360 2077 2077 I StatusBar: isKeyguardShowing() called before startKeyguard(), returning true
04-26 20:18:05.360 2077 2077 W StatusBar: isKeyguardSecure() called before startKeyguard(), returning false
04-26 20:18:05.360 2077 2077 W StatusBar: java.lang.Throwable
04-26 20:18:05.360 2077 2077 W StatusBar: at com.android.systemui.statusbar.phone.StatusBar.isKeyguardSecure(StatusBar.java:7551)
04-26 20:18:05.360 2077 2077 W StatusBar: at com.android.systemui.statusbar.phone.StatusBar.isCameraAllowedByAdmin(StatusBar.java:5436)
04-26 20:18:05.360 2077 2077 W StatusBar: at com.android.systemui.statusbar.phone.KeyguardBottomAreaView$DefaultRightButton.getIcon(KeyguardBottomAreaView.java:856)
04-26 20:18:05.360 2077 2077 W StatusBar: at com.android.systemui.statusbar.phone.KeyguardBottomAreaView.updateCameraVisibility(KeyguardBottomAreaView.java:382)
04-26 20:18:05.360 2077 2077 W StatusBar: at com.android.systemui.statusbar.phone.KeyguardBottomAreaView.setUserSetupComplete(KeyguardBottomAreaView.java:360)
04-26 20:18:05.360 2077 2077 W StatusBar: at com.android.systemui.statusbar.phone.NotificationPanelView.setUserSetupComplete(NotificationPanelView.java:2655)
04-26 20:18:05.360 2077 2077 W StatusBar: at com.android.systemui.statusbar.phone.StatusBar.makeStatusBarView(StatusBar.java:1162)
04-26 20:18:05.360 2077 2077 W StatusBar: at com.android.systemui.statusbar.phone.StatusBar.addStatusBarWindow(StatusBar.java:3664)
04-26 20:18:05.360 2077 2077 W StatusBar: at com.android.systemui.statusbar.phone.StatusBar.createAndAddWindows(StatusBar.java:3660)
04-26 20:18:05.360 2077 2077 W StatusBar: at com.android.systemui.statusbar.phone.StatusBar.start(StatusBar.java:889)
04-26 20:18:05.360 2077 2077 W StatusBar: at com.android.systemui.SystemBars.createStatusBarFromConfig(SystemBars.java:71)
04-26 20:18:05.360 2077 2077 W StatusBar: at com.android.systemui.SystemBars.start(SystemBars.java:42)
04-26 20:18:05.360 2077 2077 W StatusBar: at com.android.systemui.SystemUIApplication.startServicesIfNeeded(SystemUIApplication.java:215)
04-26 20:18:05.360 2077 2077 W StatusBar: at com.android.systemui.SystemUIApplication.startServicesIfNeeded(SystemUIApplication.java:164)
04-26 20:18:05.360 2077 2077 W StatusBar: at com.android.systemui.SystemUIService.onCreate(SystemUIService.java:33)
04-26 20:18:05.360 2077 2077 W StatusBar: at android.app.ActivityThread.handleCreateService(ActivityThread.java:3339)
04-26 20:18:05.360 2077 2077 W StatusBar: at android.app.ActivityThread.-wrap4(Unknown Source:0)
04-26 20:18:05.360 2077 2077 W StatusBar: at android.app.ActivityThread$H.handleMessage(ActivityThread.java:1677)
04-26 20:18:05.360 2077 2077 W StatusBar: at android.os.Handler.dispatchMessage(Handler.java:106)
04-26 20:18:05.360 2077 2077 W StatusBar: at android.os.Looper.loop(Looper.java:164)
04-26 20:18:05.360 2077 2077 W StatusBar: at android.app.ActivityThread.main(ActivityThread.java:6494)
04-26 20:18:05.360 2077 2077 W StatusBar: at java.lang.reflect.Method.invoke(Native Method)
04-26 20:18:05.360 2077 2077 W StatusBar: at com.android.internal.os.RuntimeInit$MethodAndArgsCaller.run(RuntimeInit.java:463)
04-26 20:18:05.360 2077 2077 W StatusBar: at com.android.internal.os.ZygoteInit.main(ZygoteInit.java:807)
04-26 20:18:05.392 2077 2077 D LocalBluetoothProfileManager: Adding local MAP profile
04-26 20:18:05.392 2077 2077 D BluetoothMap: Create BluetoothMap proxy object
04-26 20:18:05.394 2077 2077 D LocalBluetoothProfileManager: LocalBluetoothProfileManager construction complete
04-26 20:18:05.400 2077 2077 I StatusBar: isKeyguardShowing() called before startKeyguard(), returning true
04-26 20:18:05.402 2077 2216 W Tile.WifiTile: Error in handleSetListening
04-26 20:18:05.402 2077 2216 W Tile.WifiTile: java.lang.NullPointerException: Attempt to invoke interface method 'void com.android.systemui.statusbar.policy.NetworkController.addCallback(com.android.systemui.statusbar.policy.NetworkController$SignalCallback)' on a null object reference
04-26 20:18:05.402 2077 2216 W Tile.WifiTile: at com.android.systemui.qs.tiles.WifiTile.handleSetListening(WifiTile.java:80)
04-26 20:18:05.402 2077 2216 W Tile.WifiTile: at com.android.systemui.qs.tileimpl.QSTileImpl$H.handleMessage(QSTileImpl.java:461)
04-26 20:18:05.402 2077 2216 W Tile.WifiTile: at android.os.Handler.dispatchMessage(Handler.java:106)
04-26 20:18:05.402 2077 2216 W Tile.WifiTile: at android.os.Looper.loop(Looper.java:164)
04-26 20:18:05.402 2077 2216 W Tile.WifiTile: at android.os.HandlerThread.run(HandlerThread.java:65)
04-26 20:18:05.402 2077 2077 W StatusBar: isKeyguardSecure() called before startKeyguard(), returning false
04-26 20:18:05.402 2077 2077 W StatusBar: java.lang.Throwable
04-26 20:18:05.402 2077 2077 W StatusBar: at com.android.systemui.statusbar.phone.StatusBar.isKeyguardSecure(StatusBar.java:7551)
04-26 20:18:05.402 2077 2077 W StatusBar: at com.android.systemui.statusbar.phone.StatusBar.isCameraAllowedByAdmin(StatusBar.java:5436)
04-26 20:18:05.402 2077 2077 W StatusBar: at com.android.systemui.statusbar.phone.KeyguardBottomAreaView$DefaultRightButton.getIcon(KeyguardBottomAreaView.java:856)
04-26 20:18:05.402 2077 2077 W StatusBar: at com.android.systemui.statusbar.phone.KeyguardBottomAreaView.updateCameraVisibility(KeyguardBottomAreaView.java:382)
04-26 20:18:05.402 2077 2077 W StatusBar: at com.android.systemui.statusbar.phone.KeyguardBottomAreaView.setUserSetupComplete(KeyguardBottomAreaView.java:360)
04-26 20:18:05.402 2077 2077 W StatusBar: at com.android.systemui.statusbar.phone.NotificationPanelView.setUserSetupComplete(NotificationPanelView.java:2655)
04-26 20:18:05.402 2077 2077 W StatusBar: at com.android.systemui.statusbar.phone.StatusBar$1.onUserSetupChanged(StatusBar.java:524)
04-26 20:18:05.402 2077 2077 W StatusBar: at com.android.systemui.statusbar.policy.DeviceProvisionedControllerImpl.addCallback(DeviceProvisionedControllerImpl.java:69)
04-26 20:18:05.402 2077 2077 W StatusBar: at com.android.systemui.statusbar.policy.DeviceProvisionedControllerImpl.addCallback(DeviceProvisionedControllerImpl.java:63)
04-26 20:18:05.402 2077 2077 W StatusBar: at com.android.systemui.statusbar.phone.StatusBar.makeStatusBarView(StatusBar.java:1252)
04-26 20:18:05.402 2077 2077 W StatusBar: at com.android.systemui.statusbar.phone.StatusBar.addStatusBarWindow(StatusBar.java:3664)
04-26 20:18:05.402 2077 2077 W StatusBar: at com.android.systemui.statusbar.phone.StatusBar.createAndAddWindows(StatusBar.java:3660)
04-26 20:18:05.402 2077 2077 W StatusBar: at com.android.systemui.statusbar.phone.StatusBar.start(StatusBar.java:889)
04-26 20:18:05.402 2077 2077 W StatusBar: at com.android.systemui.SystemBars.createStatusBarFromConfig(SystemBars.java:71)
04-26 20:18:05.402 2077 2077 W StatusBar: at com.android.systemui.SystemBars.start(SystemBars.java:42)
04-26 20:18:05.402 2077 2077 W StatusBar: at com.android.systemui.SystemUIApplication.startServicesIfNeeded(SystemUIApplication.java:215)
04-26 20:18:05.402 2077 2077 W StatusBar: at com.android.systemui.SystemUIApplication.startServicesIfNeeded(SystemUIApplication.java:164)
04-26 20:18:05.402 2077 2077 W StatusBar: at com.android.systemui.SystemUIService.onCreate(SystemUIService.java:33)
04-26 20:18:05.402 2077 2077 W StatusBar: at android.app.ActivityThread.handleCreateService(ActivityThread.java:3339)
04-26 20:18:05.402 2077 2077 W StatusBar: at android.app.ActivityThread.-wrap4(Unknown Source:0)
04-26 20:18:05.402 2077 2077 W StatusBar: at android.app.ActivityThread$H.handleMessage(ActivityThread.java:1677)
04-26 20:18:05.402 2077 2077 W StatusBar: at android.os.Handler.dispatchMessage(Handler.java:106)
04-26 20:18:05.402 2077 2077 W StatusBar: at android.os.Looper.loop(Looper.java:164)
04-26 20:18:05.402 2077 2077 W StatusBar: at android.app.ActivityThread.main(ActivityThread.java:6494)
04-26 20:18:05.402 2077 2077 W StatusBar: at java.lang.reflect.Method.invoke(Native Method)
04-26 20:18:05.402 2077 2077 W StatusBar: at com.android.internal.os.RuntimeInit$MethodAndArgsCaller.run(RuntimeInit.java:463)
04-26 20:18:05.402 2077 2077 W StatusBar: at com.android.internal.os.ZygoteInit.main(ZygoteInit.java:807)
04-26 20:18:05.408 2077 2287 D OpenGLRenderer: profile bars disabled
04-26 20:18:05.408 2077 2287 D OpenGLRenderer: ambientRatio = 1.50
04-26 20:18:05.411 2077 2077 D StatusBar: disable
04-26 20:18:05.418 2077 2077 W TelecomManager: Telecom Service not found.
04-26 20:18:05.422 2077 2077 D StatusBar: heads up is enabled
04-26 20:18:05.427 2077 2311 E ActivityThread: Failed to find provider info for com.android.contacts
04-26 20:18:05.428 2077 2077 D SystemUIBootTiming: StartServicesSystemBars took to complete: 374ms
04-26 20:18:05.431 2077 2077 D StorageNotification: Notifying about public volume: VolumeInfo{public:8,17}:
04-26 20:18:05.431 2077 2077 D StorageNotification: type=PUBLIC diskId=disk:8,16 partGuid=null mountFlags=VISIBLE
04-26 20:18:05.431 2077 2077 D StorageNotification: mountUserId=0 state=MOUNTED
04-26 20:18:05.431 2077 2077 D StorageNotification: fsType=vfat fsUuid=AFEE-BB90 fsLabel=CLEF128GO
04-26 20:18:05.431 2077 2077 D StorageNotification: path=/storage/AFEE-BB90 internalPath=/mnt/media_rw/AFEE-BB90
04-26 20:18:05.434 2077 2077 D StorageNotification: Notifying about public volume: VolumeInfo{public:8,18}:
04-26 20:18:05.434 2077 2077 D StorageNotification: type=PUBLIC diskId=disk:8,16 partGuid=null mountFlags=VISIBLE
04-26 20:18:05.434 2077 2077 D StorageNotification: mountUserId=0 state=UNMOUNTABLE
04-26 20:18:05.434 2077 2077 D StorageNotification: fsType=ext4 fsUuid=033e8fc7-4cfe-9454-bc59-df7329ca862d fsLabel=ANDROID
04-26 20:18:05.434 2077 2077 D StorageNotification: path=/storage/033e8fc7-4cfe-9454-bc59-df7329ca862d
04-26 20:18:05.434 2077 2077 D StorageNotification: internalPath=/mnt/media_rw/033e8fc7-4cfe-9454-bc59-df7329ca862d
04-26 20:18:05.439 2077 2077 D StorageNotification: Notifying about private volume: VolumeInfo{private}:
04-26 20:18:05.439 2077 2077 D StorageNotification: type=PRIVATE diskId=null partGuid=null mountFlags=0 mountUserId=-1
04-26 20:18:05.439 2077 2077 D StorageNotification: state=MOUNTED
04-26 20:18:05.439 2077 2077 D StorageNotification: fsType=null fsUuid=null fsLabel=null
04-26 20:18:05.439 2077 2077 D StorageNotification: path=/data internalPath=null
04-26 20:18:05.440 2077 2077 D SystemUIBootTiming: StartServicesStorageNotification took to complete: 12ms
04-26 20:18:05.470 2077 2077 D SystemUIBootTiming: StartServicesPowerUI took to complete: 29ms
04-26 20:18:05.470 2077 2077 D SystemUIBootTiming: StartServicesRingtonePlayer took to complete: 1ms
04-26 20:18:05.471 2077 2077 D SystemUIBootTiming: StartServicesKeyboardUI took to complete: 0ms
04-26 20:18:05.476 2077 2077 D SystemUIBootTiming: StartServicesPipUI took to complete: 6ms
04-26 20:18:05.477 2077 2077 D SystemUIBootTiming: StartServicesShortcutKeyDispatcher took to complete: 0ms
04-26 20:18:05.477 2077 2077 D SystemUIBootTiming: StartServicesVendorServices took to complete: 0ms
04-26 20:18:05.477 2077 2077 D SystemUIBootTiming: StartServicesService took to complete: 0ms
04-26 20:18:05.479 2077 2077 D SystemUIBootTiming: StartServicesLatencyTester took to complete: 2ms
04-26 20:18:05.480 2077 2077 D SystemUIBootTiming: StartServicesGlobalActionsComponent took to complete: 0ms
04-26 20:18:05.481 2077 2077 D SystemUIBootTiming: StartServicesRoundedCorners took to complete: 1ms
04-26 20:18:05.481 2077 2077 D SystemUIBootTiming: StartServices took to complete: 2054ms
04-26 20:18:05.490 2077 2077 I Choreographer: Skipped 36 frames! The application may be doing too much work on its main thread.
04-26 20:18:05.497 1407 1576 D gralloc : Registering a buffer in the process that created it. This may cause memory ordering problems.
04-26 20:18:05.497 1407 1576 I chatty : uid=0(root) Binder:1407_4 identical 3 lines
04-26 20:18:05.497 1407 1576 D gralloc : Registering a buffer in the process that created it. This may cause memory ordering problems.
04-26 20:18:05.498 2077 2287 I com.android.systemui: android::hardware::configstore::V1_0::ISurfaceFlingerConfigs::hasWideColorDisplay retrieved: 0
04-26 20:18:05.498 2077 2287 I OpenGLRenderer: Initialized EGL, version 1.4
04-26 20:18:05.498 2077 2287 D OpenGLRenderer: Swap behavior 1
04-26 20:18:05.498 2077 2077 D ViewRootImpl[StatusBar]: changeCanvasOpacity: opaque=true
04-26 20:18:05.563 2077 2296 E ActivityThread: Failed to find provider info for com.android.contacts
04-26 20:18:05.568 2077 2311 E ActivityThread: Failed to find provider info for com.android.contacts
04-26 20:18:05.580 1407 1576 D gralloc : Registering a buffer in the process that created it. This may cause memory ordering problems.
04-26 20:18:05.580 1407 1576 D gralloc : Registering a buffer in the process that created it. This may cause memory ordering problems.
04-26 20:18:05.582 1940 2015 I chatty : uid=1000(system) WifiService expire 1 line
04-26 20:18:05.742 2077 2085 I zygote64: Do partial code cache collection, code=30KB, data=25KB
04-26 20:18:05.742 2077 2085 I zygote64: After code cache collection, code=30KB, data=25KB
04-26 20:18:05.742 2077 2085 I zygote64: Increasing code cache capacity to 128KB
04-26 20:18:06.250 1407 1576 D gralloc : Registering a buffer in the process that created it. This may cause memory ordering problems.
04-26 20:18:06.250 2077 2287 D vndksupport: Loading /vendor/lib64/hw/android.hardware.graphics.mapper@2.0-impl.so from current namespace instead of sphal namespace.
04-26 20:18:06.251 2077 2287 D vndksupport: Loading /vendor/lib64/hw/gralloc.default.so from current namespace instead of sphal namespace.
04-26 20:18:06.251 2077 2287 D vndksupport: Loading /vendor/lib64/hw/gralloc.default.so from current namespace instead of sphal namespace.
04-26 20:18:06.429 1407 1576 D gralloc : Registering a buffer in the process that created it. This may cause memory ordering problems.
04-26 20:18:06.441 2077 2077 W StatusBar/NavBarView: *** Invalid layout in navigation bar (sizeChanged this=1600x56 cur=1582x56)
04-26 20:18:06.441 2077 2077 I Choreographer: Skipped 52 frames! The application may be doing too much work on its main thread.
04-26 20:18:06.510 1407 1576 D gralloc : Registering a buffer in the process that created it. This may cause memory ordering problems.
04-26 20:18:06.532 1407 1576 D gralloc : Registering a buffer in the process that created it. This may cause memory ordering problems.
04-26 20:18:06.594 2077 2085 I zygote64: Do partial code cache collection, code=61KB, data=47KB
04-26 20:18:06.594 2077 2085 I zygote64: After code cache collection, code=61KB, data=47KB
04-26 20:18:06.594 2077 2085 I zygote64: Increasing code cache capacity to 256KB
04-26 20:18:07.482 1407 1512 D gralloc : Registering a buffer in the process that created it. This may cause memory ordering problems.
04-26 20:18:30.605 2330 2330 I main : type=1400 audit(0.0:395): avc: denied { mounton } for path="/storage" dev="tmpfs" ino=5333 scontext=u:r:zygote:s0 tcontext=u:object_r:tmpfs:s0 tclass=dir permissive=1
04-26 20:18:30.605 2330 2330 I main : type=1400 audit(0.0:396): avc: denied { create } for name="cgroup.procs" scontext=u:r:zygote:s0 tcontext=u:object_r:cgroup:s0 tclass=file permissive=1
04-26 20:18:30.608 2330 2330 W zygote64: Unexpected CPU variant for X86 using defaults: x86_64
04-26 20:18:30.612 1940 1954 I chatty : uid=1000(system) android.bg expire 101 lines
04-26 20:18:30.631 2330 2330 I zygote64: The ClassLoaderContext is a special shared library.
04-26 20:18:32.406 1336 1336 W /system/bin/hwservicemanager: getTransport: Cannot find entry android.hardware.gnss@1.0::IGnss/default in either framework or device manifest.
04-26 20:18:32.433 1940 2007 I chatty : uid=1000(system) InputReader expire 1 line
04-26 20:18:32.457 2349 2349 I m.android.phon: type=1400 audit(0.0:398): avc: denied { execute } for path="/dev/ashmem" dev="tmpfs" ino=6303 scontext=u:r:zygote:s0 tcontext=u:object_r:ashmem_device:s0 tclass=chr_file permissive=1
04-26 20:18:32.457 2349 2349 I m.android.phon: type=1400 audit(0.0:399): avc: denied { execute } for path=2F6465762F6173686D656D2F64616C76696B2D6A69742D636F64652D6361636865202864656C6574656429 dev="tmpfs" ino=19816 scontext=u:r:zygote:s0 tcontext=u:object_r:zygote_tmpfs:s0 tclass=file permissive=1
04-26 20:18:32.457 2349 2349 I JDWP : type=1400 audit(0.0:400): avc: denied { connectto } for path=006A6477702D636F6E74726F6C scontext=u:r:zygote:s0 tcontext=u:r:adbd:s0 tclass=unix_stream_socket permissive=1
04-26 20:18:32.457 2349 2349 E SELinux : seapp_context_lookup: No match for app with uid 1001, seinfo default, name com.android.phone
04-26 20:18:32.458 2349 2349 W zygote64: Unexpected CPU variant for X86 using defaults: x86_64
04-26 20:18:32.460 1335 1335 I chatty : uid=1000(system) /system/bin/servicemanager expire 5 lines
04-26 20:18:32.460 2349 2349 I re-initialized>: type=1400 audit(0.0:405): avc: denied { call } for scontext=u:r:zygote:s0 tcontext=u:r:system_server:s0 tclass=binder permissive=1
04-26 20:18:32.460 2349 2349 I re-initialized>: type=1400 audit(0.0:406): avc: denied { transfer } for scontext=u:r:zygote:s0 tcontext=u:r:system_server:s0 tclass=binder permissive=1
04-26 20:18:32.559 2363 2363 E SELinux : seapp_context_lookup: No match for app with uid 1000, seinfo default, name com.android.settings
04-26 20:18:32.560 2363 2363 W zygote64: Unexpected CPU variant for X86 using defaults: x86_64
04-26 20:18:32.564 1940 1940 I chatty : uid=1000 system_server expire 41 lines
04-26 20:18:32.565 1940 1940 I chatty : uid=1000 system_server expire 16 lines
04-26 20:18:32.565 1940 1956 I chatty : uid=1000(system) android.ui expire 2 lines
04-26 20:18:32.566 1406 1406 I lmkd : type=1400 audit(0.0:409): avc: denied { search } for name="2349" dev="proc" ino=19806 scontext=u:r:lmkd:s0 tcontext=u:r:zygote:s0 tclass=dir permissive=1
04-26 20:18:32.566 1406 1406 I lmkd : type=1400 audit(0.0:410): avc: denied { write } for name="oom_score_adj" dev="proc" ino=19402 scontext=u:r:lmkd:s0 tcontext=u:r:zygote:s0 tclass=file permissive=1
04-26 20:18:32.566 1406 1406 I lmkd : type=1400 audit(0.0:411): avc: denied { open } for path="/proc/2349/oom_score_adj" dev="proc" ino=19402 scontext=u:r:lmkd:s0 tcontext=u:r:zygote:s0 tclass=file permissive=1
04-26 20:18:32.568 1940 1955 I chatty : uid=1000(system) ActivityManager expire 25 lines
04-26 20:18:32.572 1940 2295 I chatty : uid=1000(system) Binder:1940_6 expire 12 lines
04-26 20:18:32.607 2077 2077 V StatusBar: userId 0 is in the house
04-26 20:18:32.608 1940 1954 I chatty : uid=1000(system) android.bg expire 8 lines
04-26 20:18:32.610 1940 2019 I chatty : uid=1000(system) WifiScanningSer expire 1 line
04-26 20:18:32.611 1940 2020 I chatty : uid=1000(system) WifiRttService expire 1 line
04-26 20:18:32.614 2077 2296 E ActivityThread: Failed to find provider info for com.android.contacts
04-26 20:18:32.667 1415 1670 D installd: Found storage mount /data/media at /mnt/runtime/default/emulated
04-26 20:18:32.668 1415 1670 D installd: Found storage mount /mnt/media_rw/AFEE-BB90 at /mnt/runtime/default/AFEE-BB90
04-26 20:18:32.704 1940 1961 I chatty : uid=1000(system) android.io expire 24 lines
04-26 20:18:32.713 1940 2089 I chatty : uid=1000(system) Binder:1940_4 expire 12 lines
04-26 20:18:32.728 2349 2349 I zygote64: The ClassLoaderContext is a special shared library.
04-26 20:18:32.729 2046 2046 D BluetoothAdapterService: onUnbind() - calling cleanup
04-26 20:18:32.729 2046 2046 D BluetoothAdapterService: cleanup()
04-26 20:18:32.731 2046 2046 W BluetoothSdpJni: Cleaning up Bluetooth SDP Interface...
04-26 20:18:32.731 2046 2046 W BluetoothSdpJni: Cleaning up Bluetooth SDP object
04-26 20:18:32.731 2046 2046 D BluetoothAdapterService: cleanup() - Cleaning up adapter native
04-26 20:18:32.731 2046 2152 I bt_stack_manager: event_clean_up_stack is cleaning up the stack
04-26 20:18:32.731 2046 2152 I bt_btif_core: btif_cleanup_bluetooth entered
04-26 20:18:32.742 2349 2349 I m.android.phone: type=1400 audit(0.0:415): avc: denied { getattr } for path="/mnt/expand" dev="tmpfs" ino=7468 scontext=u:r:zygote:s0 tcontext=u:object_r:mnt_expand_file:s0 tclass=dir permissive=1
04-26 20:18:32.742 2349 2349 I m.android.phone: type=1400 audit(0.0:416): avc: denied { getattr } for path="/data/misc/profiles/cur/0/com.android.phone/primary.prof" dev="sdb2" ino=559043 scontext=u:r:zygote:s0 tcontext=u:object_r:user_profile_data_file:s0 tclass=file permissive=1
04-26 20:18:32.744 2046 2046 I stack_manager: type=1400 audit(0.0:417): avc: denied { write } for name="bluedroid" dev="sdb2" ino=558637 scontext=u:r:zygote:s0 tcontext=u:object_r:bluetooth_data_file:s0 tclass=dir permissive=1
04-26 20:18:32.744 2046 2046 I stack_manager: type=1400 audit(0.0:418): avc: denied { remove_name } for name="bt_config.conf" dev="sdb2" ino=559448 scontext=u:r:zygote:s0 tcontext=u:object_r:bluetooth_data_file:s0 tclass=dir permissive=1
04-26 20:18:32.744 2046 2046 I stack_manager: type=1400 audit(0.0:419): avc: denied { rename } for name="bt_config.conf" dev="sdb2" ino=559448 scontext=u:r:zygote:s0 tcontext=u:object_r:bluetooth_data_file:s0 tclass=file permissive=1
04-26 20:18:32.744 2046 2046 I stack_manager: type=1400 audit(0.0:420): avc: denied { add_name } for name="bt_config.bak" dev="sdb2" ino=558820 scontext=u:r:zygote:s0 tcontext=u:object_r:bluetooth_data_file:s0 tclass=dir permissive=1
04-26 20:18:32.744 2046 2046 I stack_manager: type=1400 audit(0.0:421): avc: denied { unlink } for name="bt_config.bak" dev="sdb2" ino=558820 scontext=u:r:zygote:s0 tcontext=u:object_r:bluetooth_data_file:s0 tclass=file permissive=1
04-26 20:18:32.744 2046 2046 I stack_manager: type=1400 audit(0.0:422): avc: denied { read } for name="bluedroid" dev="sdb2" ino=558637 scontext=u:r:zygote:s0 tcontext=u:object_r:bluetooth_data_file:s0 tclass=dir permissive=1
04-26 20:18:32.744 2046 2046 I stack_manager: type=1400 audit(0.0:423): avc: denied { open } for path="/data/misc/bluedroid" dev="sdb2" ino=558637 scontext=u:r:zygote:s0 tcontext=u:object_r:bluetooth_data_file:s0 tclass=dir permissive=1
04-26 20:18:32.744 2046 2046 I stack_manager: type=1400 audit(0.0:424): avc: denied { create } for name="bt_config.conf.new" scontext=u:r:zygote:s0 tcontext=u:object_r:bluetooth_data_file:s0 tclass=file permissive=1
04-26 20:18:32.744 2046 2152 E BluetoothServiceJni: Callback: 'callback_thread_event' is not called on the correct thread
04-26 20:18:32.744 2046 2152 I bt_btif_queue: btif_queue_release
04-26 20:18:32.745 2046 2163 I bt_btif_core: run_message_loop finished
04-26 20:18:32.745 2046 2163 W bt_osi_thread: run_thread: thread id 2163, thread name bt_jni_workqueue exited
04-26 20:18:32.745 2046 2152 I bt_core_module: module_clean_up Cleaning up module "stack_config_module"
04-26 20:18:32.745 2046 2152 I bt_core_module: module_clean_up Cleanup of module "stack_config_module" completed
04-26 20:18:32.745 2046 2152 I bt_core_module: module_clean_up Cleaning up module "interop_module"
04-26 20:18:32.745 2046 2152 I bt_core_module: module_clean_up Cleanup of module "interop_module" completed
04-26 20:18:32.745 2046 2152 I bt_btif_core: btif_cleanup_bluetooth finished
04-26 20:18:32.745 2046 2152 I bt_core_module: module_clean_up Cleaning up module "btif_config_module"
04-26 20:18:32.748 2363 2363 I zygote64: The ClassLoaderContext is a special shared library.
04-26 20:18:32.778 2046 2152 I bt_core_module: module_clean_up Cleanup of module "btif_config_module" completed
04-26 20:18:32.778 2046 2152 I bt_core_module: module_clean_up Cleaning up module "bt_utils_module"
04-26 20:18:32.778 2046 2152 I bt_core_module: module_clean_up Cleanup of module "bt_utils_module" completed
04-26 20:18:32.778 2046 2152 I bt_core_module: module_clean_up Cleaning up module "osi_module"
04-26 20:18:32.778 2046 2161 D bt_osi_alarm: callback_dispatch Callback thread exited
04-26 20:18:32.778 2046 2161 W bt_osi_thread: run_thread: thread id 2161, thread name alarm_dispatcher exited
04-26 20:18:32.778 2046 2160 W bt_osi_thread: run_thread: thread id 2160, thread name alarm_default_ca exited
04-26 20:18:32.779 2046 2152 I bt_core_module: module_clean_up Cleanup of module "osi_module" completed
04-26 20:18:32.779 2046 2152 I bt_stack_manager: event_clean_up_stack finished
04-26 20:18:32.779 2046 2046 I BluetoothServiceJni: cleanupNative: return from cleanup
04-26 20:18:32.779 2046 2046 D BluetoothAdapterService: onDestroy()
04-26 20:18:32.780 2046 2046 I BluetoothAdapterService: Force exit to cleanup internal state in Bluetooth stack
04-26 20:18:32.810 2046 2046 I com.android.bluetooth: System.exit called, status: 0
04-26 20:18:32.810 2046 2046 I AndroidRuntime: VM exiting with result code 0, cleanup skipped.
04-26 20:18:32.820 1940 1952 I chatty : uid=1000(system) Binder:1940_2 expire 1 line
04-26 20:18:32.822 1940 1957 I chatty : uid=1000(system) ActivityManager expire 3 lines
04-26 20:18:32.857 1901 1923 W DeviceHAL: Device 0xf1e74000 set_mic_mute: Function not implemented
04-26 20:18:32.866 1940 2027 I chatty : uid=1000(system) onProviders.ECP expire 2 lines
04-26 20:18:33.035 2349 2349 I zygote64: The ClassLoaderContext is a special shared library.
04-26 20:18:33.068 1335 1335 E SELinux : avc: denied { find } for service=input_method pid=2363 uid=1000 scontext=u:r:zygote:s0 tcontext=u:object_r:input_method_service:s0 tclass=service_manager permissive=1
04-26 20:18:33.069 1335 1335 E SELinux : avc: denied { find } for service=SurfaceFlinger pid=2363 uid=1000 scontext=u:r:zygote:s0 tcontext=u:object_r:surfaceflinger_service:s0 tclass=service_manager permissive=1
04-26 20:18:33.071 2363 2394 D OpenGLRenderer: HWUI GL Pipeline
04-26 20:18:33.072 1335 1335 E SELinux : avc: denied { find } for service=graphicsstats pid=2363 uid=1000 scontext=u:r:zygote:s0 tcontext=u:object_r:graphicsstats_service:s0 tclass=service_manager permissive=1
04-26 20:18:33.082 1407 1512 D gralloc : Registering a buffer in the process that created it. This may cause memory ordering problems.
04-26 20:18:33.082 1407 1512 I chatty : uid=0(root) Binder:1407_3 identical 1 line
04-26 20:18:33.082 1407 1512 D gralloc : Registering a buffer in the process that created it. This may cause memory ordering problems.
04-26 20:18:33.084 1336 1336 E SELinux : avc: denied { find } for interface=android.hardware.configstore::ISurfaceFlingerConfigs pid=2363 scontext=u:r:zygote:s0 tcontext=u:object_r:hal_configstore_ISurfaceFlingerConfigs:s0 tclass=hwservice_manager permissive=1
04-26 20:18:33.085 2363 2394 I com.android.settings: android::hardware::configstore::V1_0::ISurfaceFlingerConfigs::hasWideColorDisplay retrieved: 0
04-26 20:18:33.085 2363 2394 I OpenGLRenderer: Initialized EGL, version 1.4
04-26 20:18:33.085 2363 2394 D OpenGLRenderer: Swap behavior 1
04-26 20:18:33.134 1407 1465 D gralloc : Registering a buffer in the process that created it. This may cause memory ordering problems.
04-26 20:18:33.135 1336 1336 E SELinux : avc: denied { find } for interface=android.hardware.graphics.mapper::IMapper pid=2363 scontext=u:r:zygote:s0 tcontext=u:object_r:hal_graphics_mapper_hwservice:s0 tclass=hwservice_manager permissive=1
04-26 20:18:33.135 2363 2394 D vndksupport: Loading /vendor/lib64/hw/android.hardware.graphics.mapper@2.0-impl.so from current namespace instead of sphal namespace.
04-26 20:18:33.135 2363 2394 D vndksupport: Loading /vendor/lib64/hw/gralloc.default.so from current namespace instead of sphal namespace.
04-26 20:18:33.136 2363 2394 D vndksupport: Loading /vendor/lib64/hw/gralloc.default.so from current namespace instead of sphal namespace.
04-26 20:18:33.171 1940 1955 I chatty : uid=1000(system) ActivityManager expire 7 lines
04-26 20:18:33.192 1940 1962 I chatty : uid=1000(system) android.display expire 2 lines
04-26 20:18:33.236 2349 2349 D TelephonyProvider: dbh.onOpen: ok, queried table=siminfo
04-26 20:18:33.237 2349 2349 D TelephonyProvider: dbh.onOpen: ok, queried table=carriers
04-26 20:18:33.243 2349 2349 D CarrierProvider: onCreate
04-26 20:18:33.327 1940 2391 I chatty : uid=1000(system) Binder:1940_8 expire 2 lines
04-26 20:18:33.331 1940 2386 I chatty : uid=1000(system) Binder:1940_7 expire 22 lines
04-26 20:18:33.504 2077 2077 W StaticLayout: maxLineHeight should not be -1. maxLines:1 lineCount:1
04-26 20:18:33.504 2077 2077 W StaticLayout: maxLineHeight should not be -1. maxLines:1 lineCount:1
04-26 20:18:33.620 1940 2025 I chatty : uid=1000(system) notification-sq expire 1 line
04-26 20:18:33.759 1335 1335 E SELinux : avc: denied { find } for service=telephony.registry pid=2349 uid=1001 scontext=u:r:zygote:s0 tcontext=u:object_r:registry_service:s0 tclass=service_manager permissive=1
04-26 20:18:33.770 2349 2349 I ImsResolver: Initializing cache and binding.
04-26 20:18:33.829 1940 1962 I chatty : uid=1000(system) android.display expire 13 lines
04-26 20:18:33.833 1407 1463 I SurfaceFlinger: Boot is finished (65952 ms)
04-26 20:18:33.835 1415 1670 E installd: Failed to unlink /data//dalvik-cache/arm/.booting: No such file or directory
04-26 20:18:33.836 1 1 I init : type=1400 audit(0.0:451): avc: denied { create } for name="cgroup.procs" scontext=u:r:init:s0 tcontext=u:object_r:cgroup:s0 tclass=file permissive=1
04-26 20:18:33.839 1383 1387 D vold : e4crypt_prepare_user_storage for volume null, user 0, serial 0, flags 2
04-26 20:18:33.839 1383 1387 D vold : Preparing: /data/system_ce/0
04-26 20:18:33.839 1383 1387 D vold : Preparing: /data/misc_ce/0
04-26 20:18:33.839 1383 1387 D vold : Preparing: /data/media/0
04-26 20:18:33.839 1383 1387 D vold : Preparing: /data/data
04-26 20:18:33.839 1940 2010 I chatty : uid=1000(system) CryptdConnector expire 1 line
04-26 20:18:33.842 1415 1670 W cutils : Expected path /data/data/com.oasisfeng.greenify with mode 700 but found 751
04-26 20:18:33.847 1415 1415 W cutils : Expected path /data/data/com.keramidas.TitaniumBackup with mode 751 but found 755
04-26 20:18:33.849 2400 2400 I init : type=1400 audit(0.0:452): avc: denied { execute_no_trans } for path="/system/bin/logwrapper" dev="loop0" ino=424 scontext=u:r:init:s0 tcontext=u:object_r:system_file:s0 tclass=file permissive=1
04-26 20:18:33.859 2349 2349 I m.android.phone: type=1400 audit(0.0:453): avc: denied { transfer } for scontext=u:r:zygote:s0 tcontext=u:r:servicemanager:s0 tclass=binder permissive=1
04-26 20:18:33.860 1335 1335 E SELinux : avc: denied { add } for service=isub pid=2349 uid=1001 scontext=u:r:zygote:s0 tcontext=u:object_r:radio_service:s0 tclass=service_manager permissive=1
04-26 20:18:33.862 1415 1989 W cutils : Expected path /data/data/com.google.android.gms with mode 700 but found 711
04-26 20:18:33.863 2401 2401 I logwrapper: type=1400 audit(0.0:454): avc: denied { execute_no_trans } for path="/system/bin/sh" dev="loop0" ino=524 scontext=u:r:init:s0 tcontext=u:object_r:shell_exec:s0 tclass=file permissive=1
04-26 20:18:33.868 2401 2401 I sh : type=1400 audit(0.0:455): avc: denied { ioctl } for path="/dev/pts/0" dev="devpts" ino=3 ioctlcmd=0x5401 scontext=u:r:init:s0 tcontext=u:object_r:devpts:s0 tclass=chr_file permissive=1
04-26 20:18:33.875 2402 2402 I cat : type=1400 audit(0.0:456): avc: denied { write } for path="pipe:[20535]" dev="pipefs" ino=20535 scontext=u:r:toolbox:s0 tcontext=u:r:init:s0 tclass=fifo_file permissive=1
04-26 20:18:33.876 2402 2402 I cat : type=1400 audit(0.0:457): avc: denied { getattr } for path="/vendor" dev="tmpfs" ino=5338 scontext=u:r:toolbox:s0 tcontext=u:object_r:tmpfs:s0 tclass=lnk_file permissive=1
04-26 20:18:33.876 2402 2402 I cat : type=1400 audit(0.0:458): avc: denied { read } for name="vendor" dev="tmpfs" ino=5338 scontext=u:r:toolbox:s0 tcontext=u:object_r:tmpfs:s0 tclass=lnk_file permissive=1
04-26 20:18:33.883 2402 2402 I cat : type=1400 audit(0.0:459): avc: denied { read } for name="board_name" dev="sysfs" ino=360 scontext=u:r:toolbox:s0 tcontext=u:object_r:sysfs:s0 tclass=file permissive=1
04-26 20:18:33.883 2402 2402 I cat : type=1400 audit(0.0:460): avc: denied { open } for path="/sys/devices/virtual/dmi/id/board_name" dev="sysfs" ino=360 scontext=u:r:toolbox:s0 tcontext=u:object_r:sysfs:s0 tclass=file permissive=1
04-26 20:18:33.890 2077 2095 I zygote64: NativeAlloc concurrent copying GC freed 27377(2MB) AllocSpace objects, 127(2MB) LOS objects, 50% free, 4MB/9MB, paused 25us total 126.840ms
04-26 20:18:33.897 1383 1386 D vold : Linking /storage/emulated/0 to /mnt/user/0/primary
04-26 20:18:33.897 1940 2009 I chatty : uid=1000(system) VoldConnector expire 1 line
04-26 20:18:33.900 1940 2008 I chatty : uid=1000(system) StorageManagerS expire 2 lines
04-26 20:18:33.909 1940 2021 I chatty : uid=1000(system) ConnectivitySer expire 4 lines
04-26 20:18:33.914 2404 2404 W zygote64: Unexpected CPU variant for X86 using defaults: x86_64
04-26 20:18:33.935 2411 2411 I cat : type=1400 audit(0.0:461): avc: denied { read } for name="cmdline" dev="proc" ino=4026531990 scontext=u:r:toolbox:s0 tcontext=u:object_r:proc:s0 tclass=file permissive=1
04-26 20:18:33.935 2411 2411 I cat : type=1400 audit(0.0:462): avc: denied { open } for path="/proc/cmdline" dev="proc" ino=4026531990 scontext=u:r:toolbox:s0 tcontext=u:object_r:proc:s0 tclass=file permissive=1
04-26 20:18:33.935 2411 2411 I cat : type=1400 audit(0.0:463): avc: denied { write } for path="pipe:[20581]" dev="pipefs" ino=20581 scontext=u:r:toolbox:s0 tcontext=u:r:init:s0 tclass=fifo_file permissive=1
04-26 20:18:33.982 2349 2349 I m.android.phone: type=1400 audit(0.0:465): avc: denied { call } for scontext=u:r:zygote:s0 tcontext=u:r:system_server:s0 tclass=binder permissive=1
04-26 20:18:33.982 2349 2349 I m.android.phone: type=1400 audit(0.0:466): avc: denied { transfer } for scontext=u:r:zygote:s0 tcontext=u:r:system_server:s0 tclass=binder permissive=1
04-26 20:18:33.993 2061 2061 I putmethod.latin: type=1400 audit(0.0:467): avc: denied { call } for scontext=u:r:untrusted_app_25:s0:c512,c768 tcontext=u:r:zygote:s0 tclass=binder permissive=1
04-26 20:18:33.993 2061 2061 I putmethod.latin: type=1400 audit(0.0:468): avc: denied { transfer } for scontext=u:r:untrusted_app_25:s0:c512,c768 tcontext=u:r:zygote:s0 tclass=binder permissive=1
04-26 20:18:33.994 2363 2363 I ndroid.settings: type=1400 audit(0.0:469): avc: denied { call } for scontext=u:r:zygote:s0 tcontext=u:r:untrusted_app_25:s0:c512,c768 tclass=binder permissive=1
04-26 20:18:34.001 2061 2061 I InputAttributes: InputType.TYPE_NULL is specified
04-26 20:18:34.004 1335 1335 E SELinux : avc: denied { find } for service=deviceidle pid=2349 uid=1001 scontext=u:r:zygote:s0 tcontext=u:object_r:deviceidle_service:s0 tclass=service_manager permissive=1
04-26 20:18:34.024 2413 2413 I hciconfig: type=1400 audit(0.0:470): avc: denied { create } for scontext=u:r:init:s0 tcontext=u:r:init:s0 tclass=socket permissive=1
04-26 20:18:34.028 2404 2404 I zygote64: The ClassLoaderContext is a special shared library.
04-26 20:18:34.037 1335 1335 E SELinux : avc: denied { find } for service=isub pid=2349 uid=1001 scontext=u:r:zygote:s0 tcontext=u:object_r:radio_service:s0 tclass=service_manager permissive=1
04-26 20:18:34.139 1407 1465 D gralloc : Registering a buffer in the process that created it. This may cause memory ordering problems.
04-26 20:18:34.213 2404 2404 I AlarmClock: AlarmInitReceiver android.intent.action.LOCKED_BOOT_COMPLETED
04-26 20:18:34.216 2404 2447 I AlarmClock: Fixing alarm instances
04-26 20:18:34.232 2404 2447 V AlarmClock: AlarmInitReceiver finished
04-26 20:18:34.295 1940 2016 I chatty : uid=1000(system) WifiStateMachin expire 9 lines
04-26 20:18:34.303 2448 2448 I chatty : uid=10015 com.google.android.gms.persistent expire 14 lines
04-26 20:18:34.308 1335 1335 E SELinux : avc: denied { find } for service=batteryproperties pid=2349 uid=1001 scontext=u:r:zygote:s0 tcontext=u:object_r:batteryproperties_service:s0 tclass=service_manager permissive=1
04-26 20:18:34.336 2349 2349 D PhoneSwitcherNetworkRequstListener: Registering NetworkFactory
04-26 20:18:34.343 1335 1335 E SELinux : avc: denied { find } for service=notification pid=2349 uid=1001 scontext=u:r:zygote:s0 tcontext=u:object_r:notification_service:s0 tclass=service_manager permissive=1
04-26 20:18:34.350 1335 1335 E SELinux : avc: denied { find } for service=trust pid=2349 uid=1001 scontext=u:r:zygote:s0 tcontext=u:object_r:trust_service:s0 tclass=service_manager permissive=1
04-26 20:18:34.368 1407 1463 D gralloc : Registering a buffer in the process that created it. This may cause memory ordering problems.
04-26 20:18:34.427 1940 2405 I chatty : uid=1000(system) backup expire 3 lines
04-26 20:18:34.466 2468 2468 W zygote : Unexpected CPU variant for X86 using defaults: x86_64
04-26 20:18:34.499 2077 2077 I Choreographer: Skipped 61 frames! The application may be doing too much work on its main thread.
04-26 20:18:34.674 2510 2510 I bootstat: Service started: /system/bin/bootstat --record_boot_complete
04-26 20:18:34.674 2510 2510 E bootstat: Failed to read /data/misc/bootstat/post_decrypt_time_elapsed: No such file or directory
04-26 20:18:34.674 2510 2510 E bootstat: Failed to parse boot time record: /data/misc/bootstat/post_decrypt_time_elapsed
04-26 20:18:34.679 2511 2511 I bootstat: Service started: /system/bin/bootstat --record_boot_reason
04-26 20:18:34.680 2511 2511 I bootstat: Unknown boot reason:
04-26 20:18:34.685 2512 2512 I bootstat: Service started: /system/bin/bootstat --record_time_since_factory_reset
04-26 20:18:34.691 2513 2513 I bootstat: Service started: /system/bin/bootstat -l
04-26 20:18:34.754 1940 2391 I chatty : uid=1000(system) Binder:1940_8 expire 1 line
04-26 20:18:34.761 2514 2514 W zygote64: Unexpected CPU variant for X86 using defaults: x86_64
04-26 20:18:34.773 2528 2528 W zygote64: Unexpected CPU variant for X86 using defaults: x86_64
04-26 20:18:34.783 2542 2542 W zygote64: Unexpected CPU variant for X86 using defaults: x86_64
04-26 20:18:34.794 1940 1960 I chatty : uid=1000(system) android.fg expire 1 line
04-26 20:18:34.796 2363 2363 D FallbackHome: User unlocked and real home found; let's go!
04-26 20:18:34.798 2349 2349 D CarrierConfigLoader: CarrierConfigLoader has started
04-26 20:18:34.808 1940 2286 I chatty : uid=1000(system) Binder:1940_5 expire 23 lines
04-26 20:18:34.812 2561 2561 W zygote64: Unexpected CPU variant for X86 using defaults: x86_64
04-26 20:18:34.825 2542 2542 I zygote64: The ClassLoaderContext is a special shared library.
04-26 20:18:34.826 2514 2514 I zygote64: The ClassLoaderContext is a special shared library.
04-26 20:18:34.830 1940 2017 I chatty : uid=1000(system) Binder:1940_3 expire 70 lines
04-26 20:18:34.833 2575 2575 W zygote64: Unexpected CPU variant for X86 using defaults: x86_64
04-26 20:18:34.887 2528 2528 I zygote64: The ClassLoaderContext is a special shared library.
04-26 20:18:34.944 2575 2575 I zygote64: The ClassLoaderContext is a special shared library.
04-26 20:18:35.010 2468 2468 I zygote : The ClassLoaderContext is a special shared library.
04-26 20:18:35.078 2542 2542 I ContactsPerf: VoicemailContentProvider.onCreate start
04-26 20:18:35.097 2542 2542 I ContactsPerf: VoicemailContentProvider.onCreate finish
04-26 20:18:35.108 2349 2349 I m.android.phone: type=1400 audit(0.0:655): avc: denied { use } for path="/dev/ashmem" dev="tmpfs" ino=6303 ioctlcmd=0x7704 scontext=u:r:zygote:s0 tcontext=u:r:system_server:s0 tclass=fd permissive=1
04-26 20:18:35.109 2349 2349 W TelecomManager: Telecom Service not found.
04-26 20:18:35.110 2349 2349 I TelecomFramework: TtyManager: updateUiTtyMode -1 -> 0
04-26 20:18:35.114 2349 2349 D ImsResolver: maybeAddedImsService, packageName: null
04-26 20:18:35.120 2077 2077 I ndroid.systemui: type=1400 audit(0.0:656): avc: denied { call } for scontext=u:r:priv_app:s0:c512,c768 tcontext=u:r:zygote:s0 tclass=binder permissive=1
