04-26 20:17:55.103 1834 1834 I SystemServer: StartKeyChainSystemService
04-26 20:17:55.103 1834 1834 I SystemServiceManager: Starting com.android.server.security.KeyChainSystemService
04-26 20:17:55.103 1834 1834 D SystemServerTiming: StartKeyChainSystemService took to complete: 1ms
04-26 20:17:55.103 1834 1834 I SystemServer: StartSchedulingPolicyService
04-26 20:17:55.104 1834 1834 D SystemServerTiming: StartSchedulingPolicyService took to complete: 1ms
04-26 20:17:55.104 1834 1834 I SystemServer: StartTelecomLoaderService
04-26 20:17:55.105 1834 1834 I SystemServiceManager: Starting com.android.server.telecom.TelecomLoaderService
04-26 20:17:55.105 1834 1834 D SystemServerTiming: StartTelecomLoaderService took to complete: 1ms
04-26 20:17:55.105 1834 1834 I SystemServer: StartTelephonyRegistry
04-26 20:17:55.107 1885 1885 I idmap : type=1400 audit(0.0:300): avc: denied { getattr } for path="/vendor" dev="tmpfs" ino=5338 scontext=u:r:idmap:s0 tcontext=u:object_r:tmpfs:s0 tclass=lnk_file permissive=1
04-26 20:17:55.107 1885 1885 I idmap : type=1400 audit(0.0:301): avc: denied { read } for name="vendor" dev="tmpfs" ino=5338 scontext=u:r:idmap:s0 tcontext=u:object_r:tmpfs:s0 tclass=lnk_file permissive=1
04-26 20:17:55.107 1834 1847 I Zygote : Process: zygote socket zygote opened, supported ABIS: x86_64
04-26 20:17:55.107 1834 1834 D SystemServerTiming: StartTelephonyRegistry took to complete: 2ms
04-26 20:17:55.108 1834 1834 I SystemServer: StartEntropyMixer
04-26 20:17:55.109 1834 1834 I EntropyMixer: Writing entropy...
04-26 20:17:55.117 1834 1847 I Zygote : Process: zygote socket zygote_secondary opened, supported ABIS: x86,armeabi-v7a,armeabi
04-26 20:17:55.127 1834 1847 E SystemServer: Unable to preload default resources
04-26 20:17:55.127 1834 1847 D SystemServerTimingAsync: SecondaryZygotePreload took to complete: 41ms
04-26 20:17:55.127 1834 1847 D SystemServerInitThreadPool: Finished executing SecondaryZygotePreload
04-26 20:17:55.152 1834 1883 D SystemServerInitThreadPool: Finished executing Init OverlayManagerService
04-26 20:17:55.170 1834 1834 D SystemServerTiming: StartEntropyMixer took to complete: 63ms
04-26 20:17:55.170 1834 1834 I SystemServer: StartAccountManagerService
04-26 20:17:55.194 1834 1884 I KbdSensor: Open AT Translated Set 2 keyboard ok, fd=77
04-26 20:17:55.194 1834 1884 D KbdSensor: SensorPollContext: module=0x76b4008732b8 dev=0x76b401838000 fd=77
04-26 20:17:55.194 1834 1884 D KbdSensor: poll_activate: dev=0x76b401838000 handle=0 enabled=0
04-26 20:17:55.194 1834 1884 F libc : Fatal signal 11 (SIGSEGV), code 1, fault addr 0xffffffff00000001 in tid 1884 (system-server-i), pid 1834 (system_server)
04-26 20:17:55.198 1834 1834 I SystemServiceManager: Starting com.android.server.accounts.AccountManagerService$Lifecycle
04-26 20:17:55.203 1888 1888 I crash_dump64: type=1400 audit(0.0:302): avc: denied { getattr } for path="/vendor" dev="tmpfs" ino=5338 scontext=u:r:crash_dump:s0 tcontext=u:object_r:tmpfs:s0 tclass=lnk_file permissive=1
04-26 20:17:55.203 1888 1888 I crash_dump64: type=1400 audit(0.0:303): avc: denied { read } for name="vendor" dev="tmpfs" ino=5338 scontext=u:r:crash_dump:s0 tcontext=u:object_r:tmpfs:s0 tclass=lnk_file permissive=1
04-26 20:17:55.210 1834 1834 D SystemServerTiming: StartAccountManagerService took to complete: 39ms
04-26 20:17:55.210 1834 1834 I SystemServer: StartContentService
04-26 20:17:55.220 1890 1890 I crash_dump64: obtaining output fd from tombstoned, type: kDebuggerdTombstone
04-26 20:17:55.221 1427 1427 I /system/bin/tombstoned: received crash request for pid 1834
04-26 20:17:55.223 1890 1890 I crash_dump64: performing dump of process 1834 (target tid = 1884)
04-26 20:17:55.223 1890 1890 F DEBUG : *** *** *** *** *** *** *** *** *** *** *** *** *** *** *** ***
04-26 20:17:55.223 1890 1890 F DEBUG : Build fingerprint: 'Android-x86/android_x86_64/x86_64:8.1.0/OPM8.190105.002/lh0124:userdebug/test-keys'
04-26 20:17:55.223 1890 1890 F DEBUG : Revision: '0'
04-26 20:17:55.223 1890 1890 F DEBUG : ABI: 'x86_64'
04-26 20:17:55.223 1890 1890 F DEBUG : pid: 1834, tid: 1884, name: system-server-i >>> system_server <<<
04-26 20:17:55.223 1890 1890 F DEBUG : signal 11 (SIGSEGV), code 1 (SEGV_MAPERR), fault addr 0xffffffff00000001
04-26 20:17:55.223 1890 1890 F DEBUG : rax ffffffff00000001 rbx 000076b4009c8bc0 rcx 0000000000000001 rdx 00000000ffffffff
04-26 20:17:55.223 1890 1890 F DEBUG : rsi 0000000000000000 rdi 000076b401838000
04-26 20:17:55.223 1890 1890 F DEBUG : r8 ffffffffffffffe0 r9 000076b410f77688 r10 000076b4009c7ac0 r11 0000000000000206
04-26 20:17:55.223 1890 1890 F DEBUG : r12 000076b4009c8bc0 r13 000076b49e06b0dc r14 0000000000000000 r15 000076b4009c8b90
04-26 20:17:55.223 1890 1890 F DEBUG : cs 0000000000000033 ss 000000000000002b
04-26 20:17:55.223 1890 1890 F DEBUG : rip ffffffff00000001 rbp 000076b49e06b050 rsp 000076b4009c8a48 eflags 0000000000010246
04-26 20:17:55.223 1890 1890 F DEBUG :
04-26 20:17:55.223 1890 1890 F DEBUG : backtrace:
04-26 20:17:55.223 1890 1890 F DEBUG : #00 pc ffffffff00000001
04-26 20:17:56.029 1890 1890 E crash_dump64: unable to connect to activity manager: Connection refused
04-26 20:17:56.029 1427 1427 E /system/bin/tombstoned: Tombstone written to: /data/tombstones/tombstone_15
04-26 20:17:56.064 1406 1406 I lowmemorykiller: ActivityManager disconnected
04-26 20:17:56.064 1406 1406 I lowmemorykiller: Closing Activity Manager data connection
04-26 20:17:56.124 1335 1335 I chatty : uid=1000(system) /system/bin/servicemanager expire 49 lines
04-26 20:17:56.125 1796 1796 I Zygote : Process 1834 exited due to signal (11)
04-26 20:17:56.125 1796 1796 E Zygote : Exit zygote because system server (1834) has terminated
04-26 20:17:56.140 1795 1831 E audio_hw_primary: audio_route_free: invalid audio_route
04-26 20:17:58.584 1 1 I init : type=1400 audit(0.0:304): avc: denied { create } for name="cgroup.procs" scontext=u:r:init:s0 tcontext=u:object_r:cgroup:s0 tclass=file permissive=1
04-26 20:17:58.589 1896 1896 I audioserver: type=1400 audit(0.0:305): avc: denied { getattr } for path="/vendor" dev="tmpfs" ino=5338 scontext=u:r:audioserver:s0 tcontext=u:object_r:tmpfs:s0 tclass=lnk_file permissive=1
04-26 20:17:58.591 1898 1898 I mediaserver: type=1400 audit(0.0:306): avc: denied { getattr } for path="/vendor" dev="tmpfs" ino=5338 scontext=u:r:mediaserver:s0 tcontext=u:object_r:tmpfs:s0 tclass=lnk_file permissive=1
04-26 20:17:58.591 1898 1898 I mediaserver: type=1400 audit(0.0:307): avc: denied { read } for name="vendor" dev="tmpfs" ino=5338 scontext=u:r:mediaserver:s0 tcontext=u:object_r:tmpfs:s0 tclass=lnk_file permissive=1
04-26 20:17:58.596 1902 1902 I app_process64: type=1400 audit(0.0:308): avc: denied { getattr } for path="/vendor" dev="tmpfs" ino=5338 scontext=u:r:zygote:s0 tcontext=u:object_r:tmpfs:s0 tclass=lnk_file permissive=1
04-26 20:17:58.597 1902 1902 I app_process64: type=1400 audit(0.0:309): avc: denied { read } for name="vendor" dev="tmpfs" ino=5338 scontext=u:r:zygote:s0 tcontext=u:object_r:tmpfs:s0 tclass=lnk_file permissive=1
04-26 20:17:58.597 1897 1897 I cameraserver: type=1400 audit(0.0:310): avc: denied { getattr } for path="/vendor" dev="tmpfs" ino=5338 scontext=u:r:cameraserver:s0 tcontext=u:object_r:tmpfs:s0 tclass=lnk_file permissive=1
04-26 20:17:58.597 1897 1897 I cameraserver: type=1400 audit(0.0:311): avc: denied { read } for name="vendor" dev="tmpfs" ino=5338 scontext=u:r:cameraserver:s0 tcontext=u:object_r:tmpfs:s0 tclass=lnk_file permissive=1
04-26 20:17:58.638 1901 1901 I android.hardwar: type=1400 audit(0.0:312): avc: denied { getattr } for path="/vendor" dev="tmpfs" ino=5338 scontext=u:r:hal_audio_default:s0 tcontext=u:object_r:tmpfs:s0 tclass=lnk_file permissive=1
04-26 20:17:58.640 1900 1900 I wificond: type=1400 audit(0.0:313): avc: denied { getattr } for path="/vendor" dev="tmpfs" ino=5338 scontext=u:r:wificond:s0 tcontext=u:object_r:tmpfs:s0 tclass=lnk_file permissive=1
04-26 20:17:58.640 1900 1900 I wificond: type=1400 audit(0.0:314): avc: denied { read } for name="vendor" dev="tmpfs" ino=5338 scontext=u:r:wificond:s0 tcontext=u:object_r:tmpfs:s0 tclass=lnk_file permissive=1
04-26 20:17:58.701 1899 1899 I netd : type=1400 audit(0.0:315): avc: denied { getattr } for path="/vendor" dev="tmpfs" ino=5338 scontext=u:r:netd:s0 tcontext=u:object_r:tmpfs:s0 tclass=lnk_file permissive=1
04-26 20:17:58.701 1899 1899 I netd : type=1400 audit(0.0:316): avc: denied { read } for name="vendor" dev="tmpfs" ino=5338 scontext=u:r:netd:s0 tcontext=u:object_r:tmpfs:s0 tclass=lnk_file permissive=1
04-26 20:17:58.726 1901 1901 I android.hardwar: type=1400 audit(0.0:317): avc: denied { read } for name="vendor" dev="tmpfs" ino=5338 scontext=u:r:hal_audio_default:s0 tcontext=u:object_r:tmpfs:s0 tclass=lnk_file permissive=1
04-26 20:17:58.809 1900 1900 I wificond: wificond is starting up...
04-26 20:17:58.823 1899 1899 I Netd : Netd 1.0 starting
04-26 20:17:58.823 1899 1899 D TetherController: Setting IP forward enable = 0
04-26 20:17:58.870 1902 1902 D AndroidRuntime: >>>>>> START com.android.internal.os.ZygoteInit uid 0 <<<<<<
04-26 20:17:58.873 1902 1902 I zygote64: option[0]=-Xzygote
04-26 20:17:58.873 1902 1902 I zygote64: option[1]=-Xusetombstonedtraces
04-26 20:17:58.873 1902 1902 I zygote64: option[2]=exit
04-26 20:17:58.873 1902 1902 I zygote64: option[3]=vfprintf
04-26 20:17:58.873 1902 1902 I zygote64: option[4]=sensitiveThread
04-26 20:17:58.873 1902 1902 I zygote64: option[5]=-verbose:gc
04-26 20:17:58.873 1902 1902 I zygote64: option[6]=-Xms16m
04-26 20:17:58.873 1902 1902 I zygote64: option[7]=-Xmx512m
04-26 20:17:58.873 1902 1902 I zygote64: option[8]=-XX:HeapGrowthLimit=192m
04-26 20:17:58.873 1902 1902 I zygote64: option[9]=-XX:HeapMinFree=512k
04-26 20:17:58.873 1902 1902 I zygote64: option[10]=-XX:HeapMaxFree=8m
04-26 20:17:58.873 1902 1902 I zygote64: option[11]=-XX:HeapTargetUtilization=0.75
04-26 20:17:58.873 1902 1902 I zygote64: option[12]=-Xusejit:true
04-26 20:17:58.873 1902 1902 I zygote64: option[13]=-Xjitsaveprofilinginfo
04-26 20:17:58.873 1902 1902 I zygote64: option[14]=-agentlib:jdwp=transport=dt_android_adb,suspend=n,server=y
04-26 20:17:58.873 1902 1902 I zygote64: option[15]=-Xlockprofthreshold:500
04-26 20:17:58.873 1902 1902 I zygote64: option[16]=-Ximage-compiler-option
04-26 20:17:58.873 1902 1902 I zygote64: option[17]=--runtime-arg
04-26 20:17:58.873 1902 1902 I zygote64: option[18]=-Ximage-compiler-option
04-26 20:17:58.873 1902 1902 I zygote64: option[19]=-Xms64m
04-26 20:17:58.873 1902 1902 I zygote64: option[20]=-Ximage-compiler-option
04-26 20:17:58.873 1902 1902 I zygote64: option[21]=--runtime-arg
04-26 20:17:58.873 1902 1902 I zygote64: option[22]=-Ximage-compiler-option
04-26 20:17:58.873 1902 1902 I zygote64: option[23]=-Xmx64m
04-26 20:17:58.873 1902 1902 I zygote64: option[24]=-Ximage-compiler-option
04-26 20:17:58.873 1902 1902 I zygote64: option[25]=--image-classes=/system/etc/preloaded-classes
04-26 20:17:58.873 1902 1902 I zygote64: option[26]=-Ximage-compiler-option
04-26 20:17:58.873 1902 1902 I zygote64: option[27]=--compiled-classes=/system/etc/compiled-classes
04-26 20:17:58.873 1902 1902 I zygote64: option[28]=-Ximage-compiler-option
04-26 20:17:58.873 1902 1902 I zygote64: option[29]=--dirty-image-objects=/system/etc/dirty-image-objects
04-26 20:17:58.873 1902 1902 I zygote64: option[30]=-Xcompiler-option
04-26 20:17:58.873 1902 1902 I zygote64: option[31]=--runtime-arg
04-26 20:17:58.873 1902 1902 I zygote64: option[32]=-Xcompiler-option
04-26 20:17:58.873 1902 1902 I zygote64: option[33]=-Xms64m
04-26 20:17:58.873 1902 1902 I zygote64: option[34]=-Xcompiler-option
04-26 20:17:58.873 1902 1902 I zygote64: option[35]=--runtime-arg
04-26 20:17:58.873 1902 1902 I zygote64: option[36]=-Xcompiler-option
04-26 20:17:58.873 1902 1902 I zygote64: option[37]=-Xmx512m
04-26 20:17:58.873 1902 1902 I zygote64: option[38]=-Ximage-compiler-option
04-26 20:17:58.873 1902 1902 I zygote64: option[39]=--instruction-set-variant=x86_64
04-26 20:17:58.873 1902 1902 I zygote64: option[40]=-Xcompiler-option
04-26 20:17:58.873 1902 1902 I zygote64: option[41]=--instruction-set-variant=x86_64
04-26 20:17:58.873 1902 1902 I zygote64: option[42]=-Ximage-compiler-option
04-26 20:17:58.873 1902 1902 I zygote64: option[43]=--instruction-set-features=default
04-26 20:17:58.873 1902 1902 I zygote64: option[44]=-Xcompiler-option
04-26 20:17:58.873 1902 1902 I zygote64: option[45]=--instruction-set-features=default
04-26 20:17:58.873 1902 1902 I zygote64: option[46]=-Duser.locale=fr-FR
04-26 20:17:58.873 1902 1902 I zygote64: option[47]=-XX:NativeBridge=libnb.so
04-26 20:17:58.873 1902 1902 I zygote64: option[48]=--cpu-abilist=x86_64
04-26 20:17:58.873 1902 1902 I zygote64: option[49]=-Xfingerprint:Android-x86/android_x86_64/x86_64:8.1.0/OPM8.190105.002/lh0124:userdebug/test-keys
04-26 20:17:58.876 1899 1899 I Netd : Creating child chains: 51.9ms
04-26 20:17:58.876 1899 1899 I Netd : Setting up OEM hooks: 0.0ms
04-26 20:17:58.878 1899 1899 I Netd : Setting up FirewallController hooks: 1.4ms
04-26 20:17:58.878 1899 1899 I Netd : Setting up NatController hooks: 0.7ms
04-26 20:17:58.879 1899 1899 I Netd : Setting up BandwidthController hooks: 0.6ms
04-26 20:17:58.879 1899 1899 I Netd : Setting up IdletimerController hooks: 0.0ms
04-26 20:17:58.880 1905 1905 I kworker/u8:0: type=1400 audit(0.0:318): avc: denied { read } for name="modprobe" dev="tmpfs" ino=5327 scontext=u:r:kernel:s0 tcontext=u:object_r:tmpfs:s0 tclass=lnk_file permissive=1
04-26 20:17:58.880 1899 1899 W IptablesRestoreController: iptables-restore process 1903 terminated status=256
04-26 20:17:58.880 1899 1899 E IptablesRestoreController: iptables error:
04-26 20:17:58.880 1899 1899 E IptablesRestoreController: ------- COMMAND -------
04-26 20:17:58.880 1899 1899 E IptablesRestoreController: *filter
04-26 20:17:58.880 1899 1899 E IptablesRestoreController: -A bw_INPUT -m owner --socket-exists
04-26 20:17:58.880 1899 1899 E IptablesRestoreController: -A bw_OUTPUT -m owner --socket-exists
04-26 20:17:58.880 1899 1899 E IptablesRestoreController: -A bw_costly_shared --jump bw_penalty_box
04-26 20:17:58.880 1899 1899 E IptablesRestoreController: -A bw_penalty_box --jump bw_happy_box
04-26 20:17:58.880 1899 1899 E IptablesRestoreController: -A bw_happy_box --jump bw_data_saver
04-26 20:17:58.880 1899 1899 E IptablesRestoreController: -A bw_data_saver -j RETURN
04-26 20:17:58.880 1899 1899 E IptablesRestoreController: -I bw_happy_box -m owner --uid-owner 0-9999 --jump RETURN
04-26 20:17:58.880 1899 1899 E IptablesRestoreController: COMMIT
04-26 20:17:58.880 1899 1899 E IptablesRestoreController: *raw
04-26 20:17:58.880 1899 1899 E IptablesRestoreController: -A bw_raw_PREROUTING -m owner --socket-exists
04-26 20:17:58.880 1899 1899 E IptablesRestoreController: COMMIT
04-26 20:17:58.880 1899 1899 E IptablesRestoreController: *mangle
04-26 20:17:58.880 1899 1899 E IptablesRestoreController: -A bw_mangle_POSTROUTING -m owner --socket-exists
04-26 20:17:58.880 1899 1899 E IptablesRestoreController: COMMIT
04-26 20:17:58.880 1899 1899 E IptablesRestoreController:
04-26 20:17:58.880 1899 1899 E IptablesRestoreController: ------- ERROR -------
04-26 20:17:58.880 1899 1899 E IptablesRestoreController: iptables-restore: line 174 failed
04-26 20:17:58.880 1899 1899 E IptablesRestoreController: ----------------------
04-26 20:17:58.881 1899 1899 W IptablesRestoreController: iptables-restore process 1904 terminated status=256
04-26 20:17:58.881 1899 1899 E IptablesRestoreController: iptables error:
04-26 20:17:58.881 1899 1899 E IptablesRestoreController: ------- COMMAND -------
04-26 20:17:58.881 1899 1899 E IptablesRestoreController: *filter
04-26 20:17:58.881 1899 1899 E IptablesRestoreController: -A bw_INPUT -m owner --socket-exists
04-26 20:17:58.881 1899 1899 E IptablesRestoreController: -A bw_OUTPUT -m owner --socket-exists
04-26 20:17:58.881 1899 1899 E IptablesRestoreController: -A bw_costly_shared --jump bw_penalty_box
04-26 20:17:58.881 1899 1899 E IptablesRestoreController: -A bw_penalty_box --jump bw_happy_box
04-26 20:17:58.881 1899 1899 E IptablesRestoreController: -A bw_happy_box --jump bw_data_saver
04-26 20:17:58.881 1899 1899 E IptablesRestoreController: -A bw_data_saver -j RETURN
04-26 20:17:58.881 1899 1899 E IptablesRestoreController: -I bw_happy_box -m owner --uid-owner 0-9999 --jump RETURN
04-26 20:17:58.881 1899 1899 E IptablesRestoreController: COMMIT
04-26 20:17:58.881 1899 1899 E IptablesRestoreController: *raw
04-26 20:17:58.881 1899 1899 E IptablesRestoreController: -A bw_raw_PREROUTING -m owner --socket-exists
04-26 20:17:58.881 1899 1899 E IptablesRestoreController: COMMIT
04-26 20:17:58.881 1899 1899 E IptablesRestoreController: *mangle
04-26 20:17:58.881 1899 1899 E IptablesRestoreController: -A bw_mangle_POSTROUTING -m owner --socket-exists
04-26 20:17:58.881 1899 1899 E IptablesRestoreController: COMMIT
04-26 20:17:58.881 1899 1899 E IptablesRestoreController:
04-26 20:17:58.881 1899 1899 E IptablesRestoreController: ------- ERROR -------
04-26 20:17:58.881 1899 1899 E IptablesRestoreController: ip6tables-restore: line 159 failed
04-26 20:17:58.881 1899 1899 E IptablesRestoreController: ----------------------
04-26 20:17:58.881 1899 1899 I Netd : Disabling bandwidth control: 1.7ms
04-26 20:17:58.883 1905 1905 I /sbin/modprobe: Parsing file /system/etc/modules.blacklist...
04-26 20:17:58.883 1905 1905 I /sbin/modprobe: Parsing file /system/lib/modules/4.9.152-android-x86_64-640709-g76da97e/modules.alias...
04-26 20:17:58.908 1901 1901 D vndksupport: Loading /vendor/lib/hw/android.hardware.audio@2.0-impl.so from current namespace instead of sphal namespace.
04-26 20:17:58.916 1901 1901 I ServiceManagement: Removing namespace from process name android.hardware.audio@2.0-service to audio@2.0-servi.
04-26 20:17:58.917 1901 1901 I audiohalservice: Registration complete for android.hardware.audio@2.0::IDevicesFactory/default.
04-26 20:17:58.917 1901 1901 D vndksupport: Loading /vendor/lib/hw/android.hardware.audio.effect@2.0-impl.so from current namespace instead of sphal namespace.
04-26 20:17:58.923 1901 1901 I audiohalservice: Registration complete for android.hardware.audio.effect@2.0::IEffectsFactory/default.
04-26 20:17:58.923 1336 1336 W /system/bin/hwservicemanager: getTransport: Cannot find entry android.hardware.soundtrigger@2.0::ISoundTriggerHw/default in either framework or device manifest.
04-26 20:17:58.923 1901 1901 D vndksupport: Loading /vendor/lib/hw/android.hardware.soundtrigger@2.0-impl.so from current namespace instead of sphal namespace.
04-26 20:17:58.923 1901 1901 E SoundTriggerHalImpl: couldn't load sound trigger module sound_trigger.primary (No such file or directory)
04-26 20:17:58.924 1901 1901 I audiohalservice: Registration complete for android.hardware.soundtrigger@2.0::ISoundTriggerHw/default.
04-26 20:17:58.986 1902 1902 D Zygote : begin preload
04-26 20:17:58.986 1902 1902 I Zygote : Installing ICU cache reference pinning...
04-26 20:17:58.986 1902 1902 I Zygote : Preloading ICU data...
04-26 20:17:58.989 1902 1902 D Zygote64Timing: BeginIcuCachePinning took to complete: 4ms
04-26 20:17:58.989 1902 1902 I Zygote : Preloading classes...
04-26 20:17:58.994 1896 1896 I FastMixerState: sMaxFastTracks = 8
04-26 20:17:58.996 1896 1896 I audioserver: ServiceManager: 0xe569ae80
04-26 20:17:58.996 1896 1896 W BatteryNotifier: batterystats service unavailable!
04-26 20:17:58.998 1896 1896 I audioserver: type=1400 audit(0.0:319): avc: denied { read } for name="vendor" dev="tmpfs" ino=5338 scontext=u:r:audioserver:s0 tcontext=u:object_r:tmpfs:s0 tclass=lnk_file permissive=1
04-26 20:17:58.999 1896 1896 I AudioFlinger: Using default 3000 mSec as standby time.
04-26 20:17:59.000 1896 1896 I APM::ConfigParsingUtils: loadAudioPolicyConfig() loaded /system/etc/audio_policy.conf
04-26 20:17:59.001 1901 1901 D audio_hw_primary: found audio out at /dev/snd/pcmC0D3p
04-26 20:17:59.001 1901 1901 D audio_hw_primary: card: 0/3 id: HDMI 0
04-26 20:17:59.001 1901 1901 D audio_hw_primary: name: HDMI 0
04-26 20:17:59.001 1901 1901 D audio_hw_primary: subname: subdevice #0
04-26 20:17:59.001 1901 1901 D audio_hw_primary: stream: 0
04-26 20:17:59.005 1901 1901 D audio_hw_primary: found audio out at /dev/snd/pcmC1D0p
04-26 20:17:59.005 1901 1901 D audio_hw_primary: card: 1/0 id: CX20751/2 Analog
04-26 20:17:59.005 1901 1901 D audio_hw_primary: name: CX20751/2 Analog
04-26 20:17:59.005 1901 1901 D audio_hw_primary: subname: subdevice #0
04-26 20:17:59.005 1901 1901 D audio_hw_primary: stream: 0
04-26 20:17:59.005 1901 1901 I audio_hw_primary: choose pcmC1D0p for 0
04-26 20:17:59.005 1901 1901 E audio_hw_primary: Failed to open /system/etc/mixer_paths.xml
04-26 20:17:59.007 1897 1897 I cameraserver: ServiceManager: 0xedb303c0
04-26 20:17:59.007 1897 1897 I CameraService: CameraService started (pid=1897)
04-26 20:17:59.007 1897 1897 I CameraService: CameraService process starting
04-26 20:17:59.007 1897 1897 W BatteryNotifier: batterystats service unavailable!
04-26 20:17:59.007 1897 1897 W BatteryNotifier: batterystats service unavailable!
04-26 20:17:59.008 1897 1897 I CameraProviderManager: Connecting to new camera provider: legacy/0, isRemote? 1
04-26 20:17:59.008 1897 1897 I CameraProviderManager: Enumerating new camera device: device@1.0/legacy/0
04-26 20:17:59.008 1397 1468 D Camera_Factory: CameraFactory::get_number_of_cameras
04-26 20:17:59.008 1397 1468 D Camera_Factory: CameraFactory::getCameraNum: 1
04-26 20:17:59.009 1901 1901 W DeviceHAL: Device 0xf1e4b000 set_master_volume: Function not implemented
04-26 20:17:59.009 1896 1896 I AudioFlinger: loadHwModule() Loaded primary audio interface, handle 10
04-26 20:17:59.009 1896 1896 I AudioFlinger: openOutput() this 0xe56b5000, module 10 Device 2, SamplingRate 48000, Format 0x000001, Channels 3, flags 2
04-26 20:17:59.009 1901 1901 I audio_hw_primary: choose pcmC1D0p for 0
04-26 20:17:59.013 1901 1901 I audio@2.0-servi: type=1400 audit(0.0:320): avc: denied { read } for name="vendor" dev="tmpfs" ino=5338 scontext=u:r:hal_audio_default:s0 tcontext=u:object_r:tmpfs:s0 tclass=lnk_file permissive=1
04-26 20:17:59.013 1905 1905 E ProbeModule: insmod_by_dep: cannot load module: [netdev-dummy0]
04-26 20:17:59.013 1905 1905 W /sbin/modprobe: failed to load netdev-dummy0: Bad file descriptor
04-26 20:17:59.014 1896 1896 I AudioFlinger: HAL output buffer size 512 frames, normal sink buffer size 1024 frames
04-26 20:17:59.014 1901 1901 E EffectsConfig: Failed to parse /vendor/etc/audio_effects.xml: Tinyxml2 error (3): /vendor/etc/audio_effects.xml (null)
04-26 20:17:59.014 1901 1901 E EffectsFactoryConfigLoader: Failed to parse XML configuration file
04-26 20:17:59.014 1901 1901 W EffectsFactory: Failed to load XML effect configuration, fallback to .conf
04-26 20:17:59.016 1896 1896 I BufferProvider: found effect "Multichannel Downmix To Stereo" from The Android Open Source Project
04-26 20:17:59.016 1896 1896 I AudioFlinger: Using module 10 as the primary audio interface
04-26 20:17:59.017 1896 1896 W AudioFlinger: moveEffects() bad srcOutput 0
04-26 20:17:59.017 1397 1468 I CamDev@1.0-impl: Opening camera 0
04-26 20:17:59.017 1397 1468 D Camera_Factory: CameraFactory::get_camera_info
04-26 20:17:59.017 1397 1468 D Camera_Factory: CameraFactory::getCameraInfo: id = 0, info = 0xe8a7f138
04-26 20:17:59.017 1397 1468 D Camera_Factory: CameraFactory::getCameraNum: 1
04-26 20:17:59.017 1397 1468 D Camera_Factory: CameraFactory::device_open: name = 0
04-26 20:17:59.017 1397 1468 D Camera_Factory: CameraFactory::cameraDeviceOpen: id = 0
04-26 20:17:59.017 1397 1468 D Camera_Factory: CameraFactory::getCameraNum: 1
04-26 20:17:59.017 1397 1468 D CameraHardware: CameraHardware::connectCamera: /dev/video0
04-26 20:17:59.017 1397 1468 D CameraHardware: CameraHardware::setCallbacks
04-26 20:17:59.017 1397 1468 D CameraHardware: CameraHardware::getParameters
04-26 20:17:59.017 1397 1468 D CameraHardware: CameraHardware::putParameters
04-26 20:17:59.018 1397 1468 I CamDev@1.0-impl: Closing camera 0
04-26 20:17:59.018 1397 1468 D CameraHardware: CameraHardware::closeCamera
04-26 20:17:59.018 1397 1468 D CameraHardware: CameraHardware::releaseCamera
04-26 20:17:59.018 1897 1897 I CameraProviderManager: Camera provider legacy/0 ready with 1 camera devices
04-26 20:17:59.018 1897 1897 I CameraHardwareInterface: Opening camera 0
04-26 20:17:59.018 1397 1468 I CamDev@1.0-impl: Opening camera 0
04-26 20:17:59.018 1397 1468 D Camera_Factory: CameraFactory::get_camera_info
04-26 20:17:59.018 1397 1468 D Camera_Factory: CameraFactory::getCameraInfo: id = 0, info = 0xe8a7f138
04-26 20:17:59.018 1397 1468 D Camera_Factory: CameraFactory::getCameraNum: 1
04-26 20:17:59.018 1397 1468 D Camera_Factory: CameraFactory::device_open: name = 0
04-26 20:17:59.018 1397 1468 D Camera_Factory: CameraFactory::cameraDeviceOpen: id = 0
04-26 20:17:59.018 1397 1468 D Camera_Factory: CameraFactory::getCameraNum: 1
04-26 20:17:59.018 1397 1468 D CameraHardware: CameraHardware::connectCamera: /dev/video0
04-26 20:17:59.018 1397 1468 D CameraHardware: CameraHardware::setCallbacks
04-26 20:17:59.018 1397 1468 D CameraHardware: CameraHardware::getParameters
04-26 20:17:59.018 1397 1468 D CameraHardware: CameraHardware::putParameters
04-26 20:17:59.018 1397 1468 D CameraHardware: CameraHardware::setPreviewWindow: preview_stream_ops: 0xe95b0484
04-26 20:17:59.018 1397 1468 D CameraHardware: Trivially accept it. No changes detected
04-26 20:17:59.018 1397 1468 D CameraHardware: CameraHardware::stopPreview
04-26 20:17:59.018 1397 1468 D CameraHardware: CameraHardware::stopPreviewLocked
04-26 20:17:59.018 1397 1468 D CameraHardware: CameraHardware::stopPreviewLocked: OK
04-26 20:17:59.018 1397 1468 D CameraHardware: CameraHardware::setPreviewWindow: preview_stream_ops: 0x0
04-26 20:17:59.018 1397 1468 I CamDev@1.0-impl: Closing camera 0
04-26 20:17:59.018 1397 1468 D CameraHardware: CameraHardware::closeCamera
04-26 20:17:59.018 1397 1468 D CameraHardware: CameraHardware::releaseCamera
04-26 20:17:59.019 1897 1897 I CameraService: onDeviceStatusChanged: Status changed for cameraId=0, newStatus=1
04-26 20:17:59.019 1897 1897 E CameraService: onDeviceStatusChanged: State transition to the same status 0x1 not allowed
04-26 20:17:59.019 1897 1917 W CameraProviderManager: addProviderLocked: Camera provider HAL with name 'legacy/0' already registered
04-26 20:17:59.019 1897 1917 I CameraService: onDeviceStatusChanged: Status changed for cameraId=0, newStatus=1
04-26 20:17:59.019 1897 1917 E CameraService: onDeviceStatusChanged: State transition to the same status 0x1 not allowed
04-26 20:17:59.019 1896 1919 I AudioFlinger: AudioFlinger's thread 0xe5583100 tid=1919 ready to run
04-26 20:17:59.019 1896 1919 W AudioFlinger: no wake lock to update, system not ready yet
04-26 20:17:59.020 1901 1910 W DeviceHAL: Device 0xf1e4b000 set_voice_volume: Function not implemented
04-26 20:17:59.020 1901 1910 W DeviceHAL: Device 0xf1e4b000 open_input_stream: Invalid argument
04-26 20:17:59.021 1896 1919 W AudioFlinger: no wake lock to update, system not ready yet
04-26 20:17:59.021 1896 1924 I AudioFlinger: AudioFlinger's thread 0xe5103ac0 tid=1924 ready to run
04-26 20:17:59.039 1896 1896 I bt_a2dp_hw: adev_open: adev_open in A2dp_hw module
04-26 20:17:59.039 1896 1896 I AudioFlinger: loadHwModule() Loaded a2dp audio interface, handle 18
04-26 20:17:59.039 1901 1923 D vndksupport: Loading /vendor/lib/hw/audio.usb.default.so from current namespace instead of sphal namespace.
04-26 20:17:59.040 1896 1896 I AudioFlinger: loadHwModule() Loaded usb audio interface, handle 26
04-26 20:17:59.040 1896 1896 E EffectsConfig: Failed to parse /vendor/etc/audio_effects.xml: Tinyxml2 error (3): /vendor/etc/audio_effects.xml (null)
04-26 20:17:59.040 1896 1896 W AudioPolicyEffects: Failed to load XML effect configuration, fallback to .conf
04-26 20:17:59.041 1336 1336 W /system/bin/hwservicemanager: getTransport: Cannot find entry android.hardware.soundtrigger@2.0::ISoundTriggerHw/default in either framework or device manifest.
04-26 20:17:59.041 1896 1896 I SoundTriggerHalHidl: getProperties res implementor
04-26 20:17:59.041 1896 1896 I SoundTriggerHalHidl: getProperties ret -19
04-26 20:17:59.041 1896 1896 E SoundTriggerHwService: could not read implementation properties
04-26 20:17:59.043 1925 1925 I /sbin/modprobe: Parsing file /system/etc/modules.blacklist...
04-26 20:17:59.043 1925 1925 I /sbin/modprobe: Parsing file /system/lib/modules/4.9.152-android-x86_64-640709-g76da97e/modules.alias...
04-26 20:17:59.064 1902 1902 I main : type=1400 audit(0.0:321): avc: denied { read } for name="etc" dev="tmpfs" ino=5301 scontext=u:r:zygote:s0 tcontext=u:object_r:tmpfs:s0 tclass=lnk_file permissive=1
04-26 20:17:59.079 1902 1902 E ActivityRecognitionHardware: activity_recognition HAL is deprecated. class_init is effectively a no-op
04-26 20:17:59.084 1902 1902 W Zygote : Class not found for preloading: android.icu.impl.number.Parse
04-26 20:17:59.088 1902 1902 I zygote64: Thread[1,tid=1902,Native,Thread*=0x7b1fa4ebea00,peer=0x12c01d10,"main"] recursive attempt to load library "/system/lib64/libmedia_jni.so"
04-26 20:17:59.088 1902 1902 D MtpDeviceJNI: register_android_mtp_MtpDevice
04-26 20:17:59.088 1902 1902 I zygote64: Thread[1,tid=1902,Native,Thread*=0x7b1fa4ebea00,peer=0x12c01d10,"main"] recursive attempt to load library "/system/lib64/libmedia_jni.so"
04-26 20:17:59.088 1902 1902 I zygote64: Thread[1,tid=1902,Native,Thread*=0x7b1fa4ebea00,peer=0x12c01d10,"main"] recursive attempt to load library "/system/lib64/libmedia_jni.so"
04-26 20:17:59.119 1925 1925 E ProbeModule: insmod_by_dep: cannot load module: [dummy0]
04-26 20:17:59.119 1925 1925 W /sbin/modprobe: failed to load dummy0: Bad file descriptor
04-26 20:17:59.121 1899 1899 E Netd : cannot find interface dummy0
04-26 20:17:59.121 1899 1899 I Netd : Initializing RouteController: 240.3ms
04-26 20:17:59.121 1899 1899 D MDnsDS : MDnsSdListener::Hander starting up
04-26 20:17:59.125 1899 1932 D MDnsDS : MDnsSdListener starting to monitor
04-26 20:17:59.125 1899 1932 D MDnsDS : Going to poll with pollCount 1
04-26 20:17:59.140 1902 1902 I Zygote : ...preloaded 4715 classes in 151ms.
04-26 20:17:59.140 1902 1902 I zygote64: VMRuntime.preloadDexCaches starting
04-26 20:17:59.142 1899 1899 I Netd : Registering NetdNativeService: 20.6ms
04-26 20:17:59.142 1899 1899 I Netd : Starting CommandListener: 0.1ms
04-26 20:17:59.143 1899 1899 I Netd : Registering NetdHwService: 1.2ms
04-26 20:17:59.143 1899 1899 I Netd : Netd started in 320ms
04-26 20:17:59.159 1898 1898 I mediaserver: ServiceManager: 0xe73b0800
04-26 20:17:59.159 1898 1898 W BatteryNotifier: batterystats service unavailable!
04-26 20:17:59.168 1902 1902 I zygote64: VMRuntime.preloadDexCaches strings total=313177 before=10352 after=10352
04-26 20:17:59.168 1902 1902 I zygote64: VMRuntime.preloadDexCaches types total=26677 before=5508 after=5510
04-26 20:17:59.168 1902 1902 I zygote64: VMRuntime.preloadDexCaches fields total=126901 before=5508 after=5538
04-26 20:17:59.168 1902 1902 I zygote64: VMRuntime.preloadDexCaches methods total=225445 before=9943 after=9943
04-26 20:17:59.168 1902 1902 I zygote64: VMRuntime.preloadDexCaches finished
04-26 20:17:59.168 1902 1902 D Zygote64Timing: PreloadClasses took to complete: 179ms
04-26 20:17:59.172 1939 1939 I idmap : type=1400 audit(0.0:322): avc: denied { getattr } for path="/vendor" dev="tmpfs" ino=5338 scontext=u:r:zygote:s0 tcontext=u:object_r:tmpfs:s0 tclass=lnk_file permissive=1
04-26 20:17:59.218 1902 1902 I Zygote : Preloading resources...
04-26 20:17:59.221 1902 1902 W Resources: Preloaded drawable resource #0x1080264 (android:drawable/dialog_background_material) that varies with configuration!!
04-26 20:17:59.229 1902 1902 I Zygote : ...preloaded 64 resources in 11ms.
04-26 20:17:59.230 1902 1902 W Resources: Preloaded color resource #0x1060053 (android:color/btn_default_material_dark) that varies with configuration!!
04-26 20:17:59.231 1902 1902 I Zygote : ...preloaded 41 resources in 2ms.
04-26 20:17:59.231 1902 1902 I Zygote : ...preloaded 2 resource in 1ms.
04-26 20:17:59.231 1902 1902 D Zygote64Timing: PreloadResources took to complete: 63ms
04-26 20:17:59.231 1902 1902 D vndksupport: Loading /vendor/lib64/hw/android.hardware.graphics.mapper@2.0-impl.so from current namespace instead of sphal namespace.
04-26 20:17:59.232 1902 1902 D vndksupport: Loading /vendor/lib64/egl/libEGL_swiftshader.so from current namespace instead of sphal namespace.
04-26 20:17:59.235 1902 1902 D libEGL : loaded /vendor/lib64/egl/libEGL_swiftshader.so
04-26 20:17:59.242 1902 1902 D vndksupport: Loading /vendor/lib64/egl/libGLESv1_CM_swiftshader.so from current namespace instead of sphal namespace.
04-26 20:17:59.242 1902 1902 D libEGL : loaded /vendor/lib64/egl/libGLESv1_CM_swiftshader.so
04-26 20:17:59.256 1902 1902 D vndksupport: Loading /vendor/lib64/egl/libGLESv2_swiftshader.so from current namespace instead of sphal namespace.
04-26 20:17:59.257 1902 1902 D libEGL : loaded /vendor/lib64/egl/libGLESv2_swiftshader.so
04-26 20:17:59.286 1902 1902 I Zygote : Preloading shared libraries...
04-26 20:17:59.291 1902 1902 I Zygote : Uninstalled ICU cache reference pinning...
04-26 20:17:59.292 1902 1902 I Zygote : Installed AndroidKeyStoreProvider in 0ms.
04-26 20:17:59.295 1902 1902 I Zygote : Warmed up JCA providers in 4ms.
04-26 20:17:59.295 1902 1902 D Zygote : end preload
04-26 20:17:59.295 1902 1902 D Zygote64Timing: ZygotePreload took to complete: 310ms
04-26 20:17:59.303 1902 1902 I zygote64: Explicit concurrent copying GC freed 29747(2MB) AllocSpace objects, 23(432KB) LOS objects, 50% free, 1534KB/2MB, paused 21us total 7.676ms
04-26 20:17:59.308 1902 1902 I main : type=1400 audit(0.0:323): avc: denied { mounton } for path="/" dev="tmpfs" ino=5224 scontext=u:r:zygote:s0 tcontext=u:object_r:tmpfs:s0 tclass=dir permissive=1
04-26 20:17:59.309 1902 1902 I zygote64: Explicit concurrent copying GC freed 5481(200KB) AllocSpace objects, 0(0B) LOS objects, 52% free, 1366KB/2MB, paused 11us total 4.792ms
04-26 20:17:59.309 1902 1902 D Zygote64Timing: PostZygoteInitGC took to complete: 14ms
04-26 20:17:59.309 1902 1902 D Zygote64Timing: ZygoteInit took to complete: 324ms
04-26 20:17:59.315 1902 1902 I : seccomp disabled by setenforce 0
04-26 20:17:59.334 1902 1902 I Zygote : System server process 1940 has been created
04-26 20:17:59.335 1902 1902 I Zygote : Accepting command socket connections
04-26 20:17:59.343 1940 1940 I chatty : uid=1000 system_server expire 128 lines
04-26 20:17:59.373 1940 1940 I chatty : uid=1000 system_server expire 248 lines
04-26 20:17:59.476 1940 1953 I chatty : uid=1000 system_server expire 2 lines
04-26 20:17:59.497 1940 1958 I chatty : uid=1000(system) batterystats-wo expire 2 lines
04-26 20:17:59.498 1940 1958 I chatty : uid=1000(system) batterystats-wo expire 1 line
04-26 20:17:59.546 1336 1336 W /system/bin/hwservicemanager: getTransport: Cannot find entry android.hardware.memtrack@1.0::IMemtrack/default in either framework or device manifest.
04-26 20:17:59.594 1940 1965 I chatty : uid=1000(system) powerbtnd expire 2 lines
04-26 20:17:59.621 1401 1401 I light@2.0-servi: type=1400 audit(0.0:331): avc: denied { read write } for name="brightness" dev="sysfs" ino=7538 scontext=u:r:hal_light_default:s0 tcontext=u:object_r:sysfs:s0 tclass=file permissive=1
04-26 20:17:59.621 1401 1401 I light@2.0-servi: type=1400 audit(0.0:332): avc: denied { open } for path="/sys/devices/pci0000:00/0000:00:02.1/0000:01:00.0/backlight/acpi_video0/brightness" dev="sysfs" ino=7538 scontext=u:r:hal_light_default:s0 tcontext=u:object_r:sysfs:s0 tclass=file permissive=1
04-26 20:17:59.621 1940 1962 I chatty : uid=1000(system) android.display expire 2 lines
04-26 20:17:59.622 1407 1407 D SurfaceFlinger: Set power mode=2, type=0 flinger=0x798a5586d000
04-26 20:17:59.622 1407 1407 D SurfaceFlinger: Screen type=0 is already mode=2
04-26 20:17:59.836 1940 1986 I chatty : uid=1000 system_server expire 5 lines
04-26 20:17:59.837 1415 1415 W installd: Ignoring /data/data/com.google.android.googlequicksearchbox/lib with unexpected GID 0 instead of 10034
04-26 20:17:59.838 1415 1415 W installd: Ignoring /data/data/com.google.android.webview/lib with unexpected GID 0 instead of 10069
04-26 20:17:59.841 1415 1415 W installd: Ignoring /data/data/com.android.chrome/lib with unexpected GID 0 instead of 10051
04-26 20:17:59.841 1415 1415 W installd: Ignoring /data/data/com.svox.pico/lib with unexpected GID 0 instead of 10067
04-26 20:17:59.841 1415 1415 W installd: Ignoring /data/data/jackpal.androidterm/lib with unexpected GID 0 instead of 10036
04-26 20:17:59.842 1415 1415 W installd: Ignoring /data/data/com.keramidas.TitaniumBackup/lib with unexpected GID 0 instead of 10072
04-26 20:17:59.842 1415 1415 W installd: Ignoring /data/data/com.spotify.music/lib with unexpected GID 0 instead of 10074
04-26 20:17:59.842 1415 1415 W installd: Ignoring /data/data/com.rami.puissance4/lib with unexpected GID 0 instead of 10077
04-26 20:17:59.842 1415 1415 W installd: Ignoring /data/data/org.mozilla.firefox/lib with unexpected GID 0 instead of 10083
04-26 20:17:59.843 1415 1415 W installd: Ignoring /data/data/com.king.candycrushsaga/lib with unexpected GID 0 instead of 10086
04-26 20:17:59.843 1415 1415 W installd: Ignoring /data/data/com.tws.aviwatch/lib with unexpected GID 0 instead of 10095
04-26 20:17:59.843 1415 1415 W installd: Ignoring /data/data/com.gmail.heagoo.apkeditor.pro/lib with unexpected GID 0 instead of 10091
04-26 20:17:59.966 1940 1940 I chatty : uid=1000 system_server expire 193 lines
04-26 20:17:59.991 1415 1775 W cutils : Expected path /data/data/com.oasisfeng.greenify with mode 700 but found 751
04-26 20:18:00.010 1415 1433 W cutils : Expected path /data/data/com.keramidas.TitaniumBackup with mode 751 but found 755
04-26 20:18:00.058 1406 1406 I lowmemorykiller: ActivityManager connected
04-26 20:18:00.064 1415 1670 W cutils : Expected path /data/data/com.google.android.gms with mode 700 but found 711
04-26 20:18:00.065 1415 1670 W cutils : Expected path /data/user_de/0/com.google.android.gms with mode 700 but found 711
04-26 20:18:00.065 1415 1670 W cutils : Expected path /data/data/com.google.android.gms with mode 700 but found 711
04-26 20:18:00.065 1415 1670 W cutils : Expected path /data/user_de/0/com.google.android.gms with mode 700 but found 711
04-26 20:18:00.069 1940 1995 I chatty : uid=1000 system_server expire 6 lines
04-26 20:18:00.069 1940 1996 I chatty : uid=1000 system_server expire 3 lines
04-26 20:18:00.069 1940 1996 I chatty : uid=1000 system_server expire 9 lines
04-26 20:18:00.072 1940 1952 I chatty : uid=1000(system) Binder:1940_2 expire 1 line
04-26 20:18:00.076 1940 1953 I chatty : uid=1000 system_server expire 8 lines
04-26 20:18:00.086 1940 1953 I chatty : uid=1000 system_server expire 2 lines
04-26 20:18:00.092 1997 1997 I idmap : type=1400 audit(0.0:334): avc: denied { getattr } for path="/vendor" dev="tmpfs" ino=5338 scontext=u:r:idmap:s0 tcontext=u:object_r:tmpfs:s0 tclass=lnk_file permissive=1
04-26 20:18:00.092 1997 1997 I idmap : type=1400 audit(0.0:335): avc: denied { read } for name="vendor" dev="tmpfs" ino=5338 scontext=u:r:idmap:s0 tcontext=u:object_r:tmpfs:s0 tclass=lnk_file permissive=1
04-26 20:18:00.169 1940 2002 I chatty : uid=1000(system) SensorService expire 1 line
04-26 20:18:00.169 1940 2001 I chatty : uid=1000(system) SensorEventAckR expire 1 line
04-26 20:18:00.204 1336 1336 W /system/bin/hwservicemanager: getTransport: Cannot find entry android.hardware.vibrator@1.0::IVibrator/default in either framework or device manifest.
04-26 20:18:00.205 1336 1336 W /system/bin/hwservicemanager: getTransport: Cannot find entry android.hardware.vibrator@1.0::IVibrator/default in either framework or device manifest.
04-26 20:18:00.205 1336 1336 W /system/bin/hwservicemanager: getTransport: Cannot find entry android.hardware.vibrator@1.0::IVibrator/default in either framework or device manifest.
04-26 20:18:00.207 1336 1336 W /system/bin/hwservicemanager: getTransport: Cannot find entry android.hardware.ir@1.0::IConsumerIr/default in either framework or device manifest.
04-26 20:18:00.306 1940 1962 I chatty : uid=1000(system) android.display expire 1 line
04-26 20:18:00.420 1336 1336 W /system/bin/hwservicemanager: getTransport: Cannot find entry android.hardware.vr@1.0::IVr/default in either framework or device manifest.
04-26 20:18:00.433 1940 2007 I chatty : uid=1000(system) InputReader expire 73 lines
04-26 20:18:00.551 1940 2008 I chatty : uid=1000(system) StorageManagerS expire 38 lines
04-26 20:18:00.575 1940 1954 I chatty : uid=1000(system) android.bg expire 1 line
04-26 20:18:00.596 1336 1336 W /system/bin/hwservicemanager: getTransport: Cannot find entry android.hardware.oemlock@1.0::IOemLock/default in either framework or device manifest.
04-26 20:18:00.601 1940 2010 I chatty : uid=1000(system) CryptdConnector expire 1 line
04-26 20:18:00.620 1940 2009 I chatty : uid=1000(system) VoldConnector expire 2 lines
04-26 20:18:00.620 1940 2008 I chatty : uid=1000(system) StorageManagerS expire 3 lines
04-26 20:18:00.747 1940 2008 I chatty : uid=1000(system) StorageManagerS expire 88 lines
04-26 20:18:00.750 1940 1940 I chatty : uid=1000 system_server expire 160 lines
04-26 20:18:00.790 1940 2011 I chatty : uid=1000(system) NetdConnector expire 1 line
04-26 20:18:01.002 1940 2006 I chatty : uid=1000(system) InputDispatcher expire 2 lines
04-26 20:18:01.335 1940 2016 I chatty : uid=1000(system) WifiStateMachin expire 10 lines
04-26 20:18:01.336 1899 1936 D CommandListener: Clearing all IP addresses on wlan0
04-26 20:18:01.372 1940 1950 I chatty : uid=1000(system) HeapTaskDaemon expire 2 lines
04-26 20:18:01.558 1896 1896 D PermissionCache: checking android.permission.MODIFY_AUDIO_SETTINGS for uid=1000 => granted (227 us)
04-26 20:18:01.559 1901 1923 W DeviceHAL: Device 0xf1e74000 set_mic_mute: Function not implemented
04-26 20:18:01.630 1940 2005 I chatty : uid=1000(system) HwBinder:1940_2 expire 1 line
04-26 20:18:01.630 1940 2005 I chatty : uid=1000(system) HwBinder:1940_2 expire 5 lines
04-26 20:18:01.633 1403 1403 I android.hardware.usb@1.0-service: registering callback
04-26 20:18:01.633 1403 2032 E android.hardware.usb@1.0-service: creating thread
04-26 20:18:01.633 1403 1403 E android.hardware.usb@1.0-service: Failed to open /sys/class/dual_role_usb
04-26 20:18:01.634 1336 1336 W /system/bin/hwservicemanager: getTransport: Cannot find entry android.hardware.thermal@1.0::IThermal/default in either framework or device manifest.
04-26 20:18:01.673 1940 1996 I chatty : uid=1000 system_server expire 2 lines
04-26 20:18:01.674 1336 1336 W /system/bin/hwservicemanager: getTransport: Cannot find entry android.hardware.contexthub@1.0::IContexthub/default in either framework or device manifest.
04-26 20:18:01.688 1940 1940 I chatty : uid=1000 system_server expire 139 lines
04-26 20:18:01.818 1336 1336 W /system/bin/hwservicemanager: getTransport: Cannot find entry android.hardware.weaver@1.0::IWeaver/default in either framework or device manifest.
04-26 20:18:01.894 1336 1336 W /system/bin/hwservicemanager: getTransport: Cannot find entry android.hardware.wifi@1.0::IWifi/default in either framework or device manifest.
04-26 20:18:01.894 1336 1336 W /system/bin/hwservicemanager: getTransport: Cannot find entry android.hardware.wifi@1.0::IWifi/default in either framework or device manifest.
04-26 20:18:01.900 1940 2021 I chatty : uid=1000(system) ConnectivitySer expire 1 line
04-26 20:18:01.901 1899 1899 I Binder:1899_2: type=1400 audit(0.0:336): avc: denied { read } for name="lib" dev="tmpfs" ino=5356 scontext=u:r:netd:s0 tcontext=u:object_r:tmpfs:s0 tclass=lnk_file permissive=1
04-26 20:18:01.902 1940 2037 I chatty : uid=1000(system) EthernetService expire 7 lines
04-26 20:18:01.903 1899 1936 D CommandListener: Setting iface cfg
04-26 20:18:01.903 1899 1936 D CommandListener: Trying to bring up eth0
04-26 20:18:01.904 1896 1896 D PermissionCache: checking android.permission.CAPTURE_AUDIO_HOTWORD for uid=1000 => granted (35 us)
04-26 20:18:01.915 1940 1964 I chatty : uid=1000(system) PowerManagerSer expire 1 line
04-26 20:18:01.966 1899 1936 D CommandListener: Clearing all IP addresses on eth0
04-26 20:18:01.973 1940 2040 I chatty : uid=1000 system_server expire 1 line
04-26 20:18:01.974 1940 1962 I chatty : uid=1000(system) android.display expire 2 lines
04-26 20:18:01.982 1940 2045 I chatty : uid=1000 system_server expire 2 lines
04-26 20:18:01.983 1940 2043 I chatty : uid=1000 system_server expire 1 line
04-26 20:18:02.098 1940 1961 I chatty : uid=1000(system) android.io expire 5 lines
04-26 20:18:02.125 2046 2046 I main : type=1400 audit(0.0:338): avc: denied { mounton } for path="/storage" dev="tmpfs" ino=5333 scontext=u:r:zygote:s0 tcontext=u:object_r:tmpfs:s0 tclass=dir permissive=1
04-26 20:18:02.125 2046 2046 I main : type=1400 audit(0.0:339): avc: denied { create } for name="cgroup.procs" scontext=u:r:zygote:s0 tcontext=u:object_r:cgroup:s0 tclass=file permissive=1
04-26 20:18:02.127 2046 2046 E SELinux : seapp_context_lookup: No match for app with uid 1002, seinfo default, name com.android.bluetooth
04-26 20:18:02.149 2046 2046 W zygote64: Unexpected CPU variant for X86 using defaults: x86_64
04-26 20:18:02.161 2046 2046 I droid.bluetoot: type=1400 audit(0.0:340): avc: denied { execute } for path="/dev/ashmem" dev="tmpfs" ino=6303 scontext=u:r:zygote:s0 tcontext=u:object_r:ashmem_device:s0 tclass=chr_file permissive=1
04-26 20:18:02.161 2046 2046 I droid.bluetoot: type=1400 audit(0.0:341): avc: denied { execute } for path=2F6465762F6173686D656D2F64616C76696B2D6A69742D636F64652D6361636865202864656C6574656429 dev="tmpfs" ino=18463 scontext=u:r:zygote:s0 tcontext=u:object_r:zygote_tmpfs:s0 tclass=file permissive=1
04-26 20:18:02.161 2046 2046 I JDWP : type=1400 audit(0.0:342): avc: denied { connectto } for path=006A6477702D636F6E74726F6C scontext=u:r:zygote:s0 tcontext=u:r:adbd:s0 tclass=unix_stream_socket permissive=1
04-26 20:18:02.164 2046 2046 I re-initialized>: type=1400 audit(0.0:343): avc: denied { call } for scontext=u:r:zygote:s0 tcontext=u:r:servicemanager:s0 tclass=binder permissive=1
04-26 20:18:02.171 2046 2046 I re-initialized>: type=1400 audit(0.0:348): avc: denied { call } for scontext=u:r:zygote:s0 tcontext=u:r:system_server:s0 tclass=binder permissive=1
04-26 20:18:02.171 2046 2046 I re-initialized>: type=1400 audit(0.0:349): avc: denied { transfer } for scontext=u:r:zygote:s0 tcontext=u:r:system_server:s0 tclass=binder permissive=1
04-26 20:18:02.172 1406 1406 I lmkd : type=1400 audit(0.0:352): avc: denied { search } for name="2046" dev="proc" ino=17936 scontext=u:r:lmkd:s0 tcontext=u:r:zygote:s0 tclass=dir permissive=1
04-26 20:18:02.172 1406 1406 I lmkd : type=1400 audit(0.0:353): avc: denied { write } for name="oom_score_adj" dev="proc" ino=18477 scontext=u:r:lmkd:s0 tcontext=u:r:zygote:s0 tclass=file permissive=1
04-26 20:18:02.172 1406 1406 I lmkd : type=1400 audit(0.0:354): avc: denied { open } for path="/proc/2046/oom_score_adj" dev="proc" ino=18477 scontext=u:r:lmkd:s0 tcontext=u:r:zygote:s0 tclass=file permissive=1
04-26 20:18:02.192 2046 2046 I zygote64: The ClassLoaderContext is a special shared library.
04-26 20:18:02.235 2046 2046 I zygote64: The ClassLoaderContext is a special shared library.
04-26 20:18:02.236 2061 2061 W zygote64: Unexpected CPU variant for X86 using defaults: x86_64
04-26 20:18:02.239 2046 2046 I droid.bluetooth: type=1400 audit(0.0:355): avc: denied { getattr } for path="/mnt/expand" dev="tmpfs" ino=7468 scontext=u:r:zygote:s0 tcontext=u:object_r:mnt_expand_file:s0 tclass=dir permissive=1
04-26 20:18:02.240 2046 2046 I droid.bluetooth: type=1400 audit(0.0:356): avc: denied { getattr } for path="/data/misc/profiles/cur/0/com.android.bluetooth/primary.prof" dev="sdb2" ino=567046 scontext=u:r:zygote:s0 tcontext=u:object_r:user_profile_data_file:s0 tclass=file permissive=1
04-26 20:18:02.243 1940 2008 I chatty : uid=1000(system) StorageManagerS expire 10 lines
04-26 20:18:02.243 1383 1387 D vold : e4crypt_unlock_user_key 0 serial=0 token_present=0
04-26 20:18:02.244 2076 2076 I sh : type=1400 audit(0.0:357): avc: denied { getattr } for path="/vendor" dev="tmpfs" ino=5338 scontext=u:r:vold:s0 tcontext=u:object_r:tmpfs:s0 tclass=lnk_file permissive=1
04-26 20:18:02.244 1940 2010 I chatty : uid=1000(system) CryptdConnector expire 1 line
04-26 20:18:02.244 1940 2009 I chatty : uid=1000(system) VoldConnector expire 47 lines
04-26 20:18:02.245 2076 2076 I sh : type=1400 audit(0.0:358): avc: denied { read } for name="vendor" dev="tmpfs" ino=5338 scontext=u:r:vold:s0 tcontext=u:object_r:tmpfs:s0 tclass=lnk_file permissive=1
04-26 20:18:02.245 1383 1386 V vold : /system/bin/sgdisk
04-26 20:18:02.245 1383 1386 V vold : --android-dump
04-26 20:18:02.245 1383 1386 V vold : /dev/block/vold/disk:8,16
04-26 20:18:02.246 1940 1960 I chatty : uid=1000(system) android.fg expire 6 lines
04-26 20:18:02.249 2076 2076 I sgdisk : type=1400 audit(0.0:359): avc: denied { getattr } for path="/vendor" dev="tmpfs" ino=5338 scontext=u:r:sgdisk:s0 tcontext=u:object_r:tmpfs:s0 tclass=lnk_file permissive=1
04-26 20:18:02.249 2076 2076 I sgdisk : type=1400 audit(0.0:360): avc: denied { read } for name="vendor" dev="tmpfs" ino=5338 scontext=u:r:sgdisk:s0 tcontext=u:object_r:tmpfs:s0 tclass=lnk_file permissive=1
04-26 20:18:02.253 1940 1955 I chatty : uid=1000(system) ActivityManager expire 1 line
04-26 20:18:02.254 2077 2077 W zygote64: Unexpected CPU variant for X86 using defaults: x86_64
04-26 20:18:02.257 1940 2029 I chatty : uid=1000(system) AudioService expire 1 line
04-26 20:18:02.257 1403 1403 E android.hardware.usb@1.0-service: Failed to open /sys/class/dual_role_usb
