04-26 20:17:38.244 1514 1548 I PackageParser: Parse times for '/system/priv-app/Velvet': parse=559ms, update_cache=6 ms
04-26 20:17:38.311 1514 1552 W PackageParser: No actions in intent filter at /system/app/AndroidTerm/AndroidTerm.apk Binary XML file line #149
04-26 20:17:38.331 1514 1555 W PackageParser: Ignoring duplicate uses-permissions/uses-permissions-sdk-m: android.permission.READ_CONTACTS in package: com.android.bluetooth at: Binary XML file line #61
04-26 20:17:38.336 1514 1555 W PackageParser: No actions in intent filter at /system/app/Bluetooth/Bluetooth.apk Binary XML file line #225
04-26 20:17:38.406 1514 1552 W PackageParser: No actions in intent filter at /system/app/CarrierDefaultApp/CarrierDefaultApp.apk Binary XML file line #50
04-26 20:17:38.419 1514 1553 I PackageParser: Parse times for '/system/app/Calendar': parse=101ms, update_cache=2 ms
04-26 20:17:38.503 1514 1555 I PackageParser: Parse times for '/system/app/CertInstaller': parse=117ms, update_cache=0 ms
04-26 20:17:38.509 1514 1554 I PackageParser: Parse times for '/system/app/Camera2': parse=191ms, update_cache=1 ms
04-26 20:17:38.667 1514 1552 I PackageParser: Parse times for '/system/app/Chrome': parse=252ms, update_cache=7 ms
04-26 20:17:38.743 1514 1555 I PackageParser: Parse times for '/system/app/DeskClock': parse=238ms, update_cache=1 ms
04-26 20:17:38.845 1514 1554 I PackageParser: Parse times for '/system/app/GoogleCalendarSyncAdapter': parse=155ms, update_cache=0 ms
04-26 20:17:38.846 1514 1553 I PackageParser: Parse times for '/system/app/Gallery2': parse=233ms, update_cache=2 ms
04-26 20:17:38.848 1514 1555 I PackageParser: Parse times for '/system/app/GoogleContactsSyncAdapter': parse=104ms, update_cache=1 ms
04-26 20:17:39.015 1514 1554 I PackageParser: Parse times for '/system/app/LiveWallpapersPicker': parse=118ms, update_cache=1 ms
04-26 20:17:39.072 1514 1552 W PackageParser: No actions in intent filter at /system/app/Gmail2/Gmail2.apk Binary XML file line #281
04-26 20:17:39.084 1514 1552 I PackageParser: Parse times for '/system/app/Gmail2': parse=412ms, update_cache=6 ms
04-26 20:17:39.084 1514 1514 W PackageManager: Failed to scan /system/app/Gmail2: Package com.google.android.gm at /system/app/Gmail2 ignored: updated version 61339644 better than this 59252024
04-26 20:17:39.176 1514 1555 I PackageParser: Parse times for '/system/app/LatinIME': parse=280ms, update_cache=1 ms
04-26 20:17:39.199 1514 1554 I PackageParser: Parse times for '/system/app/WebViewGoogle': parse=102ms, update_cache=1 ms
04-26 20:17:39.278 1514 1514 I system_server: type=1400 audit(0.0:217): avc: denied { getattr } for path="/vendor" dev="tmpfs" ino=5338 scontext=u:r:system_server:s0 tcontext=u:object_r:tmpfs:s0 tclass=lnk_file permissive=1
04-26 20:17:39.278 1514 1552 I PackageParser: Parse times for '/system/app/YouTube': parse=120ms, update_cache=7 ms
04-26 20:17:39.279 1514 1514 D PackageManager: No files in app dir /system/vendor/app
04-26 20:17:39.280 1514 1514 D PackageManager: No files in app dir /oem/app
04-26 20:17:39.354 1514 1514 I PackageManager: Finished scanning system apps. Time: 3339 ms, packageCount: 91 , timePerPackage: 36 , cached: 0
04-26 20:17:39.423 1514 1558 W PackageParser: Ignoring duplicate uses-permissions/uses-permissions-sdk-m: android.permission.INTERNET in package: com.tws.aviwatch at: Binary XML file line #19
04-26 20:17:39.423 1514 1558 W PackageParser: Ignoring duplicate uses-permissions/uses-permissions-sdk-m: android.permission.ACCESS_WIFI_STATE in package: com.tws.aviwatch at: Binary XML file line #20
04-26 20:17:39.423 1514 1558 W PackageParser: Ignoring duplicate uses-permissions/uses-permissions-sdk-m: android.permission.ACCESS_NETWORK_STATE in package: com.tws.aviwatch at: Binary XML file line #21
04-26 20:17:39.424 1514 1558 W PackageParser: Ignoring duplicate uses-permissions/uses-permissions-sdk-m: disabled_android.permission.READ_PHONE_STATE in package: com.tws.aviwatch at: Binary XML file line #25
04-26 20:17:39.424 1514 1558 W PackageParser: Ignoring duplicate uses-permissions/uses-permissions-sdk-m: android.permission.ACCESS_WIFI_STATE in package: com.tws.aviwatch at: Binary XML file line #26
04-26 20:17:39.424 1514 1558 W PackageParser: Ignoring duplicate uses-permissions/uses-permissions-sdk-m: android.permission.ACCESS_NETWORK_STATE in package: com.tws.aviwatch at: Binary XML file line #27
04-26 20:17:39.424 1514 1558 W PackageParser: Ignoring duplicate uses-permissions/uses-permissions-sdk-m: disabled_android.permission.GET_TASKS in package: com.tws.aviwatch at: Binary XML file line #35
04-26 20:17:39.424 1514 1558 W PackageParser: Ignoring duplicate uses-permissions/uses-permissions-sdk-m: disabled_android.permission.BLUETOOTH in package: com.tws.aviwatch at: Binary XML file line #37
04-26 20:17:39.671 1514 1557 I PackageParser: Parse times for '/data/app/com.keramidas.TitaniumBackup-WVkEEkM2vAb3AerXzDAmtg==': parse=315ms, update_cache=2 ms
04-26 20:17:39.675 1514 1559 W PackageParser: No actions in intent filter at /data/app/eu.thedarken.sdm-KDRELdOEScd_8SKKsCGhqw==/base.apk Binary XML file line #36
04-26 20:17:39.680 1514 1559 I PackageParser: Parse times for '/data/app/eu.thedarken.sdm-KDRELdOEScd_8SKKsCGhqw==': parse=324ms, update_cache=2 ms
04-26 20:17:39.774 1514 1556 W PackageParser: No actions in intent filter at /data/app/com.google.android.gm-GnlXxDBaJp9XHCEql9CzSQ==/base.apk Binary XML file line #673
04-26 20:17:39.774 1514 1556 W PackageParser: No actions in intent filter at /data/app/com.google.android.gm-GnlXxDBaJp9XHCEql9CzSQ==/base.apk Binary XML file line #738
04-26 20:17:39.785 1514 1558 I PackageParser: Parse times for '/data/app/org.crape.rotationcontrol-vs1LcqR62NeLMi49W_4B6A==': parse=358ms, update_cache=0 ms
04-26 20:17:39.790 1514 1556 I PackageParser: Parse times for '/data/app/com.google.android.gm-GnlXxDBaJp9XHCEql9CzSQ==': parse=430ms, update_cache=5 ms
04-26 20:17:39.846 1514 1557 I PackageParser: Parse times for '/data/app/com.rami.puissance4-kcETpxDfBuPDjo6ZgRwErQ==': parse=174ms, update_cache=1 ms
04-26 20:17:39.873 1514 1556 W PackageParser: Ignoring duplicate uses-permissions/uses-permissions-sdk-m: android.permission.FOREGROUND_SERVICE in package: com.oasisfeng.greenify at: Binary XML file line #45
04-26 20:17:39.925 1514 1558 I PackageParser: Parse times for '/data/app/com.buak.Link2SD-fXMmhek-umgHbQF9EPAYwA==': parse=139ms, update_cache=2 ms
04-26 20:17:39.929 1514 1559 I PackageParser: Parse times for '/data/app/org.schabi.newpipe-aFEU4JiC4DDzyFG0AvbJsg==': parse=166ms, update_cache=1 ms
04-26 20:17:39.935 1514 1556 I PackageParser: Parse times for '/data/app/com.oasisfeng.greenify-OMncnPe3c3lZ4iO5MeTXhg==': parse=142ms, update_cache=2 ms
04-26 20:17:40.002 1514 1557 W PackageParser: Ignoring duplicate uses-permissions/uses-permissions-sdk-m: android.permission.ACCESS_NETWORK_STATE in package: org.mozilla.firefox at: Binary XML file line #22
04-26 20:17:40.033 1514 1556 W PackageParser: Unknown element under : supports-gl-texture at /data/app/com.king.candycrushsaga-VetuuvUGR0KJOWmx_NvBqw==/base.apk Binary XML file line #35
04-26 20:17:40.035 1514 1557 I PackageParser: Parse times for '/data/app/org.mozilla.firefox-_qcR_tCbxB9FRcLYHQKOtA==': parse=185ms, update_cache=3 ms
04-26 20:17:40.060 1514 1556 I PackageParser: Parse times for '/data/app/com.king.candycrushsaga-VetuuvUGR0KJOWmx_NvBqw==': parse=124ms, update_cache=1 ms
04-26 20:17:40.159 1514 1557 I PackageParser: Parse times for '/data/app/rikka.appops-IsIzrTVvEHT2Mb48MxR8wQ==': parse=123ms, update_cache=1 ms
04-26 20:17:40.228 1514 1559 W PackageParser: No actions in intent filter at /data/app/com.google.android.apps.docs-2Ogw3KOMso5b3XCqP8SkqQ==/base.apk Binary XML file line #1746
04-26 20:17:40.232 1514 1559 I PackageParser: Parse times for '/data/app/com.google.android.apps.docs-2Ogw3KOMso5b3XCqP8SkqQ==': parse=299ms, update_cache=3 ms
04-26 20:17:40.262 1514 1556 I PackageParser: Parse times for '/data/app/com.applisto.appcloner-V2XkeVas993a99qbJEfIjw==': parse=200ms, update_cache=2 ms
04-26 20:17:40.312 1514 1557 W PackageParser: Ignoring duplicate uses-permissions/uses-permissions-sdk-m: android.permission.INTERNET in package: com.spring.bird.anycut at: Binary XML file line #33
04-26 20:17:40.312 1514 1557 W PackageParser: Ignoring duplicate uses-permissions/uses-permissions-sdk-m: android.permission.READ_PHONE_STATE in package: com.spring.bird.anycut at: Binary XML file line #34
04-26 20:17:40.312 1514 1557 W PackageParser: Ignoring duplicate uses-permissions/uses-permissions-sdk-m: android.permission.WRITE_EXTERNAL_STORAGE in package: com.spring.bird.anycut at: Binary XML file line #36
04-26 20:17:40.317 1514 1557 I PackageParser: Parse times for '/data/app/com.spring.bird.anycut-nyZ_V4VuqatBiQ1_KA30zQ==': parse=157ms, update_cache=1 ms
04-26 20:17:40.318 1514 1558 I PackageParser: Parse times for '/data/app/com.advancedprocessmanager-ojndK3qSDUAVffQIQ18izA==': parse=152ms, update_cache=3 ms
04-26 20:17:40.454 1514 1557 W PackageParser: Ignoring duplicate uses-permissions/uses-permissions-sdk-m: android.permission.ACCESS_NETWORK_STATE in package: com.spotify.music at: Binary XML file line #71
04-26 20:17:40.509 1514 1559 I PackageParser: Parse times for '/data/app/com.whatsapp-YVyhOSefGPDGOrRhtIfY5Q==': parse=232ms, update_cache=7 ms
04-26 20:17:40.512 1514 1557 I PackageParser: Parse times for '/data/app/com.spotify.music-NkIvFj96ypAUs8FfwshYlw==': parse=189ms, update_cache=6 ms
04-26 20:17:40.622 1514 1556 I PackageParser: Parse times for '/data/app/com.google.android.gms-Q0_lbwHlKemdMRgs_DUNvw==': parse=337ms, update_cache=22 ms
04-26 20:17:40.743 1514 1514 D PackageManager: No files in app dir /data/app-private
04-26 20:17:40.743 1514 1514 I PackageManager: Finished scanning non-system apps. Time: 1390 ms, packageCount: 26 , timePerPackage: 53 , cached: 0
04-26 20:17:40.756 1514 1514 I PackageManager: Time to scan packages: 4.742 seconds
04-26 20:17:40.757 1514 1514 I PackageManager: Un-granting permission android.permission.INSTALL_GRANT_RUNTIME_PERMISSIONS from package com.android.vending (protectionLevel=770 flags=0x384abe45)
04-26 20:17:40.757 1514 1514 I PackageManager: Un-granting permission android.permission.GRANT_RUNTIME_PERMISSIONS from package com.android.vending (protectionLevel=770 flags=0x384abe45)
04-26 20:17:40.757 1514 1514 I PackageManager: Un-granting permission android.permission.REVOKE_RUNTIME_PERMISSIONS from package com.android.vending (protectionLevel=770 flags=0x384abe45)
04-26 20:17:40.757 1514 1514 I PackageManager: Un-granting permission android.permission.SET_PREFERRED_APPLICATIONS from package com.android.vending (protectionLevel=514 flags=0x384abe45)
04-26 20:17:40.757 1514 1514 I PackageManager: Un-granting permission android.permission.ACCESS_INSTANT_APPS from package com.android.vending (protectionLevel=770 flags=0x384abe45)
04-26 20:17:40.757 1514 1514 I PackageManager: Un-granting permission android.permission.CLEAR_APP_USER_DATA from package com.google.android.packageinstaller (protectionLevel=258 flags=0x38483e45)
04-26 20:17:40.757 1514 1514 I PackageManager: Un-granting permission android.permission.GRANT_RUNTIME_PERMISSIONS from package com.google.android.packageinstaller (protectionLevel=770 flags=0x38483e45)
04-26 20:17:40.757 1514 1514 I PackageManager: Un-granting permission android.permission.REVOKE_RUNTIME_PERMISSIONS from package com.google.android.packageinstaller (protectionLevel=770 flags=0x38483e45)
04-26 20:17:40.757 1514 1514 I PackageManager: Un-granting permission android.permission.INSTALL_GRANT_RUNTIME_PERMISSIONS from package com.google.android.packageinstaller (protectionLevel=770 flags=0x38483e45)
04-26 20:17:40.757 1514 1514 I PackageManager: Un-granting permission android.permission.INTERACT_ACROSS_USERS_FULL from package com.google.android.packageinstaller (protectionLevel=258 flags=0x38483e45)
04-26 20:17:40.757 1514 1514 I PackageManager: Un-granting permission android.permission.KILL_UID from package com.google.android.packageinstaller (protectionLevel=258 flags=0x38483e45)
04-26 20:17:40.757 1514 1514 I PackageManager: Un-granting permission android.permission.MANAGE_APP_OPS_RESTRICTIONS from package com.google.android.packageinstaller (protectionLevel=258 flags=0x38483e45)
04-26 20:17:40.757 1514 1514 I PackageManager: Un-granting permission android.permission.HIDE_NON_SYSTEM_OVERLAY_WINDOWS from package com.google.android.packageinstaller (protectionLevel=258 flags=0x38483e45)
04-26 20:17:40.757 1514 1514 I PackageManager: Un-granting permission android.permission.ACCESS_INSTANT_APPS from package com.google.android.packageinstaller (protectionLevel=770 flags=0x38483e45)
04-26 20:17:40.758 1514 1514 V PackageManager: reconcileAppsData for null u0 0x3 migrateAppData=true
04-26 20:17:40.766 1415 1433 I chatty : uid=0(root) Binder:1415_1 expire 2 lines
04-26 20:17:40.938 1514 1514 V PackageManager: reconcileAppsData finished 17 packages
04-26 20:17:40.947 1514 1561 D SystemServerInitThreadPool: Started executing prepareAppData
04-26 20:17:41.019 1415 1415 I chatty : uid=0(root) Binder:1415_2 expire 26 lines
04-26 20:17:41.108 1514 1514 W PackageSettings: Couldn't write 10077 to /config/sdcardfs/com.rami.puissance4/appid
04-26 20:17:41.108 1514 1514 W PackageSettings: Couldn't write 10007 to /config/sdcardfs/com.android.cts.priv.ctsshim/appid
04-26 20:17:41.108 1514 1514 W PackageSettings: Couldn't write 10070 to /config/sdcardfs/com.google.android.youtube/appid
04-26 20:17:41.108 1514 1514 W PackageSettings: Couldn't write 10017 to /config/sdcardfs/com.google.android.ext.services/appid
04-26 20:17:41.108 1514 1514 W PackageSettings: Couldn't write 10064 to /config/sdcardfs/com.example.android.rssreader/appid
04-26 20:17:41.108 1514 1514 W PackageSettings: Couldn't write 10082 to /config/sdcardfs/com.oasisfeng.greenify/appid
04-26 20:17:41.108 1514 1514 W PackageSettings: Couldn't write 1001 to /config/sdcardfs/com.android.providers.telephony/appid
04-26 20:17:41.109 1514 1514 W PackageSettings: Couldn't write 10001 to /config/sdcardfs/org.android_x86.analytics/appid
04-26 20:17:41.109 1514 1514 W PackageSettings: Couldn't write 10034 to /config/sdcardfs/com.google.android.googlequicksearchbox/appid
04-26 20:17:41.109 1514 1514 W PackageSettings: Couldn't write 10002 to /config/sdcardfs/com.android.providers.calendar/appid
04-26 20:17:41.109 1514 1514 W PackageSettings: Couldn't write 10009 to /config/sdcardfs/com.android.providers.media/appid
04-26 20:17:41.109 1514 1514 W PackageSettings: Couldn't write 10020 to /config/sdcardfs/com.google.android.onetimeinitializer/appid
04-26 20:17:41.109 1514 1514 W PackageSettings: Couldn't write 10054 to /config/sdcardfs/com.google.android.ext.shared/appid
04-26 20:17:41.109 1514 1514 W PackageSettings: Couldn't write 10033 to /config/sdcardfs/com.android.wallpapercropper/appid
04-26 20:17:41.109 1514 1514 W PackageSettings: Couldn't write 10090 to /config/sdcardfs/com.applisto.appcloner/appid
04-26 20:17:41.109 1514 1514 W PackageSettings: Couldn't write 10076 to /config/sdcardfs/org.crape.rotationcontrol/appid
04-26 20:17:41.110 1514 1514 W PackageSettings: Couldn't write 10071 to /config/sdcardfs/com.speedsoftware.rootexplorer/appid
04-26 20:17:41.110 1514 1514 W PackageSettings: Couldn't write 1000 to /config/sdcardfs/org.zeroxlab.util.tscal/appid
04-26 20:17:41.110 1514 1514 W PackageSettings: Couldn't write 10011 to /config/sdcardfs/com.android.documentsui/appid
04-26 20:17:41.110 1514 1514 W PackageSettings: Couldn't write 10012 to /config/sdcardfs/com.android.externalstorage/appid
04-26 20:17:41.110 1514 1514 W PackageSettings: Couldn't write 10058 to /config/sdcardfs/com.android.htmlviewer/appid
04-26 20:17:41.110 1514 1514 W PackageSettings: Couldn't write 10073 to /config/sdcardfs/com.whatsapp/appid
04-26 20:17:41.111 1514 1514 W PackageSettings: Couldn't write 10045 to /config/sdcardfs/com.android.companiondevicemanager/appid
04-26 20:17:41.111 1514 1514 W PackageSettings: Couldn't write 1001 to /config/sdcardfs/com.android.mms.service/appid
04-26 20:17:41.111 1514 1514 W PackageSettings: Couldn't write 10079 to /config/sdcardfs/com.bionicapps.newsreader/appid
04-26 20:17:41.111 1514 1514 W PackageSettings: Couldn't write 10009 to /config/sdcardfs/com.android.providers.downloads/appid
04-26 20:17:41.111 1514 1514 W PackageSettings: Couldn't write 10072 to /config/sdcardfs/com.keramidas.TitaniumBackup/appid
04-26 20:17:41.111 1514 1514 W PackageSettings: Couldn't write 10080 to /config/sdcardfs/org.schabi.newpipe/appid
04-26 20:17:41.111 1514 1514 W PackageSettings: Couldn't write 10006 to /config/sdcardfs/com.android.defcontainer/appid
04-26 20:17:41.111 1514 1514 W PackageSettings: Couldn't write 10094 to /config/sdcardfs/com.tpcstld.twozerogame/appid
04-26 20:17:41.112 1514 1514 W PackageSettings: Couldn't write 10009 to /config/sdcardfs/com.android.providers.downloads.ui/appid
04-26 20:17:41.112 1514 1514 W PackageSettings: Couldn't write 10025 to /config/sdcardfs/com.android.vending/appid
04-26 20:17:41.112 1514 1514 W PackageSettings: Couldn't write 10063 to /config/sdcardfs/com.android.pacprocessor/appid
04-26 20:17:41.112 1514 1514 W PackageSettings: Couldn't write 10095 to /config/sdcardfs/com.tws.aviwatch/appid
04-26 20:17:41.112 1514 1514 W PackageSettings: Couldn't write 10046 to /config/sdcardfs/com.android.certinstaller/appid
04-26 20:17:41.112 1514 1514 W PackageSettings: Couldn't write 10004 to /config/sdcardfs/com.android.carrierconfig/appid
04-26 20:17:41.112 1514 1514 W PackageSettings: Couldn't write 10093 to /config/sdcardfs/com.advancedprocessmanager/appid
04-26 20:17:41.112 1514 1514 W PackageSettings: Couldn't write 1000 to /config/sdcardfs/android/appid
04-26 20:17:41.112 1514 1514 W PackageSettings: Couldn't write 10010 to /config/sdcardfs/com.android.contacts/appid
04-26 20:17:41.112 1514 1514 W PackageSettings: Couldn't write 10044 to /config/sdcardfs/com.android.camera2/appid
04-26 20:17:41.112 1514 1514 W PackageSettings: Couldn't write 10078 to /config/sdcardfs/com.eolwral.osmonitor/appid
04-26 20:17:41.112 1514 1514 W PackageSettings: Couldn't write 10049 to /config/sdcardfs/com.android.egg/appid
04-26 20:17:41.112 1514 1514 W PackageSettings: Couldn't write 10009 to /config/sdcardfs/com.android.mtp/appid
04-26 20:17:41.113 1514 1514 W PackageSettings: Couldn't write 10022 to /config/sdcardfs/com.android.launcher3/appid
04-26 20:17:41.113 1514 1514 W PackageSettings: Couldn't write 10003 to /config/sdcardfs/com.android.backupconfirm/appid
04-26 20:17:41.113 1514 1514 W PackageSettings: Couldn't write 10081 to /config/sdcardfs/com.buak.Link2SD/appid
04-26 20:17:41.113 1514 1514 W PackageSettings: Couldn't write 10028 to /config/sdcardfs/com.android.statementservice/appid
04-26 20:17:41.113 1514 1514 W PackageSettings: Couldn't write 10059 to /config/sdcardfs/com.google.android.gm/appid
04-26 20:17:41.113 1514 1514 W PackageSettings: Couldn't write 10042 to /config/sdcardfs/com.android.calendar/appid
04-26 20:17:41.113 1514 1514 W PackageSettings: Couldn't write 10000 to /config/sdcardfs/com.android.systemui.theme.dark/appid
04-26 20:17:41.113 1514 1514 W PackageSettings: Couldn't write 10027 to /config/sdcardfs/com.google.android.setupwizard/appid
04-26 20:17:41.113 1514 1514 W PackageSettings: Couldn't write 1000 to /config/sdcardfs/com.android.providers.settings/appid
04-26 20:17:41.113 1514 1514 W PackageSettings: Couldn't write 10026 to /config/sdcardfs/com.android.sharedstoragebackup/appid
04-26 20:17:41.113 1514 1514 W PackageSettings: Couldn't write 10065 to /config/sdcardfs/com.android.printspooler/appid
04-26 20:17:41.113 1514 1514 W PackageSettings: Couldn't write 10035 to /config/sdcardfs/com.android.dreams.basic/appid
04-26 20:17:41.113 1514 1514 W PackageSettings: Couldn't write 1000 to /config/sdcardfs/com.android.inputdevices/appid
04-26 20:17:41.114 1514 1514 W PackageSettings: Couldn't write 10084 to /config/sdcardfs/com.androidfung.drminfo/appid
04-26 20:17:41.114 1514 1514 W PackageSettings: Couldn't write 10040 to /config/sdcardfs/com.android.bips/appid
04-26 20:17:41.114 1514 1514 W PackageSettings: Couldn't write 10085 to /config/sdcardfs/com.google.android.apps.docs/appid
04-26 20:17:41.114 1514 1514 W PackageSettings: Couldn't write 10008 to /config/sdcardfs/com.android.cellbroadcastreceiver/appid
04-26 20:17:41.114 1514 1514 W PackageSettings: Couldn't write 10069 to /config/sdcardfs/com.google.android.webview/appid
04-26 20:17:41.114 1514 1514 W PackageSettings: Couldn't write 10056 to /config/sdcardfs/com.google.android.syncadapters.contacts/appid
04-26 20:17:41.114 1514 1514 W PackageSettings: Couldn't write 10061 to /config/sdcardfs/com.example.android.notepad/appid
04-26 20:17:41.114 1514 1514 W PackageSettings: Couldn't write 1000 to /config/sdcardfs/com.android.keychain/appid
04-26 20:17:41.114 1514 1514 W PackageSettings: Couldn't write 10051 to /config/sdcardfs/com.android.chrome/appid
04-26 20:17:41.115 1514 1514 W PackageSettings: Couldn't write 10018 to /config/sdcardfs/com.android.dialer/appid
04-26 20:17:41.115 1514 1514 W PackageSettings: Couldn't write 10053 to /config/sdcardfs/com.android.gallery3d/appid
04-26 20:17:41.115 1514 1514 W PackageSettings: Couldn't write 10019 to /config/sdcardfs/com.google.android.packageinstaller/appid
04-26 20:17:41.115 1514 1514 W PackageSettings: Couldn't write 10015 to /config/sdcardfs/com.google.android.gms/appid
04-26 20:17:41.115 1514 1514 W PackageSettings: Couldn't write 10015 to /config/sdcardfs/com.google.android.gsf/appid
04-26 20:17:41.115 1514 1514 W PackageSettings: Couldn't write 10005 to /config/sdcardfs/com.android.calllogbackup/appid
04-26 20:17:41.115 1514 1514 W PackageSettings: Couldn't write 10021 to /config/sdcardfs/com.google.android.partnersetup/appid
04-26 20:17:41.115 1514 1514 W PackageSettings: Couldn't write 10037 to /config/sdcardfs/com.android.basicsmsreceiver/appid
04-26 20:17:41.115 1514 1514 W PackageSettings: Couldn't write 10041 to /config/sdcardfs/com.android.carrierdefaultapp/appid
04-26 20:17:41.115 1514 1514 W PackageSettings: Couldn't write 10067 to /config/sdcardfs/com.svox.pico/appid
04-26 20:17:41.116 1514 1514 W PackageSettings: Couldn't write 10091 to /config/sdcardfs/com.gmail.heagoo.apkeditor.pro/appid
04-26 20:17:41.116 1514 1514 W PackageSettings: Couldn't write 10089 to /config/sdcardfs/rikka.appops/appid
04-26 20:17:41.116 1514 1514 W PackageSettings: Couldn't write 10024 to /config/sdcardfs/com.android.proxyhandler/appid
04-26 20:17:41.116 1514 1514 W PackageSettings: Couldn't write 10062 to /config/sdcardfs/com.android.inputmethod.latin/appid
04-26 20:17:41.116 1514 1514 W PackageSettings: Couldn't write 10013 to /config/sdcardfs/org.lineageos.eleven/appid
04-26 20:17:41.116 1514 1514 W PackageSettings: Couldn't write 10016 to /config/sdcardfs/com.google.android.feedback/appid
04-26 20:17:41.116 1514 1514 W PackageSettings: Couldn't write 10055 to /config/sdcardfs/com.google.android.printservice.recommendation/appid
04-26 20:17:41.116 1514 1514 W PackageSettings: Couldn't write 10057 to /config/sdcardfs/com.google.android.syncadapters.calendar/appid
04-26 20:17:41.116 1514 1514 W PackageSettings: Couldn't write 10023 to /config/sdcardfs/com.android.managedprovisioning/appid
04-26 20:17:41.117 1514 1514 W PackageSettings: Couldn't write 10074 to /config/sdcardfs/com.spotify.music/appid
04-26 20:17:41.117 1514 1514 W PackageSettings: Couldn't write 10066 to /config/sdcardfs/com.android.providers.partnerbookmarks/appid
04-26 20:17:41.117 1514 1514 W PackageSettings: Couldn't write 10015 to /config/sdcardfs/com.google.android.gsf.login/appid
04-26 20:17:41.117 1514 1514 W PackageSettings: Couldn't write 10060 to /config/sdcardfs/com.android.wallpaper.livepicker/appid
04-26 20:17:41.117 1514 1514 W PackageSettings: Couldn't write 10083 to /config/sdcardfs/org.mozilla.firefox/appid
04-26 20:17:41.117 1514 1514 W PackageSettings: Couldn't write 10036 to /config/sdcardfs/jackpal.androidterm/appid
04-26 20:17:41.117 1514 1514 W PackageSettings: Couldn't write 10015 to /config/sdcardfs/com.google.android.backuptransport/appid
04-26 20:17:41.117 1514 1514 W PackageSettings: Couldn't write 10075 to /config/sdcardfs/eu.thedarken.sdm/appid
04-26 20:17:41.117 1514 1514 W PackageSettings: Couldn't write 10029 to /config/sdcardfs/com.android.storagemanager/appid
04-26 20:17:41.117 1514 1514 W PackageSettings: Couldn't write 10038 to /config/sdcardfs/com.android.bookmarkprovider/appid
04-26 20:17:41.118 1514 1514 W PackageSettings: Couldn't write 1000 to /config/sdcardfs/com.android.settings/appid
04-26 20:17:41.118 1514 1514 W PackageSettings: Couldn't write 10031 to /config/sdcardfs/com.farmerbb.taskbar.androidx86/appid
04-26 20:17:41.118 1514 1514 W PackageSettings: Couldn't write 10052 to /config/sdcardfs/com.android.calculator2/appid
04-26 20:17:41.118 1514 1514 W PackageSettings: Couldn't write 10047 to /config/sdcardfs/com.android.cts.ctsshim/appid
04-26 20:17:41.118 1514 1514 W PackageSettings: Couldn't write 10092 to /config/sdcardfs/com.spring.bird.anycut/appid
04-26 20:17:41.118 1514 1514 W PackageSettings: Couldn't write 10032 to /config/sdcardfs/com.android.vpndialogs/appid
04-26 20:17:41.118 1514 1514 W PackageSettings: Couldn't write 1001 to /config/sdcardfs/com.android.phone/appid
04-26 20:17:41.118 1514 1514 W PackageSettings: Couldn't write 2000 to /config/sdcardfs/com.android.shell/appid
04-26 20:17:41.118 1514 1514 W PackageSettings: Couldn't write 1000 to /config/sdcardfs/com.android.wallpaperbackup/appid
04-26 20:17:41.118 1514 1514 W PackageSettings: Couldn't write 10005 to /config/sdcardfs/com.android.providers.blockednumber/appid
04-26 20:17:41.118 1514 1514 W PackageSettings: Couldn't write 10086 to /config/sdcardfs/com.king.candycrushsaga/appid
04-26 20:17:41.118 1514 1514 W PackageSettings: Couldn't write 10005 to /config/sdcardfs/com.android.providers.userdictionary/appid
04-26 20:17:41.118 1514 1514 W PackageSettings: Couldn't write 10014 to /config/sdcardfs/com.android.emergency/appid
04-26 20:17:41.118 1514 1514 W PackageSettings: Couldn't write 1000 to /config/sdcardfs/com.android.location.fused/appid
04-26 20:17:41.118 1514 1514 W PackageSettings: Couldn't write 10050 to /config/sdcardfs/com.android.deskclock/appid
04-26 20:17:41.119 1514 1514 W PackageSettings: Couldn't write 10030 to /config/sdcardfs/com.android.systemui/appid
04-26 20:17:41.119 1514 1514 W PackageSettings: Couldn't write 10039 to /config/sdcardfs/com.android.bluetoothmidiservice/appid
04-26 20:17:41.119 1514 1514 W PackageSettings: Couldn't write 1002 to /config/sdcardfs/com.android.bluetooth/appid
04-26 20:17:41.119 1514 1514 W PackageSettings: Couldn't write 10048 to /config/sdcardfs/com.android.development/appid
04-26 20:17:41.119 1514 1514 W PackageSettings: Couldn't write 10068 to /config/sdcardfs/com.android.wallpaperpicker/appid
04-26 20:17:41.119 1514 1514 W PackageSettings: Couldn't write 10005 to /config/sdcardfs/com.android.providers.contacts/appid
04-26 20:17:41.119 1514 1514 W PackageSettings: Couldn't write 10043 to /config/sdcardfs/com.android.captiveportallogin/appid
04-26 20:17:41.119 1514 1514 W PackageSettings: Couldn't write 10088 to /config/sdcardfs/com.elsdoerfer.android.autostarts/appid
04-26 20:17:41.177 1514 1514 V PackageManager: Ephemeral resolver found; pkg: com.google.android.gms, info:ResolveInfo{a2c7752 com.google.android.gms/.chimera.PersistentBoundBrokerService m=0x108000}
04-26 20:17:41.177 1514 1514 D PackageManager: Set ephemeral resolver: Pair{ComponentInfo{com.google.android.gms/com.google.android.gms.chimera.PersistentBoundBrokerService} android.intent.action.RESOLVE_INSTANT_APP_PACKAGE}
04-26 20:17:41.189 1514 1514 D PackageManager: Set ephemeral installer activity: ComponentInfo{com.android.vending/com.google.android.finsky.instantapps.EphemeralInstallerActivity}
04-26 20:17:41.267 1514 1514 I zygote64: Explicit concurrent copying GC freed 38370(2MB) AllocSpace objects, 10(748KB) LOS objects, 42% free, 5MB/10MB, paused 20us total 32.820ms
04-26 20:17:41.267 1514 1514 D FallbackCategoryProvider: Found 1 fallback categories
04-26 20:17:41.268 1514 1514 D SystemServerTiming: StartPackageManagerService took to complete: 5503ms
04-26 20:17:41.269 1514 1514 I SystemServer: StartOtaDexOptService
04-26 20:17:41.269 1514 1514 D OTADexopt: No upgrade, skipping A/B artifacts check.
04-26 20:17:41.269 1514 1514 D SystemServerTiming: StartOtaDexOptService took to complete: 1ms
04-26 20:17:41.269 1514 1514 I SystemServer: StartUserManagerService
04-26 20:17:41.269 1514 1514 I SystemServiceManager: Starting com.android.server.pm.UserManagerService$LifeCycle
04-26 20:17:41.269 1514 1514 D SystemServerTiming: StartUserManagerService took to complete: 0ms
04-26 20:17:41.269 1514 1514 I SystemServer: InitAttributerCache
04-26 20:17:41.269 1514 1514 D SystemServerTiming: InitAttributerCache took to complete: 0ms
04-26 20:17:41.269 1514 1514 I SystemServer: SetSystemProcess
04-26 20:17:41.403 1406 1406 I chatty : uid=0(root) /system/bin/lmkd expire 9 lines
04-26 20:17:41.403 1514 1514 W SchedPolicy: add_tid_to_cgroup failed to write '1514' (No space left on device); fd=3
04-26 20:17:41.403 1514 1514 W SchedPolicy: add_tid_to_cgroup failed to write '1519' (No space left on device); fd=3
04-26 20:17:41.403 1514 1514 W SchedPolicy: add_tid_to_cgroup failed to write '1520' (No space left on device); fd=3
04-26 20:17:41.403 1514 1514 W SchedPolicy: add_tid_to_cgroup failed to write '1521' (No space left on device); fd=3
04-26 20:17:41.403 1514 1514 W SchedPolicy: add_tid_to_cgroup failed to write '1522' (No space left on device); fd=3
04-26 20:17:41.403 1514 1514 W SchedPolicy: add_tid_to_cgroup failed to write '1523' (No space left on device); fd=3
04-26 20:17:41.403 1514 1514 W SchedPolicy: add_tid_to_cgroup failed to write '1524' (No space left on device); fd=3
04-26 20:17:41.403 1514 1514 W SchedPolicy: add_tid_to_cgroup failed to write '1525' (No space left on device); fd=3
04-26 20:17:41.403 1514 1514 W SchedPolicy: add_tid_to_cgroup failed to write '1526' (No space left on device); fd=3
04-26 20:17:41.404 1514 1514 W SchedPolicy: add_tid_to_cgroup failed to write '1527' (No space left on device); fd=3
04-26 20:17:41.404 1514 1514 W SchedPolicy: add_tid_to_cgroup failed to write '1528' (No space left on device); fd=3
04-26 20:17:41.404 1514 1514 W SchedPolicy: add_tid_to_cgroup failed to write '1529' (No space left on device); fd=3
04-26 20:17:41.404 1514 1514 W SchedPolicy: add_tid_to_cgroup failed to write '1530' (No space left on device); fd=3
04-26 20:17:41.404 1514 1514 W SchedPolicy: add_tid_to_cgroup failed to write '1531' (No space left on device); fd=3
04-26 20:17:41.404 1514 1514 W SchedPolicy: add_tid_to_cgroup failed to write '1532' (No space left on device); fd=3
04-26 20:17:41.404 1514 1514 W SchedPolicy: add_tid_to_cgroup failed to write '1533' (No space left on device); fd=3
04-26 20:17:41.404 1514 1514 W SchedPolicy: add_tid_to_cgroup failed to write '1534' (No space left on device); fd=3
04-26 20:17:41.404 1514 1514 W SchedPolicy: add_tid_to_cgroup failed to write '1535' (No space left on device); fd=3
04-26 20:17:41.404 1514 1514 W SchedPolicy: add_tid_to_cgroup failed to write '1536' (No space left on device); fd=3
04-26 20:17:41.404 1514 1514 W SchedPolicy: add_tid_to_cgroup failed to write '1537' (No space left on device); fd=3
04-26 20:17:41.404 1514 1514 W SchedPolicy: add_tid_to_cgroup failed to write '1538' (No space left on device); fd=3
04-26 20:17:41.404 1514 1514 W SchedPolicy: add_tid_to_cgroup failed to write '1539' (No space left on device); fd=3
04-26 20:17:41.404 1514 1514 W SchedPolicy: add_tid_to_cgroup failed to write '1540' (No space left on device); fd=3
04-26 20:17:41.404 1514 1514 W SchedPolicy: add_tid_to_cgroup failed to write '1541' (No space left on device); fd=3
04-26 20:17:41.404 1514 1514 W SchedPolicy: add_tid_to_cgroup failed to write '1542' (No space left on device); fd=3
04-26 20:17:41.404 1514 1514 W SchedPolicy: add_tid_to_cgroup failed to write '1561' (No space left on device); fd=3
04-26 20:17:41.404 1514 1514 W SchedPolicy: add_tid_to_cgroup failed to write '1562' (No space left on device); fd=3
04-26 20:17:41.404 1514 1514 D SystemServerTiming: SetSystemProcess took to complete: 135ms
04-26 20:17:41.405 1514 1514 W SchedPolicy: add_tid_to_cgroup failed to write '1536' (No space left on device); fd=27
04-26 20:17:41.405 1514 1514 W SchedPolicy: add_tid_to_cgroup failed to write '1563' (No space left on device); fd=27
04-26 20:17:41.405 1514 1514 I SystemServer: StartOverlayManagerService
04-26 20:17:41.416 1514 1514 D SystemServerTiming: StartOverlayManagerService took to complete: 10ms
04-26 20:17:41.416 1514 1514 I SystemServer: StartDropBoxManager
04-26 20:17:41.416 1514 1564 D SystemServerInitThreadPool: Started executing Init OverlayManagerService
04-26 20:17:41.416 1514 1514 I SystemServiceManager: Starting com.android.server.DropBoxManagerService
04-26 20:17:41.416 1514 1565 D SystemServerInitThreadPool: Started executing StartSensorService
04-26 20:17:41.416 1514 1565 D SensorService: nuSensorService starting...
04-26 20:17:41.417 1514 1514 D SystemServerTiming: StartDropBoxManager took to complete: 1ms
04-26 20:17:41.417 1514 1514 I SystemServer: StartBatteryService
04-26 20:17:41.417 1514 1565 D vndksupport: Loading /vendor/lib64/hw/android.hardware.sensors@1.0-impl.so from current namespace instead of sphal namespace.
04-26 20:17:41.418 1514 1514 I SystemServiceManager: Starting com.android.server.BatteryService
04-26 20:17:41.451 1514 1526 E LightsService: Light requested not available on this device. 3
04-26 20:17:41.451 1514 1514 D SystemServerTiming: StartBatteryService took to complete: 34ms
04-26 20:17:41.451 1514 1514 I SystemServer: StartUsageService
04-26 20:17:41.571 1514 1514 I SystemServiceManager: Starting com.android.server.usage.UsageStatsService
04-26 20:17:41.572 1514 1565 D vndksupport: Loading /vendor/lib64/hw/sensors.kbd.so from current namespace instead of sphal namespace.
04-26 20:17:41.583 1514 1565 D KbdSensor: open_kbd_sensor: id=poll
04-26 20:17:41.607 1514 1514 D SystemServerTiming: StartUsageService took to complete: 156ms
04-26 20:17:41.607 1514 1514 I SystemServer: StartWebViewUpdateService
04-26 20:17:41.617 1514 1514 I SystemServiceManager: Starting com.android.server.webkit.WebViewUpdateService
04-26 20:17:41.694 1514 1514 D SystemServerTiming: StartWebViewUpdateService took to complete: 87ms
04-26 20:17:41.694 1514 1514 I SystemServer: StartKeyAttestationApplicationIdProviderService
04-26 20:17:41.694 1514 1527 D SystemServerInitThreadPool: Started executing SecondaryZygotePreload
04-26 20:17:41.694 1514 1527 I SystemServer: SecondaryZygotePreload
04-26 20:17:41.704 1514 1514 D SystemServerTiming: StartKeyAttestationApplicationIdProviderService took to complete: 10ms
04-26 20:17:41.704 1514 1514 I SystemServer: StartKeyChainSystemService
04-26 20:17:41.704 1514 1514 I SystemServiceManager: Starting com.android.server.security.KeyChainSystemService
04-26 20:17:41.705 1514 1514 D SystemServerTiming: StartKeyChainSystemService took to complete: 0ms
04-26 20:17:41.705 1514 1514 I SystemServer: StartSchedulingPolicyService
04-26 20:17:41.705 1514 1527 I Zygote : Process: zygote socket zygote opened, supported ABIS: x86_64
04-26 20:17:41.705 1514 1565 I KbdSensor: Open AT Translated Set 2 keyboard ok, fd=78
04-26 20:17:41.705 1514 1565 D KbdSensor: SensorPollContext: module=0x75c9a10082b8 dev=0x75c9b195c000 fd=78
04-26 20:17:41.705 1514 1514 D SystemServerTiming: StartSchedulingPolicyService took to complete: 1ms
04-26 20:17:41.705 1514 1514 I SystemServer: StartTelecomLoaderService
04-26 20:17:41.706 1514 1565 D KbdSensor: poll_activate: dev=0x75c9b195c000 handle=0 enabled=0 --------- beginning of crash
04-26 20:17:41.706 1514 1565 F libc : Fatal signal 11 (SIGSEGV), code 128, fault addr 0x0 in tid 1565 (system-server-i), pid 1514 (system_server)
04-26 20:17:41.706 1514 1514 I SystemServiceManager: Starting com.android.server.telecom.TelecomLoaderService
04-26 20:17:41.706 1514 1514 D SystemServerTiming: StartTelecomLoaderService took to complete: 1ms
04-26 20:17:41.706 1514 1514 I SystemServer: StartTelephonyRegistry
04-26 20:17:41.731 1514 1527 I Zygote : Process: zygote socket zygote_secondary opened, supported ABIS: x86,armeabi-v7a,armeabi
04-26 20:17:41.744 1569 1569 I crash_dump64: type=1400 audit(0.0:218): avc: denied { getattr } for path="/vendor" dev="tmpfs" ino=5338 scontext=u:r:crash_dump:s0 tcontext=u:object_r:tmpfs:s0 tclass=lnk_file permissive=1
04-26 20:17:41.744 1569 1569 I crash_dump64: type=1400 audit(0.0:219): avc: denied { read } for name="vendor" dev="tmpfs" ino=5338 scontext=u:r:crash_dump:s0 tcontext=u:object_r:tmpfs:s0 tclass=lnk_file permissive=1
04-26 20:17:41.780 1570 1570 I crash_dump64: obtaining output fd from tombstoned, type: kDebuggerdTombstone
04-26 20:17:41.780 1427 1427 I /system/bin/tombstoned: received crash request for pid 1514
04-26 20:17:41.780 1570 1570 I crash_dump64: performing dump of process 1514 (target tid = 1565)
04-26 20:17:41.784 1570 1570 F DEBUG : *** *** *** *** *** *** *** *** *** *** *** *** *** *** *** ***
04-26 20:17:41.785 1570 1570 F DEBUG : Build fingerprint: 'Android-x86/android_x86_64/x86_64:8.1.0/OPM8.190105.002/lh0124:userdebug/test-keys'
04-26 20:17:41.785 1570 1570 F DEBUG : Revision: '0'
04-26 20:17:41.785 1570 1570 F DEBUG : ABI: 'x86_64'
04-26 20:17:41.785 1570 1570 F DEBUG : pid: 1514, tid: 1565, name: system-server-i >>> system_server <<<
04-26 20:17:41.785 1570 1570 F DEBUG : signal 11 (SIGSEGV), code 128 (SI_KERNEL), fault addr 0x0
04-26 20:17:41.785 1570 1570 F DEBUG : rax 0073000c00000402 rbx 000075c9a12cdbc0 rcx 0000000000000001 rdx 00000000ffffffff
04-26 20:17:41.785 1570 1570 F DEBUG : rsi 0000000000000000 rdi 000075c9b195c000
04-26 20:17:41.785 1570 1570 F DEBUG : r8 ffffffffffffffe0 r9 000075c9a222ed88 r10 000075c9a12ccac0 r11 0000000000000206
04-26 20:17:41.785 1570 1570 F DEBUG : r12 000075c9a12cdbc0 r13 000075ca3eee40dc r14 0000000000000000 r15 000075c9a12cdb90
04-26 20:17:41.785 1570 1570 F DEBUG : cs 0000000000000033 ss 000000000000002b
04-26 20:17:41.785 1570 1570 F DEBUG : rip 000075c9a109e456 rbp 000075ca3eee4050 rsp 000075c9a12cda50 eflags 0000000000010246
04-26 20:17:42.186 1392 1392 D ZygoteInitTiming_lazy: BeginIcuCachePinning took to complete: 455ms
04-26 20:17:42.833 1570 1570 F DEBUG :
04-26 20:17:42.833 1570 1570 F DEBUG : backtrace:
04-26 20:17:42.833 1570 1570 F DEBUG : #00 pc 0000000000009456 /system/vendor/lib64/hw/android.hardware.sensors@1.0-impl.so (android::hardware::sensors::V1_0::implementation::Sensors::unregisterDirectChannel(int)+38)
04-26 20:17:42.833 1570 1570 F DEBUG : #01 pc 0000000000030722 /system/lib64/android.hardware.sensors@1.0.so (android::hardware::sensors::V1_0::BsSensors::unregisterDirectChannel(int)+130)
04-26 20:17:42.833 1570 1570 F DEBUG : #02 pc 0000000000012d43 /system/lib64/libsensorservice.so (android::SensorDevice::SensorDevice()+611)
04-26 20:17:42.833 1570 1570 F DEBUG : #03 pc 000000000001f6cf /system/lib64/libsensorservice.so (android::SensorService::onFirstRef()+111)
04-26 20:17:42.833 1570 1570 F DEBUG : #04 pc 000000000006f0d6 /system/lib64/libandroid_servers.so (android::BinderService::publish(bool)+118)
04-26 20:17:42.833 1570 1570 F DEBUG : #05 pc 000000000006edd6 /system/lib64/libandroid_servers.so (android::android_server_SystemServer_startSensorService(_JNIEnv*, _jobject*)+70)
04-26 20:17:42.833 1570 1570 F DEBUG : #06 pc 00000000005d8daa /system/framework/oat/x86_64/services.odex (offset 0x5ac000) (com.android.server.HardwarePropertiesManagerService.nativeInit [DEDUPED]+186)
04-26 20:17:42.833 1570 1570 F DEBUG : #07 pc 00000000005acfe3 /system/framework/oat/x86_64/services.odex (offset 0x5ac000) (com.android.server.-$Lambda$T7cKu_OKm_Fk2kBNthmo_uUJTSo.run+515)
04-26 20:17:42.833 1570 1570 F DEBUG : #08 pc 00000000005fdcdf /system/framework/oat/x86_64/services.odex (offset 0x5ac000) (com.android.server.SystemServerInitThreadPool.lambda$-com_android_server_SystemServerInitThreadPool_2249+271)
04-26 20:17:42.833 1570 1570 F DEBUG : #09 pc 00000000005ac5f7 /system/framework/oat/x86_64/services.odex (offset 0x5ac000) (com.android.server.-$Lambda$Ganck_s9Kl5o2K6eVDoQTKLc-6g.run+231)
04-26 20:17:42.833 1570 1570 F DEBUG : #10 pc 00000000005f9439 /system/framework/x86_64/boot.oat (offset 0x1d3000) (java.util.concurrent.Executors$RunnableAdapter.call+73)
04-26 20:17:42.833 1570 1570 F DEBUG : #11 pc 00000000005f7daa /system/framework/x86_64/boot.oat (offset 0x1d3000) (java.util.concurrent.FutureTask.run+250)
04-26 20:17:42.833 1570 1570 F DEBUG : #12 pc 000000000061ba50 /system/framework/x86_64/boot.oat (offset 0x1d3000) (java.util.concurrent.ThreadPoolExecutor.runWorker+1200)
04-26 20:17:42.833 1570 1570 F DEBUG : #13 pc 000000000062bd13 /system/framework/x86_64/boot.oat (offset 0x1d3000) (java.util.concurrent.ThreadPoolExecutor$Worker.run+67)
04-26 20:17:42.833 1570 1570 F DEBUG : #14 pc 00000000017585be /system/framework/x86_64/boot-framework.oat (offset 0x60a000) (com.android.internal.util.ConcurrentUtils$1$1.run+94)
04-26 20:17:42.833 1570 1570 F DEBUG : #15 pc 0000000000611514 /system/lib64/libart.so (art_quick_invoke_stub+756)
04-26 20:17:42.833 1570 1570 F DEBUG : #16 pc 00000000001470d7 /system/lib64/libart.so (art::ArtMethod::Invoke(art::Thread*, unsigned int*, unsigned int, art::JValue*, char const*)+215)
04-26 20:17:42.833 1570 1570 F DEBUG : #17 pc 0000000000527ab6 /system/lib64/libart.so (art::InvokeWithArgArray(art::ScopedObjectAccessAlreadyRunnable const&, art::ArtMethod*, art::ArgArray*, art::JValue*, char const*)+86)
04-26 20:17:42.833 1570 1570 F DEBUG : #18 pc 0000000000528f34 /system/lib64/libart.so (art::InvokeVirtualOrInterfaceWithJValues(art::ScopedObjectAccessAlreadyRunnable const&, _jobject*, _jmethodID*, jvalue*)+724)
04-26 20:17:42.833 1570 1570 F DEBUG : #19 pc 0000000000553095 /system/lib64/libart.so (art::Thread::CreateCallback(void*)+1349)
04-26 20:17:42.833 1570 1570 F DEBUG : #20 pc 0000000000079f0b /system/lib64/libc.so (__pthread_start(void*)+27)
04-26 20:17:42.833 1570 1570 F DEBUG : #21 pc 0000000000028c5d /system/lib64/libc.so (__start_thread+61)
04-26 20:17:42.833 1570 1570 F DEBUG : #22 pc 0000000000027555 /system/lib64/libc.so (__bionic_clone+53)
04-26 20:17:43.095 1392 1392 D ZygoteInitTiming_lazy: PreloadClasses took to complete: 909ms
04-26 20:17:43.204 1392 1392 D ZygoteInitTiming_lazy: PreloadResources took to complete: 109ms
04-26 20:17:43.409 1570 1570 E crash_dump64: unable to connect to activity manager: Connection refused
04-26 20:17:43.409 1427 1427 E /system/bin/tombstoned: Tombstone written to: /data/tombstones/tombstone_12
04-26 20:17:43.497 1335 1335 I chatty : uid=1000(system) /system/bin/servicemanager expire 98 lines
04-26 20:17:43.498 1391 1391 I chatty : uid=0(root) expire 2 lines
04-26 20:17:43.518 1395 1472 E audio_hw_primary: audio_route_free: invalid audio_route
04-26 20:17:43.577 1578 1578 I chatty : uid=0(root) /system/bin/app_process64 expire 96 lines
04-26 20:17:43.586 1579 1579 I audioserver: type=1400 audit(0.0:222): avc: denied { getattr } for path="/vendor" dev="tmpfs" ino=5338 scontext=u:r:audioserver:s0 tcontext=u:object_r:tmpfs:s0 tclass=lnk_file permissive=1
04-26 20:17:43.587 1581 1581 I mediaserver: type=1400 audit(0.0:223): avc: denied { getattr } for path="/vendor" dev="tmpfs" ino=5338 scontext=u:r:mediaserver:s0 tcontext=u:object_r:tmpfs:s0 tclass=lnk_file permissive=1
04-26 20:17:43.590 1392 1392 I chatty : uid=0(root) main expire 8 lines
04-26 20:17:43.594 1582 1582 I chatty : uid=0(root) /system/bin/netd expire 21 lines
04-26 20:17:43.597 1583 1583 I wificond: type=1400 audit(0.0:226): avc: denied { getattr } for path="/vendor" dev="tmpfs" ino=5338 scontext=u:r:wificond:s0 tcontext=u:object_r:tmpfs:s0 tclass=lnk_file permissive=1
04-26 20:17:43.597 1583 1583 I wificond: type=1400 audit(0.0:227): avc: denied { read } for name="vendor" dev="tmpfs" ino=5338 scontext=u:r:wificond:s0 tcontext=u:object_r:tmpfs:s0 tclass=lnk_file permissive=1
04-26 20:17:43.600 1584 1584 I android.hardwar: type=1400 audit(0.0:228): avc: denied { getattr } for path="/vendor" dev="tmpfs" ino=5338 scontext=u:r:hal_audio_default:s0 tcontext=u:object_r:tmpfs:s0 tclass=lnk_file permissive=1
04-26 20:17:43.600 1584 1584 I android.hardwar: type=1400 audit(0.0:229): avc: denied { read } for name="vendor" dev="tmpfs" ino=5338 scontext=u:r:hal_audio_default:s0 tcontext=u:object_r:tmpfs:s0 tclass=lnk_file permissive=1
04-26 20:17:43.603 1581 1581 I mediaserver: type=1400 audit(0.0:230): avc: denied { read } for name="vendor" dev="tmpfs" ino=5338 scontext=u:r:mediaserver:s0 tcontext=u:object_r:tmpfs:s0 tclass=lnk_file permissive=1
04-26 20:17:43.605 1579 1579 I audioserver: type=1400 audit(0.0:231): avc: denied { read } for name="vendor" dev="tmpfs" ino=5338 scontext=u:r:audioserver:s0 tcontext=u:object_r:tmpfs:s0 tclass=lnk_file permissive=1
04-26 20:17:43.667 1580 1580 I cameraserver: type=1400 audit(0.0:232): avc: denied { getattr } for path="/vendor" dev="tmpfs" ino=5338 scontext=u:r:cameraserver:s0 tcontext=u:object_r:tmpfs:s0 tclass=lnk_file permissive=1
04-26 20:17:43.667 1580 1580 I cameraserver: type=1400 audit(0.0:233): avc: denied { read } for name="vendor" dev="tmpfs" ino=5338 scontext=u:r:cameraserver:s0 tcontext=u:object_r:tmpfs:s0 tclass=lnk_file permissive=1
04-26 20:17:43.694 1583 1583 I wificond: wificond is starting up...
04-26 20:17:43.835 1587 1587 I chatty : uid=0(root) /sbin/modprobe expire 5 lines
04-26 20:17:43.835 1584 1584 D vndksupport: Loading /vendor/lib/hw/android.hardware.audio@2.0-impl.so from current namespace instead of sphal namespace.
04-26 20:17:43.837 1584 1584 I ServiceManagement: Removing namespace from process name android.hardware.audio@2.0-service to audio@2.0-servi.
04-26 20:17:43.837 1584 1584 I audiohalservice: Registration complete for android.hardware.audio@2.0::IDevicesFactory/default.
04-26 20:17:43.837 1584 1584 D vndksupport: Loading /vendor/lib/hw/android.hardware.audio.effect@2.0-impl.so from current namespace instead of sphal namespace.
04-26 20:17:43.842 1584 1584 I audiohalservice: Registration complete for android.hardware.audio.effect@2.0::IEffectsFactory/default.
04-26 20:17:43.842 1584 1584 D vndksupport: Loading /vendor/lib/hw/android.hardware.soundtrigger@2.0-impl.so from current namespace instead of sphal namespace.
04-26 20:17:43.842 1584 1584 E SoundTriggerHalImpl: couldn't load sound trigger module sound_trigger.primary (No such file or directory)
04-26 20:17:43.843 1584 1584 I audiohalservice: Registration complete for android.hardware.soundtrigger@2.0::ISoundTriggerHw/default.
04-26 20:17:43.935 1392 1392 E ZygoteServer: Exception executing zygote command:
04-26 20:17:43.935 1392 1392 E ZygoteServer: java.lang.IllegalStateException: Error writing to command socket
04-26 20:17:43.935 1392 1392 E ZygoteServer: at com.android.internal.os.ZygoteConnection.handlePreload(ZygoteConnection.java:276)
04-26 20:17:43.935 1392 1392 E ZygoteServer: at com.android.internal.os.ZygoteConnection.processOneCommand(ZygoteConnection.java:152)
04-26 20:17:43.935 1392 1392 E ZygoteServer: at com.android.internal.os.ZygoteServer.runSelectLoop(ZygoteServer.java:174)
04-26 20:17:43.935 1392 1392 E ZygoteServer: at com.android.internal.os.ZygoteInit.main(ZygoteInit.java:796)
04-26 20:17:43.935 1392 1392 E ZygoteServer: Caused by: java.io.IOException: Broken pipe
04-26 20:17:43.935 1392 1392 E ZygoteServer: at android.net.LocalSocketImpl.write_native(Native Method)
04-26 20:17:43.935 1392 1392 E ZygoteServer: at android.net.LocalSocketImpl.-wrap2(Unknown Source:0)
04-26 20:17:43.935 1392 1392 E ZygoteServer: at android.net.LocalSocketImpl$SocketOutputStream.write(LocalSocketImpl.java:154)
04-26 20:17:43.935 1392 1392 E ZygoteServer: at java.io.DataOutputStream.writeInt(DataOutputStream.java:197)
04-26 20:17:43.935 1392 1392 E ZygoteServer: at com.android.internal.os.ZygoteConnection.handlePreload(ZygoteConnection.java:273)
04-26 20:17:43.935 1392 1392 E ZygoteServer: ... 3 more
04-26 20:17:43.942 1578 1578 D Zygote64Timing: BeginIcuCachePinning took to complete: 4ms
04-26 20:17:44.001 1592 1592 I chatty : uid=0(root) /sbin/modprobe expire 4 lines
04-26 20:17:44.109 1578 1578 D Zygote64Timing: PreloadClasses took to complete: 167ms
04-26 20:17:44.123 1582 1600 I chatty : uid=0(root) /system/bin/netd expire 2 lines
04-26 20:17:44.175 1578 1578 D Zygote64Timing: PreloadResources took to complete: 66ms
04-26 20:17:44.209 1579 1579 I FastMixerState: sMaxFastTracks = 8
04-26 20:17:44.210 1579 1579 I audioserver: ServiceManager: 0xe931ae80
04-26 20:17:44.212 1579 1579 W BatteryNotifier: batterystats service unavailable!
04-26 20:17:44.226 1578 1578 D Zygote64Timing: ZygotePreload took to complete: 288ms
04-26 20:17:44.229 1579 1579 I AudioFlinger: Using default 3000 mSec as standby time.
04-26 20:17:44.229 1579 1579 I APM::ConfigParsingUtils: loadAudioPolicyConfig() loaded /system/etc/audio_policy.conf
04-26 20:17:44.230 1584 1584 D audio_hw_primary: found audio out at /dev/snd/pcmC0D3p
04-26 20:17:44.230 1584 1584 D audio_hw_primary: card: 0/3 id: HDMI 0
04-26 20:17:44.230 1584 1584 D audio_hw_primary: name: HDMI 0
04-26 20:17:44.230 1584 1584 D audio_hw_primary: subname: subdevice #0
04-26 20:17:44.230 1584 1584 D audio_hw_primary: stream: 0
04-26 20:17:44.232 1584 1584 D audio_hw_primary: found audio out at /dev/snd/pcmC1D0p
04-26 20:17:44.232 1584 1584 D audio_hw_primary: card: 1/0 id: CX20751/2 Analog
04-26 20:17:44.232 1584 1584 D audio_hw_primary: name: CX20751/2 Analog
04-26 20:17:44.232 1584 1584 D audio_hw_primary: subname: subdevice #0
04-26 20:17:44.232 1584 1584 D audio_hw_primary: stream: 0
04-26 20:17:44.233 1584 1584 I audio_hw_primary: choose pcmC1D0p for 0
