04-26 20:17:45.056 1622 1622 W SchedPolicy: add_tid_to_cgroup failed to write '1637' (No space left on device); fd=3
04-26 20:17:45.056 1622 1622 W SchedPolicy: add_tid_to_cgroup failed to write '1638' (No space left on device); fd=3
04-26 20:17:45.056 1622 1622 W SchedPolicy: add_tid_to_cgroup failed to write '1639' (No space left on device); fd=3
04-26 20:17:45.057 1622 1622 W SchedPolicy: add_tid_to_cgroup failed to write '1640' (No space left on device); fd=3
04-26 20:17:45.057 1622 1622 W SchedPolicy: add_tid_to_cgroup failed to write '1641' (No space left on device); fd=3
04-26 20:17:45.057 1622 1622 W SchedPolicy: add_tid_to_cgroup failed to write '1642' (No space left on device); fd=3
04-26 20:17:45.057 1622 1622 W SchedPolicy: add_tid_to_cgroup failed to write '1643' (No space left on device); fd=3
04-26 20:17:45.057 1622 1622 W SchedPolicy: add_tid_to_cgroup failed to write '1644' (No space left on device); fd=3
04-26 20:17:45.057 1622 1622 W SchedPolicy: add_tid_to_cgroup failed to write '1645' (No space left on device); fd=3
04-26 20:17:45.057 1622 1622 W SchedPolicy: add_tid_to_cgroup failed to write '1646' (No space left on device); fd=3
04-26 20:17:45.057 1622 1622 W SchedPolicy: add_tid_to_cgroup failed to write '1647' (No space left on device); fd=3
04-26 20:17:45.057 1622 1622 W SchedPolicy: add_tid_to_cgroup failed to write '1648' (No space left on device); fd=3
04-26 20:17:45.057 1622 1622 W SchedPolicy: add_tid_to_cgroup failed to write '1649' (No space left on device); fd=3
04-26 20:17:45.057 1622 1622 W SchedPolicy: add_tid_to_cgroup failed to write '1650' (No space left on device); fd=3
04-26 20:17:45.057 1622 1622 W SchedPolicy: add_tid_to_cgroup failed to write '1668' (No space left on device); fd=3
04-26 20:17:45.057 1622 1622 W SchedPolicy: add_tid_to_cgroup failed to write '1669' (No space left on device); fd=3
04-26 20:17:45.057 1622 1622 D SystemServerTiming: SetSystemProcess took to complete: 7ms
04-26 20:17:45.057 1622 1622 W SchedPolicy: add_tid_to_cgroup failed to write '1644' (No space left on device); fd=27
04-26 20:17:45.060 1622 1622 W SchedPolicy: add_tid_to_cgroup failed to write '1671' (No space left on device); fd=27
04-26 20:17:45.060 1622 1622 I SystemServer: StartOverlayManagerService
04-26 20:17:45.062 1622 1622 D SystemServerTiming: StartOverlayManagerService took to complete: 2ms
04-26 20:17:45.062 1622 1622 I SystemServer: StartDropBoxManager
04-26 20:17:45.062 1622 1672 D SystemServerInitThreadPool: Started executing Init OverlayManagerService
04-26 20:17:45.062 1622 1622 I SystemServiceManager: Starting com.android.server.DropBoxManagerService
04-26 20:17:45.062 1622 1622 D SystemServerTiming: StartDropBoxManager took to complete: 1ms
04-26 20:17:45.062 1622 1622 I SystemServer: StartBatteryService
04-26 20:17:45.062 1622 1622 I SystemServiceManager: Starting com.android.server.BatteryService
04-26 20:17:45.064 1622 1673 D SystemServerInitThreadPool: Started executing StartSensorService
04-26 20:17:45.064 1622 1673 D SensorService: nuSensorService starting...
04-26 20:17:45.064 1622 1673 D vndksupport: Loading /vendor/lib64/hw/android.hardware.sensors@1.0-impl.so from current namespace instead of sphal namespace.
04-26 20:17:45.066 1622 1622 D SystemServerTiming: StartBatteryService took to complete: 3ms
04-26 20:17:45.066 1622 1622 I SystemServer: StartUsageService
04-26 20:17:45.066 1622 1622 I SystemServiceManager: Starting com.android.server.usage.UsageStatsService
04-26 20:17:45.066 1622 1634 E LightsService: Light requested not available on this device. 3
04-26 20:17:45.067 1622 1673 D vndksupport: Loading /vendor/lib64/hw/sensors.kbd.so from current namespace instead of sphal namespace.
04-26 20:17:45.067 1622 1673 D KbdSensor: open_kbd_sensor: id=poll
04-26 20:17:45.068 1622 1622 D SystemServerTiming: StartUsageService took to complete: 2ms
04-26 20:17:45.068 1622 1622 I SystemServer: StartWebViewUpdateService
04-26 20:17:45.068 1622 1622 I SystemServiceManager: Starting com.android.server.webkit.WebViewUpdateService
04-26 20:17:45.069 1622 1622 D SystemServerTiming: StartWebViewUpdateService took to complete: 1ms
04-26 20:17:45.085 1622 1622 I SystemServer: StartKeyAttestationApplicationIdProviderService
04-26 20:17:45.086 1622 1635 D SystemServerInitThreadPool: Started executing SecondaryZygotePreload
04-26 20:17:45.086 1622 1635 I SystemServer: SecondaryZygotePreload
04-26 20:17:45.087 1622 1622 D SystemServerTiming: StartKeyAttestationApplicationIdProviderService took to complete: 2ms
04-26 20:17:45.087 1622 1622 I SystemServer: StartKeyChainSystemService
04-26 20:17:45.087 1622 1622 I SystemServiceManager: Starting com.android.server.security.KeyChainSystemService
04-26 20:17:45.088 1622 1622 D SystemServerTiming: StartKeyChainSystemService took to complete: 0ms
04-26 20:17:45.088 1622 1622 I SystemServer: StartSchedulingPolicyService
04-26 20:17:45.089 1622 1622 D SystemServerTiming: StartSchedulingPolicyService took to complete: 1ms
04-26 20:17:45.089 1622 1622 I SystemServer: StartTelecomLoaderService
04-26 20:17:45.089 1622 1622 I SystemServiceManager: Starting com.android.server.telecom.TelecomLoaderService
04-26 20:17:45.089 1622 1622 D SystemServerTiming: StartTelecomLoaderService took to complete: 0ms
04-26 20:17:45.089 1622 1622 I SystemServer: StartTelephonyRegistry
04-26 20:17:45.090 1622 1622 D SystemServerTiming: StartTelephonyRegistry took to complete: 1ms
04-26 20:17:45.090 1622 1622 I SystemServer: StartEntropyMixer
04-26 20:17:45.097 1622 1635 I Zygote : Process: zygote socket zygote opened, supported ABIS: x86_64
04-26 20:17:45.108 1622 1635 I Zygote : Process: zygote socket zygote_secondary opened, supported ABIS: x86,armeabi-v7a,armeabi
04-26 20:17:45.118 1622 1635 E SystemServer: Unable to preload default resources
04-26 20:17:45.118 1622 1635 D SystemServerTimingAsync: SecondaryZygotePreload took to complete: 32ms
04-26 20:17:45.118 1622 1635 D SystemServerInitThreadPool: Finished executing SecondaryZygotePreload
04-26 20:17:45.176 1622 1673 I KbdSensor: Open AT Translated Set 2 keyboard ok, fd=79
04-26 20:17:45.176 1622 1673 D KbdSensor: SensorPollContext: module=0x7bc70af8b2b8 dev=0x7bc70be92000 fd=79
04-26 20:17:45.176 1622 1673 D KbdSensor: poll_activate: dev=0x7bc70be92000 handle=0 enabled=0
04-26 20:17:45.177 1622 1673 F libc : Fatal signal 11 (SIGSEGV), code 1, fault addr 0x100000000 in tid 1673 (system-server-i), pid 1622 (system_server)
04-26 20:17:45.181 1677 1677 I crash_dump64: type=1400 audit(0.0:246): avc: denied { getattr } for path="/vendor" dev="tmpfs" ino=5338 scontext=u:r:crash_dump:s0 tcontext=u:object_r:tmpfs:s0 tclass=lnk_file permissive=1
04-26 20:17:45.181 1677 1677 I crash_dump64: type=1400 audit(0.0:247): avc: denied { read } for name="vendor" dev="tmpfs" ino=5338 scontext=u:r:crash_dump:s0 tcontext=u:object_r:tmpfs:s0 tclass=lnk_file permissive=1
04-26 20:17:45.198 1678 1678 I crash_dump64: obtaining output fd from tombstoned, type: kDebuggerdTombstone
04-26 20:17:45.198 1427 1427 I /system/bin/tombstoned: received crash request for pid 1622
04-26 20:17:45.198 1678 1678 I crash_dump64: performing dump of process 1622 (target tid = 1673)
04-26 20:17:45.198 1678 1678 F DEBUG : *** *** *** *** *** *** *** *** *** *** *** *** *** *** *** ***
04-26 20:17:45.198 1678 1678 F DEBUG : Build fingerprint: 'Android-x86/android_x86_64/x86_64:8.1.0/OPM8.190105.002/lh0124:userdebug/test-keys'
04-26 20:17:45.198 1678 1678 F DEBUG : Revision: '0'
04-26 20:17:45.198 1678 1678 F DEBUG : ABI: 'x86_64'
04-26 20:17:45.198 1678 1678 F DEBUG : pid: 1622, tid: 1673, name: system-server-i >>> system_server <<<
04-26 20:17:45.198 1678 1678 F DEBUG : signal 11 (SIGSEGV), code 1 (SEGV_MAPERR), fault addr 0x100000000
04-26 20:17:45.198 1678 1678 F DEBUG : rax 0000000100000000 rbx 00007bc70b0cdbc0 rcx 0000000000000001 rdx 00000000ffffffff
04-26 20:17:45.199 1678 1678 F DEBUG : rsi 0000000000000000 rdi 00007bc70be92000
04-26 20:17:45.199 1678 1678 F DEBUG : r8 ffffffffffffffe0 r9 00007bc71b57f288 r10 00007bc70b0ccac0 r11 0000000000000206
04-26 20:17:45.199 1678 1678 F DEBUG : r12 00007bc70b0cdbc0 r13 00007bc7a94a90dc r14 0000000000000000 r15 00007bc70b0cdb90
04-26 20:17:45.199 1678 1678 F DEBUG : cs 0000000000000033 ss 000000000000002b
04-26 20:17:45.199 1678 1678 F DEBUG : rip 0000000100000000 rbp 00007bc7a94a9050 rsp 00007bc70b0cda48 eflags 0000000000010246
04-26 20:17:45.199 1678 1678 F DEBUG :
04-26 20:17:45.199 1678 1678 F DEBUG : backtrace:
04-26 20:17:45.199 1678 1678 F DEBUG : #00 pc 0000000100000000
04-26 20:17:45.227 1678 1678 E DEBUG : cannot get siginfo: No such process
04-26 20:17:45.227 1678 1678 E DEBUG : cannot get registers: No such process
04-26 20:17:45.227 1678 1678 W libbacktrace: virtual bool UnwindPtrace::Unwind(size_t, ucontext_t *): unw_init_remote failed -3
04-26 20:17:45.227 1678 1678 E DEBUG : Unwind failed: pid = 1622, tid = 1622
04-26 20:17:45.980 1678 1678 E crash_dump64: unable to connect to activity manager: Connection refused
04-26 20:17:45.980 1427 1427 E /system/bin/tombstoned: Tombstone written to: /data/tombstones/tombstone_13
04-26 20:17:46.109 1584 1619 E audio_hw_primary: audio_route_free: invalid audio_route
04-26 20:17:48.588 1686 1686 I mediaserver: type=1400 audit(0.0:249): avc: denied { getattr } for path="/vendor" dev="tmpfs" ino=5338 scontext=u:r:mediaserver:s0 tcontext=u:object_r:tmpfs:s0 tclass=lnk_file permissive=1
04-26 20:17:48.588 1686 1686 I mediaserver: type=1400 audit(0.0:250): avc: denied { read } for name="vendor" dev="tmpfs" ino=5338 scontext=u:r:mediaserver:s0 tcontext=u:object_r:tmpfs:s0 tclass=lnk_file permissive=1
04-26 20:17:48.590 1685 1685 I cameraserver: type=1400 audit(0.0:251): avc: denied { getattr } for path="/vendor" dev="tmpfs" ino=5338 scontext=u:r:cameraserver:s0 tcontext=u:object_r:tmpfs:s0 tclass=lnk_file permissive=1
04-26 20:17:48.590 1685 1685 I cameraserver: type=1400 audit(0.0:252): avc: denied { read } for name="vendor" dev="tmpfs" ino=5338 scontext=u:r:cameraserver:s0 tcontext=u:object_r:tmpfs:s0 tclass=lnk_file permissive=1
04-26 20:17:48.592 1688 1688 I wificond: type=1400 audit(0.0:253): avc: denied { getattr } for path="/vendor" dev="tmpfs" ino=5338 scontext=u:r:wificond:s0 tcontext=u:object_r:tmpfs:s0 tclass=lnk_file permissive=1
04-26 20:17:48.592 1684 1684 I audioserver: type=1400 audit(0.0:254): avc: denied { getattr } for path="/vendor" dev="tmpfs" ino=5338 scontext=u:r:audioserver:s0 tcontext=u:object_r:tmpfs:s0 tclass=lnk_file permissive=1
04-26 20:17:48.592 1684 1684 I audioserver: type=1400 audit(0.0:255): avc: denied { read } for name="vendor" dev="tmpfs" ino=5338 scontext=u:r:audioserver:s0 tcontext=u:object_r:tmpfs:s0 tclass=lnk_file permissive=1
04-26 20:17:48.594 1689 1689 I android.hardwar: type=1400 audit(0.0:256): avc: denied { getattr } for path="/vendor" dev="tmpfs" ino=5338 scontext=u:r:hal_audio_default:s0 tcontext=u:object_r:tmpfs:s0 tclass=lnk_file permissive=1
04-26 20:17:48.595 1688 1688 I wificond: type=1400 audit(0.0:257): avc: denied { read } for name="vendor" dev="tmpfs" ino=5338 scontext=u:r:wificond:s0 tcontext=u:object_r:tmpfs:s0 tclass=lnk_file permissive=1
04-26 20:17:48.596 1687 1687 I chatty : uid=0(root) /system/bin/netd expire 22 lines
04-26 20:17:48.597 1690 1690 I chatty : uid=0(root) /system/bin/app_process64 expire 96 lines
04-26 20:17:48.688 1689 1689 I android.hardwar: type=1400 audit(0.0:261): avc: denied { read } for name="vendor" dev="tmpfs" ino=5338 scontext=u:r:hal_audio_default:s0 tcontext=u:object_r:tmpfs:s0 tclass=lnk_file permissive=1
04-26 20:17:48.799 1688 1688 I wificond: wificond is starting up...
04-26 20:17:48.864 1693 1693 I chatty : uid=0(root) /sbin/modprobe expire 5 lines
04-26 20:17:48.893 1689 1689 D vndksupport: Loading /vendor/lib/hw/android.hardware.audio@2.0-impl.so from current namespace instead of sphal namespace.
04-26 20:17:48.895 1689 1689 I ServiceManagement: Removing namespace from process name android.hardware.audio@2.0-service to audio@2.0-servi.
04-26 20:17:48.908 1689 1689 I audiohalservice: Registration complete for android.hardware.audio@2.0::IDevicesFactory/default.
04-26 20:17:48.909 1689 1689 D vndksupport: Loading /vendor/lib/hw/android.hardware.audio.effect@2.0-impl.so from current namespace instead of sphal namespace.
04-26 20:17:48.941 1689 1689 I audiohalservice: Registration complete for android.hardware.audio.effect@2.0::IEffectsFactory/default.
04-26 20:17:48.941 1689 1689 D vndksupport: Loading /vendor/lib/hw/android.hardware.soundtrigger@2.0-impl.so from current namespace instead of sphal namespace.
04-26 20:17:48.941 1689 1689 E SoundTriggerHalImpl: couldn't load sound trigger module sound_trigger.primary (No such file or directory)
04-26 20:17:48.945 1689 1689 I audiohalservice: Registration complete for android.hardware.soundtrigger@2.0::ISoundTriggerHw/default.
04-26 20:17:48.962 1685 1685 I cameraserver: ServiceManager: 0xe98303c0
04-26 20:17:48.962 1685 1685 I CameraService: CameraService started (pid=1685)
04-26 20:17:48.962 1685 1685 I CameraService: CameraService process starting
04-26 20:17:48.962 1685 1685 W BatteryNotifier: batterystats service unavailable!
04-26 20:17:48.962 1685 1685 W BatteryNotifier: batterystats service unavailable!
04-26 20:17:48.962 1684 1684 I FastMixerState: sMaxFastTracks = 8
04-26 20:17:48.964 1685 1685 I CameraProviderManager: Connecting to new camera provider: legacy/0, isRemote? 1
04-26 20:17:48.964 1685 1685 I CameraProviderManager: Enumerating new camera device: device@1.0/legacy/0
04-26 20:17:48.964 1397 1468 D Camera_Factory: CameraFactory::get_number_of_cameras
04-26 20:17:48.964 1397 1468 D Camera_Factory: CameraFactory::getCameraNum: 1
04-26 20:17:48.964 1397 1468 I CamDev@1.0-impl: Opening camera 0
04-26 20:17:48.964 1397 1468 D Camera_Factory: CameraFactory::get_camera_info
04-26 20:17:48.964 1397 1468 D Camera_Factory: CameraFactory::getCameraInfo: id = 0, info = 0xe8a7f138
04-26 20:17:48.964 1397 1468 D Camera_Factory: CameraFactory::getCameraNum: 1
04-26 20:17:48.964 1397 1468 D Camera_Factory: CameraFactory::device_open: name = 0
04-26 20:17:48.964 1397 1468 D Camera_Factory: CameraFactory::cameraDeviceOpen: id = 0
04-26 20:17:48.964 1397 1468 D Camera_Factory: CameraFactory::getCameraNum: 1
04-26 20:17:48.964 1397 1468 D CameraHardware: CameraHardware::connectCamera: /dev/video0
04-26 20:17:48.964 1397 1468 D CameraHardware: CameraHardware::setCallbacks
04-26 20:17:48.964 1397 1468 D CameraHardware: CameraHardware::getParameters
04-26 20:17:48.965 1397 1468 D CameraHardware: CameraHardware::putParameters
04-26 20:17:48.965 1397 1468 I CamDev@1.0-impl: Closing camera 0
04-26 20:17:48.965 1397 1468 D CameraHardware: CameraHardware::closeCamera
04-26 20:17:48.965 1397 1468 D CameraHardware: CameraHardware::releaseCamera
04-26 20:17:48.965 1685 1685 I CameraProviderManager: Camera provider legacy/0 ready with 1 camera devices
04-26 20:17:48.965 1685 1685 I CameraHardwareInterface: Opening camera 0
04-26 20:17:48.965 1397 1468 I CamDev@1.0-impl: Opening camera 0
04-26 20:17:48.965 1397 1468 D Camera_Factory: CameraFactory::get_camera_info
04-26 20:17:48.965 1397 1468 D Camera_Factory: CameraFactory::getCameraInfo: id = 0, info = 0xe8a7f138
04-26 20:17:48.965 1397 1468 D Camera_Factory: CameraFactory::getCameraNum: 1
04-26 20:17:48.965 1397 1468 D Camera_Factory: CameraFactory::device_open: name = 0
04-26 20:17:48.965 1397 1468 D Camera_Factory: CameraFactory::cameraDeviceOpen: id = 0
04-26 20:17:48.965 1397 1468 D Camera_Factory: CameraFactory::getCameraNum: 1
04-26 20:17:48.965 1397 1468 D CameraHardware: CameraHardware::connectCamera: /dev/video0
04-26 20:17:48.965 1397 1468 D CameraHardware: CameraHardware::setCallbacks
04-26 20:17:48.965 1397 1468 D CameraHardware: CameraHardware::getParameters
04-26 20:17:48.965 1397 1468 D CameraHardware: CameraHardware::putParameters
04-26 20:17:48.965 1397 1468 D CameraHardware: CameraHardware::setPreviewWindow: preview_stream_ops: 0xe95b0484
04-26 20:17:48.968 1684 1684 I audioserver: ServiceManager: 0xea69ae80
04-26 20:17:48.968 1684 1684 W BatteryNotifier: batterystats service unavailable!
04-26 20:17:48.970 1684 1684 I AudioFlinger: Using default 3000 mSec as standby time.
04-26 20:17:48.970 1684 1684 I APM::ConfigParsingUtils: loadAudioPolicyConfig() loaded /system/etc/audio_policy.conf
04-26 20:17:48.972 1689 1689 D audio_hw_primary: found audio out at /dev/snd/pcmC0D3p
04-26 20:17:48.972 1689 1689 D audio_hw_primary: card: 0/3 id: HDMI 0
04-26 20:17:48.972 1689 1689 D audio_hw_primary: name: HDMI 0
04-26 20:17:48.972 1689 1689 D audio_hw_primary: subname: subdevice #0
04-26 20:17:48.972 1689 1689 D audio_hw_primary: stream: 0
04-26 20:17:48.974 1689 1689 D audio_hw_primary: found audio out at /dev/snd/pcmC1D0p
04-26 20:17:48.974 1689 1689 D audio_hw_primary: card: 1/0 id: CX20751/2 Analog
04-26 20:17:48.974 1689 1689 D audio_hw_primary: name: CX20751/2 Analog
04-26 20:17:48.974 1689 1689 D audio_hw_primary: subname: subdevice #0
04-26 20:17:48.974 1689 1689 D audio_hw_primary: stream: 0
04-26 20:17:48.974 1689 1689 I audio_hw_primary: choose pcmC1D0p for 0
04-26 20:17:48.974 1689 1689 E audio_hw_primary: Failed to open /system/etc/mixer_paths.xml
04-26 20:17:48.974 1397 1468 D CameraHardware: Trivially accept it. No changes detected
04-26 20:17:48.974 1397 1468 D CameraHardware: CameraHardware::stopPreview
04-26 20:17:48.974 1397 1468 D CameraHardware: CameraHardware::stopPreviewLocked
04-26 20:17:48.974 1397 1468 D CameraHardware: CameraHardware::stopPreviewLocked: OK
04-26 20:17:48.974 1397 1468 D CameraHardware: CameraHardware::setPreviewWindow: preview_stream_ops: 0x0
04-26 20:17:48.975 1397 1468 I CamDev@1.0-impl: Closing camera 0
04-26 20:17:48.975 1397 1468 D CameraHardware: CameraHardware::closeCamera
04-26 20:17:48.975 1397 1468 D CameraHardware: CameraHardware::releaseCamera
04-26 20:17:48.975 1685 1685 I CameraService: onDeviceStatusChanged: Status changed for cameraId=0, newStatus=1
04-26 20:17:48.975 1685 1685 E CameraService: onDeviceStatusChanged: State transition to the same status 0x1 not allowed
04-26 20:17:48.976 1685 1694 W CameraProviderManager: addProviderLocked: Camera provider HAL with name 'legacy/0' already registered
04-26 20:17:48.976 1685 1694 I CameraService: onDeviceStatusChanged: Status changed for cameraId=0, newStatus=1
04-26 20:17:48.976 1685 1694 E CameraService: onDeviceStatusChanged: State transition to the same status 0x1 not allowed
04-26 20:17:48.990 1708 1708 I chatty : uid=0(root) /sbin/modprobe expire 4 lines
04-26 20:17:49.009 1690 1690 D Zygote64Timing: BeginIcuCachePinning took to complete: 22ms
04-26 20:17:49.090 1687 1716 I chatty : uid=0(root) /system/bin/netd expire 2 lines
04-26 20:17:49.097 1689 1695 W DeviceHAL: Device 0xf634b000 set_master_volume: Function not implemented
04-26 20:17:49.097 1684 1684 I AudioFlinger: loadHwModule() Loaded primary audio interface, handle 10
04-26 20:17:49.097 1684 1684 I AudioFlinger: openOutput() this 0xea6b5000, module 10 Device 2, SamplingRate 48000, Format 0x000001, Channels 3, flags 2
04-26 20:17:49.097 1689 1695 I audio_hw_primary: choose pcmC1D0p for 0
04-26 20:17:49.098 1684 1684 I AudioFlinger: HAL output buffer size 512 frames, normal sink buffer size 1024 frames
04-26 20:17:49.098 1689 1695 E EffectsConfig: Failed to parse /vendor/etc/audio_effects.xml: Tinyxml2 error (3): /vendor/etc/audio_effects.xml (null)
04-26 20:17:49.098 1689 1695 E EffectsFactoryConfigLoader: Failed to parse XML configuration file
04-26 20:17:49.098 1689 1695 W EffectsFactory: Failed to load XML effect configuration, fallback to .conf
04-26 20:17:49.100 1684 1684 I BufferProvider: found effect "Multichannel Downmix To Stereo" from The Android Open Source Project
04-26 20:17:49.101 1684 1684 I AudioFlinger: Using module 10 as the primary audio interface
04-26 20:17:49.101 1684 1684 W AudioFlinger: moveEffects() bad srcOutput 0
04-26 20:17:49.103 1684 1723 I AudioFlinger: AudioFlinger's thread 0xea503680 tid=1723 ready to run
04-26 20:17:49.103 1684 1723 W AudioFlinger: no wake lock to update, system not ready yet
04-26 20:17:49.104 1689 1695 W DeviceHAL: Device 0xf634b000 set_voice_volume: Function not implemented
04-26 20:17:49.104 1689 1695 W DeviceHAL: Device 0xf634b000 open_input_stream: Invalid argument
04-26 20:17:49.104 1684 1723 W AudioFlinger: no wake lock to update, system not ready yet
04-26 20:17:49.105 1684 1724 I AudioFlinger: AudioFlinger's thread 0xea203a00 tid=1724 ready to run
04-26 20:17:49.107 1684 1684 I bt_a2dp_hw: adev_open: adev_open in A2dp_hw module
04-26 20:17:49.107 1684 1684 I AudioFlinger: loadHwModule() Loaded a2dp audio interface, handle 18
04-26 20:17:49.108 1689 1695 D vndksupport: Loading /vendor/lib/hw/audio.usb.default.so from current namespace instead of sphal namespace.
04-26 20:17:49.108 1684 1684 I AudioFlinger: loadHwModule() Loaded usb audio interface, handle 26
04-26 20:17:49.108 1684 1684 E EffectsConfig: Failed to parse /vendor/etc/audio_effects.xml: Tinyxml2 error (3): /vendor/etc/audio_effects.xml (null)
04-26 20:17:49.108 1684 1684 W AudioPolicyEffects: Failed to load XML effect configuration, fallback to .conf
04-26 20:17:49.111 1684 1684 I SoundTriggerHalHidl: getProperties res implementor
04-26 20:17:49.111 1684 1684 I SoundTriggerHalHidl: getProperties ret -19
04-26 20:17:49.111 1684 1684 E SoundTriggerHwService: could not read implementation properties
04-26 20:17:49.125 1686 1686 I mediaserver: ServiceManager: 0xe6eb0800
04-26 20:17:49.126 1686 1686 W BatteryNotifier: batterystats service unavailable!
04-26 20:17:49.180 1690 1690 D Zygote64Timing: PreloadClasses took to complete: 171ms
04-26 20:17:49.222 1690 1690 D Zygote64Timing: PreloadResources took to complete: 42ms
04-26 20:17:49.288 1690 1690 D Zygote64Timing: ZygotePreload took to complete: 301ms
04-26 20:17:49.302 1690 1690 D Zygote64Timing: PostZygoteInitGC took to complete: 13ms
04-26 20:17:49.302 1690 1690 D Zygote64Timing: ZygoteInit took to complete: 314ms
04-26 20:17:49.350 1727 1727 I chatty : uid=1000 system_server expire 46 lines
04-26 20:17:49.359 1727 1727 I SystemServer: InitBeforeStartServices
04-26 20:17:49.359 1727 1727 I SystemServer: Entered the Android system server!
04-26 20:17:49.464 1727 1727 D SystemServerTiming: InitBeforeStartServices took to complete: 105ms
04-26 20:17:49.464 1727 1727 I SystemServer: StartServices
04-26 20:17:49.464 1727 1727 I SystemServer: Reading configuration...
04-26 20:17:49.464 1727 1727 I SystemServer: ReadingSystemConfig
04-26 20:17:49.465 1727 1727 D SystemServerTiming: ReadingSystemConfig took to complete: 0ms
04-26 20:17:49.465 1727 1727 I SystemServer: StartInstaller
04-26 20:17:49.465 1727 1727 I SystemServiceManager: Starting com.android.server.pm.Installer
04-26 20:17:49.465 1727 1740 D SystemServerInitThreadPool: Started executing ReadingSystemConfig
04-26 20:17:49.465 1727 1727 D SystemServerTiming: StartInstaller took to complete: 1ms
04-26 20:17:49.465 1727 1727 I SystemServer: DeviceIdentifiersPolicyService
04-26 20:17:49.465 1727 1727 I SystemServiceManager: Starting com.android.server.os.DeviceIdentifiersPolicyService
04-26 20:17:49.466 1727 1727 D SystemServerTiming: DeviceIdentifiersPolicyService took to complete: 0ms
04-26 20:17:49.466 1727 1727 I SystemServer: StartActivityManager
04-26 20:17:49.466 1727 1727 I SystemServiceManager: Starting com.android.server.am.ActivityManagerService$Lifecycle
04-26 20:17:49.470 1727 1740 D SystemServerInitThreadPool: Finished executing ReadingSystemConfig
04-26 20:17:49.471 1727 1727 I ActivityManager: Memory class: 192
04-26 20:17:49.478 1727 1727 D BatteryStatsImpl: Reading daily items from /data/system/batterystats-daily.xml
04-26 20:17:49.486 1727 1745 I chatty : uid=1000 system_server expire 2 lines
04-26 20:17:49.487 1727 1745 E BatteryExternalStatsWorker: no controller energy info supplied for telephony
04-26 20:17:49.540 1727 1727 I IntentFirewall: Read new rules (A:0 B:2 S:1)
04-26 20:17:49.542 1727 1727 W system_server: Failed to remove /dev/memcg/apps/uid_1058/pid_1427: Device or resource busy
04-26 20:17:49.542 1727 1727 W system_server: Failed to remove /dev/memcg/apps/uid_1058: Device or resource busy
04-26 20:17:49.542 1727 1727 W system_server: Failed to remove /dev/memcg/apps/uid_1046/pid_1424: Device or resource busy
04-26 20:17:49.542 1727 1727 W system_server: Failed to remove /dev/memcg/apps/uid_1046: Device or resource busy
04-26 20:17:49.542 1727 1727 W system_server: Failed to remove /dev/memcg/apps/uid_1036/pid_1334: Device or resource busy
04-26 20:17:49.542 1727 1727 W system_server: Failed to remove /dev/memcg/apps/uid_1036: Device or resource busy
04-26 20:17:49.542 1727 1727 W system_server: Failed to remove /dev/memcg/apps/uid_0/pid_1415: Device or resource busy
04-26 20:17:49.542 1727 1727 W system_server: Failed to remove /dev/memcg/apps/uid_0/pid_1405: Device or resource busy
04-26 20:17:49.542 1727 1727 W system_server: Failed to remove /dev/memcg/apps/uid_0/pid_1687: Device or resource busy
04-26 20:17:49.542 1727 1727 W system_server: Failed to remove /dev/memcg/apps/uid_0/pid_1411: Device or resource busy
04-26 20:17:49.542 1727 1727 W system_server: Failed to remove /dev/memcg/apps/uid_0/pid_1383: Device or resource busy
04-26 20:17:49.542 1727 1727 W system_server: Failed to remove /dev/memcg/apps/uid_0/pid_1307: Device or resource busy
04-26 20:17:49.542 1727 1727 W system_server: Failed to remove /dev/memcg/apps/uid_0/pid_1408: Device or resource busy
04-26 20:17:49.542 1727 1727 W system_server: Failed to remove /dev/memcg/apps/uid_0/pid_1406: Device or resource busy
04-26 20:17:49.542 1727 1727 W system_server: Failed to remove /dev/memcg/apps/uid_0/pid_1422: Device or resource busy
04-26 20:17:49.542 1727 1727 W system_server: Failed to remove /dev/memcg/apps/uid_0/pid_1392: Device or resource busy
04-26 20:17:49.542 1727 1727 W system_server: Failed to remove /dev/memcg/apps/uid_0/pid_1410: Device or resource busy
04-26 20:17:49.542 1727 1727 W system_server: Failed to remove /dev/memcg/apps/uid_0/pid_1409: Device or resource busy
04-26 20:17:49.542 1727 1727 W system_server: Failed to remove /dev/memcg/apps/uid_0/pid_1690: Device or resource busy
04-26 20:17:49.542 1727 1727 W system_server: Failed to remove /dev/memcg/apps/uid_0/pid_1407: Device or resource busy
04-26 20:17:49.542 1727 1727 W system_server: Failed to remove /dev/memcg/apps/uid_0: Device or resource busy
04-26 20:17:49.543 1402 1402 I power@1.0-servi: type=1400 audit(0.0:265): avc: denied { write } for name="online" dev="sysfs" ino=396 scontext=u:r:hal_power_default:s0 tcontext=u:object_r:sysfs_devices_system_cpu:s0 tclass=file permissive=1
04-26 20:17:49.543 1727 1727 D AppOps : AppOpsService published
04-26 20:17:49.543 1727 1727 D SystemServerTiming: StartActivityManager took to complete: 77ms
04-26 20:17:49.543 1727 1727 I SystemServer: StartPowerManager
04-26 20:17:49.543 1727 1727 I SystemServiceManager: Starting com.android.server.power.PowerManagerService
04-26 20:17:49.544 1727 1727 I libsuspend: Selected wakeup count
04-26 20:17:49.547 1727 1727 D SystemServerTiming: StartPowerManager took to complete: 4ms
04-26 20:17:49.547 1727 1727 I SystemServer: InitPowerManagement
04-26 20:17:49.548 1727 1727 D SystemServerTiming: InitPowerManagement took to complete: 0ms
04-26 20:17:49.548 1727 1727 I SystemServer: StartRecoverySystemService
04-26 20:17:49.548 1727 1727 I SystemServiceManager: Starting com.android.server.RecoverySystemService
04-26 20:17:49.548 1727 1727 D SystemServerTiming: StartRecoverySystemService took to complete: 0ms
04-26 20:17:49.549 1727 1727 W RescueParty: Failed to determine if device was on USB
04-26 20:17:49.549 1727 1727 W RescueParty: java.io.FileNotFoundException: /sys/class/android_usb/android0/state (No such file or directory)
04-26 20:17:49.549 1727 1727 W RescueParty: at java.io.FileInputStream.open0(Native Method)
04-26 20:17:49.549 1727 1727 W RescueParty: at java.io.FileInputStream.open(FileInputStream.java:200)
04-26 20:17:49.549 1727 1727 W RescueParty: at java.io.FileInputStream.(FileInputStream.java:150)
04-26 20:17:49.549 1727 1727 W RescueParty: at android.os.FileUtils.readTextFile(FileUtils.java:262)
04-26 20:17:49.549 1727 1727 W RescueParty: at com.android.server.RescueParty.isUsbActive(RescueParty.java:345)
04-26 20:17:49.549 1727 1727 W RescueParty: at com.android.server.RescueParty.isDisabled(RescueParty.java:86)
04-26 20:17:49.549 1727 1727 W RescueParty: at com.android.server.RescueParty.noteBoot(RescueParty.java:105)
04-26 20:17:49.549 1727 1727 W RescueParty: at com.android.server.SystemServer.startBootstrapServices(SystemServer.java:551)
04-26 20:17:49.549 1727 1727 W RescueParty: at com.android.server.SystemServer.run(SystemServer.java:389)
04-26 20:17:49.549 1727 1727 W RescueParty: at com.android.server.SystemServer.main(SystemServer.java:267)
04-26 20:17:49.549 1727 1727 W RescueParty: at java.lang.reflect.Method.invoke(Native Method)
04-26 20:17:49.549 1727 1727 W RescueParty: at com.android.internal.os.RuntimeInit$MethodAndArgsCaller.run(RuntimeInit.java:463)
04-26 20:17:49.549 1727 1727 W RescueParty: at com.android.internal.os.ZygoteInit.main(ZygoteInit.java:787)
04-26 20:17:49.549 1727 1727 W RescueParty: Noticed 3 events for UID 0 in last 33 sec
04-26 20:17:49.549 1727 1727 I SystemServer: StartLightsService
04-26 20:17:49.549 1727 1727 I SystemServiceManager: Starting com.android.server.lights.LightsService
04-26 20:17:49.549 1727 1727 D SystemServerTiming: StartLightsService took to complete: 0ms
04-26 20:17:49.549 1727 1727 I SystemServer: StartDisplayManager
04-26 20:17:49.549 1727 1727 I SystemServiceManager: Starting com.android.server.display.DisplayManagerService
04-26 20:17:49.550 1727 1727 D SystemServerTiming: StartDisplayManager took to complete: 1ms
04-26 20:17:49.550 1727 1727 I SystemServer: WaitForDisplay
04-26 20:17:49.550 1727 1727 I SystemServiceManager: Starting phase 100
04-26 20:17:49.551 1401 1401 I light@2.0-servi: type=1400 audit(0.0:268): avc: denied { read write } for name="brightness" dev="sysfs" ino=7538 scontext=u:r:hal_light_default:s0 tcontext=u:object_r:sysfs:s0 tclass=file permissive=1
04-26 20:17:49.551 1401 1401 I light@2.0-servi: type=1400 audit(0.0:269): avc: denied { open } for path="/sys/devices/pci0000:00/0000:00:02.1/0000:01:00.0/backlight/acpi_video0/brightness" dev="sysfs" ino=7538 scontext=u:r:hal_light_default:s0 tcontext=u:object_r:sysfs:s0 tclass=file permissive=1
04-26 20:17:49.551 1727 1749 I DisplayManagerService: Display device added: DisplayDeviceInfo{"Écran intégré": uniqueId="local:0", 1600 x 900, modeId 1, defaultModeId 1, supportedModes [{id=1, width=1600, height=900, fps=85.44301}], colorMode 0, supportedColorModes [0], HdrCapabilities android.view.Display$HdrCapabilities@a69d6308, density 160, 160.0 x 159.86014 dpi, appVsyncOff 1000000, presDeadline 11703708, touch INTERNAL, rotation 0, type BUILT_IN, state UNKNOWN, FLAG_DEFAULT_DISPLAY, FLAG_ROTATES_WITH_CONTENT, FLAG_SECURE, FLAG_SUPPORTS_PROTECTED_BUFFERS}
04-26 20:17:49.553 1727 1727 D SystemServerTiming: WaitForDisplay took to complete: 2ms
04-26 20:17:49.553 1727 1749 I DisplayManagerService: Display device changed state: "Écran intégré", ON
04-26 20:17:49.553 1727 1727 I SystemServer: StartPackageManagerService
04-26 20:17:49.556 1727 1727 D SELinuxMMAC: Using policy file /system/etc/selinux/plat_mac_permissions.xml
04-26 20:17:49.556 1727 1727 D SELinuxMMAC: Using policy file /vendor/etc/selinux/nonplat_mac_permissions.xml
04-26 20:17:49.561 1727 1752 I libsuspend: open event3(Power Button) ok fd=69
04-26 20:17:49.561 1727 1752 I libsuspend: open event1(Power Button) ok fd=70
04-26 20:17:49.612 1727 1727 W PackageSettings: Couldn't write 10077 to /config/sdcardfs/com.rami.puissance4/appid
04-26 20:17:49.612 1727 1727 W PackageSettings: Couldn't write 10007 to /config/sdcardfs/com.android.cts.priv.ctsshim/appid
04-26 20:17:49.612 1727 1727 W PackageSettings: Couldn't write 10070 to /config/sdcardfs/com.google.android.youtube/appid
04-26 20:17:49.612 1727 1727 W PackageSettings: Couldn't write 10017 to /config/sdcardfs/com.google.android.ext.services/appid
04-26 20:17:49.612 1727 1727 W PackageSettings: Couldn't write 10064 to /config/sdcardfs/com.example.android.rssreader/appid
04-26 20:17:49.612 1727 1727 W PackageSettings: Couldn't write 10082 to /config/sdcardfs/com.oasisfeng.greenify/appid
04-26 20:17:49.612 1727 1727 W PackageSettings: Couldn't write 1001 to /config/sdcardfs/com.android.providers.telephony/appid
04-26 20:17:49.612 1727 1727 W PackageSettings: Couldn't write 10001 to /config/sdcardfs/org.android_x86.analytics/appid
04-26 20:17:49.612 1727 1727 W PackageSettings: Couldn't write 10034 to /config/sdcardfs/com.google.android.googlequicksearchbox/appid
04-26 20:17:49.612 1727 1727 W PackageSettings: Couldn't write 10002 to /config/sdcardfs/com.android.providers.calendar/appid
04-26 20:17:49.612 1727 1727 W PackageSettings: Couldn't write 10009 to /config/sdcardfs/com.android.providers.media/appid
04-26 20:17:49.612 1727 1727 W PackageSettings: Couldn't write 10020 to /config/sdcardfs/com.google.android.onetimeinitializer/appid
04-26 20:17:49.612 1727 1727 W PackageSettings: Couldn't write 10054 to /config/sdcardfs/com.google.android.ext.shared/appid
04-26 20:17:49.613 1727 1727 W PackageSettings: Couldn't write 10033 to /config/sdcardfs/com.android.wallpapercropper/appid
04-26 20:17:49.613 1727 1727 W PackageSettings: Couldn't write 10090 to /config/sdcardfs/com.applisto.appcloner/appid
04-26 20:17:49.613 1727 1727 W PackageSettings: Couldn't write 10076 to /config/sdcardfs/org.crape.rotationcontrol/appid
04-26 20:17:49.613 1727 1727 W PackageSettings: Couldn't write 10071 to /config/sdcardfs/com.speedsoftware.rootexplorer/appid
04-26 20:17:49.613 1727 1727 W PackageSettings: Couldn't write 1000 to /config/sdcardfs/org.zeroxlab.util.tscal/appid
04-26 20:17:49.613 1727 1727 W PackageSettings: Couldn't write 10011 to /config/sdcardfs/com.android.documentsui/appid
04-26 20:17:49.613 1727 1727 W PackageSettings: Couldn't write 10012 to /config/sdcardfs/com.android.externalstorage/appid
04-26 20:17:49.613 1727 1727 W PackageSettings: Couldn't write 10058 to /config/sdcardfs/com.android.htmlviewer/appid
04-26 20:17:49.613 1727 1727 W PackageSettings: Couldn't write 10073 to /config/sdcardfs/com.whatsapp/appid
04-26 20:17:49.613 1727 1727 W PackageSettings: Couldn't write 10045 to /config/sdcardfs/com.android.companiondevicemanager/appid
04-26 20:17:49.613 1727 1727 W PackageSettings: Couldn't write 1001 to /config/sdcardfs/com.android.mms.service/appid
04-26 20:17:49.613 1727 1727 W PackageSettings: Couldn't write 10079 to /config/sdcardfs/com.bionicapps.newsreader/appid
04-26 20:17:49.613 1727 1727 W PackageSettings: Couldn't write 10009 to /config/sdcardfs/com.android.providers.downloads/appid
04-26 20:17:49.613 1727 1727 W PackageSettings: Couldn't write 10072 to /config/sdcardfs/com.keramidas.TitaniumBackup/appid
04-26 20:17:49.613 1727 1727 W PackageSettings: Couldn't write 10080 to /config/sdcardfs/org.schabi.newpipe/appid
04-26 20:17:49.613 1727 1727 W PackageSettings: Couldn't write 10006 to /config/sdcardfs/com.android.defcontainer/appid
04-26 20:17:49.613 1727 1727 W PackageSettings: Couldn't write 10094 to /config/sdcardfs/com.tpcstld.twozerogame/appid
04-26 20:17:49.613 1727 1727 W PackageSettings: Couldn't write 10009 to /config/sdcardfs/com.android.providers.downloads.ui/appid
04-26 20:17:49.613 1727 1727 W PackageSettings: Couldn't write 10025 to /config/sdcardfs/com.android.vending/appid
04-26 20:17:49.613 1727 1727 W PackageSettings: Couldn't write 10063 to /config/sdcardfs/com.android.pacprocessor/appid
04-26 20:17:49.613 1727 1727 W PackageSettings: Couldn't write 10095 to /config/sdcardfs/com.tws.aviwatch/appid
04-26 20:17:49.613 1727 1727 W PackageSettings: Couldn't write 10046 to /config/sdcardfs/com.android.certinstaller/appid
04-26 20:17:49.613 1727 1727 W PackageSettings: Couldn't write 10004 to /config/sdcardfs/com.android.carrierconfig/appid
04-26 20:17:49.614 1727 1727 W PackageSettings: Couldn't write 10093 to /config/sdcardfs/com.advancedprocessmanager/appid
04-26 20:17:49.614 1727 1727 W PackageSettings: Couldn't write 1000 to /config/sdcardfs/android/appid
04-26 20:17:49.614 1727 1727 W PackageSettings: Couldn't write 10010 to /config/sdcardfs/com.android.contacts/appid
04-26 20:17:49.614 1727 1727 W PackageSettings: Couldn't write 10044 to /config/sdcardfs/com.android.camera2/appid
04-26 20:17:49.614 1727 1727 W PackageSettings: Couldn't write 10078 to /config/sdcardfs/com.eolwral.osmonitor/appid
04-26 20:17:49.614 1727 1727 W PackageSettings: Couldn't write 10049 to /config/sdcardfs/com.android.egg/appid
04-26 20:17:49.614 1727 1727 W PackageSettings: Couldn't write 10009 to /config/sdcardfs/com.android.mtp/appid
04-26 20:17:49.614 1727 1727 W PackageSettings: Couldn't write 10022 to /config/sdcardfs/com.android.launcher3/appid
04-26 20:17:49.614 1727 1727 W PackageSettings: Couldn't write 10003 to /config/sdcardfs/com.android.backupconfirm/appid
04-26 20:17:49.614 1727 1727 W PackageSettings: Couldn't write 10081 to /config/sdcardfs/com.buak.Link2SD/appid
04-26 20:17:49.614 1727 1727 W PackageSettings: Couldn't write 10028 to /config/sdcardfs/com.android.statementservice/appid
04-26 20:17:49.614 1727 1727 W PackageSettings: Couldn't write 10059 to /config/sdcardfs/com.google.android.gm/appid
04-26 20:17:49.614 1727 1727 W PackageSettings: Couldn't write 10042 to /config/sdcardfs/com.android.calendar/appid
04-26 20:17:49.614 1727 1727 W PackageSettings: Couldn't write 10000 to /config/sdcardfs/com.android.systemui.theme.dark/appid
04-26 20:17:49.614 1727 1727 W PackageSettings: Couldn't write 10027 to /config/sdcardfs/com.google.android.setupwizard/appid
04-26 20:17:49.614 1727 1727 W PackageSettings: Couldn't write 1000 to /config/sdcardfs/com.android.providers.settings/appid
04-26 20:17:49.614 1727 1727 W PackageSettings: Couldn't write 10026 to /config/sdcardfs/com.android.sharedstoragebackup/appid
04-26 20:17:49.614 1727 1727 W PackageSettings: Couldn't write 10065 to /config/sdcardfs/com.android.printspooler/appid
04-26 20:17:49.614 1727 1727 W PackageSettings: Couldn't write 10035 to /config/sdcardfs/com.android.dreams.basic/appid
04-26 20:17:49.614 1727 1727 W PackageSettings: Couldn't write 1000 to /config/sdcardfs/com.android.inputdevices/appid
04-26 20:17:49.614 1727 1727 W PackageSettings: Couldn't write 10084 to /config/sdcardfs/com.androidfung.drminfo/appid
04-26 20:17:49.614 1727 1727 W PackageSettings: Couldn't write 10040 to /config/sdcardfs/com.android.bips/appid
04-26 20:17:49.614 1727 1727 W PackageSettings: Couldn't write 10085 to /config/sdcardfs/com.google.android.apps.docs/appid
04-26 20:17:49.615 1727 1727 W PackageSettings: Couldn't write 10008 to /config/sdcardfs/com.android.cellbroadcastreceiver/appid
04-26 20:17:49.615 1727 1727 W PackageSettings: Couldn't write 10069 to /config/sdcardfs/com.google.android.webview/appid
04-26 20:17:49.615 1727 1727 W PackageSettings: Couldn't write 10056 to /config/sdcardfs/com.google.android.syncadapters.contacts/appid
04-26 20:17:49.615 1727 1727 W PackageSettings: Couldn't write 10061 to /config/sdcardfs/com.example.android.notepad/appid
04-26 20:17:49.615 1727 1727 W PackageSettings: Couldn't write 1000 to /config/sdcardfs/com.android.keychain/appid
04-26 20:17:49.615 1727 1727 W PackageSettings: Couldn't write 10051 to /config/sdcardfs/com.android.chrome/appid
04-26 20:17:49.615 1727 1727 W PackageSettings: Couldn't write 10018 to /config/sdcardfs/com.android.dialer/appid
04-26 20:17:49.615 1727 1727 W PackageSettings: Couldn't write 10053 to /config/sdcardfs/com.android.gallery3d/appid
04-26 20:17:49.615 1727 1727 W PackageSettings: Couldn't write 10019 to /config/sdcardfs/com.google.android.packageinstaller/appid
04-26 20:17:49.615 1727 1727 W PackageSettings: Couldn't write 10015 to /config/sdcardfs/com.google.android.gms/appid
04-26 20:17:49.615 1727 1727 W PackageSettings: Couldn't write 10015 to /config/sdcardfs/com.google.android.gsf/appid
04-26 20:17:49.615 1727 1727 W PackageSettings: Couldn't write 10005 to /config/sdcardfs/com.android.calllogbackup/appid
04-26 20:17:49.615 1727 1727 W PackageSettings: Couldn't write 10021 to /config/sdcardfs/com.google.android.partnersetup/appid
04-26 20:17:49.615 1727 1727 W PackageSettings: Couldn't write 10037 to /config/sdcardfs/com.android.basicsmsreceiver/appid
04-26 20:17:49.615 1727 1727 W PackageSettings: Couldn't write 10041 to /config/sdcardfs/com.android.carrierdefaultapp/appid
04-26 20:17:49.615 1727 1727 W PackageSettings: Couldn't write 10067 to /config/sdcardfs/com.svox.pico/appid
04-26 20:17:49.615 1727 1727 W PackageSettings: Couldn't write 10091 to /config/sdcardfs/com.gmail.heagoo.apkeditor.pro/appid
04-26 20:17:49.615 1727 1727 W PackageSettings: Couldn't write 10089 to /config/sdcardfs/rikka.appops/appid
04-26 20:17:49.615 1727 1727 W PackageSettings: Couldn't write 10024 to /config/sdcardfs/com.android.proxyhandler/appid
04-26 20:17:49.615 1727 1727 W PackageSettings: Couldn't write 10062 to /config/sdcardfs/com.android.inputmethod.latin/appid
04-26 20:17:49.615 1727 1727 W PackageSettings: Couldn't write 10013 to /config/sdcardfs/org.lineageos.eleven/appid
04-26 20:17:49.615 1727 1727 W PackageSettings: Couldn't write 10016 to /config/sdcardfs/com.google.android.feedback/appid
04-26 20:17:49.616 1727 1727 W PackageSettings: Couldn't write 10055 to /config/sdcardfs/com.google.android.printservice.recommendation/appid
04-26 20:17:49.616 1727 1727 W PackageSettings: Couldn't write 10057 to /config/sdcardfs/com.google.android.syncadapters.calendar/appid
04-26 20:17:49.616 1727 1727 W PackageSettings: Couldn't write 10023 to /config/sdcardfs/com.android.managedprovisioning/appid
04-26 20:17:49.616 1727 1727 W PackageSettings: Couldn't write 10074 to /config/sdcardfs/com.spotify.music/appid
04-26 20:17:49.616 1727 1727 W PackageSettings: Couldn't write 10066 to /config/sdcardfs/com.android.providers.partnerbookmarks/appid
04-26 20:17:49.616 1727 1727 W PackageSettings: Couldn't write 10015 to /config/sdcardfs/com.google.android.gsf.login/appid
04-26 20:17:49.616 1727 1727 W PackageSettings: Couldn't write 10060 to /config/sdcardfs/com.android.wallpaper.livepicker/appid
04-26 20:17:49.616 1727 1727 W PackageSettings: Couldn't write 10083 to /config/sdcardfs/org.mozilla.firefox/appid
04-26 20:17:49.616 1727 1727 W PackageSettings: Couldn't write 10036 to /config/sdcardfs/jackpal.androidterm/appid
04-26 20:17:49.616 1727 1727 W PackageSettings: Couldn't write 10015 to /config/sdcardfs/com.google.android.backuptransport/appid
04-26 20:17:49.616 1727 1727 W PackageSettings: Couldn't write 10075 to /config/sdcardfs/eu.thedarken.sdm/appid
04-26 20:17:49.616 1727 1727 W PackageSettings: Couldn't write 10029 to /config/sdcardfs/com.android.storagemanager/appid
04-26 20:17:49.616 1727 1727 W PackageSettings: Couldn't write 10038 to /config/sdcardfs/com.android.bookmarkprovider/appid
04-26 20:17:49.616 1727 1727 W PackageSettings: Couldn't write 1000 to /config/sdcardfs/com.android.settings/appid
04-26 20:17:49.616 1727 1727 W PackageSettings: Couldn't write 10031 to /config/sdcardfs/com.farmerbb.taskbar.androidx86/appid
04-26 20:17:49.616 1727 1727 W PackageSettings: Couldn't write 10052 to /config/sdcardfs/com.android.calculator2/appid
04-26 20:17:49.616 1727 1727 W PackageSettings: Couldn't write 10047 to /config/sdcardfs/com.android.cts.ctsshim/appid
04-26 20:17:49.616 1727 1727 W PackageSettings: Couldn't write 10092 to /config/sdcardfs/com.spring.bird.anycut/appid
04-26 20:17:49.616 1727 1727 W PackageSettings: Couldn't write 10032 to /config/sdcardfs/com.android.vpndialogs/appid
04-26 20:17:49.616 1727 1727 W PackageSettings: Couldn't write 1001 to /config/sdcardfs/com.android.phone/appid
04-26 20:17:49.616 1727 1727 W PackageSettings: Couldn't write 2000 to /config/sdcardfs/com.android.shell/appid
04-26 20:17:49.616 1727 1727 W PackageSettings: Couldn't write 1000 to /config/sdcardfs/com.android.wallpaperbackup/appid
04-26 20:17:49.616 1727 1727 W PackageSettings: Couldn't write 10005 to /config/sdcardfs/com.android.providers.blockednumber/appid
04-26 20:17:49.617 1727 1727 W PackageSettings: Couldn't write 10086 to /config/sdcardfs/com.king.candycrushsaga/appid
04-26 20:17:49.617 1727 1727 W PackageSettings: Couldn't write 10005 to /config/sdcardfs/com.android.providers.userdictionary/appid
04-26 20:17:49.617 1727 1727 W PackageSettings: Couldn't write 10014 to /config/sdcardfs/com.android.emergency/appid
04-26 20:17:49.617 1727 1727 W PackageSettings: Couldn't write 1000 to /config/sdcardfs/com.android.location.fused/appid
04-26 20:17:49.617 1727 1727 W PackageSettings: Couldn't write 10050 to /config/sdcardfs/com.android.deskclock/appid
04-26 20:17:49.617 1727 1727 W PackageSettings: Couldn't write 10030 to /config/sdcardfs/com.android.systemui/appid
04-26 20:17:49.617 1727 1727 W PackageSettings: Couldn't write 10039 to /config/sdcardfs/com.android.bluetoothmidiservice/appid
04-26 20:17:49.617 1727 1727 W PackageSettings: Couldn't write 1002 to /config/sdcardfs/com.android.bluetooth/appid
04-26 20:17:49.617 1727 1727 W PackageSettings: Couldn't write 10048 to /config/sdcardfs/com.android.development/appid
04-26 20:17:49.617 1727 1727 W PackageSettings: Couldn't write 10068 to /config/sdcardfs/com.android.wallpaperpicker/appid
04-26 20:17:49.617 1727 1727 W PackageSettings: Couldn't write 10005 to /config/sdcardfs/com.android.providers.contacts/appid
04-26 20:17:49.617 1727 1727 W PackageSettings: Couldn't write 10043 to /config/sdcardfs/com.android.captiveportallogin/appid
04-26 20:17:49.617 1727 1727 W PackageSettings: Couldn't write 10088 to /config/sdcardfs/com.elsdoerfer.android.autostarts/appid
04-26 20:17:49.618 1727 1727 W PackageManager: Wiping cache directory because the system partition changed.
04-26 20:17:49.620 1727 1727 W PackageManager: Failed to parse /system/framework/oat: Missing base APK in /system/framework/oat
04-26 20:17:49.622 1727 1727 W PackageManager: Failed to parse /system/framework/x86: Missing base APK in /system/framework/x86
04-26 20:17:49.622 1727 1727 W PackageManager: Failed to parse /system/framework/x86_64: Missing base APK in /system/framework/x86_64
04-26 20:17:49.702 1727 1727 W PackageManager: Failed to scan /system/priv-app/GmsCore: Package com.google.android.gms at /system/priv-app/GmsCore ignored: updated version 16091023 better than this 12688056
04-26 20:17:49.717 1727 1727 W PackageManager: Failed to scan /system/app/Gmail2: Package com.google.android.gm at /system/app/Gmail2 ignored: updated version 61339644 better than this 59252024
04-26 20:17:49.717 1727 1727 D PackageManager: No files in app dir /system/vendor/app
04-26 20:17:49.717 1727 1727 D PackageManager: No files in app dir /oem/app
04-26 20:17:49.717 1727 1727 I PackageManager: Finished scanning system apps. Time: 100 ms, packageCount: 91 , timePerPackage: 1 , cached: 93
04-26 20:17:49.781 1727 1727 D PackageManager: No files in app dir /data/app-private
04-26 20:17:49.781 1727 1727 I PackageManager: Finished scanning non-system apps. Time: 63 ms, packageCount: 26 , timePerPackage: 2 , cached: 26
04-26 20:17:49.783 1727 1727 I PackageManager: Time to scan packages: 0.166 seconds
04-26 20:17:49.788 1727 1727 V PackageManager: reconcileAppsData for null u0 0x3 migrateAppData=true
04-26 20:17:49.804 1727 1727 V PackageManager: reconcileAppsData finished 17 packages
04-26 20:17:49.807 1727 1773 D SystemServerInitThreadPool: Started executing prepareAppData
04-26 20:17:49.808 1415 1670 I chatty : uid=0(root) Binder:1415_4 expire 13 lines
04-26 20:17:49.811 1727 1773 D SystemServerTimingAsync: AppDataFixup took to complete: 4ms
04-26 20:17:49.996 1727 1727 W PackageSettings: Couldn't write 10077 to /config/sdcardfs/com.rami.puissance4/appid
04-26 20:17:49.996 1727 1727 W PackageSettings: Couldn't write 10007 to /config/sdcardfs/com.android.cts.priv.ctsshim/appid
04-26 20:17:49.996 1727 1727 W PackageSettings: Couldn't write 10070 to /config/sdcardfs/com.google.android.youtube/appid
04-26 20:17:49.996 1727 1727 W PackageSettings: Couldn't write 10017 to /config/sdcardfs/com.google.android.ext.services/appid
04-26 20:17:49.996 1727 1727 W PackageSettings: Couldn't write 10064 to /config/sdcardfs/com.example.android.rssreader/appid
04-26 20:17:49.996 1727 1727 W PackageSettings: Couldn't write 10082 to /config/sdcardfs/com.oasisfeng.greenify/appid
04-26 20:17:49.996 1727 1727 W PackageSettings: Couldn't write 1001 to /config/sdcardfs/com.android.providers.telephony/appid
04-26 20:17:49.996 1727 1727 W PackageSettings: Couldn't write 10001 to /config/sdcardfs/org.android_x86.analytics/appid
04-26 20:17:49.996 1727 1727 W PackageSettings: Couldn't write 10034 to /config/sdcardfs/com.google.android.googlequicksearchbox/appid
04-26 20:17:49.996 1727 1727 W PackageSettings: Couldn't write 10002 to /config/sdcardfs/com.android.providers.calendar/appid
04-26 20:17:49.996 1727 1727 W PackageSettings: Couldn't write 10009 to /config/sdcardfs/com.android.providers.media/appid
04-26 20:17:49.997 1727 1727 W PackageSettings: Couldn't write 10020 to /config/sdcardfs/com.google.android.onetimeinitializer/appid
04-26 20:17:49.997 1727 1727 W PackageSettings: Couldn't write 10054 to /config/sdcardfs/com.google.android.ext.shared/appid
04-26 20:17:49.997 1727 1727 W PackageSettings: Couldn't write 10033 to /config/sdcardfs/com.android.wallpapercropper/appid
04-26 20:17:49.997 1727 1727 W PackageSettings: Couldn't write 10090 to /config/sdcardfs/com.applisto.appcloner/appid
04-26 20:17:49.997 1727 1727 W PackageSettings: Couldn't write 10076 to /config/sdcardfs/org.crape.rotationcontrol/appid
04-26 20:17:49.997 1727 1727 W PackageSettings: Couldn't write 10071 to /config/sdcardfs/com.speedsoftware.rootexplorer/appid
