04-26 20:18:35.120 2349 2349 I m.android.phone: type=1400 audit(0.0:657): avc: denied { write } for name="property_service" dev="tmpfs" ino=5350 scontext=u:r:zygote:s0 tcontext=u:object_r:property_socket:s0 tclass=sock_file permissive=1
04-26 20:18:35.120 2349 2349 I m.android.phone: type=1400 audit(0.0:658): avc: denied { connectto } for path="/dev/socket/property_service" scontext=u:r:zygote:s0 tcontext=u:r:init:s0 tclass=unix_stream_socket permissive=1
04-26 20:18:35.130 2077 2077 W KeyguardUpdateMonitor: invalid subId in handleServiceStateChange()
04-26 20:18:35.131 2609 2609 I ndroid.keychai: type=1400 audit(0.0:659): avc: denied { execute } for path="/dev/ashmem" dev="tmpfs" ino=6303 scontext=u:r:zygote:s0 tcontext=u:object_r:ashmem_device:s0 tclass=chr_file permissive=1
04-26 20:18:35.131 2609 2609 I ndroid.keychai: type=1400 audit(0.0:660): avc: denied { execute } for path=2F6465762F6173686D656D2F64616C76696B2D6A69742D636F64652D6361636865202864656C6574656429 dev="tmpfs" ino=26734 scontext=u:r:zygote:s0 tcontext=u:object_r:zygote_tmpfs:s0 tclass=file permissive=1
04-26 20:18:35.131 2609 2609 E SELinux : seapp_context_lookup: No match for app with uid 1000, seinfo default, name com.android.keychain
04-26 20:18:35.132 2609 2609 W zygote64: Unexpected CPU variant for X86 using defaults: x86_64
04-26 20:18:35.133 2609 2609 I JDWP : type=1400 audit(0.0:661): avc: denied { connectto } for path=006A6477702D636F6E74726F6C scontext=u:r:zygote:s0 tcontext=u:r:adbd:s0 tclass=unix_stream_socket permissive=1
04-26 20:18:35.203 2542 2601 D ContactsDatabaseHelper: WAL enabled for contacts2.db: true
04-26 20:18:35.239 2349 2349 D ServiceStateProvider: subId=-2
04-26 20:18:35.314 2575 2575 V Launcher: LauncherAppState initiated
04-26 20:18:35.340 2542 2542 I zygote64: The ClassLoaderContext is a special shared library.
04-26 20:18:35.356 2349 2349 D PhoneSwitcherNetworkRequstListener: got request NetworkRequest [ TRACK_DEFAULT id=5, [ Capabilities: INTERNET&NOT_RESTRICTED&TRUSTED&NOT_VPN] ] with score 0
04-26 20:18:35.356 2349 2349 D PhoneSwitcherNetworkRequstListener: got request NetworkRequest [ TRACK_DEFAULT id=3, [ Capabilities: INTERNET&NOT_RESTRICTED&TRUSTED&NOT_VPN] ] with score 0
04-26 20:18:35.356 2349 2349 D PhoneSwitcherNetworkRequstListener: got request NetworkRequest [ REQUEST id=1, [ Capabilities: INTERNET&NOT_RESTRICTED&TRUSTED&NOT_VPN] ] with score 0
04-26 20:18:35.356 2349 2349 D PhoneSwitcherNetworkRequstListener: got request NetworkRequest [ BACKGROUND_REQUEST id=2, [ Transports: CELLULAR Capabilities: INTERNET&NOT_RESTRICTED&TRUSTED&NOT_VPN] ] with score 0
04-26 20:18:35.357 2349 2349 D TelephonyDebugService: TelephonyDebugService()
04-26 20:18:35.359 2609 2609 I ndroid.keychain: type=1400 audit(0.0:662): avc: denied { getattr } for path="/mnt/expand" dev="tmpfs" ino=7468 scontext=u:r:zygote:s0 tcontext=u:object_r:mnt_expand_file:s0 tclass=dir permissive=1
04-26 20:18:35.360 2609 2609 I zygote64: The ClassLoaderContext is a special shared library.
04-26 20:18:35.361 2609 2609 I ndroid.keychain: type=1400 audit(0.0:663): avc: denied { getattr } for path="/data/misc/profiles/cur/0/com.android.keychain/primary.prof" dev="sdb2" ino=566757 scontext=u:r:zygote:s0 tcontext=u:object_r:user_profile_data_file:s0 tclass=file permissive=1
04-26 20:18:35.399 2349 2349 I m.android.phone: type=1400 audit(0.0:664): avc: denied { call } for scontext=u:r:zygote:s0 tcontext=u:r:servicemanager:s0 tclass=binder permissive=1
04-26 20:18:35.403 1335 1335 E SELinux : avc: denied { find } for service=wifi pid=2349 uid=1001 scontext=u:r:zygote:s0 tcontext=u:object_r:wifi_service:s0 tclass=service_manager permissive=1
04-26 20:18:35.405 2349 2349 I m.android.phone: type=1400 audit(0.0:665): avc: denied { transfer } for scontext=u:r:zygote:s0 tcontext=u:r:servicemanager:s0 tclass=binder permissive=1
04-26 20:18:35.408 2349 2349 D CarrierSvcBindHelper: Received android.intent.action.USER_UNLOCKED
04-26 20:18:35.408 2349 2349 E PhoneInterfaceManager: [PhoneIntfMgr] getCarrierPackageNamesForIntent: No UICC
04-26 20:18:35.408 2349 2349 D CarrierSvcBindHelper: No carrier app for: 0
04-26 20:18:35.409 2349 2349 D CarrierConfigLoader: mHandler: 12 phoneId: 0
04-26 20:18:35.410 2349 2349 E PhoneInterfaceManager: [PhoneIntfMgr] getIccId: No UICC
04-26 20:18:35.415 2349 2349 I Thread-4: type=1400 audit(0.0:666): avc: denied { write } for name="mmssms.db" dev="sdb2" ino=567196 scontext=u:r:zygote:s0 tcontext=u:object_r:system_data_file:s0 tclass=file permissive=1
04-26 20:18:35.418 1335 1335 E SELinux : avc: denied { find } for service=android.security.keystore pid=2609 uid=1000 scontext=u:r:zygote:s0 tcontext=u:object_r:keystore_service:s0 tclass=service_manager permissive=1
04-26 20:18:35.480 2349 2349 I Thread-4: type=1400 audit(0.0:667): avc: denied { setattr } for name="mmssms.db" dev="sdb2" ino=567196 scontext=u:r:zygote:s0 tcontext=u:object_r:system_data_file:s0 tclass=file permissive=1
04-26 20:18:35.647 2647 2647 I chatty : uid=10015(com.google.android.gms) expire 11 lines
04-26 20:18:35.741 2349 2349 D OpenGLRenderer: HWUI GL Pipeline
04-26 20:18:35.743 2349 2349 W TelecomManager: Telecom Service not found.
04-26 20:18:35.743 2349 2349 I TelecomFramework: AccountEntry: Registered phoneAccount: [[ ] PhoneAccount: ComponentInfo{com.android.phone/com.android.services.telephony.TelephonyConnectionService}, [e0184adedf913b076626646d3f52c3b49c39ad6d], UserHandle{0} Capabilities: CallProvider MultiUser PlaceEmerg SimSub Audio Routes: BESW Schemes: tel voicemail Extras: Bundle[{android.telecom.extra.SUPPORTS_VIDEO_CALLING_FALLBACK=false}] GroupId: [da39a3ee5e6b4b0d3255bfef95601890afd80709]] with handle: ComponentInfo{com.android.phone/com.android.services.telephony.TelephonyConnectionService}, [e0184adedf913b076626646d3f52c3b49c39ad6d], UserHandle{0}
04-26 20:18:35.847 2349 2349 I TelecomFramework: PstnIncomingCallNotifier: Registering: Handler (com.android.internal.telephony.GsmCdmaPhone) {99c3662}
04-26 20:18:35.850 2561 2572 I zygote64: Background concurrent copying GC freed 9528(1700KB) AllocSpace objects, 10(200KB) LOS objects, 57% free, 1123KB/2MB, paused 4.665ms total 261.494ms
04-26 20:18:35.856 2349 2349 W TelecomManager: Telecom Service not found.
04-26 20:18:35.856 2349 2349 I chatty : uid=1001(radio) com.android.phone identical 1 line
04-26 20:18:35.861 2349 2349 W TelecomManager: Telecom Service not found.
04-26 20:18:35.862 2349 2349 I TelecomFramework: PstnPhoneCapabilitiesNotifier: handleVideoCapabilitesChanged. Video capability - false
04-26 20:18:35.862 2349 2349 E PhoneInterfaceManager: [PhoneIntfMgr] getIccId: No UICC
04-26 20:18:35.863 2349 2667 D SIP : [SipPreferences] isReceivingCallsEnabled, option not set; use default value, exception: android.provider.Settings$SettingNotFoundException: sip_receive_calls
04-26 20:18:35.864 2349 2349 W TelecomManager: Telecom Service not found.
04-26 20:18:36.004 2542 2542 I zygote64: The ClassLoaderContext is a special shared library.
04-26 20:18:36.006 2349 2349 I com.android.phone: type=1400 audit(0.0:668): avc: denied { call } for comm=4173796E635461736B202332 scontext=u:r:zygote:s0 tcontext=u:r:priv_app:s0:c512,c768 tclass=binder permissive=1
04-26 20:18:36.006 2349 2349 I com.android.phone: type=1400 audit(0.0:669): avc: denied { transfer } for comm=4173796E635461736B202332 scontext=u:r:zygote:s0 tcontext=u:r:priv_app:s0:c512,c768 tclass=binder permissive=1
04-26 20:18:36.014 2575 2575 W System : ClassLoader referenced unknown path:
04-26 20:18:36.030 2542 2601 I ContactLocale: AddressBook Labels [[fr_FR]]: […, A, B, C, D, E, F, G, H, I, J, K, L, M, N, O, P, Q, R, S, T, U, V, W, X, Y, Z, Α, Β, Γ, Δ, Ε, Ζ, Η, Θ, Ι, Κ, Λ, Μ, Ν, Ξ, Ο, Π, Ρ, Σ, Τ, Υ, Φ, Χ, Ψ, Ω, …, А, Б, В, Г, Д, Ђ, Е, Є, Ж, З, И, І, Й, Ј, К, Л, Љ, М, Н, Њ, О, П, Р, С, Т, Ћ, У, Ф, Х, Ц, Ч, Џ, Ш, Щ, Ю, Я, …, א, ב, ג, ד, ה, ו, ז, ח, ט, י, כ, ל, מ, נ, ס, ע, פ, צ, ק, ר, ש, ת, …, ا, ب, ت, ث, ج, ح, خ, د, ذ, ر, ز, س, ش, ص, ض, ط, ظ, ع, غ, ف, ق, ك, ل, م, ن, ه, و, ي, …, ก, ข, ฃ, ค, ฅ, ฆ, ง, จ, ฉ, ช, ซ, ฌ, ญ, ฎ, ฏ, ฐ, ฑ, ฒ, ณ, ด, ต, ถ, ท, ธ, น, บ, ป, ผ, ฝ, พ, ฟ, ภ, ม, ย, ร, ฤ, ล, ฦ, ว, ศ, ษ, ส, ห, ฬ, อ, ฮ, …, ㄱ, ㄴ, ㄷ, ㄹ, ㅁ, ㅂ, ㅅ, ㅇ, ㅈ, ㅊ, ㅋ, ㅌ, ㅍ, ㅎ, …, あ, か, さ, た, な, は, ま, や, ら, わ, #, …]
04-26 20:18:36.042 2061 2061 I LatinIME: Timeout waiting for dictionary load
04-26 20:18:36.049 2542 2601 D ContactsDatabaseHelper: WAL enabled for profile.db: false
04-26 20:18:36.147 2575 2626 D LoaderTask: loadWorkspace: loading default favorites
04-26 20:18:36.149 2575 2671 D OpenGLRenderer: HWUI GL Pipeline
04-26 20:18:36.212 1407 1463 D gralloc : Registering a buffer in the process that created it. This may cause memory ordering problems.
04-26 20:18:36.212 1407 1463 I chatty : uid=0(root) Binder:1407_1 identical 1 line
04-26 20:18:36.212 1407 1463 D gralloc : Registering a buffer in the process that created it. This may cause memory ordering problems.
04-26 20:18:36.217 2575 2575 W View : requestLayout() improperly called by com.android.launcher3.graphics.GradientView{a8e223d V.ED..... ......I. 0,0-0,0 #7f0b0033 app:id/gradient_bg} during layout: running second layout pass
04-26 20:18:36.217 2575 2671 I com.android.launcher3: android::hardware::configstore::V1_0::ISurfaceFlingerConfigs::hasWideColorDisplay retrieved: 0
04-26 20:18:36.217 2575 2671 I OpenGLRenderer: Initialized EGL, version 1.4
04-26 20:18:36.217 2575 2671 D OpenGLRenderer: Swap behavior 1
04-26 20:18:36.230 1407 1465 D gralloc : Registering a buffer in the process that created it. This may cause memory ordering problems.
04-26 20:18:36.231 2575 2671 D vndksupport: Loading /vendor/lib64/hw/android.hardware.graphics.mapper@2.0-impl.so from current namespace instead of sphal namespace.
04-26 20:18:36.231 2575 2671 D vndksupport: Loading /vendor/lib64/hw/gralloc.default.so from current namespace instead of sphal namespace.
04-26 20:18:36.232 2575 2671 D vndksupport: Loading /vendor/lib64/hw/gralloc.default.so from current namespace instead of sphal namespace.
04-26 20:18:36.243 2363 2363 I ndroid.settings: type=1400 audit(0.0:670): avc: denied { read } for scontext=u:r:zygote:s0 tcontext=u:r:surfaceflinger:s0 tclass=unix_stream_socket permissive=1
04-26 20:18:36.243 2363 2363 I ndroid.settings: type=1400 audit(0.0:671): avc: denied { call } for scontext=u:r:zygote:s0 tcontext=u:r:surfaceflinger:s0 tclass=binder permissive=1
04-26 20:18:36.244 1407 1463 D gralloc : Registering a buffer in the process that created it. This may cause memory ordering problems.
04-26 20:18:36.279 2363 2363 I ndroid.settings: type=1400 audit(0.0:672): avc: denied { read } for scontext=u:r:zygote:s0 tcontext=u:r:system_server:s0 tclass=unix_stream_socket permissive=1
04-26 20:18:36.318 1407 1512 D gralloc : Registering a buffer in the process that created it. This may cause memory ordering problems.
04-26 20:18:36.824 2542 2542 I Binder:2542_3: type=1400 audit(0.0:673): avc: denied { transfer } for scontext=u:r:priv_app:s0:c512,c768 tcontext=u:r:zygote:s0 tclass=binder permissive=1
04-26 20:18:36.824 2542 2542 I Binder:2542_3: type=1400 audit(0.0:674): avc: denied { use } for path="/dev/ashmem" dev="tmpfs" ino=6303 scontext=u:r:zygote:s0 tcontext=u:r:priv_app:s0:c512,c768 tclass=fd permissive=1
04-26 20:18:36.859 2468 2468 I InteractorInitializer: Initialized process com.google.android.googlequicksearchbox:interactor
04-26 20:18:36.876 2675 2675 I chatty : uid=10015(com.google.android.gms) com.google.process.gservices expire 3 lines
04-26 20:18:37.037 2693 2693 W zygote : Unexpected CPU variant for X86 using defaults: x86_64
04-26 20:18:37.043 1940 2089 I chatty : uid=1000(system) Binder:1940_4 expire 41 lines
04-26 20:18:37.057 2693 2693 I zygote : The ClassLoaderContext is a special shared library.
04-26 20:18:37.231 2575 2583 I zygote64: Do partial code cache collection, code=29KB, data=29KB
04-26 20:18:37.231 2575 2583 I zygote64: After code cache collection, code=29KB, data=29KB
04-26 20:18:37.231 2575 2583 I zygote64: Increasing code cache capacity to 128KB
04-26 20:18:37.297 2468 2468 I CameraManagerGlobal: Connecting to camera service
04-26 20:18:37.584 2448 2466 I chatty : uid=10015(com.google.android.gms) Binder:2448_3 expire 2 lines
04-26 20:18:37.656 2647 2658 I chatty : uid=10015(com.google.android.gms) HeapTaskDaemon expire 1 line
04-26 20:18:37.725 2448 2462 I chatty : uid=10015(com.google.android.gms) HeapTaskDaemon expire 1 line
04-26 20:18:37.866 1940 2295 I chatty : uid=1000(system) Binder:1940_6 expire 33 lines
04-26 20:18:37.878 2726 2726 W zygote64: Unexpected CPU variant for X86 using defaults: x86_64
04-26 20:18:38.031 2448 2455 I chatty : uid=10015(com.google.android.gms) Jit thread pool expire 3 lines
04-26 20:18:38.197 2468 2468 W KeyphraseEnrollmentInfo: No enrollment application supports the given keyphrase/locale: 'Ok Google'/fr_FR
04-26 20:18:38.309 2753 2753 W zygote64: Unexpected CPU variant for X86 using defaults: x86_64
04-26 20:18:38.337 1940 1952 I chatty : uid=1000(system) Binder:1940_2 expire 99 lines
04-26 20:18:38.396 2693 2693 I MicroDetectionWorker: #initializeDataManager [recognitionLocale: fr-FR, isForced: false, initGHRecognizer: false]
04-26 20:18:38.400 2575 2575 I Choreographer: Skipped 99 frames! The application may be doing too much work on its main thread.
04-26 20:18:38.471 2753 2753 I zygote64: The ClassLoaderContext is a special shared library.
04-26 20:18:38.482 2693 2693 W SearchService: Abort, client detached.
04-26 20:18:38.485 2468 2468 I GsaVoiceInteractionSrv: Not calling getSupportedRecognitionModes. Availability: -2
04-26 20:18:38.486 2468 2468 I HwDetectorWithState: #performNextHotwordAction action: 3
04-26 20:18:38.635 2575 2575 E SchedPolicy: set_timerslack_ns write failed: Operation not permitted
04-26 20:18:38.673 2726 2726 I zygote64: The ClassLoaderContext is a special shared library.
04-26 20:18:38.724 2693 2698 I zygote : Compiler allocated 8MB to compile void com.google.android.apps.gsa.shared.config.a.n.ame()
04-26 20:18:38.793 2693 2743 W com.google.protobuf.fi: copyMemory is missing from platform - proto runtime falling back to safer methods.
04-26 20:18:38.944 2693 2698 I zygote : Do partial code cache collection, code=30KB, data=19KB
04-26 20:18:38.944 2693 2698 I zygote : After code cache collection, code=30KB, data=19KB
04-26 20:18:38.944 2693 2698 I zygote : Increasing code cache capacity to 128KB
04-26 20:18:39.115 2726 2787 W YouTube : Fetching the Gservices key 'failsafe_maxnumbercrash_12_15' before the end of the bulk initialization
04-26 20:18:39.124 2726 2781 I zygote64: The ClassLoaderContext is a special shared library.
04-26 20:18:39.124 2726 2781 I zygote64: The ClassLoaderContext is a special shared library.
04-26 20:18:39.204 2726 2726 E YouTube : flushBinderConnectionCallbacks is unverified on SDK 27
04-26 20:18:39.208 2726 2784 W DynamiteModule: Failed to load module via V2: java.lang.ClassNotFoundException: Didn't find class "com.google.android.gms.dynamite.DynamiteModule$DynamiteLoaderClassLoader" on path: DexPathList[[zip file "/system/app/YouTube/YouTube.apk"],nativeLibraryDirectories=[/system/app/YouTube/lib/x86_64, /system/app/YouTube/YouTube.apk!/lib/x86_64, /system/lib64, /system/vendor/lib64, /system/lib64, /system/vendor/lib64]]
04-26 20:18:39.216 2726 2784 I DynamiteModule: Considering local module com.google.android.gms.ads.dynamite:0 and remote module com.google.android.gms.ads.dynamite:11220
04-26 20:18:39.216 2726 2784 I DynamiteModule: Selected remote version of com.google.android.gms.ads.dynamite, version >= 11220
04-26 20:18:39.227 2726 2784 W zygote64: Unsupported class loader
04-26 20:18:39.238 2726 2784 W zygote64: Skipping duplicate class check due to unsupported classloader
04-26 20:18:39.267 2726 2784 D DynamitePackage: Instantiated singleton DynamitePackage.
04-26 20:18:39.267 2726 2784 D DynamitePackage: Instantiating com.google.android.gms.ads.adshield.ChimeraAdShieldCreatorImpl
04-26 20:18:39.408 2726 2784 I zygote64: The ClassLoaderContext is a special shared library.
04-26 20:18:39.458 2726 2781 V NativeCrypto: Registering com/google/android/gms/org/conscrypt/NativeCrypto's 284 native methods...
04-26 20:18:39.481 2726 2781 D NetworkSecurityConfig: No Network Security Config specified, using platform default
04-26 20:18:39.482 2726 2781 I ProviderInstaller: Installed default security provider GmsCore_OpenSSL
04-26 20:18:39.567 2726 2726 V MediaRouter: Adding route: RouteInfo{ name=Tablette, description=null, status=null, category=RouteCategory{ name=Système types=ROUTE_TYPE_LIVE_AUDIO ROUTE_TYPE_LIVE_VIDEO groupable=false }, supportedTypes=ROUTE_TYPE_LIVE_AUDIO ROUTE_TYPE_LIVE_VIDEO , presentationDisplay=null }
04-26 20:18:39.569 2726 2726 V MediaRouter: Selecting route: RouteInfo{ name=Tablette, description=null, status=null, category=RouteCategory{ name=Système types=ROUTE_TYPE_LIVE_AUDIO ROUTE_TYPE_LIVE_VIDEO groupable=false }, supportedTypes=ROUTE_TYPE_LIVE_AUDIO ROUTE_TYPE_LIVE_VIDEO , presentationDisplay=null }
04-26 20:18:39.589 2726 2726 W InstanceID/Rpc: Found 10015
04-26 20:18:39.597 2726 2726 I init5-2 : type=1400 audit(0.0:677): avc: denied { call } for scontext=u:r:untrusted_app_25:s0:c512,c768 tcontext=u:r:zygote:s0 tclass=binder permissive=1
04-26 20:18:39.600 2349 2349 I Binder:2349_6: type=1400 audit(0.0:678): avc: denied { call } for scontext=u:r:zygote:s0 tcontext=u:r:system_server:s0 tclass=binder permissive=1
04-26 20:18:39.612 1383 1383 I vold : type=1400 audit(0.0:679): avc: denied { read } for name="033e8fc7-4cfe-9454-bc59-df7329ca862d" dev="tmpfs" ino=27124 scontext=u:r:vold:s0 tcontext=u:object_r:storage_stub_file:s0 tclass=dir permissive=1
04-26 20:18:39.612 1383 1383 I vold : type=1400 audit(0.0:680): avc: denied { open } for path="/storage/033e8fc7-4cfe-9454-bc59-df7329ca862d" dev="tmpfs" ino=27124 scontext=u:r:vold:s0 tcontext=u:object_r:storage_stub_file:s0 tclass=dir permissive=1
04-26 20:18:39.612 1383 1383 I vold : type=1400 audit(0.0:681): avc: denied { write } for name="033e8fc7-4cfe-9454-bc59-df7329ca862d" dev="tmpfs" ino=27124 scontext=u:r:vold:s0 tcontext=u:object_r:storage_stub_file:s0 tclass=dir permissive=1
04-26 20:18:39.612 1383 1383 I vold : type=1400 audit(0.0:682): avc: denied { add_name } for name="Android" scontext=u:r:vold:s0 tcontext=u:object_r:storage_stub_file:s0 tclass=dir permissive=1
04-26 20:18:39.613 1940 2009 I chatty : uid=1000(system) VoldConnector expire 5 lines
04-26 20:18:39.616 1397 1468 D Camera_Factory: CameraFactory::get_camera_info
04-26 20:18:39.616 1397 1468 D Camera_Factory: CameraFactory::getCameraInfo: id = 0, info = 0xe8a7f130
04-26 20:18:39.616 1397 1468 D Camera_Factory: CameraFactory::getCameraNum: 1
04-26 20:18:39.800 2726 2726 I android.youtube: type=1400 audit(0.0:683): avc: denied { getattr } for path="/storage/033e8fc7-4cfe-9454-bc59-df7329ca862d" dev="tmpfs" ino=27124 scontext=u:r:untrusted_app_25:s0:c512,c768 tcontext=u:object_r:storage_stub_file:s0 tclass=dir permissive=1
04-26 20:18:39.804 2726 2828 W zygote64: Long monitor contention with owner main (2726) at java.io.File[] android.app.ContextImpl.getExternalFilesDirs(java.lang.String)(ContextImpl.java:631) waiters=1 in java.io.File android.app.ContextImpl.getCacheDir() for 177ms
04-26 20:18:39.883 1406 1406 I lmkd : type=1400 audit(0.0:685): avc: denied { search } for name="2363" dev="proc" ino=19830 scontext=u:r:lmkd:s0 tcontext=u:r:zygote:s0 tclass=dir permissive=1
04-26 20:18:39.883 1406 1406 I lmkd : type=1400 audit(0.0:686): avc: denied { write } for name="oom_score_adj" dev="proc" ino=19403 scontext=u:r:lmkd:s0 tcontext=u:r:zygote:s0 tclass=file permissive=1
04-26 20:18:39.883 1406 1406 I lmkd : type=1400 audit(0.0:687): avc: denied { open } for path="/proc/2363/oom_score_adj" dev="proc" ino=19403 scontext=u:r:lmkd:s0 tcontext=u:r:zygote:s0 tclass=file permissive=1
04-26 20:18:39.884 2726 2726 V MediaRouter: Selecting route: RouteInfo{ name=Tablette, description=null, status=null, category=RouteCategory{ name=Système types=ROUTE_TYPE_LIVE_AUDIO ROUTE_TYPE_LIVE_VIDEO groupable=false }, supportedTypes=ROUTE_TYPE_LIVE_AUDIO ROUTE_TYPE_LIVE_VIDEO , presentationDisplay=null }
04-26 20:18:39.888 2854 2854 I main : type=1400 audit(0.0:688): avc: denied { mounton } for path="/storage" dev="tmpfs" ino=5333 scontext=u:r:zygote:s0 tcontext=u:object_r:tmpfs:s0 tclass=dir permissive=1
04-26 20:18:39.891 2854 2854 W zygote64: Unexpected CPU variant for X86 using defaults: x86_64
04-26 20:18:39.913 2854 2854 I zygote64: The ClassLoaderContext is a special shared library.
04-26 20:18:39.922 2854 2854 I zygote64: The ClassLoaderContext is a special shared library.
04-26 20:18:39.979 2854 2854 D MediaScannerReceiver: action: android.intent.action.MEDIA_MOUNTED path: /storage/AFEE-BB90
04-26 20:18:40.105 2448 2464 I chatty : uid=10015(com.google.android.gms) Binder:2448_2 expire 1 line
04-26 20:18:40.122 1940 1940 I chatty : uid=1000 system_server expire 1 line
04-26 20:18:40.130 2854 2854 D MediaScannerReceiver: action: android.intent.action.MEDIA_MOUNTED path: /storage/emulated/0
04-26 20:18:40.245 2561 2664 I FA : App measurement is starting up, version: 13001
04-26 20:18:40.245 2561 2664 I FA : To enable debug logging run: adb shell setprop log.tag.FA VERBOSE
04-26 20:18:40.245 2561 2664 I FA : To enable faster debug mode event logging run:
04-26 20:18:40.245 2561 2664 I FA : adb shell setprop debug.firebase.analytics.app com.oasisfeng.greenify
04-26 20:18:40.308 2561 2664 W FA : Failed to retrieve Firebase Instance Id
04-26 20:18:40.317 2561 2664 W FA : Failed to retrieve Firebase Instance Id
04-26 20:18:40.435 2448 2448 I chatty : uid=10015 com.google.android.gms.persistent expire 2 lines
04-26 20:18:40.566 2448 2886 I chatty : uid=10015(com.google.android.gms) FlpThread expire 1 line
04-26 20:18:40.577 2891 2891 I chatty : uid=10015(com.google.android.gms) com.google.process.gapps expire 4 lines
04-26 20:18:40.758 2912 2912 W zygote64: Unexpected CPU variant for X86 using defaults: x86_64
04-26 20:18:40.758 1940 1940 I chatty : uid=1000 system_server expire 18 lines
04-26 20:18:40.766 1383 1383 I vold : type=1400 audit(0.0:691): avc: denied { read } for name="033e8fc7-4cfe-9454-bc59-df7329ca862d" dev="tmpfs" ino=27124 scontext=u:r:vold:s0 tcontext=u:object_r:storage_stub_file:s0 tclass=dir permissive=1
04-26 20:18:40.766 1383 1383 I vold : type=1400 audit(0.0:692): avc: denied { open } for path="/storage/033e8fc7-4cfe-9454-bc59-df7329ca862d" dev="tmpfs" ino=27124 scontext=u:r:vold:s0 tcontext=u:object_r:storage_stub_file:s0 tclass=dir permissive=1
04-26 20:18:40.766 1383 1383 I vold : type=1400 audit(0.0:693): avc: denied { write } for name="data" dev="tmpfs" ino=27126 scontext=u:r:vold:s0 tcontext=u:object_r:storage_stub_file:s0 tclass=dir permissive=1
04-26 20:18:40.766 1383 1383 I vold : type=1400 audit(0.0:694): avc: denied { add_name } for name="com.google.android.gms" scontext=u:r:vold:s0 tcontext=u:object_r:storage_stub_file:s0 tclass=dir permissive=1
04-26 20:18:40.782 2647 2919 I chatty : uid=10015(com.google.android.gms) expire 1 line
04-26 20:18:40.788 2912 2912 I zygote64: The ClassLoaderContext is a special shared library.
04-26 20:18:40.803 1940 2386 I chatty : uid=1000(system) Binder:1940_7 expire 5 lines
04-26 20:18:40.819 2647 2661 I chatty : uid=10015(com.google.android.gms) Binder:2647_3 expire 2 lines
04-26 20:18:40.861 1940 2911 I chatty : uid=1000 system_server expire 1 line
04-26 20:18:41.303 2647 2652 I chatty : uid=10015(com.google.android.gms) Jit thread pool expire 3 lines
04-26 20:18:41.423 2912 2912 I Dialer : NonUiTaskBuilder.newThread - creating parallel thread
04-26 20:18:41.440 2448 2455 I chatty : uid=10015(com.google.android.gms) Jit thread pool expire 3 lines
04-26 20:18:41.444 2448 2448 I chatty : uid=10015 com.google.android.gms.persistent expire 1 line
04-26 20:18:41.447 2647 2949 I chatty : uid=10015(com.google.android.gms) expire 2 lines
04-26 20:18:41.462 2912 2912 I Dialer : CallLogFramework.registerContentObservers - enter
04-26 20:18:41.468 2912 2912 I Dialer : CallLogFramework.registerContentObservers - new call log not enabled
04-26 20:18:41.472 2448 2462 I chatty : uid=10015(com.google.android.gms) HeapTaskDaemon expire 1 line
04-26 20:18:41.475 2912 2947 W TelecomManager: Telecom Service not found.
04-26 20:18:41.475 2912 2947 W Dialer : TelecomUtil - Dialer is not currently set to be default dialer
04-26 20:18:41.475 2912 2947 I Dialer : BlockedNumbersAutoMigrator - not attempting auto-migrate: current user can't block
04-26 20:18:41.515 2912 2912 W TelecomManager: Telecom Service not found.
04-26 20:18:41.515 2912 2912 I Dialer : VisualVoicemailUpdateTask.scheduleTask - not default dialer, not running
04-26 20:18:41.530 2958 2958 W zygote64: Unexpected CPU variant for X86 using defaults: x86_64
04-26 20:18:41.560 1940 2386 I chatty : uid=1000(system) Binder:1940_7 expire 10 lines
04-26 20:18:41.564 2958 2958 I zygote64: The ClassLoaderContext is a special shared library.
04-26 20:18:41.617 2958 2958 D ExtensionsFactory: No custom extensions.
04-26 20:18:41.621 2647 2647 I chatty : uid=10015(com.google.android.gms) expire 2 lines
04-26 20:18:41.622 2958 2958 D AlertReceiver: onReceive: a=android.intent.action.BOOT_COMPLETED Intent { act=android.intent.action.BOOT_COMPLETED flg=0x9000010 cmp=com.android.calendar/.alerts.AlertReceiver (has extras) }
04-26 20:18:41.634 2987 2987 W zygote64: Unexpected CPU variant for X86 using defaults: x86_64
04-26 20:18:41.636 1940 1952 I chatty : uid=1000(system) Binder:1940_2 expire 1 line
04-26 20:18:41.658 2647 3004 I chatty : uid=10015(com.google.android.gms) expire 2 lines
04-26 20:18:41.675 2987 2987 I zygote64: The ClassLoaderContext is a special shared library.
04-26 20:18:41.677 2958 2985 D AlertService: 0 Action = android.intent.action.BOOT_COMPLETED
04-26 20:18:41.679 2958 2985 D AlertService: Scheduling next alarm with AlarmScheduler. sEventReminderReceived: null
04-26 20:18:41.687 1940 1950 I chatty : uid=1000(system) HeapTaskDaemon expire 1 line
04-26 20:18:41.697 3013 3013 W zygote64: Unexpected CPU variant for X86 using defaults: x86_64
04-26 20:18:41.716 1940 2286 I chatty : uid=1000(system) Binder:1940_5 expire 9 lines
04-26 20:18:41.727 1940 2286 I chatty : uid=1000(system) Binder:1940_5 expire 1 line
04-26 20:18:41.727 1940 2017 I chatty : uid=1000(system) Binder:1940_3 expire 3 lines
04-26 20:18:41.752 2647 2652 I chatty : uid=10015(com.google.android.gms) Jit thread pool expire 2 lines
04-26 20:18:41.931 3013 3013 I zygote64: The ClassLoaderContext is a special shared library.
04-26 20:18:41.945 3013 3013 I chatty : uid=10002(com.android.providers.calendar) identical 1 line
04-26 20:18:41.946 3013 3013 I zygote64: The ClassLoaderContext is a special shared library.
04-26 20:18:41.953 2987 2987 D CellBroadcastReceiver: onReceive Intent { act=android.intent.action.BOOT_COMPLETED flg=0x9000010 cmp=com.android.cellbroadcastreceiver/.CellBroadcastReceiver (has extras) }
04-26 20:18:41.954 2987 2987 D CellBroadcastReceiver: Start Cell Broadcast configuration.
04-26 20:18:41.962 2448 2889 I chatty : uid=10015(com.google.android.gms) GoogleApiHandle expire 1 line
04-26 20:18:42.045 2647 2652 I chatty : uid=10015(com.google.android.gms) Jit thread pool expire 1 line
04-26 20:18:42.127 2987 2987 D CellBroadcastReceiver: Default interval 0 did not change.
04-26 20:18:42.132 2647 3007 I chatty : uid=10015(com.google.android.gms) expire 1 line
04-26 20:18:42.134 1335 1335 I servicemanager: type=1400 audit(0.0:695): avc: denied { getattr } for scontext=u:r:servicemanager:s0 tcontext=u:r:zygote:s0 tclass=process permissive=1
04-26 20:18:42.136 1335 1335 I servicemanager: type=1400 audit(0.0:696): avc: denied { search } for name="2349" dev="proc" ino=19806 scontext=u:r:servicemanager:s0 tcontext=u:r:zygote:s0 tclass=dir permissive=1
04-26 20:18:42.136 2349 2771 D IccSmsInterfaceManager: [IccSmsInterfaceManager] Calling setCdmaBroadcastConfig with 1 configurations
04-26 20:18:42.137 2349 2771 D IccSmsInterfaceManager: [IccSmsInterfaceManager] Failed to add cdma broadcast subscription for MID range 4096 to 4096 from client com.android.cellbroadcastreceiver
04-26 20:18:42.138 2349 2771 D IccSmsInterfaceManager: [IccSmsInterfaceManager] Calling setCdmaBroadcastConfig with 1 configurations
04-26 20:18:42.138 2349 2771 D IccSmsInterfaceManager: [IccSmsInterfaceManager] Failed to add cdma broadcast subscription for MID range 4097 to 4097 from client com.android.cellbroadcastreceiver
04-26 20:18:42.138 3041 3041 W zygote64: Unexpected CPU variant for X86 using defaults: x86_64
04-26 20:18:42.142 2349 2771 D IccSmsInterfaceManager: [IccSmsInterfaceManager] Calling setCdmaBroadcastConfig with 1 configurations
04-26 20:18:42.142 2349 2771 D IccSmsInterfaceManager: [IccSmsInterfaceManager] Failed to add cdma broadcast subscription for MID range 4098 to 4098 from client com.android.cellbroadcastreceiver
04-26 20:18:42.144 2349 2771 D IccSmsInterfaceManager: [IccSmsInterfaceManager] Calling setCdmaBroadcastConfig with 1 configurations
04-26 20:18:42.144 2349 2771 D IccSmsInterfaceManager: [IccSmsInterfaceManager] Failed to add cdma broadcast subscription for MID range 4099 to 4099 from client com.android.cellbroadcastreceiver
04-26 20:18:42.145 2349 2771 D IccSmsInterfaceManager: [IccSmsInterfaceManager] Failed to remove cdma broadcast subscription for MID range 4100 to 4100 from client com.android.cellbroadcastreceiver
04-26 20:18:42.146 2349 2771 D IccSmsInterfaceManager: [IccSmsInterfaceManager] Calling setGsmBroadcastConfig with 1 configurations
04-26 20:18:42.146 2349 2771 D IccSmsInterfaceManager: [IccSmsInterfaceManager] Failed to add GSM cell broadcast subscription for MID range 4352 to 4354 from client com.android.cellbroadcastreceiver
04-26 20:18:42.147 2349 2771 D IccSmsInterfaceManager: [IccSmsInterfaceManager] Calling setGsmBroadcastConfig with 1 configurations
04-26 20:18:42.147 2349 2771 D IccSmsInterfaceManager: [IccSmsInterfaceManager] Failed to add GSM cell broadcast subscription for MID range 4356 to 4356 from client com.android.cellbroadcastreceiver
04-26 20:18:42.148 2349 2771 D IccSmsInterfaceManager: [IccSmsInterfaceManager] Failed to remove GSM cell broadcast subscription for MID range 4355 to 4355 from client com.android.cellbroadcastreceiver
04-26 20:18:42.149 2349 2771 D IccSmsInterfaceManager: [IccSmsInterfaceManager] Calling setGsmBroadcastConfig with 1 configurations
04-26 20:18:42.149 2349 2771 D IccSmsInterfaceManager: [IccSmsInterfaceManager] Failed to add GSM cell broadcast subscription for MID range 4370 to 4370 from client com.android.cellbroadcastreceiver
04-26 20:18:42.150 2349 2771 D IccSmsInterfaceManager: [IccSmsInterfaceManager] Calling setGsmBroadcastConfig with 1 configurations
04-26 20:18:42.150 2349 2771 D IccSmsInterfaceManager: [IccSmsInterfaceManager] Failed to add GSM cell broadcast subscription for MID range 4371 to 4372 from client com.android.cellbroadcastreceiver
04-26 20:18:42.151 2349 2771 D IccSmsInterfaceManager: [IccSmsInterfaceManager] Calling setGsmBroadcastConfig with 1 configurations
04-26 20:18:42.151 2349 2771 D IccSmsInterfaceManager: [IccSmsInterfaceManager] Failed to add GSM cell broadcast subscription for MID range 4373 to 4378 from client com.android.cellbroadcastreceiver
04-26 20:18:42.152 2349 2771 D IccSmsInterfaceManager: [IccSmsInterfaceManager] Calling setGsmBroadcastConfig with 1 configurations
04-26 20:18:42.152 2349 2771 D IccSmsInterfaceManager: [IccSmsInterfaceManager] Failed to add GSM cell broadcast subscription for MID range 4379 to 4379 from client com.android.cellbroadcastreceiver
04-26 20:18:42.153 2349 2559 D IccSmsInterfaceManager: [IccSmsInterfaceManager] Failed to remove GSM cell broadcast subscription for MID range 4380 to 4382 from client com.android.cellbroadcastreceiver
04-26 20:18:42.154 2349 2559 D IccSmsInterfaceManager: [IccSmsInterfaceManager] Calling setGsmBroadcastConfig with 1 configurations
04-26 20:18:42.154 2349 2559 D IccSmsInterfaceManager: [IccSmsInterfaceManager] Failed to add GSM cell broadcast subscription for MID range 4383 to 4383 from client com.android.cellbroadcastreceiver
04-26 20:18:42.155 2349 2559 D IccSmsInterfaceManager: [IccSmsInterfaceManager] Calling setGsmBroadcastConfig with 1 configurations
04-26 20:18:42.155 2349 2559 D IccSmsInterfaceManager: [IccSmsInterfaceManager] Failed to add GSM cell broadcast subscription for MID range 4384 to 4385 from client com.android.cellbroadcastreceiver
04-26 20:18:42.156 2349 2559 D IccSmsInterfaceManager: [IccSmsInterfaceManager] Calling setGsmBroadcastConfig with 1 configurations
04-26 20:18:42.156 2349 2559 D IccSmsInterfaceManager: [IccSmsInterfaceManager] Failed to add GSM cell broadcast subscription for MID range 4386 to 4391 from client com.android.cellbroadcastreceiver
04-26 20:18:42.157 2349 2559 D IccSmsInterfaceManager: [IccSmsInterfaceManager] Calling setGsmBroadcastConfig with 1 configurations
04-26 20:18:42.157 2349 2559 D IccSmsInterfaceManager: [IccSmsInterfaceManager] Failed to add GSM cell broadcast subscription for MID range 4392 to 4392 from client com.android.cellbroadcastreceiver
04-26 20:18:42.158 2349 2559 D IccSmsInterfaceManager: [IccSmsInterfaceManager] Failed to remove GSM cell broadcast subscription for MID range 4393 to 4395 from client com.android.cellbroadcastreceiver
04-26 20:18:42.456 1940 2911 I chatty : uid=1000 system_server expire 23 lines
04-26 20:18:42.472 2647 3002 I chatty : uid=10015(com.google.android.gms) expire 1 line
04-26 20:18:42.474 2448 2932 I chatty : uid=10015(com.google.android.gms) GeofencerStateM expire 1 line
04-26 20:18:42.484 2647 2647 I chatty : uid=10015(com.google.android.gms) expire 5 lines
04-26 20:18:42.503 3041 3041 I zygote64: The ClassLoaderContext is a special shared library.
04-26 20:18:42.592 3013 3013 I CalendarProvider2: Created com.android.providers.calendar.CalendarAlarmManager@b114df2(com.android.providers.calendar.CalendarProvider2@74a1c43)
04-26 20:18:42.607 2958 2985 D AlarmScheduler: Query result count for events starting within 1 week: 2
04-26 20:18:42.619 1940 1940 I chatty : uid=1000 system_server expire 1 line
04-26 20:18:42.724 2647 3022 I chatty : uid=10015(com.google.android.gms) expire 4 lines
04-26 20:18:42.825 2448 2455 I chatty : uid=10015(com.google.android.gms) Jit thread pool expire 2 lines
04-26 20:18:42.847 1940 3062 I chatty : uid=1000(system) Binder:1940_9 expire 32 lines
04-26 20:18:42.847 1940 3062 I chatty : uid=1000(system) Binder:1940_9 expire 1 line
04-26 20:18:43.016 2647 3022 I chatty : uid=10015(com.google.android.gms) expire 35 lines
04-26 20:18:43.025 2404 2404 I AlarmClock: AlarmInitReceiver android.intent.action.BOOT_COMPLETED
04-26 20:18:43.028 2404 2447 I AlarmClock: Fixing alarm instances
04-26 20:18:43.032 2404 2447 V AlarmClock: AlarmInitReceiver finished
04-26 20:18:43.262 2912 2912 I Dialer : VoicemailModule.provideVoicemailClient - providing VoicemailClientImpl
04-26 20:18:43.262 2912 2912 I Dialer : VvmOmtpService - onBoot
04-26 20:18:43.323 2448 2448 I chatty : uid=10015 com.google.android.gms.persistent expire 17 lines
04-26 20:18:43.529 2753 2773 I zygote64: Waiting for a blocking GC ProfileSaver
04-26 20:18:43.609 2912 3072 D SharedPreferencesImpl: Time required to fsync /data/user/0/com.android.dialer/shared_prefs/com.android.dialer_preferences.xml: [<1: 0, <2: 0, <4: 0, <8: 0, <16: 0, <32: 0, <64: 0, <128: 0, <256: 0, <512: 1, <1024: 0, <2048: 0, <4096: 0, <8192: 0, <16384: 0, >=16384: 0]
04-26 20:18:43.610 2061 2061 I SystemBroadcastReceiver: Boot has been completed
04-26 20:18:43.610 2061 2061 I SystemBroadcastReceiver: toggleAppIcon() : FLAG_SYSTEM = true
04-26 20:18:43.620 3080 3080 W zygote64: Unexpected CPU variant for X86 using defaults: x86_64
04-26 20:18:43.623 1940 2089 I chatty : uid=1000(system) Binder:1940_4 expire 1 line
04-26 20:18:43.624 1940 2286 I chatty : uid=1000(system) Binder:1940_5 expire 11 lines
04-26 20:18:43.630 3080 3080 I zygote64: The ClassLoaderContext is a special shared library.
04-26 20:18:43.672 2349 2349 I m.android.phone: type=1400 audit(0.0:698): avc: denied { transfer } for scontext=u:r:zygote:s0 tcontext=u:r:system_server:s0 tclass=binder permissive=1
04-26 20:18:43.673 2349 2349 I VvmSimStateTracker: android.intent.action.BOOT_COMPLETED
04-26 20:18:43.678 2854 2854 I d.process.media: type=1400 audit(0.0:699): avc: denied { write } for name="property_service" dev="tmpfs" ino=5350 scontext=u:r:priv_app:s0:c512,c768 tcontext=u:object_r:property_socket:s0 tclass=sock_file permissive=1
04-26 20:18:43.678 2854 2854 I d.process.media: type=1400 audit(0.0:700): avc: denied { connectto } for path="/dev/socket/property_service" scontext=u:r:priv_app:s0:c512,c768 tcontext=u:r:init:s0 tclass=unix_stream_socket permissive=1
04-26 20:18:43.685 3098 3098 W zygote64: Unexpected CPU variant for X86 using defaults: x86_64
04-26 20:18:43.691 1940 1952 I chatty : uid=1000(system) Binder:1940_2 expire 73 lines
04-26 20:18:43.803 3098 3098 I zygote64: The ClassLoaderContext is a special shared library.
04-26 20:18:43.881 2448 3114 I chatty : uid=10015 com.google.android.gms.persistent expire 2 lines
04-26 20:18:43.926 1940 2017 I chatty : uid=1000(system) Binder:1940_3 expire 160 lines
04-26 20:18:43.974 1940 1952 I chatty : uid=1000(system) Binder:1940_2 expire 449 lines
04-26 20:18:44.001 1940 1952 I chatty : uid=1000(system) Binder:1940_2 expire 3 lines
04-26 20:18:44.001 2448 2967 I chatty : uid=10015(com.google.android.gms) GoogleLocationS expire 2 lines
04-26 20:18:44.023 1940 2017 I chatty : uid=1000(system) Binder:1940_3 expire 219 lines
04-26 20:18:44.039 1940 1952 I chatty : uid=1000(system) Binder:1940_2 expire 48 lines
04-26 20:18:44.178 2448 2455 I chatty : uid=10015(com.google.android.gms) Jit thread pool expire 12 lines
04-26 20:18:44.538 3098 3132 I Finsky : [135] com.google.android.finsky.ct.a.l.b(25): Started reading experiment flags from file [Cl6l7qN389EJVXoiS2j1Le5JDCc].
04-26 20:18:44.540 3098 3131 I Finsky : [134] com.google.android.finsky.ct.a.l.b(25): Started reading experiment flags from file [SKocQA9EQQFTb-1gQsc5WsjVhGA].
04-26 20:18:44.548 2854 2859 I zygote64: Compiler allocated 4MB to compile android.database.Cursor com.android.providers.media.MediaProvider.query(android.net.Uri, java.lang.String[], java.lang.String, java.lang.String[], java.lang.String)
04-26 20:18:44.667 3098 3132 I Finsky : [135] com.google.android.finsky.ct.a.l.b(61): Finished reading experiment flags from file [Cl6l7qN389EJVXoiS2j1Le5JDCc].
04-26 20:18:44.668 3098 3131 I Finsky : [134] com.google.android.finsky.ct.a.l.b(61): Finished reading experiment flags from file [SKocQA9EQQFTb-1gQsc5WsjVhGA].
04-26 20:18:44.717 3098 3134 I PlayCommon: [137] com.google.android.play.b.g.f(543): Preparing logs for uploading
04-26 20:18:44.721 1940 2017 I chatty : uid=1000(system) Binder:1940_3 expire 1 line
04-26 20:18:44.721 2647 3001 I chatty : uid=10015(com.google.android.gms) expire 1 line
04-26 20:18:44.734 3098 3134 I PlayCommon: [137] com.google.android.play.b.x.a(45): Connecting to server for timestamp: https://play.googleapis.com/play/log/timestamp
04-26 20:18:44.768 3098 3098 I Finsky : [2] com.google.android.finsky.wear.bk.a(14): Component class com.google.android.finsky.wear.WearSupportService enabled via PackageManager.
04-26 20:18:44.769 3098 3098 I Finsky : [2] com.google.android.finsky.wear.bk.a(14): Component class com.google.android.finsky.wear.WearChangeListenerService enabled via PackageManager.
04-26 20:18:44.770 3098 3098 I Finsky : [2] com.google.android.finsky.application.impl.a.dh(2506): Not a unicorn device
04-26 20:18:44.773 3098 3134 D NetworkSecurityConfig: No Network Security Config specified, using platform default
04-26 20:18:44.783 3098 3134 E PlayCommon: [137] com.google.android.play.b.x.a(63): Failed to connect to server for server timestamp: java.net.UnknownHostException: Unable to resolve host "play.googleapis.com": No address associated with hostname
04-26 20:18:44.829 3098 3098 W Settings: Setting download_manager_max_bytes_over_mobile has moved from android.provider.Settings.Secure to android.provider.Settings.Global.
04-26 20:18:44.830 3098 3098 W Settings: Setting download_manager_recommended_max_bytes_over_mobile has moved from android.provider.Settings.Secure to android.provider.Settings.Global.
04-26 20:18:44.848 3098 3098 I Finsky : [2] com.google.android.finsky.scheduler.ba.(18): Resetting scheduler db
04-26 20:18:44.858 3098 3156 I Finsky : [157] com.google.android.finsky.library.a.f.k(147): Loaded library for account: [ANqMuE0dJv6Y6qfT6ZzagQtzjhY]
04-26 20:18:44.863 1940 1954 I chatty : uid=1000(system) android.bg expire 2 lines
04-26 20:18:44.873 2448 2889 I chatty : uid=10015(com.google.android.gms) GoogleApiHandle expire 2 lines
04-26 20:18:44.881 3098 3098 I Finsky : [2] com.google.android.finsky.splitinstallservice.bw.a(25): Connecting InstallListener to SplitInstallService broadcaster...
04-26 20:18:44.895 3098 3098 I Finsky : [2] com.google.android.finsky.cg.a.a(48): Enabling bucket experiment: factor=1.000, zeroDelta=0ms, forceNetwork=true
04-26 20:18:44.906 3098 3098 I Finsky : [2] com.google.android.finsky.verifier.impl.cs.b(123): Setup app restrictions monitor
04-26 20:18:44.907 3098 3098 I Finsky : [2] com.google.android.finsky.verifier.impl.dx.a(20): Device wide unknown source restriction is changed.
04-26 20:18:44.912 3098 3098 I Finsky : [2] com.google.android.finsky.scheduler.w.a(45): Scheduling fallback job with id: 9034, and delay: 43200000 ms
04-26 20:18:44.913 3098 3098 I Finsky : [2] com.google.android.finsky.scheduler.w.a(14): Scheduling fallback in 64799999 (absolute: 64889136)
04-26 20:18:44.922 2448 2993 I chatty : uid=10015 com.google.android.gms.persistent expire 1 line
04-26 20:18:44.932 3098 3156 I Finsky : [157] com.google.android.finsky.library.a.f.k(181): Finished loading 1 libraries.
04-26 20:18:44.949 2448 2931 I chatty : uid=10015 com.google.android.gms.persistent expire 1 line
04-26 20:18:45.039 2448 2770 I chatty : uid=10015(com.google.android.gms) Binder:2448_4 expire 1 line
04-26 20:18:45.127 3098 3129 D SharedPreferencesImpl: Time required to fsync /data/user/0/com.android.vending/shared_prefs/event_generator.xml: [<1: 0, <2: 0, <4: 0, <8: 0, <16: 0, <32: 0, <64: 0, <128: 0, <256: 0, <512: 1, <1024: 0, <2048: 0, <4096: 0, <8192: 0, <16384: 0, >=16384: 0]
04-26 20:18:45.163 3164 3164 W zygote64: Unexpected CPU variant for X86 using defaults: x86_64
04-26 20:18:45.170 3098 3098 I Finsky : [2] com.google.android.finsky.installer.a.r.(15): Not checking if recovering from paused session because experiment is off
04-26 20:18:45.192 3164 3164 I zygote64: The ClassLoaderContext is a special shared library.
04-26 20:18:45.288 3098 3134 I PlayCommon: [137] com.google.android.play.b.g.a(792): Connecting to server: https://play.googleapis.com/play/log?format=raw&proto_v2=true
04-26 20:18:45.289 3098 3134 E PlayCommon: [137] com.google.android.play.b.g.a(841): Failed to connect to server: java.net.UnknownHostException: Unable to resolve host "play.googleapis.com": No address associated with hostname
04-26 20:18:45.297 2448 3011 I chatty : uid=10015 com.google.android.gms.persistent expire 3 lines
04-26 20:18:45.306 3098 3098 I Finsky : [2] com.google.android.finsky.scheduler.ba.a(51): Jobs in database: 1-1337 12-1
04-26 20:18:45.308 3098 3098 I Finsky : [2] com.google.android.finsky.scheduler.h.a(309): ConstraintMapping: 1-1337, 12-1, -> L: 0ms, D: 81461737ms, C: false, I: false, N: 1
04-26 20:18:45.310 1940 2286 I chatty : uid=1000(system) Binder:1940_5 expire 190 lines
04-26 20:18:45.311 3098 3098 I Finsky : [2] com.google.android.finsky.scheduler.JobSchedulerEngine.a(155): Scheduling job Id: 9000, L: 0, D: 81461737, C: false, I: false, N: 1
04-26 20:18:45.312 3098 3098 I Finsky : [2] com.google.android.finsky.scheduler.ba.a(51): Jobs in database: 1-1337 12-1
04-26 20:18:45.318 3098 3098 I Finsky : [2] com.google.android.finsky.scheduler.h.a(309): ConstraintMapping: 1-1337, 12-1, -> L: 0ms, D: 81461731ms, C: false, I: false, N: 1
04-26 20:18:45.318 3098 3098 I Finsky : [2] com.google.android.finsky.scheduler.JobSchedulerEngine.a(19): Cancelling existing job with id: 9000
04-26 20:18:45.320 3098 3098 I Finsky : [2] com.google.android.finsky.scheduler.JobSchedulerEngine.a(155): Scheduling job Id: 9001, L: 0, D: 81461731, C: false, I: false, N: 1
04-26 20:18:45.350 1940 2017 I chatty : uid=1000(system) Binder:1940_3 expire 21 lines
04-26 20:18:45.355 1940 3187 I chatty : uid=1000(system) Binder:1940_A expire 44 lines
04-26 20:18:45.355 2448 2886 I chatty : uid=10015(com.google.android.gms) FlpThread expire 2 lines
04-26 20:18:45.359 1940 2391 I chatty : uid=1000(system) Binder:1940_8 expire 197 lines
04-26 20:18:45.364 1940 2286 I chatty : uid=1000(system) Binder:1940_5 expire 154 lines
04-26 20:18:45.380 2448 2929 I chatty : uid=10015(com.google.android.gms) lowpool[1] expire 2 lines
04-26 20:18:45.405 3190 3190 W zygote64: Unexpected CPU variant for X86 using defaults: x86_64
04-26 20:18:45.441 2448 2939 I chatty : uid=10015(com.google.android.gms) highpool[2] expire 4 lines
04-26 20:18:45.790 2854 2879 W MediaScanner: Error opening directory '/storage/033e8fc7-4cfe-9454-bc59-df7329ca862d/', skipping: Permission denied.
04-26 20:18:45.995 3190 3190 D ActivityThread: Loading provider com.google.android.gm.sapi: com.google.android.gm.sapi.SapiUiProvider
04-26 20:18:46.165 3190 3190 W PrimesInit: Primes instant initialization
04-26 20:18:46.166 3190 3219 W Primes : background initialization
04-26 20:18:46.180 3190 3190 W GAV2 : Thread[main,5,main]: Need to call initialize() and be in fallback mode to start dispatch.
04-26 20:18:46.211 3190 3219 I PrimesTesting: GserviceFlagsSupplier.get()
04-26 20:18:46.246 3190 3227 E Gmail : Gmail:TotalBandwidthLoggerRunner: Bandwidth Value was not valid: BandwidthValue{txBytes=-1, rxBytes=-1, txPackets=-1, rxPackets=-1, startTimeMs=0, endTimeMs=90464, connectivityType=TYPE_COMBINED, tag=TOTAL_APP_UID}
04-26 20:18:46.253 1940 1940 I chatty : uid=1000 system_server expire 6 lines
04-26 20:18:46.253 1407 2395 D gralloc : Registering a buffer in the process that created it. This may cause memory ordering problems.
04-26 20:18:46.254 1940 1962 I chatty : uid=1000(system) android.display expire 2 lines
04-26 20:18:46.310 2575 2583 I zygote64: Do partial code cache collection, code=58KB, data=59KB
04-26 20:18:46.310 2575 2583 I zygote64: After code cache collection, code=58KB, data=59KB
04-26 20:18:46.310 2575 2583 I zygote64: Increasing code cache capacity to 256KB
04-26 20:18:46.614 2958 2976 I zygote64: Waiting for a blocking GC ProfileSaver
04-26 20:18:46.650 1940 2391 I chatty : uid=1000(system) Binder:1940_8 expire 74 lines
04-26 20:18:46.914 3190 3232 W zygote64: Long monitor contention with owner AsyncTask #1 (3227) at long android.database.sqlite.SQLiteConnection.nativeOpen(java.lang.String, int, java.lang.String, boolean, boolean, int, int)(SQLiteConnection.java:-2) waiters=0 in android.database.sqlite.SQLiteDatabase com.android.email.provider.EmailProvider.a(android.content.Context) for 525ms
04-26 20:18:46.949 1940 2295 I chatty : uid=1000(system) Binder:1940_6 expire 70 lines
04-26 20:18:47.026 3190 3190 W Gmail : EasBundling:ExchangeUpgradeReceiver: action=android.intent.action.BOOT_COMPLETED data=null
04-26 20:18:47.030 3190 3190 W Gmail : EasBundling:ExchangeUpgradeUtils: isExchangeLegacy=false
04-26 20:18:47.081 2854 2879 V MediaProvider: pruneThumbnails
04-26 20:18:47.084 2647 3021 I chatty : uid=10015(com.google.android.gms) expire 7 lines
04-26 20:18:47.202 2854 2879 V MediaProvider: /pruneDeadThumbnailFiles...
04-26 20:18:47.292 1940 3062 I chatty : uid=1000(system) Binder:1940_9 expire 22 lines
04-26 20:18:47.370 1940 2295 I chatty : uid=1000(system) Binder:1940_6 expire 2 lines
04-26 20:18:47.446 1940 2386 I chatty : uid=1000(system) Binder:1940_7 expire 22 lines
04-26 20:18:47.446 2448 3224 I chatty : uid=10015(com.google.android.gms) Binder:2448_8 expire 1 line
04-26 20:18:47.642 1940 1950 I chatty : uid=1000(system) HeapTaskDaemon expire 2 lines
04-26 20:18:47.676 2448 2929 E ActivityThread: Failed to find provider info for instantapp-dev-manager
04-26 20:18:47.679 2647 2919 I chatty : uid=10015(com.google.android.gms) expire 2 lines
04-26 20:18:47.698 1940 1940 I chatty : uid=1000 system_server expire 1 line
04-26 20:18:47.698 2448 2463 V PackageManager: [3e66a22e-0d24-4e0a-a169-a6249179543c] Phase1 called; posting
04-26 20:18:47.699 2647 2652 I chatty : uid=10015(com.google.android.gms) Jit thread pool expire 2 lines
04-26 20:18:47.701 1940 2391 I chatty : uid=1000(system) Binder:1940_8 expire 46 lines
04-26 20:18:47.701 2448 2448 D PackageManager: [3e66a22e-0d24-4e0a-a169-a6249179543c] Phase1 request; prefix: [-474955776]
04-26 20:18:47.702 1940 2286 I chatty : uid=1000(system) Binder:1940_5 expire 22 lines
04-26 20:18:47.716 3262 3262 W zygote : Unexpected CPU variant for X86 using defaults: x86_64
04-26 20:18:47.718 1940 2295 I chatty : uid=1000(system) Binder:1940_6 expire 120 lines
04-26 20:18:47.720 2693 2693 I SpeakerIdMUpgradeTask: App version upgraded to 300738799: running speaker ID model upgrade tasks.
04-26 20:18:47.720 2693 2693 I UtteranceUpgradeTask: App version upgraded to 300738799: running speaker utterance upgrade tasks.
04-26 20:18:47.751 2693 2693 I SpeakerIdMUpgradeTaskV2: App version upgraded to 300738799: running speaker ID model upgrade tasks v2.
04-26 20:18:47.763 1940 3187 I chatty : uid=1000(system) Binder:1940_A expire 22 lines
04-26 20:18:47.806 1940 2386 I chatty : uid=1000(system) Binder:1940_7 expire 1 line
04-26 20:18:47.885 1940 3062 I chatty : uid=1000(system) Binder:1940_9 expire 175 lines
04-26 20:18:47.980 3283 3283 W zygote64: Unexpected CPU variant for X86 using defaults: x86_64
04-26 20:18:48.069 1940 2391 I chatty : uid=1000(system) Binder:1940_8 expire 35 lines
