04-26 20:18:48.237 3283 3283 I zygote64: The ClassLoaderContext is a special shared library.
04-26 20:18:48.241 2693 2752 I VelvetNetworkClient: Network connection not available
04-26 20:18:48.244 3283 3283 V OneTimeInitializerReceiver: OneTimeInitializerReceiver.onReceive
04-26 20:18:48.289 3190 3190 I pool-14-thread-: type=1400 audit(0.0:702): avc: denied { getattr } for path="/storage/033e8fc7-4cfe-9454-bc59-df7329ca862d" dev="tmpfs" ino=27124 scontext=u:r:untrusted_app:s0:c512,c768 tcontext=u:object_r:storage_stub_file:s0 tclass=dir permissive=1
04-26 20:18:48.293 1940 2009 I chatty : uid=1000(system) VoldConnector expire 1 line
04-26 20:18:48.373 3283 3306 V OneTimeInitializer: OneTimeInitializer.initialize
04-26 20:18:48.422 1940 3187 I chatty : uid=1000(system) Binder:1940_A expire 44 lines
04-26 20:18:48.457 1940 2295 I chatty : uid=1000(system) Binder:1940_6 expire 22 lines
04-26 20:18:48.467 1940 2089 I chatty : uid=1000(system) Binder:1940_4 expire 135 lines
04-26 20:18:48.508 1940 3062 I chatty : uid=1000(system) Binder:1940_9 expire 120 lines
04-26 20:18:48.513 1940 3187 I chatty : uid=1000(system) Binder:1940_A expire 141 lines
04-26 20:18:48.598 2647 2658 I chatty : uid=10015(com.google.android.gms) HeapTaskDaemon expire 1 line
04-26 20:18:48.605 2647 3308 I chatty : uid=10015(com.google.android.gms) expire 7 lines
04-26 20:18:48.626 1940 3062 I chatty : uid=1000(system) Binder:1940_9 expire 90 lines
04-26 20:18:48.629 1940 2089 I chatty : uid=1000(system) Binder:1940_4 expire 111 lines
04-26 20:18:48.651 1940 3187 I chatty : uid=1000(system) Binder:1940_A expire 88 lines
04-26 20:18:48.659 3283 3306 V OneTimeInitializer: Already run, doing nothing.
04-26 20:18:48.673 3322 3322 W zygote64: Unexpected CPU variant for X86 using defaults: x86_64
04-26 20:18:48.675 1940 3062 I chatty : uid=1000(system) Binder:1940_9 expire 194 lines
04-26 20:18:48.710 3322 3322 I zygote64: The ClassLoaderContext is a special shared library.
04-26 20:18:48.720 1940 2089 I chatty : uid=1000(system) Binder:1940_4 expire 28 lines
04-26 20:18:48.734 1940 3187 I chatty : uid=1000(system) Binder:1940_A expire 115 lines
04-26 20:18:48.754 1940 2029 I chatty : uid=1000(system) AudioService expire 1 line
04-26 20:18:48.785 1901 1923 W DeviceHAL: Device 0xf1e4b000 set_voice_volume: Function not implemented
04-26 20:18:48.844 2647 2659 I chatty : uid=10015(com.google.android.gms) Binder:2647_1 expire 1 line
04-26 20:18:48.850 1940 2295 I chatty : uid=1000(system) Binder:1940_6 expire 129 lines
04-26 20:18:48.852 2647 3119 I chatty : uid=10015(com.google.android.gms) highpool[2] expire 1 line
04-26 20:18:48.859 1940 3187 I chatty : uid=1000(system) Binder:1940_A expire 46 lines
04-26 20:18:48.960 1901 3354 I audio_hw_primary: choose pcmC1D0p for 0
04-26 20:18:49.050 1940 3062 I chatty : uid=1000(system) Binder:1940_9 expire 23 lines
04-26 20:18:49.067 3098 3110 I Finsky : [127] com.google.android.finsky.contentfilterui.m.a(13): Received content filters request from sharedUserId=com.google.uid.shared:10015
04-26 20:18:49.130 2448 2462 I chatty : uid=10015(com.google.android.gms) HeapTaskDaemon expire 1 line
04-26 20:18:49.142 2753 2753 I id.partnersetup: type=1400 audit(0.0:704): avc: denied { call } for scontext=u:r:priv_app:s0:c512,c768 tcontext=u:r:zygote:s0 tclass=binder permissive=1
04-26 20:18:49.142 2349 2349 I Binder:2349_4: type=1400 audit(0.0:705): avc: denied { use } for path="/dev/ashmem" dev="tmpfs" ino=6303 ioctlcmd=0x7704 scontext=u:r:zygote:s0 tcontext=u:r:system_server:s0 tclass=fd permissive=1
04-26 20:18:49.317 2647 3360 I chatty : uid=10015(com.google.android.gms) AdWorker(Defaul expire 1 line
04-26 20:18:49.343 1940 2386 I chatty : uid=1000(system) Binder:1940_7 expire 54 lines
04-26 20:18:49.380 1940 1957 I chatty : uid=1000(system) ActivityManager expire 7 lines
04-26 20:18:49.391 1940 2089 I chatty : uid=1000(system) Binder:1940_4 expire 161 lines
04-26 20:18:49.396 1940 2386 I chatty : uid=1000(system) Binder:1940_7 expire 53 lines
04-26 20:18:49.409 2647 3307 I chatty : uid=10015(com.google.android.gms) expire 10 lines
04-26 20:18:49.419 2647 3021 I chatty : uid=10015(com.google.android.gms) expire 3 lines
04-26 20:18:49.458 2647 3290 I chatty : uid=10015(com.google.android.gms) expire 7 lines
04-26 20:18:49.466 1940 2391 I chatty : uid=1000(system) Binder:1940_8 expire 143 lines
04-26 20:18:49.496 1940 2386 I chatty : uid=1000(system) Binder:1940_7 expire 23 lines
04-26 20:18:49.501 1940 2089 I chatty : uid=1000(system) Binder:1940_4 expire 23 lines
04-26 20:18:49.539 2647 3001 I chatty : uid=10015(com.google.android.gms) expire 4 lines
04-26 20:18:49.640 2647 2652 I chatty : uid=10015(com.google.android.gms) Jit thread pool expire 3 lines
04-26 20:18:49.701 2647 3022 I chatty : uid=10015(com.google.android.gms) expire 3 lines
04-26 20:18:49.703 2647 2919 I chatty : uid=10015(com.google.android.gms) expire 5 lines
04-26 20:18:49.704 2647 3002 I chatty : uid=10015(com.google.android.gms) expire 2 lines
04-26 20:18:49.718 2647 2658 I chatty : uid=10015(com.google.android.gms) HeapTaskDaemon expire 1 line
04-26 20:18:49.749 3190 3230 I zygote64: The ClassLoaderContext is a special shared library.
04-26 20:18:49.751 3190 3230 I zygote64: The ClassLoaderContext is a special shared library.
04-26 20:18:49.762 3190 3230 V NativeCrypto: Registering com/google/android/gms/org/conscrypt/NativeCrypto's 284 native methods...
04-26 20:18:49.778 3190 3230 D NetworkSecurityConfig: Using Network Security Config from resource network_security_config debugBuild: false
04-26 20:18:49.808 2575 2575 I Choreographer: Skipped 41 frames! The application may be doing too much work on its main thread.
04-26 20:18:49.845 3190 3230 I ProviderInstaller: Installed default security provider GmsCore_OpenSSL
04-26 20:18:50.300 3164 3179 I zygote64: Waiting for a blocking GC ProfileSaver
04-26 20:18:50.309 3164 3179 I zygote64: WaitForGcToComplete blocked ProfileSaver on HeapTrim for 8.653ms
04-26 20:18:50.462 2693 3288 W zygote : Long monitor contention with owner NonUserFacing1 (2751) at boolean com.google.android.apps.gsa.search.core.u.c.a.Qs()(SourceFile:15) waiters=0 in boolean com.google.android.apps.gsa.search.core.u.c.a.Qs() for 1.635s
04-26 20:18:50.497 3190 3204 I zygote64: Waiting for a blocking GC ProfileSaver
04-26 20:18:50.504 2647 2928 I chatty : uid=10015(com.google.android.gms) queued-work-loo expire 1 line
04-26 20:18:50.512 2647 3116 I chatty : uid=10015(com.google.android.gms) highpool[1] expire 1 line
04-26 20:18:51.029 2647 2647 I chatty : uid=10015(com.google.android.gms) expire 2 lines
04-26 20:18:51.041 1940 2017 I chatty : uid=1000(system) Binder:1940_3 expire 1 line
04-26 20:18:51.151 1940 1994 I chatty : uid=1000(system) android.anim expire 1 line
04-26 20:18:51.155 1940 2295 I chatty : uid=1000(system) Binder:1940_6 expire 90 lines
04-26 20:18:51.202 1940 1951 I chatty : uid=1000(system) Binder:1940_1 expire 15 lines
04-26 20:18:51.211 3190 3204 I zygote64: Waiting for a blocking GC ProfileSaver
04-26 20:18:51.246 1896 1919 D AudioFlinger: mixer(0xe5583100) throttle end: throttle time(6)
04-26 20:18:51.251 1407 1463 D gralloc : Registering a buffer in the process that created it. This may cause memory ordering problems.
04-26 20:18:51.258 3378 3378 W zygote : Unexpected CPU variant for X86 using defaults: x86_64
04-26 20:18:51.292 1896 1919 D AudioFlinger: mixer(0xe5583100) throttle end: throttle time(6)
04-26 20:18:51.317 1940 3374 I chatty : uid=1000(system) Binder:1940_B expire 9 lines
04-26 20:18:51.480 2675 2686 I chatty : uid=10015(com.google.android.gms) HeapTaskDaemon expire 1 line
04-26 20:18:51.848 2448 2448 I chatty : uid=10015 com.google.android.gms.persistent expire 4 lines
04-26 20:18:51.853 1407 1465 D gralloc : Registering a buffer in the process that created it. This may cause memory ordering problems.
04-26 20:18:51.915 2647 3307 I chatty : uid=10015(com.google.android.gms) expire 1 line
04-26 20:18:51.971 2647 2647 I chatty : uid=10015(com.google.android.gms) expire 1 line
04-26 20:18:52.098 2647 3163 I chatty : uid=10015(com.google.android.gms) highpool[3] expire 1 line
04-26 20:18:52.147 1940 3397 I chatty : uid=1000(system) RenderThread expire 10 lines
04-26 20:18:52.285 3378 3378 V Term : onCreate
04-26 20:18:52.337 3190 3204 I zygote64: Waiting for a blocking GC ProfileSaver
04-26 20:18:52.337 3190 3204 I zygote64: WaitForGcToComplete blocked ProfileSaver on HeapTrim for 1.839s
04-26 20:18:52.338 2647 3022 I chatty : uid=10015(com.google.android.gms) expire 4 lines
04-26 20:18:52.608 2575 2575 I Choreographer: Skipped 119 frames! The application may be doing too much work on its main thread.
04-26 20:18:52.726 2647 3373 I chatty : uid=10015(com.google.android.gms) expire 4 lines
04-26 20:18:52.924 2448 2448 I chatty : uid=10015 com.google.android.gms.persistent expire 2 lines
04-26 20:18:53.031 3190 3195 I zygote64: Do partial code cache collection, code=30KB, data=22KB
04-26 20:18:53.033 3190 3195 I zygote64: After code cache collection, code=30KB, data=22KB
04-26 20:18:53.033 3190 3195 I zygote64: Increasing code cache capacity to 128KB
04-26 20:18:53.305 2647 3021 I chatty : uid=10015(com.google.android.gms) expire 1 line
04-26 20:18:53.349 3378 3412 D OpenGLRenderer: HWUI GL Pipeline
04-26 20:18:53.396 1940 1955 I chatty : uid=1000(system) ActivityManager expire 2 lines
04-26 20:18:53.396 1940 1955 I chatty : uid=1000(system) ActivityManager expire 1 line
04-26 20:18:53.397 3378 3378 D Term : TermService started
04-26 20:18:53.404 3378 3378 I TermService: Activity called onBind()
04-26 20:18:53.412 1407 2395 D gralloc : Registering a buffer in the process that created it. This may cause memory ordering problems.
04-26 20:18:53.412 1407 2395 D gralloc : Registering a buffer in the process that created it. This may cause memory ordering problems.
04-26 20:18:53.413 3378 3412 I jackpal.androidterm: android::hardware::configstore::V1_0::ISurfaceFlingerConfigs::hasWideColorDisplay retrieved: 0
04-26 20:18:53.413 3378 3412 I OpenGLRenderer: Initialized EGL, version 1.4
04-26 20:18:53.413 3378 3412 D OpenGLRenderer: Swap behavior 1
04-26 20:18:53.415 2077 2393 W System : ClassLoader referenced unknown path:
04-26 20:18:53.415 1407 2395 D gralloc : Registering a buffer in the process that created it. This may cause memory ordering problems.
04-26 20:18:53.416 3378 3378 I Term : Bound to TermService
04-26 20:18:53.416 3378 3378 I TermService: Activity binding to service
04-26 20:18:53.444 2448 2939 I chatty : uid=10015(com.google.android.gms) highpool[2] expire 1 line
04-26 20:18:53.494 2647 3373 I chatty : uid=10015(com.google.android.gms) expire 1 line
04-26 20:18:53.496 2647 3021 I chatty : uid=10015(com.google.android.gms) expire 1 line
04-26 20:18:53.557 2647 2658 I chatty : uid=10015(com.google.android.gms) HeapTaskDaemon expire 1 line
04-26 20:18:53.633 2077 2085 I zygote64: Do full code cache collection, code=125KB, data=92KB
04-26 20:18:53.633 2077 2085 I zygote64: After code cache collection, code=93KB, data=56KB
04-26 20:18:53.659 3190 3190 W whf : Failed to find local clusters.
04-26 20:18:53.709 2448 2929 I chatty : uid=10015(com.google.android.gms) lowpool[1] expire 1 line
04-26 20:18:53.709 2647 3403 I chatty : uid=10015(com.google.android.gms) measurement-1 expire 1 line
04-26 20:18:53.714 2448 2448 I chatty : uid=10015 com.google.android.gms.persistent expire 1 line
04-26 20:18:53.731 2647 2928 I chatty : uid=10015(com.google.android.gms) queued-work-loo expire 1 line
04-26 20:18:53.731 2647 2647 I chatty : uid=10015(com.google.android.gms) expire 1 line
04-26 20:18:53.741 2448 2448 I chatty : uid=10015 com.google.android.gms.persistent expire 1 line
04-26 20:18:53.757 3190 3190 I zygote64: Deoptimizing java.lang.Object acia.a(int[], java.lang.Object[], int, int, java.lang.Object) due to JIT inline cache
04-26 20:18:53.770 2647 3116 I chatty : uid=10015(com.google.android.gms) highpool[1] expire 1 line
04-26 20:18:53.831 2647 2647 I chatty : uid=10015(com.google.android.gms) expire 1 line
04-26 20:18:53.854 2647 3021 I chatty : uid=10015(com.google.android.gms) expire 1 line
04-26 20:18:53.866 2448 2448 I GeofencerStateMachine: sendQueryLocationOptIn
04-26 20:18:53.868 1940 1940 I chatty : uid=1000 system_server expire 1 line
04-26 20:18:53.869 1940 3187 I chatty : uid=1000(system) Binder:1940_A expire 14 lines
04-26 20:18:53.947 1406 1406 I lmkd : type=1400 audit(0.0:711): avc: denied { search } for name="2609" dev="proc" ino=26726 scontext=u:r:lmkd:s0 tcontext=u:r:zygote:s0 tclass=dir permissive=1
04-26 20:18:53.947 1406 1406 I lmkd : type=1400 audit(0.0:712): avc: denied { write } for name="oom_score_adj" dev="proc" ino=26493 scontext=u:r:lmkd:s0 tcontext=u:r:zygote:s0 tclass=file permissive=1
04-26 20:18:53.947 1406 1406 I lmkd : type=1400 audit(0.0:713): avc: denied { open } for path="/proc/2609/oom_score_adj" dev="proc" ino=26493 scontext=u:r:lmkd:s0 tcontext=u:r:zygote:s0 tclass=file permissive=1
04-26 20:18:53.979 2647 3021 I SystemUpdate: [Execution,InstallationIntentOperation] Received intent: Intent { act=com.google.android.gms.update.INSTALL_UPDATE cat=[targeted_intent_op_prefix:.update.execution.InstallationIntentOperation] cmp=com.google.android.gms/.chimera.GmsIntentOperationService }.
04-26 20:18:53.981 2647 3021 I SystemUpdate: [Execution,ExecutionManager] Action finished-execution executed for 0.00 seconds.
04-26 20:18:53.983 3098 3363 I Finsky : [165] com.google.android.finsky.contentfilterui.m.a(13): Received content filters request from sharedUserId=com.google.uid.shared:10015
04-26 20:18:53.985 2647 2943 W MobileDataHub: [Service] appsupload-periodic periodic task disabled
04-26 20:18:54.038 3434 3434 W zygote64: Unexpected CPU variant for X86 using defaults: x86_64
04-26 20:18:54.040 1940 2295 I chatty : uid=1000(system) Binder:1940_6 expire 155 lines
04-26 20:18:54.128 1940 1951 I chatty : uid=1000(system) Binder:1940_1 expire 157 lines
04-26 20:18:54.162 2448 2886 W GCoreFlp: No location to return for getLastLocation()
04-26 20:18:54.185 3434 3434 I zygote64: The ClassLoaderContext is a special shared library.
04-26 20:18:54.214 1940 2295 I chatty : uid=1000(system) Binder:1940_6 expire 64 lines
04-26 20:18:54.233 1407 1463 D gralloc : Registering a buffer in the process that created it. This may cause memory ordering problems.
04-26 20:18:54.234 3378 3412 D vndksupport: Loading /vendor/lib/hw/android.hardware.graphics.mapper@2.0-impl.so from current namespace instead of sphal namespace.
04-26 20:18:54.234 3378 3412 D vndksupport: Loading /vendor/lib/hw/gralloc.default.so from current namespace instead of sphal namespace.
04-26 20:18:54.240 3378 3412 D vndksupport: Loading /vendor/lib/hw/gralloc.default.so from current namespace instead of sphal namespace.
04-26 20:18:54.257 3378 3378 I Choreographer: Skipped 65 frames! The application may be doing too much work on its main thread.
04-26 20:18:54.290 2061 2061 I LatinIME: Starting input. Cursor position = -1,-1
04-26 20:18:54.312 1407 1576 D gralloc : Registering a buffer in the process that created it. This may cause memory ordering problems.
04-26 20:18:54.314 1940 1962 I chatty : uid=1000(system) android.display expire 1 line
04-26 20:18:54.440 1940 2089 I chatty : uid=1000(system) Binder:1940_4 expire 2 lines
04-26 20:18:54.479 3434 3434 I GoogleHttpClient: GMS http client unavailable, use old client
04-26 20:18:54.481 2061 3457 D OpenGLRenderer: HWUI GL Pipeline
04-26 20:18:54.509 1940 2386 I chatty : uid=1000(system) Binder:1940_7 expire 27 lines
04-26 20:18:54.538 2061 2061 I LatinIME: Starting input. Cursor position = -1,-1
04-26 20:18:54.541 1940 2391 I chatty : uid=1000(system) Binder:1940_8 expire 61 lines
04-26 20:18:54.581 1407 2395 D gralloc : Registering a buffer in the process that created it. This may cause memory ordering problems.
04-26 20:18:54.581 1407 2395 I chatty : uid=0(root) Binder:1407_5 identical 1 line
04-26 20:18:54.581 1407 2395 D gralloc : Registering a buffer in the process that created it. This may cause memory ordering problems.
04-26 20:18:54.582 2061 3457 I com.android.inputmethod.latin: android::hardware::configstore::V1_0::ISurfaceFlingerConfigs::hasWideColorDisplay retrieved: 0
04-26 20:18:54.582 2061 3457 I OpenGLRenderer: Initialized EGL, version 1.4
04-26 20:18:54.582 2061 3457 D OpenGLRenderer: Swap behavior 1
04-26 20:18:54.582 3098 3133 E Finsky : [136] com.google.android.finsky.am.c.a(34): Unable to build selector: /storage/emulated/0/Download/marketenvs.csv (No such file or directory)
04-26 20:18:54.586 3098 3162 I Finsky : [163] com.google.android.finsky.ct.a.a.a.b(90): Triggered update for experiment package com.google.android.finsky.stable.
04-26 20:18:54.639 1407 1576 D gralloc : Registering a buffer in the process that created it. This may cause memory ordering problems.
04-26 20:18:54.640 2061 3457 D vndksupport: Loading /vendor/lib64/hw/android.hardware.graphics.mapper@2.0-impl.so from current namespace instead of sphal namespace.
04-26 20:18:54.640 2061 3457 D vndksupport: Loading /vendor/lib64/hw/gralloc.default.so from current namespace instead of sphal namespace.
04-26 20:18:54.641 2061 3457 D vndksupport: Loading /vendor/lib64/hw/gralloc.default.so from current namespace instead of sphal namespace.
04-26 20:18:54.677 3463 3463 I main : type=1400 audit(0.0:714): avc: denied { mounton } for path="/storage" dev="tmpfs" ino=5333 scontext=u:r:zygote:s0 tcontext=u:object_r:tmpfs:s0 tclass=dir permissive=1
04-26 20:18:54.681 3463 3463 W zygote64: Unexpected CPU variant for X86 using defaults: x86_64
04-26 20:18:54.686 2514 2514 W zygote64: Class com.google.analytics.tracking.android.GoogleAnalytics failed lock verification and will run slower.
04-26 20:18:54.686 2514 2514 W zygote64: Common causes for lock verification issues are non-optimized dex code
04-26 20:18:54.686 2514 2514 W zygote64: and incorrect proguard optimizations.
04-26 20:18:54.754 1940 1950 I chatty : uid=1000(system) HeapTaskDaemon expire 1 line
04-26 20:18:54.756 3434 3461 I GoogleHttpClient: GMS http client unavailable, use old client
04-26 20:18:54.796 1940 1954 I chatty : uid=1000(system) android.bg expire 12 lines
04-26 20:18:54.798 2514 3462 D LogHelper: Google Analytics log entry: {&ea=boot_completed, &ec=power, &ev=99, &cd1=userdebug, &cd5=8.1.0-eng.lh.0124, &cd13=186, &el=android_x86_64 8.1.0 OPM8.190105.002, &cd12=1600 * 900 85Hz, &t=event, &cd3=x86_64, &cd4=X751BP}
04-26 20:18:54.805 2514 3462 I org.android_x86.analytics: android::hardware::configstore::V1_0::ISurfaceFlingerConfigs::hasWideColorDisplay retrieved: 0
04-26 20:18:54.840 2448 3224 W zygote64: Long monitor contention with owner lowpool[3] (2993) at boolean android.os.MessageQueue.enqueueMessage(android.os.Message, long)(MessageQueue.java:543) waiters=0 in boolean android.os.MessageQueue.enqueueMessage(android.os.Message, long) for 398ms
04-26 20:18:54.841 2448 3411 W zygote64: Long monitor contention with owner lowpool[3] (2993) at boolean android.os.MessageQueue.enqueueMessage(android.os.Message, long)(MessageQueue.java:543) waiters=1 in boolean android.os.MessageQueue.enqueueMessage(android.os.Message, long) for 265ms
04-26 20:18:54.842 2448 2929 W zygote64: Long monitor contention with owner lowpool[3] (2993) at boolean android.os.MessageQueue.enqueueMessage(android.os.Message, long)(MessageQueue.java:543) waiters=2 in boolean android.os.MessageQueue.enqueueMessage(android.os.Message, long) for 197ms
04-26 20:18:54.852 2854 2865 W zygote64: Suspending all threads took: 63.446ms
04-26 20:18:54.943 2514 2514 I IntentService[A: type=1400 audit(0.0:715): avc: denied { open } for path="/dev/__properties__/u:object_r:wifi_prop:s0" dev="tmpfs" ino=165 scontext=u:r:priv_app:s0:c512,c768 tcontext=u:object_r:wifi_prop:s0 tclass=file permissive=1
04-26 20:18:54.943 2514 2514 I IntentService[A: type=1400 audit(0.0:716): avc: denied { getattr } for path="/dev/__properties__/u:object_r:wifi_prop:s0" dev="tmpfs" ino=165 scontext=u:r:priv_app:s0:c512,c768 tcontext=u:object_r:wifi_prop:s0 tclass=file permissive=1
04-26 20:18:54.944 2514 3462 D AnalyticsHelper: send CustomEvent {Category: system:hardware_info Action: has_battery Package: org.android_x86.analytics Label: battery Value: null Sampling: true}
04-26 20:18:54.979 2514 3462 D LogHelper: Google Analytics log entry: {&ea=has_battery, &ec=system:hardware_info, &cd13=186, &el=battery, &cd12=1600 * 900 85Hz, &t=event, &an=org.android_x86.analytics, &ev=null, &cd1=userdebug, &cd5=8.1.0-eng.lh.0124, &cd3=x86_64, &cd4=X751BP}
04-26 20:18:54.989 3485 3485 W zygote64: Unexpected CPU variant for X86 using defaults: x86_64
04-26 20:18:54.991 1940 1955 I chatty : uid=1000(system) ActivityManager expire 1 line
04-26 20:18:55.004 3098 3098 I Finsky : [2] com.google.android.finsky.wear.WearSupportService.onStartCommand(26): Starting WearSupportService for send_installed_apps
04-26 20:18:55.005 3098 3098 I Finsky : [2] com.google.android.finsky.wear.x.a(18): Connecting to wearable
04-26 20:18:55.028 3485 3485 I zygote64: The ClassLoaderContext is a special shared library.
04-26 20:18:55.029 3485 3485 I zygote64: The ClassLoaderContext is a special shared library.
04-26 20:18:55.043 3190 3195 I zygote64: Do partial code cache collection, code=61KB, data=39KB
04-26 20:18:55.043 3190 3195 I zygote64: After code cache collection, code=61KB, data=39KB
04-26 20:18:55.043 3190 3195 I zygote64: Increasing code cache capacity to 256KB
04-26 20:18:55.044 2448 2462 I zygote64: Background concurrent copying GC freed 41068(2MB) AllocSpace objects, 15(352KB) LOS objects, 49% free, 5MB/11MB, paused 54.778ms total 1.081s
04-26 20:18:55.051 3098 3162 E zygote64: The String#value field is not present on Android versions >= 6.0
04-26 20:18:55.069 3485 3485 W DynamiteModule: Local module descriptor class for providerinstaller not found.
04-26 20:18:55.072 3485 3485 W ProviderHelper: Unknown dynamite feature providerinstaller
04-26 20:18:55.074 3485 3485 I DynamiteModule: Considering local module providerinstaller:0 and remote module providerinstaller:0
04-26 20:18:55.074 3485 3485 W ProviderInstaller: Failed to load providerinstaller module: No acceptable module found. Local version is 0 and remote version is 0.
04-26 20:18:55.080 3485 3485 V NativeCrypto: Registering com/google/android/gms/org/conscrypt/NativeCrypto's 284 native methods...
04-26 20:18:55.093 3485 3485 D NetworkSecurityConfig: Using Network Security Config from resource network_security_config debugBuild: false
04-26 20:18:55.094 3485 3485 I ProviderInstaller: Installed default security provider GmsCore_OpenSSL
04-26 20:18:55.136 2448 2455 I zygote64: Compiler allocated 7MB to compile void qdu.a(android.content.Context)
04-26 20:18:55.154 3485 3485 W Primes : Primes not initialized, returning default (no-op) Primes instance which will ignore all calls. Please call Primes.initialize(...) before using any Primes API.
04-26 20:18:55.269 2448 2448 W SystemServiceRegistry: No service published for: persistent_data_block
04-26 20:18:55.284 2647 3021 I MobileDataPlan: [112] MobileDataPlanModuleInitIntentOperation.a: Periodic service false update false CPID management false
04-26 20:18:55.286 2647 3021 W ChimeraUtils: Non Chimera context
04-26 20:18:55.286 2647 3021 W ChimeraUtils: Non Chimera context
04-26 20:18:55.289 2647 3021 I MobileDataPlan: [112] MobileDataPlanModuleInitIntentOperation.a: Periodic service will not be started.
04-26 20:18:55.293 2647 3021 I MobileDataPlan: [112] MobileDataPlanModuleInitIntentOperation.a: Periodic Gcore Registration will not be started.
04-26 20:18:55.297 2647 3021 I MobileDataPlan: [112] MobileDataPlanModuleInitIntentOperation.a: Module is initialized with flag 10.
04-26 20:18:55.322 2448 2448 I Wear_Controller: Wear requires a companion app to be installed.
04-26 20:18:55.322 2448 2448 I WearableService: onCreate: Wearable Services not starting. Wear is not available on this device.
04-26 20:18:55.323 2647 3116 I CheckinRequestProcessor: Gmscore running on device, checkin will use Gmscore context
04-26 20:18:55.324 2647 3116 I CheckinRequestBuilder: Checkin reason type: 1 attempt count: 1
04-26 20:18:55.325 2448 3011 I NetRec : [92] BootCompletedOrAppUpdatedIntentOperation.onHandleIntent: onBootCompleted()
04-26 20:18:55.333 2448 2448 W ChimeraUtils: Non Chimera context
04-26 20:18:55.333 2448 2448 W ChimeraUtils: Non Chimera context
04-26 20:18:55.334 2448 2466 W WearableService: onGetService: Wear is not available on this device.
04-26 20:18:55.337 3098 3098 E Finsky : [2] com.google.android.finsky.wear.y.a(3): onConnectionFailed: ConnectionResult{statusCode=API_UNAVAILABLE, resolution=null, message=null}
04-26 20:18:55.337 3098 3098 W Finsky : [2] com.google.android.finsky.wear.x.b(31): GoogleApiClient instance is not connected when requested
04-26 20:18:55.337 3098 3098 W Finsky : [2] com.google.android.finsky.wear.dq.run(16): Dropping command=send_installed_apps due to Gms not connected
04-26 20:18:55.337 3098 3098 I Finsky : [2] com.google.android.finsky.wear.WearSupportService.b(65): Stopping WearSupportService
04-26 20:18:55.355 2448 2448 I zygote64: Deoptimizing void rrs.(int, int, java.util.concurrent.BlockingQueue) due to JIT inline cache
04-26 20:18:55.356 2448 2888 I zygote64: Deoptimizing void rrt.b() due to JIT same target
04-26 20:18:55.370 1940 3062 I chatty : uid=1000(system) Binder:1940_9 expire 28 lines
04-26 20:18:55.395 1940 2286 I chatty : uid=1000(system) Binder:1940_5 expire 45 lines
04-26 20:18:55.407 1940 2391 I chatty : uid=1000(system) Binder:1940_8 expire 97 lines
04-26 20:18:55.433 3098 3098 I Finsky : [2] com.google.android.finsky.setup.aw.run(25): Detected restoreservicev2://recovery not needed, will not run
04-26 20:18:55.445 1940 2017 I chatty : uid=1000(system) Binder:1940_3 expire 25 lines
04-26 20:18:55.558 2854 2879 W MediaScanner: Error opening directory '/storage/033e8fc7-4cfe-9454-bc59-df7329ca862d/', skipping: Permission denied.
04-26 20:18:55.742 2448 3344 I zygote64: Rejecting re-init on previously-failed class java.lang.Class: java.lang.NoClassDefFoundError: Failed resolution of: Landroid/provider/DeviceConfig$OnPropertyChangedListener;
04-26 20:18:55.742 2448 3344 I zygote64: at void alji.a(android.content.Context) (:com.google.android.gms@16091023@16.0.91 (040800-244116403):3)
04-26 20:18:55.742 2448 3344 I zygote64: at void com.google.android.gms.phenotype.platform.PhenotypeBootCompleteIntentOperation.onHandleIntent(android.content.Intent) (:com.google.android.gms@16091023@16.0.91 (040800-244116403):4)
04-26 20:18:55.742 2448 3344 I zygote64: at void com.google.android.chimera.IntentOperation.onHandleIntent(android.content.Intent, boolean) (:com.google.android.gms@16091023@16.0.91 (040800-244116403):2)
04-26 20:18:55.742 2448 3344 I zygote64: at void ppm.onHandleIntent(android.content.Intent, boolean) (:com.google.android.gms@16091023@16.0.91 (040800-244116403):4)
04-26 20:18:55.742 2448 3344 I zygote64: at void dxp.run() (:com.google.android.gms@16091023@16.0.91 (040800-244116403):12)
04-26 20:18:55.742 2448 3344 I zygote64: at void dxm.run() (:com.google.android.gms@16091023@16.0.91 (040800-244116403):9)
04-26 20:18:55.742 2448 3344 I zygote64: at void java.util.concurrent.ThreadPoolExecutor.runWorker(java.util.concurrent.ThreadPoolExecutor$Worker) (ThreadPoolExecutor.java:1162)
04-26 20:18:55.742 2448 3344 I zygote64: at void java.util.concurrent.ThreadPoolExecutor$Worker.run() (ThreadPoolExecutor.java:636)
04-26 20:18:55.742 2448 3344 I zygote64: at void java.lang.Thread.run() (Thread.java:764)
04-26 20:18:55.742 2448 3344 I zygote64: Caused by: java.lang.ClassNotFoundException: Didn't find class "android.provider.DeviceConfig$OnPropertyChangedListener" on path: DexPathList[[zip file "/system/framework/com.android.media.remotedisplay.jar", zip file "/system/framework/com.android.location.provider.jar", zip file "/data/app/com.google.android.gms-Q0_lbwHlKemdMRgs_DUNvw==/base.apk"],nativeLibraryDirectories=[/data/app/com.google.android.gms-Q0_lbwHlKemdMRgs_DUNvw==/lib/x86_64, /data/app/com.google.android.gms-Q0_lbwHlKemdMRgs_DUNvw==/base.apk!/lib/x86_64, /system/lib64, /system/vendor/lib64]]
04-26 20:18:55.742 2448 3344 I zygote64: at java.lang.Class dalvik.system.BaseDexClassLoader.findClass(java.lang.String) (BaseDexClassLoader.java:125)
04-26 20:18:55.742 2448 3344 I zygote64: at java.lang.Class java.lang.ClassLoader.loadClass(java.lang.String, boolean) (ClassLoader.java:379)
04-26 20:18:55.742 2448 3344 I zygote64: at java.lang.Class java.lang.ClassLoader.loadClass(java.lang.String) (ClassLoader.java:312)
04-26 20:18:55.742 2448 3344 I zygote64: at void alji.a(android.content.Context) (:com.google.android.gms@16091023@16.0.91 (040800-244116403):3)
04-26 20:18:55.742 2448 3344 I zygote64: at void com.google.android.gms.phenotype.platform.PhenotypeBootCompleteIntentOperation.onHandleIntent(android.content.Intent) (:com.google.android.gms@16091023@16.0.91 (040800-244116403):4)
04-26 20:18:55.742 2448 3344 I zygote64: at void com.google.android.chimera.IntentOperation.onHandleIntent(android.content.Intent, boolean) (:com.google.android.gms@16091023@16.0.91 (040800-244116403):2)
04-26 20:18:55.742 2448 3344 I zygote64: at void ppm.onHandleIntent(android.content.Intent, boolean) (:com.google.android.gms@16091023@16.0.91 (040800-244116403):4)
04-26 20:18:55.742 2448 3344 I zygote64: at void dxp.run() (:com.google.android.gms@16091023@16.0.91 (040800-244116403):12)
04-26 20:18:55.742 2448 3344 I zygote64: at void dxm.run() (:com.google.android.gms@16091023@16.0.91 (040800-244116403):9)
04-26 20:18:55.742 2448 3344 I zygote64: at void java.util.concurrent.ThreadPoolExecutor.runWorker(java.util.concurrent.ThreadPoolExecutor$Worker) (ThreadPoolExecutor.java:1162)
04-26 20:18:55.742 2448 3344 I zygote64: at void java.util.concurrent.ThreadPoolExecutor$Worker.run() (ThreadPoolExecutor.java:636)
04-26 20:18:55.742 2448 3344 I zygote64: at void java.lang.Thread.run() (Thread.java:764)
04-26 20:18:55.742 2448 3344 I zygote64:
04-26 20:18:55.742 2448 3344 I zygote64: Rejecting re-init on previously-failed class java.lang.Class: java.lang.NoClassDefFoundError: Failed resolution of: Landroid/provider/DeviceConfig$OnPropertyChangedListener;
04-26 20:18:55.742 2448 3344 I zygote64: at void alji.a(android.content.Context) (:com.google.android.gms@16091023@16.0.91 (040800-244116403):3)
04-26 20:18:55.742 2448 3344 I zygote64: at void com.google.android.gms.phenotype.platform.PhenotypeBootCompleteIntentOperation.onHandleIntent(android.content.Intent) (:com.google.android.gms@16091023@16.0.91 (040800-244116403):4)
04-26 20:18:55.742 2448 3344 I zygote64: at void com.google.android.chimera.IntentOperation.onHandleIntent(android.content.Intent, boolean) (:com.google.android.gms@16091023@16.0.91 (040800-244116403):2)
04-26 20:18:55.742 2448 3344 I zygote64: at void ppm.onHandleIntent(android.content.Intent, boolean) (:com.google.android.gms@16091023@16.0.91 (040800-244116403):4)
04-26 20:18:55.742 2448 3344 I zygote64: at void dxp.run() (:com.google.android.gms@16091023@16.0.91 (040800-244116403):12)
04-26 20:18:55.742 2448 3344 I zygote64: at void dxm.run() (:com.google.android.gms@16091023@16.0.91 (040800-244116403):9)
04-26 20:18:55.742 2448 3344 I zygote64: at void java.util.concurrent.ThreadPoolExecutor.runWorker(java.util.concurrent.ThreadPoolExecutor$Worker) (ThreadPoolExecutor.java:1162)
04-26 20:18:55.743 2448 3344 I zygote64: at void java.util.concurrent.ThreadPoolExecutor$Worker.run() (ThreadPoolExecutor.java:636)
04-26 20:18:55.743 2448 3344 I zygote64: at void java.lang.Thread.run() (Thread.java:764)
04-26 20:18:55.743 2448 3344 I zygote64: Caused by: java.lang.ClassNotFoundException: Didn't find class "android.provider.DeviceConfig$OnPropertyChangedListener" on path: DexPathList[[zip file "/system/framework/com.android.media.remotedisplay.jar", zip file "/system/framework/com.android.location.provider.jar", zip file "/data/app/com.google.android.gms-Q0_lbwHlKemdMRgs_DUNvw==/base.apk"],nativeLibraryDirectories=[/data/app/com.google.android.gms-Q0_lbwHlKemdMRgs_DUNvw==/lib/x86_64, /data/app/com.google.android.gms-Q0_lbwHlKemdMRgs_DUNvw==/base.apk!/lib/x86_64, /system/lib64, /system/vendor/lib64]]
04-26 20:18:55.743 2448 3344 I zygote64: at java.lang.Class dalvik.system.BaseDexClassLoader.findClass(java.lang.String) (BaseDexClassLoader.java:125)
04-26 20:18:55.743 2448 3344 I zygote64: at java.lang.Class java.lang.ClassLoader.loadClass(java.lang.String, boolean) (ClassLoader.java:379)
04-26 20:18:55.743 2448 3344 I zygote64: at java.lang.Class java.lang.ClassLoader.loadClass(java.lang.String) (ClassLoader.java:312)
04-26 20:18:55.743 2448 3344 I zygote64: at void alji.a(android.content.Context) (:com.google.android.gms@16091023@16.0.91 (040800-244116403):3)
04-26 20:18:55.743 2448 3344 I zygote64: at void com.google.android.gms.phenotype.platform.PhenotypeBootCompleteIntentOperation.onHandleIntent(android.content.Intent) (:com.google.android.gms@16091023@16.0.91 (040800-244116403):4)
04-26 20:18:55.743 2448 3344 I zygote64: at void com.google.android.chimera.IntentOperation.onHandleIntent(android.content.Intent, boolean) (:com.google.android.gms@16091023@16.0.91 (040800-244116403):2)
04-26 20:18:55.743 2448 3344 I zygote64: at void ppm.onHandleIntent(android.content.Intent, boolean) (:com.google.android.gms@16091023@16.0.91 (040800-244116403):4)
04-26 20:18:55.743 2448 3344 I zygote64: at void dxp.run() (:com.google.android.gms@16091023@16.0.91 (040800-244116403):12)
04-26 20:18:55.743 2448 3344 I zygote64: at void dxm.run() (:com.google.android.gms@16091023@16.0.91 (040800-244116403):9)
04-26 20:18:55.743 2448 3344 I zygote64: at void java.util.concurrent.ThreadPoolExecutor.runWorker(java.util.concurrent.ThreadPoolExecutor$Worker) (ThreadPoolExecutor.java:1162)
04-26 20:18:55.743 2448 3344 I zygote64: at void java.util.concurrent.ThreadPoolExecutor$Worker.run() (ThreadPoolExecutor.java:636)
04-26 20:18:55.743 2448 3344 I zygote64: at void java.lang.Thread.run() (Thread.java:764)
04-26 20:18:55.743 2448 3344 I zygote64:
04-26 20:18:55.743 2448 3344 I zygote64: Rejecting re-init on previously-failed class java.lang.Class: java.lang.NoClassDefFoundError: Failed resolution of: Landroid/provider/DeviceConfig$OnPropertyChangedListener;
04-26 20:18:55.743 2448 3344 I zygote64: at void alji.a(android.content.Context) (:com.google.android.gms@16091023@16.0.91 (040800-244116403):3)
04-26 20:18:55.743 2448 3344 I zygote64: at void com.google.android.gms.phenotype.platform.PhenotypeBootCompleteIntentOperation.onHandleIntent(android.content.Intent) (:com.google.android.gms@16091023@16.0.91 (040800-244116403):4)
04-26 20:18:55.743 2448 3344 I zygote64: at void com.google.android.chimera.IntentOperation.onHandleIntent(android.content.Intent, boolean) (:com.google.android.gms@16091023@16.0.91 (040800-244116403):2)
04-26 20:18:55.743 2448 3344 I zygote64: at void ppm.onHandleIntent(android.content.Intent, boolean) (:com.google.android.gms@16091023@16.0.91 (040800-244116403):4)
04-26 20:18:55.743 2448 3344 I zygote64: at void dxp.run() (:com.google.android.gms@16091023@16.0.91 (040800-244116403):12)
04-26 20:18:55.743 2448 3344 I zygote64: at void dxm.run() (:com.google.android.gms@16091023@16.0.91 (040800-244116403):9)
04-26 20:18:55.743 2448 3344 I zygote64: at void java.util.concurrent.ThreadPoolExecutor.runWorker(java.util.concurrent.ThreadPoolExecutor$Worker) (ThreadPoolExecutor.java:1162)
04-26 20:18:55.743 2448 3344 I zygote64: at void java.util.concurrent.ThreadPoolExecutor$Worker.run() (ThreadPoolExecutor.java:636)
04-26 20:18:55.743 2448 3344 I zygote64: at void java.lang.Thread.run() (Thread.java:764)
04-26 20:18:55.743 2448 3344 I zygote64: Caused by: java.lang.ClassNotFoundException: Didn't find class "android.provider.DeviceConfig$OnPropertyChangedListener" on path: DexPathList[[zip file "/system/framework/com.android.media.remotedisplay.jar", zip file "/system/framework/com.android.location.provider.jar", zip file "/data/app/com.google.android.gms-Q0_lbwHlKemdMRgs_DUNvw==/base.apk"],nativeLibraryDirectories=[/data/app/com.google.android.gms-Q0_lbwHlKemdMRgs_DUNvw==/lib/x86_64, /data/app/com.google.android.gms-Q0_lbwHlKemdMRgs_DUNvw==/base.apk!/lib/x86_64, /system/lib64, /system/vendor/lib64]]
04-26 20:18:55.743 2448 3344 I zygote64: at java.lang.Class dalvik.system.BaseDexClassLoader.findClass(java.lang.String) (BaseDexClassLoader.java:125)
04-26 20:18:55.743 2448 3344 I zygote64: at java.lang.Class java.lang.ClassLoader.loadClass(java.lang.String, boolean) (ClassLoader.java:379)
04-26 20:18:55.743 2448 3344 I zygote64: at java.lang.Class java.lang.ClassLoader.loadClass(java.lang.String) (ClassLoader.java:312)
04-26 20:18:55.743 2448 3344 I zygote64: at void alji.a(android.content.Context) (:com.google.android.gms@16091023@16.0.91 (040800-244116403):3)
04-26 20:18:55.743 2448 3344 I zygote64: at void com.google.android.gms.phenotype.platform.PhenotypeBootCompleteIntentOperation.onHandleIntent(android.content.Intent) (:com.google.android.gms@16091023@16.0.91 (040800-244116403):4)
04-26 20:18:55.743 2448 3344 I zygote64: at void com.google.android.chimera.IntentOperation.onHandleIntent(android.content.Intent, boolean) (:com.google.android.gms@16091023@16.0.91 (040800-244116403):2)
04-26 20:18:55.743 2448 3344 I zygote64: at void ppm.onHandleIntent(android.content.Intent, boolean) (:com.google.android.gms@16091023@16.0.91 (040800-244116403):4)
04-26 20:18:55.743 2448 3344 I zygote64: at void dxp.run() (:com.google.android.gms@16091023@16.0.91 (040800-244116403):12)
04-26 20:18:55.743 2448 3344 I zygote64: at void dxm.run() (:com.google.android.gms@16091023@16.0.91 (040800-244116403):9)
04-26 20:18:55.743 2448 3344 I zygote64: at void java.util.concurrent.ThreadPoolExecutor.runWorker(java.util.concurrent.ThreadPoolExecutor$Worker) (ThreadPoolExecutor.java:1162)
04-26 20:18:55.743 2448 3344 I zygote64: at void java.util.concurrent.ThreadPoolExecutor$Worker.run() (ThreadPoolExecutor.java:636)
04-26 20:18:55.743 2448 3344 I zygote64: at void java.lang.Thread.run() (Thread.java:764)
04-26 20:18:55.743 2448 3344 I zygote64:
04-26 20:18:55.743 2448 3344 W zygote64: Verification of void alji.(java.util.concurrent.ExecutorService, aljj) took 213.705ms
04-26 20:18:55.773 2647 2658 I zygote64: Background concurrent copying GC freed 23844(1861KB) AllocSpace objects, 40(1056KB) LOS objects, 50% free, 5MB/10MB, paused 213.499ms total 423.434ms
04-26 20:18:55.823 1940 2286 I chatty : uid=1000(system) Binder:1940_5 expire 1 line
04-26 20:18:55.823 1940 2391 I chatty : uid=1000(system) Binder:1940_8 expire 1 line
04-26 20:18:55.824 1940 3062 I chatty : uid=1000(system) Binder:1940_9 expire 1 line
04-26 20:18:55.825 1940 2295 I chatty : uid=1000(system) Binder:1940_6 expire 2 lines
04-26 20:18:55.827 1940 1951 I chatty : uid=1000(system) Binder:1940_1 expire 1 line
04-26 20:18:55.829 2448 3011 W zygote64: Long monitor contention with owner [dxm] processing ppm for action com.google.android.gms.notifications.intents.LOAD_NOTIFICATIONS_FROM_DB (2965) at baas baas.a(android.content.ContentResolver, android.net.Uri)(:com.google.android.gms@16091023@16.0.91 (040800-244116403):1) waiters=0 in baas baas.a(android.content.ContentResolver, android.net.Uri) for 199ms
04-26 20:18:55.830 1940 3550 I chatty : uid=1000(system) Binder:1940_11 expire 25 lines
04-26 20:18:55.833 3463 3511 I FA : App measurement is starting up, version: 13001
04-26 20:18:55.833 3463 3511 I FA : To enable debug logging run: adb shell setprop log.tag.FA VERBOSE
04-26 20:18:55.834 3463 3511 I FA : To enable faster debug mode event logging run:
04-26 20:18:55.834 3463 3511 I FA : adb shell setprop debug.firebase.analytics.app com.oasisfeng.greenify
04-26 20:18:55.848 2647 3373 I PeopleInitIntentOp: Not initializing debuggability
04-26 20:18:55.848 2647 3373 I PeopleInitIntentOp: Clean up Google+ contacts from CP2.
04-26 20:18:55.852 2448 2929 I MagicTether: [HostValidator] InvalidHost. MobileData: false, Tethering: true, whitelist: false, ble: true
04-26 20:18:55.860 2854 2879 V MediaProvider: pruneThumbnails
04-26 20:18:55.861 2854 2879 V MediaProvider: /pruneDeadThumbnailFiles...
04-26 20:18:55.874 2448 2448 W ChimeraUtils: Non Chimera context
04-26 20:18:55.874 2448 2448 W ChimeraUtils: Non Chimera context
04-26 20:18:55.889 2647 3022 V SmartDevice: [service,SmartDeviceIntentHandlers] OnUpgradeOrBootOperation got intent: Intent { act=android.intent.action.BOOT_COMPLETED flg=0x9000010 cmp=com.google.android.gms/.chimera.GmsIntentOperationService (has extras) } with flag 2
04-26 20:18:55.890 2647 3022 W ChimeraUtils: Non Chimera context
04-26 20:18:55.890 2647 3022 W ChimeraUtils: Non Chimera context
04-26 20:18:55.925 1940 2386 I chatty : uid=1000(system) Binder:1940_7 expire 56 lines
04-26 20:18:55.943 1940 3187 I chatty : uid=1000(system) Binder:1940_A expire 84 lines
04-26 20:18:55.956 2349 2349 I Binder:2349_4: type=1400 audit(0.0:717): avc: denied { call } for scontext=u:r:zygote:s0 tcontext=u:r:system_server:s0 tclass=binder permissive=1
04-26 20:18:55.958 1940 3187 I chatty : uid=1000(system) Binder:1940_A expire 1 line
04-26 20:18:55.959 2647 3116 I CheckinRequestBuilder: Unknown state of subscriptions on the device
04-26 20:18:56.115 2448 3011 I NetRec : [92] BootCompletedOrAppUpdatedIntentOperation.onHandleIntent: Scheduling CleanupDatabaseTask
04-26 20:18:56.119 2448 3011 I NetRec : [92] aisw.b: onConfigChanged()
04-26 20:18:56.121 2448 3011 I NetRec : [92] aisw.b: Cancelling all NetRec GCM tasks
04-26 20:18:56.274 2647 3373 W zygote64: Long monitor contention with owner [dxm] processing ppm for action com.google.android.gms.people.sync.focus.contacts_sync_action (3307) at boolean android.os.BinderProxy.transactNative(int, android.os.Parcel, android.os.Parcel, int)(Binder.java:-2) waiters=0 in java.util.Map baas.a() for 413ms
04-26 20:18:56.275 2647 3373 W PeopleContactsSync: CP2 sync disabled by gservices.
04-26 20:18:56.275 2647 3373 I GplusCp2ContactsCleaner: Disable Google+ sync to CP2 for account: pcartne1@gmail.com
04-26 20:18:56.289 2448 2448 W ChimeraUtils: Non Chimera context
04-26 20:18:56.289 2448 2448 W ChimeraUtils: Non Chimera context
04-26 20:18:56.303 1940 2286 I chatty : uid=1000(system) Binder:1940_5 expire 101 lines
04-26 20:18:56.305 1940 2386 I chatty : uid=1000(system) Binder:1940_7 expire 18 lines
04-26 20:18:56.315 3098 3162 I Finsky : [163] com.google.android.finsky.ct.a.a.a.b(111): Already at the latest configurations for experiment package com.google.android.finsky.stable.
04-26 20:18:56.315 3098 3159 W zygote64: Long monitor contention with owner AsyncTask #2 (3162) at java.lang.Class java.lang.Class.forName(java.lang.String)(Class.java:378) waiters=0 in int com.google.android.finsky.ct.a.a.a.b() for 1.294s
04-26 20:18:56.316 3098 3159 I Finsky : [160] com.google.android.finsky.ct.a.a.a.b(90): Triggered update for experiment package com.google.android.finsky.regular.
04-26 20:18:56.318 2448 3344 I aljh : updateFromConfigurations using legacy put method [CONTEXT service_id=51 ]
04-26 20:18:56.319 2647 3394 W MDM : [166] afnj.c: Device admin action is a no-op. Action: true
04-26 20:18:56.321 2647 3394 I TelephonySpam: TelephonySpamInit - On boot completed TelephonySpam module initialized
04-26 20:18:56.321 2647 3394 I TelephonySpam: TelephonySpamInit - onModuleUpdated TelephonySpam module initialized
04-26 20:18:56.321 2647 3394 I TelephonySpam: TelephonySpamInit - onModuleUpdated calling setComponentEnabled for com.google.android.gms.telephonyspam.sync.SpamListSyncTaskService
04-26 20:18:56.321 2647 3394 I TelephonySpam: TelephonySpamInit - onModuleUpdated completed setComponentEnabled for com.google.android.gms.telephonyspam.sync.SpamListSyncTaskService
04-26 20:18:56.321 2647 3394 I TelephonySpam: SpamListSync - scheduleSyncTasks
04-26 20:18:56.321 2647 3394 I TelephonySpam: SpamListSync - schedulePeriodicTask
04-26 20:18:56.346 3098 3159 I Finsky : [160] com.google.android.finsky.ct.a.a.a.b(111): Already at the latest configurations for experiment package com.google.android.finsky.regular.
04-26 20:18:56.346 3098 3162 I Finsky : [163] com.google.android.finsky.ct.a.a.a.b(90): Triggered update for experiment package com.google.android.finsky.regular.
04-26 20:18:56.348 2448 3314 I Auth : [ReflectiveChannelBinder] Successfully bound channel!
04-26 20:18:56.349 3098 3159 I Finsky : [160] com.google.android.finsky.verifier.impl.au.a(7): Restoring notifications
04-26 20:18:56.359 2448 3424 W GLSUser : [DeviceKeyStore] Cannot load key: Device key file not found.
04-26 20:18:56.366 2448 3314 E Auth : [GoogleAccountDataServiceImpl] getToken() -> NETWORK_ERROR. Account: , App: com.google.android.gms, Service: AndroidCheckInServer
04-26 20:18:56.366 2448 3314 W Auth : [GetToken] GetToken failed with status code: NetworkError
04-26 20:18:56.370 3098 3162 I Finsky : [163] com.google.android.finsky.ct.a.l.b(25): Started reading experiment flags from file [v6B-2IolLQRBwrwPhscSaeg04As].
04-26 20:18:56.395 3098 3162 I Finsky : [163] com.google.android.finsky.ct.a.l.b(61): Finished reading experiment flags from file [v6B-2IolLQRBwrwPhscSaeg04As].
04-26 20:18:56.395 3098 3162 I Finsky : [163] com.google.android.finsky.ct.a.a.a.b(111): Already at the latest configurations for experiment package com.google.android.finsky.regular.
04-26 20:18:56.441 1940 2386 I chatty : uid=1000(system) Binder:1940_7 expire 1 line
04-26 20:18:56.444 2448 2448 W ChimeraUtils: Non Chimera context
04-26 20:18:56.444 2448 2448 W ChimeraUtils: Non Chimera context
04-26 20:18:56.450 2448 2448 I rcs : [RcsBindingManager] Checking if we should rebind to previous service. Attempt 0
04-26 20:18:56.450 2448 2448 I rcs : [RcsBindingManager] No valid settings for binding.
04-26 20:18:56.451 2647 3116 W CheckinRequestBuilder: error reading account token
04-26 20:18:56.451 2647 3116 W CheckinRequestBuilder: java.io.IOException: NetworkError
04-26 20:18:56.451 2647 3116 W CheckinRequestBuilder: at gvi.a(:com.google.android.gms@16091023@16.0.91 (040800-244116403):9)
04-26 20:18:56.451 2647 3116 W CheckinRequestBuilder: at gvh.a(:com.google.android.gms@16091023@16.0.91 (040800-244116403):2)
04-26 20:18:56.451 2647 3116 W CheckinRequestBuilder: at gvh.c(:com.google.android.gms@16091023@16.0.91 (040800-244116403):6)
04-26 20:18:56.451 2647 3116 W CheckinRequestBuilder: at gvf.d(:com.google.android.gms@16091023@16.0.91 (040800-244116403):2)
04-26 20:18:56.451 2647 3116 W CheckinRequestBuilder: at gvf.a(Unknown Source:11)
04-26 20:18:56.451 2647 3116 W CheckinRequestBuilder: at plb.a(:com.google.android.gms@16091023@16.0.91 (040800-244116403):189)
04-26 20:18:56.451 2647 3116 W CheckinRequestBuilder: at plc.a(:com.google.android.gms@16091023@16.0.91 (040800-244116403):331)
04-26 20:18:56.451 2647 3116 W CheckinRequestBuilder: at com.google.android.gms.checkin.CheckinChimeraService.a(:com.google.android.gms@16091023@16.0.91 (040800-244116403):131)
04-26 20:18:56.451 2647 3116 W CheckinRequestBuilder: at pkx.run(Unknown Source:4)
04-26 20:18:56.451 2647 3116 W CheckinRequestBuilder: at rrt.b(:com.google.android.gms@16091023@16.0.91 (040800-244116403):32)
04-26 20:18:56.451 2647 3116 W CheckinRequestBuilder: at rrt.run(:com.google.android.gms@16091023@16.0.91 (040800-244116403):21)
04-26 20:18:56.451 2647 3116 W CheckinRequestBuilder: at java.util.concurrent.ThreadPoolExecutor.runWorker(ThreadPoolExecutor.java:1162)
04-26 20:18:56.451 2647 3116 W CheckinRequestBuilder: at java.util.concurrent.ThreadPoolExecutor$Worker.run(ThreadPoolExecutor.java:636)
04-26 20:18:56.451 2647 3116 W CheckinRequestBuilder: at rxx.run(Unknown Source:7)
04-26 20:18:56.451 2647 3116 W CheckinRequestBuilder: at java.lang.Thread.run(Thread.java:764)
04-26 20:18:56.454 3098 3098 I Finsky : [2] com.google.android.finsky.verifier.impl.au.c(24): Done restoring notifications
04-26 20:18:56.455 1940 2295 I chatty : uid=1000(system) Binder:1940_6 expire 26 lines
04-26 20:18:56.457 1940 1940 I chatty : uid=1000 system_server expire 3 lines
04-26 20:18:56.458 1940 1957 I chatty : uid=1000(system) ActivityManager expire 17 lines
04-26 20:18:56.473 1940 3552 I chatty : uid=1000(system) Binder:1940_12 expire 103 lines
04-26 20:18:56.488 1940 2286 I chatty : uid=1000(system) Binder:1940_5 expire 17 lines
04-26 20:18:56.513 2647 3394 I TelephonySpam: SpamListSync - scheduleOneTimeTask
04-26 20:18:56.515 2647 3394 I TelephonySpam: ShortCodeSync - Schedule Short Code Sync Tasks
04-26 20:18:56.515 2647 3394 I TelephonySpam: ShortCodeSync - Schedule Short Code Periodic Task
04-26 20:18:56.517 2647 3394 I TelephonySpam: ShortCodeSync - Schedule Short Code One Time Task
04-26 20:18:56.522 2693 3288 D SharedPreferencesImpl: Time required to fsync /data/user/0/com.google.android.googlequicksearchbox/shared_prefs/ThrottlingLogger.xml: [<1: 0, <2: 0, <4: 0, <8: 0, <16: 0, <32: 0, <64: 0, <128: 0, <256: 0, <512: 1, <1024: 0, <2048: 0, <4096: 0, <8192: 0, <16384: 0, >=16384: 0]
04-26 20:18:56.534 2448 3344 I NetRec : [137] ClearDatabaseService.onHandleIntent: Clearing score cache
04-26 20:18:56.538 3588 3588 I main : type=1400 audit(0.0:719): avc: denied { create } for name="cgroup.procs" scontext=u:r:zygote:s0 tcontext=u:object_r:cgroup:s0 tclass=file permissive=1
04-26 20:18:56.541 3588 3588 W zygote64: Unexpected CPU variant for X86 using defaults: x86_64
04-26 20:18:56.549 3602 3602 W zygote64: Unexpected CPU variant for X86 using defaults: x86_64
04-26 20:18:56.550 1940 3548 I chatty : uid=1000(system) Binder:1940_F expire 60 lines
04-26 20:18:56.551 1940 2386 I chatty : uid=1000(system) Binder:1940_7 expire 25 lines
04-26 20:18:56.554 1940 3550 I chatty : uid=1000(system) Binder:1940_11 expire 62 lines
04-26 20:18:56.564 1940 1962 I chatty : uid=1000(system) android.display expire 1 line
04-26 20:18:56.572 3602 3602 I zygote64: The ClassLoaderContext is a special shared library.
