04-26 20:18:56.577 3602 3602 I zygote64: The ClassLoaderContext is a special shared library.
04-26 20:18:56.614 2448 3554 E WorkSourceUtil: Could not find package: com.google.android.gms.stats.eastworld
04-26 20:18:56.615 3602 3602 W DynamiteModule: Local module descriptor class for providerinstaller not found.
04-26 20:18:56.618 3602 3602 W ProviderHelper: Unknown dynamite feature providerinstaller
04-26 20:18:56.621 3602 3602 I DynamiteModule: Considering local module providerinstaller:0 and remote module providerinstaller:0
04-26 20:18:56.621 3602 3602 W ProviderInstaller: Failed to load providerinstaller module: No acceptable module found. Local version is 0 and remote version is 0.
04-26 20:18:56.624 3602 3602 V NativeCrypto: Registering com/google/android/gms/org/conscrypt/NativeCrypto's 284 native methods...
04-26 20:18:56.636 3602 3602 D NetworkSecurityConfig: Using Network Security Config from resource network_security_config debugBuild: false
04-26 20:18:56.637 3602 3602 I ProviderInstaller: Installed default security provider GmsCore_OpenSSL
04-26 20:18:56.651 2647 3021 D SharedPreferencesImpl: Time required to fsync /data/user/0/com.google.android.gms/shared_prefs/com.google.android.gms.safetynet.xml: [<1: 0, <2: 0, <4: 0, <8: 0, <16: 1, <32: 3, <64: 2, <128: 0, <256: 0, <512: 1, <1024: 0, <2048: 0, <4096: 0, <8192: 0, <16384: 0, >=16384: 0]
04-26 20:18:56.672 2647 3022 I SubscribedFeeds: Collected 10 certs in 338ms
04-26 20:18:56.675 3602 3602 W Primes : Primes not initialized, returning default (no-op) Primes instance which will ignore all calls. Please call Primes.initialize(...) before using any Primes API.
04-26 20:18:56.679 1940 1955 I chatty : uid=1000(system) ActivityManager expire 11 lines
04-26 20:18:56.691 2448 3224 W WearableService: onGetService: Wear is not available on this device.
04-26 20:18:56.693 2647 3626 E MDM : [201] afnj.a: Couldn't connect to Google API client: qgy{statusCode=API_UNAVAILABLE, resolution=null, message=null}
04-26 20:18:56.767 2647 3308 I Authzen : [SyncManager] avoiding sync because the last sync was too recent
04-26 20:18:56.767 2647 3308 I Authzen : [TransactionCache] Clearing transaction cache
04-26 20:18:56.782 2854 2879 W MediaScanner: Error opening directory '/oem/media/', skipping: No such file or directory.
04-26 20:18:56.925 2448 3344 I arjl : Maintaining payment bundles [CONTEXT service_id=79 ]
04-26 20:18:56.926 2448 3344 I arjl : Finished maintaining payment bundles [CONTEXT service_id=79 ]
04-26 20:18:56.940 1940 1952 I chatty : uid=1000(system) Binder:1940_2 expire 25 lines
04-26 20:18:56.951 2448 3011 E arnl : Error retrieving account [CONTEXT service_id=79 ]
04-26 20:18:56.951 2448 3011 E arnl : java.lang.IllegalStateException: No current tap-and-pay account
04-26 20:18:56.951 2448 3011 E arnl : at aqtk.b(:com.google.android.gms@16091023@16.0.91 (040800-244116403):4)
04-26 20:18:56.951 2448 3011 E arnl : at aqtk.a(:com.google.android.gms@16091023@16.0.91 (040800-244116403):1)
04-26 20:18:56.951 2448 3011 E arnl : at arnl.a(:com.google.android.gms@16091023@16.0.91 (040800-244116403):26)
04-26 20:18:56.951 2448 3011 E arnl : at com.google.android.gms.tapandpay.gcmtask.TapAndPayGcmTaskChimeraService.a(:com.google.android.gms@16091023@16.0.91 (040800-244116403):3)
04-26 20:18:56.951 2448 3011 E arnl : at com.google.android.gms.tapandpay.gcmtask.TapAndPayGcmTaskChimeraService.a(:com.google.android.gms@16091023@16.0.91 (040800-244116403):1)
04-26 20:18:56.951 2448 3011 E arnl : at arcy.f(:com.google.android.gms@16091023@16.0.91 (040800-244116403):6)
04-26 20:18:56.951 2448 3011 E arnl : at arcy.a(:com.google.android.gms@16091023@16.0.91 (040800-244116403):1)
04-26 20:18:56.951 2448 3011 E arnl : at com.google.android.gms.tapandpay.init.TapAndPayInitIntentOperation.onHandleIntent(:com.google.android.gms@16091023@16.0.91 (040800-244116403):4)
04-26 20:18:56.951 2448 3011 E arnl : at com.google.android.chimera.IntentOperation.onHandleIntent(:com.google.android.gms@16091023@16.0.91 (040800-244116403):2)
04-26 20:18:56.951 2448 3011 E arnl : at ppm.onHandleIntent(:com.google.android.gms@16091023@16.0.91 (040800-244116403):4)
04-26 20:18:56.951 2448 3011 E arnl : at dxp.run(:com.google.android.gms@16091023@16.0.91 (040800-244116403):12)
04-26 20:18:56.951 2448 3011 E arnl : at dxm.run(:com.google.android.gms@16091023@16.0.91 (040800-244116403):9)
04-26 20:18:56.951 2448 3011 E arnl : at java.util.concurrent.ThreadPoolExecutor.runWorker(ThreadPoolExecutor.java:1162)
04-26 20:18:56.951 2448 3011 E arnl : at java.util.concurrent.ThreadPoolExecutor$Worker.run(ThreadPoolExecutor.java:636)
04-26 20:18:56.951 2448 3011 E arnl : at java.lang.Thread.run(Thread.java:764)
04-26 20:18:56.953 2647 3022 I UdcContextInitChimeraSe: Scheduling context registration change job.
04-26 20:18:56.959 3602 3616 I zygote64: Deoptimizing java.lang.Object zz.put(java.lang.Object, java.lang.Object) due to JIT inline cache
04-26 20:18:56.982 2647 3394 D SharedPreferencesImpl: Time required to fsync /data/user/0/com.google.android.gms/shared_prefs/scooby_call_log_pref.xml: [<1: 0, <2: 0, <4: 0, <8: 0, <16: 0, <32: 0, <64: 0, <128: 0, <256: 0, <512: 1, <1024: 0, <2048: 0, <4096: 0, <8192: 0, <16384: 0, >=16384: 0]
04-26 20:18:56.984 2647 2943 I TelephonySpam: TelephonySpamInit - Creating a looper to listen to call state changes.
04-26 20:18:56.990 1940 2295 I chatty : uid=1000(system) Binder:1940_6 expire 8 lines
04-26 20:18:57.000 2448 3011 I arcj : getInstance: new instance created [CONTEXT service_id=79 ]
04-26 20:18:57.033 1940 3548 I chatty : uid=1000(system) Binder:1940_F expire 116 lines
04-26 20:18:57.039 1940 3552 I chatty : uid=1000(system) Binder:1940_12 expire 132 lines
04-26 20:18:57.047 2448 3642 E WakeLock: GCM_HB_ALARM release without a matched acquire!
04-26 20:18:57.048 2448 3642 W WakeLock: GCM_HB_ALARM counter does not exist
04-26 20:18:57.063 2693 2698 I zygote : Do partial code cache collection, code=62KB, data=35KB
04-26 20:18:57.063 2693 2698 I zygote : After code cache collection, code=62KB, data=35KB
04-26 20:18:57.063 2693 2698 I zygote : Increasing code cache capacity to 256KB
04-26 20:18:57.072 2647 2919 I Vision : Supported ABIS: [x86_64, x86, armeabi-v7a, armeabi]
04-26 20:18:57.073 2647 2919 I zygote64: Deoptimizing bikr bikr.a(int, java.lang.Object[]) due to JIT same target
04-26 20:18:57.083 2854 2879 V MediaProvider: pruneThumbnails
04-26 20:18:57.085 2854 2879 V MediaProvider: /pruneDeadThumbnailFiles...
04-26 20:18:57.105 2647 3394 I Wear_Controller: Wear requires a companion app to be installed.
04-26 20:18:57.105 2647 3394 I Wear_Controller: onStartup - Wear is not available on this device.
04-26 20:18:57.180 2647 3022 I Vision : Details: ocr_x86_64.zip, 0fb7c6deb2cc950b075feb4cce4deacb18b64576
04-26 20:18:57.219 2448 3011 I GCoreUlr: Starting service, intent=Intent { act=com.google.android.location.reporting.ACTION_UPDATE_WORLD cmp=com.google.android.gms/com.google.android.location.reporting.service.DispatchingService (has extras) }, extras=Bundle[{receiverAction=init, is_boot=true}]
04-26 20:18:57.346 2647 3022 I Vision : Engine already satisfied by existing download for ocr
04-26 20:18:57.359 3602 3616 I zygote64: The ClassLoaderContext is a special shared library.
04-26 20:18:57.413 2448 3424 W GLSUser : [AppCertManager] IOException while requesting key:
04-26 20:18:57.414 2448 3424 W GLSUser : [DeviceKeyStore] Cannot load key: Device key file not found.
04-26 20:18:57.426 2448 3657 W bwwl : [{0}] Failed to resolve name. status={1}
04-26 20:18:57.429 2448 2931 E InstantApps: DomainFilterImpl: Error while reading domain filter from WHAPI
04-26 20:18:57.429 2448 2931 E InstantApps: java.util.concurrent.ExecutionException: bwoq: UNAVAILABLE: Unable to resolve host playatoms-pa.googleapis.com
04-26 20:18:57.429 2448 2931 E InstantApps: at java.util.concurrent.FutureTask.report(FutureTask.java:123)
04-26 20:18:57.429 2448 2931 E InstantApps: at java.util.concurrent.FutureTask.get(FutureTask.java:193)
04-26 20:18:57.429 2448 2931 E InstantApps: at acty.get(:com.google.android.gms@16091023@16.0.91 (040800-244116403):2)
04-26 20:18:57.429 2448 2931 E InstantApps: at adbo.a(:com.google.android.gms@16091023@16.0.91 (040800-244116403):6)
04-26 20:18:57.429 2448 2931 E InstantApps: at adbo.a(:com.google.android.gms@16091023@16.0.91 (040800-244116403):5)
04-26 20:18:57.429 2448 2931 E InstantApps: at adbo.a(:com.google.android.gms@16091023@16.0.91 (040800-244116403):368)
04-26 20:18:57.429 2448 2931 E InstantApps: at adbi.a(:com.google.android.gms@16091023@16.0.91 (040800-244116403):2)
04-26 20:18:57.429 2448 2931 E InstantApps: at com.google.android.gms.instantapps.routing.DomainFilterUpdateChimeraService.a(:com.google.android.gms@16091023@16.0.91 (040800-244116403):1)
04-26 20:18:57.429 2448 2931 E InstantApps: at com.google.android.gms.instantapps.routing.DomainFilterUpdateChimeraService.a(:com.google.android.gms@16091023@16.0.91 (040800-244116403):27)
04-26 20:18:57.429 2448 2931 E InstantApps: at adbr.run(Unknown Source:9)
04-26 20:18:57.429 2448 2931 E InstantApps: at rrt.b(:com.google.android.gms@16091023@16.0.91 (040800-244116403):32)
04-26 20:18:57.429 2448 2931 E InstantApps: at rrt.run(:com.google.android.gms@16091023@16.0.91 (040800-244116403):21)
04-26 20:18:57.429 2448 2931 E InstantApps: at java.util.concurrent.ThreadPoolExecutor.runWorker(ThreadPoolExecutor.java:1162)
04-26 20:18:57.429 2448 2931 E InstantApps: at java.util.concurrent.ThreadPoolExecutor$Worker.run(ThreadPoolExecutor.java:636)
04-26 20:18:57.429 2448 2931 E InstantApps: at rxx.run(Unknown Source:7)
04-26 20:18:57.429 2448 2931 E InstantApps: at java.lang.Thread.run(Thread.java:764)
04-26 20:18:57.429 2448 2931 E InstantApps: Caused by: bwoq: UNAVAILABLE: Unable to resolve host playatoms-pa.googleapis.com
04-26 20:18:57.429 2448 2931 E InstantApps: at bwom.c(:com.google.android.gms@16091023@16.0.91 (040800-244116403):3)
04-26 20:18:57.429 2448 2931 E InstantApps: at rke.a(:com.google.android.gms@16091023@16.0.91 (040800-244116403):86)
04-26 20:18:57.429 2448 2931 E InstantApps: at actr.b(:com.google.android.gms@16091023@16.0.91 (040800-244116403):133)
04-26 20:18:57.429 2448 2931 E InstantApps: at actr.a(Unknown Source:0)
04-26 20:18:57.429 2448 2931 E InstantApps: at actz.call(:com.google.android.gms@16091023@16.0.91 (040800-244116403):2)
04-26 20:18:57.429 2448 2931 E InstantApps: at java.util.concurrent.FutureTask.run(FutureTask.java:266)
04-26 20:18:57.429 2448 2931 E InstantApps: ... 6 more
04-26 20:18:57.429 2448 2931 E InstantApps: Caused by: java.lang.RuntimeException: java.net.UnknownHostException: Unable to resolve host "playatoms-pa.googleapis.com": No address associated with hostname
04-26 20:18:57.429 2448 2931 E InstantApps: at bwud.a(:com.google.android.gms@16091023@16.0.91 (040800-244116403):19)
04-26 20:18:57.429 2448 2931 E InstantApps: at bwuh.run(:com.google.android.gms@16091023@16.0.91 (040800-244116403):24)
04-26 20:18:57.429 2448 2931 E InstantApps: at java.util.concurrent.ThreadPoolExecutor.runWorker(ThreadPoolExecutor.java:1162)
04-26 20:18:57.429 2448 2931 E InstantApps: at java.util.concurrent.ThreadPoolExecutor$Worker.run(ThreadPoolExecutor.java:636)
04-26 20:18:57.429 2448 2931 E InstantApps: ... 1 more
04-26 20:18:57.429 2448 2931 E InstantApps: Caused by: java.net.UnknownHostException: Unable to resolve host "playatoms-pa.googleapis.com": No address associated with hostname
04-26 20:18:57.429 2448 2931 E InstantApps: at java.net.Inet6AddressImpl.lookupHostByName(Inet6AddressImpl.java:141)
04-26 20:18:57.429 2448 2931 E InstantApps: at java.net.Inet6AddressImpl.lookupAllHostAddr(Inet6AddressImpl.java:90)
04-26 20:18:57.429 2448 2931 E InstantApps: at java.net.InetAddress.getAllByName(InetAddress.java:787)
04-26 20:18:57.429 2448 2931 E InstantApps: at bwuf.a(Unknown Source:0)
04-26 20:18:57.429 2448 2931 E InstantApps: at bwud.a(:com.google.android.gms@16091023@16.0.91 (040800-244116403):14)
04-26 20:18:57.429 2448 2931 E InstantApps: ... 4 more
04-26 20:18:57.429 2448 2931 E InstantApps: Caused by: android.system.GaiException: android_getaddrinfo failed: EAI_NODATA (No address associated with hostname)
04-26 20:18:57.429 2448 2931 E InstantApps: at libcore.io.Linux.android_getaddrinfo(Native Method)
04-26 20:18:57.429 2448 2931 E InstantApps: at libcore.io.ForwardingOs.android_getaddrinfo(ForwardingOs.java:59)
04-26 20:18:57.429 2448 2931 E InstantApps: at java.net.Inet6AddressImpl.lookupHostByName(Inet6AddressImpl.java:122)
04-26 20:18:57.429 2448 2931 E InstantApps: ... 8 more
04-26 20:18:57.429 2448 2931 W InstantApps: DomainFilterUpdateChimeraService: Retry later
04-26 20:18:57.867 2448 2929 I GCoreUlr: WorldUpdater received intent Intent { act=com.google.android.location.reporting.ACTION_UPDATE_WORLD cmp=com.google.android.gms/com.google.android.location.reporting.service.DispatchingService (has extras) } with receiverAction init
04-26 20:18:57.990 1940 3548 I chatty : uid=1000(system) Binder:1940_F expire 3 lines
04-26 20:18:58.010 2448 2929 I GCoreUlr: WorldUpdater:init: Ensuring that reporting is stopped because of reasons: {account#-1#=[InactiveReason{mIdentifier=6, mName='ReportingNotEnabled'}, InactiveReason{mIdentifier=14, mName='HistoryNotEnabled'}]}
04-26 20:18:58.011 2448 2929 I GCoreUlr: Unbound from all signal providers.
04-26 20:18:58.012 2448 3640 I GCoreUlr: Successfully accounts update
04-26 20:18:58.162 2647 3373 W PeopleContactsSync: CP2 sync disabled by gservices.
04-26 20:18:58.166 2448 2744 W zygote64: Long monitor contention with owner main (2448) at void java.io.FileOutputStream.open0(java.lang.String, boolean)(FileOutputStream.java:-2) waiters=0 in void android.app.QueuedWork.processPendingWork() for 155ms
04-26 20:18:58.185 2647 3373 I PeopleDatabaseHelper: cleanUpNonGplusAccounts done.
04-26 20:18:58.190 2448 2448 W Nearby : Bind call too late - someone already tried to get: interface bpdf [CONTEXT service_id=49 ]
04-26 20:18:58.363 3602 3616 I com.google.android.gms.unstable: android::hardware::configstore::V1_0::ISurfaceFlingerConfigs::hasWideColorDisplay retrieved: 0
04-26 20:18:58.396 2448 2448 I BeaconBle: Using BLE 'L' hardware layer
04-26 20:18:58.477 2448 3657 W bwwl : [{0}] Failed to resolve name. status={1}
04-26 20:18:58.501 2448 2448 I GCoreUlr: Unbound from all signal providers.
04-26 20:18:58.501 2448 2448 I GCoreUlr: Stopping handler for UlrDispSvcFast
04-26 20:18:58.503 1940 2295 I chatty : uid=1000(system) Binder:1940_6 expire 18 lines
04-26 20:18:58.504 2448 2921 I GCoreUlr: Successfully accounts update
04-26 20:18:58.516 1940 3548 I chatty : uid=1000(system) Binder:1940_F expire 442 lines
04-26 20:18:58.545 3602 3616 I com.google.android.gms.unstable: android::hardware::configstore::V1_0::ISurfaceFlingerConfigs::hasWideColorDisplay retrieved: 0
04-26 20:18:58.743 3602 3616 I chatty : uid=10015(com.google.android.gms) Binder:3602_3 identical 1 line
04-26 20:18:58.887 3602 3616 I com.google.android.gms.unstable: android::hardware::configstore::V1_0::ISurfaceFlingerConfigs::hasWideColorDisplay retrieved: 0
04-26 20:18:59.087 3602 3616 W SystemServiceRegistry: No service published for: persistent_data_block
04-26 20:18:59.098 2647 3116 I CheckinConnFactory: Get token from PseudonymousIdApi: 182=bXoIYoP-DYz5MsqF8RF8ykXuiCKtcx8nQ-Ek459TgbYEKstp9kAkZ5ehxLSGJaUsRzilDsG920cpSBCAQF27i1vmH4GLaASusiroDQHTistUX7TevXLIETOv8tUlAimkK2o8CdFN35OaZsNJzVTLHN5Xwp3K7F2iSKLUxeksQZ4
04-26 20:18:59.138 2647 3116 I CheckinRequestProcessor: set cookie as: NID=182=bXoIYoP-DYz5MsqF8RF8ykXuiCKtcx8nQ-Ek459TgbYEKstp9kAkZ5ehxLSGJaUsRzilDsG920cpSBCAQF27i1vmH4GLaASusiroDQHTistUX7TevXLIETOv8tUlAimkK2o8CdFN35OaZsNJzVTLHN5Xwp3K7F2iSKLUxeksQZ4
04-26 20:18:59.140 2647 3116 E CheckinRequestProcessor: CheckinNowTaskTag : Checkin failed: https://android.clients.google.com/checkin (fragment #0): java.net.UnknownHostException: Unable to resolve host "android.clients.google.com": No address associated with hostname
04-26 20:18:59.144 2647 3116 I CheckinChimeraService: Checkin result code: 0 will be retried.
04-26 20:18:59.145 1940 2295 I chatty : uid=1000(system) Binder:1940_6 expire 150 lines
04-26 20:18:59.151 1940 3548 I chatty : uid=1000(system) Binder:1940_F expire 108 lines
04-26 20:18:59.590 2647 3001 I CheckinCompat: No service .checkin.CheckinService to disable
04-26 20:18:59.590 2647 3001 I CheckinCompat: No service .update.SystemUpdateActivity to disable
04-26 20:18:59.590 2647 3001 I CheckinCompat: No service .update.SystemUpdateService$SecretCodeReceiver to disable
04-26 20:18:59.590 2647 3001 I CheckinCompat: No service .update.SystemUpdateService$Receiver to disable
04-26 20:18:59.760 2514 3470 I GAV3 : Thread[GAThread,5,main]: No campaign data found.
04-26 20:18:59.763 2448 3657 W bwwl : [{0}] Failed to resolve name. status={1}
04-26 20:19:00.067 3485 3502 I zygote64: Waiting for a blocking GC ProfileSaver
04-26 20:19:00.074 3485 3502 I zygote64: WaitForGcToComplete blocked ProfileSaver on HeapTrim for 6.705ms
04-26 20:19:02.217 2448 3657 W bwwl : [{0}] Failed to resolve name. status={1}
04-26 20:19:03.351 1940 3552 I chatty : uid=1000(system) Binder:1940_12 expire 24 lines
04-26 20:19:04.145 1940 1957 I chatty : uid=1000(system) ActivityManager expire 2 lines
04-26 20:19:05.066 1940 3692 I chatty : uid=1000 system_server expire 1 line
04-26 20:19:05.588 2448 3657 W bwwl : [{0}] Failed to resolve name. status={1}
04-26 20:19:07.093 2693 2748 W NamedFutures: Timeout future task has been cancelled: 10000 milliseconds
04-26 20:19:07.130 2693 2693 E SearchServiceStarter: Task 174 failed or timed out. Client 11845495557121066 disconnecting from SearchService!
04-26 20:19:07.130 2693 2693 E SearchServiceStarter: java.util.concurrent.CancellationException: Task was cancelled.
04-26 20:19:07.130 2693 2693 E SearchServiceStarter: at com.google.common.util.concurrent.d.ct(SourceFile:75)
04-26 20:19:07.130 2693 2693 E SearchServiceStarter: at com.google.common.util.concurrent.d.get(SourceFile:57)
04-26 20:19:07.130 2693 2693 E SearchServiceStarter: at com.google.common.util.concurrent.cg.n(SourceFile:2)
04-26 20:19:07.130 2693 2693 E SearchServiceStarter: at com.google.common.util.concurrent.av.l(SourceFile:50)
04-26 20:19:07.130 2693 2693 E SearchServiceStarter: at com.google.common.util.concurrent.ax.run(SourceFile:5)
04-26 20:19:07.130 2693 2693 E SearchServiceStarter: at com.google.android.apps.gsa.shared.util.concurrent.a.bc.run(SourceFile:2)
04-26 20:19:07.130 2693 2693 E SearchServiceStarter: at android.os.Handler.handleCallback(Handler.java:790)
04-26 20:19:07.130 2693 2693 E SearchServiceStarter: at android.os.Handler.dispatchMessage(Handler.java:99)
04-26 20:19:07.130 2693 2693 E SearchServiceStarter: at android.os.Looper.loop(Looper.java:164)
04-26 20:19:07.130 2693 2693 E SearchServiceStarter: at android.app.ActivityThread.main(ActivityThread.java:6494)
04-26 20:19:07.130 2693 2693 E SearchServiceStarter: at java.lang.reflect.Method.invoke(Native Method)
04-26 20:19:07.130 2693 2693 E SearchServiceStarter: at com.android.internal.os.RuntimeInit$MethodAndArgsCaller.run(RuntimeInit.java:463)
04-26 20:19:07.130 2693 2693 E SearchServiceStarter: at com.android.internal.os.ZygoteInit.main(ZygoteInit.java:807)
04-26 20:19:07.285 1940 1940 I chatty : uid=1000 system_server expire 1 line
04-26 20:19:07.329 1940 2007 I chatty : uid=1000(system) InputReader expire 1 line
04-26 20:19:07.502 2349 2349 I m.android.phone: type=1400 audit(0.0:723): avc: denied { call } for scontext=u:r:zygote:s0 tcontext=u:r:servicemanager:s0 tclass=binder permissive=1
04-26 20:19:07.502 1335 1335 I servicemanager: type=1400 audit(0.0:724): avc: denied { search } for name="2349" dev="proc" ino=19806 scontext=u:r:servicemanager:s0 tcontext=u:r:zygote:s0 tclass=dir permissive=1
04-26 20:19:07.502 1335 1335 I servicemanager: type=1400 audit(0.0:725): avc: denied { read } for name="current" dev="proc" ino=19829 scontext=u:r:servicemanager:s0 tcontext=u:r:zygote:s0 tclass=file permissive=1
04-26 20:19:07.502 1335 1335 I servicemanager: type=1400 audit(0.0:726): avc: denied { open } for path="/proc/2349/attr/current" dev="proc" ino=19829 scontext=u:r:servicemanager:s0 tcontext=u:r:zygote:s0 tclass=file permissive=1
04-26 20:19:07.502 1335 1335 I servicemanager: type=1400 audit(0.0:727): avc: denied { getattr } for scontext=u:r:servicemanager:s0 tcontext=u:r:zygote:s0 tclass=process permissive=1
04-26 20:19:07.504 2349 2349 E PhoneInterfaceManager: [PhoneIntfMgr] getCarrierPackageNamesForIntent: No UICC
04-26 20:19:07.505 2349 2349 D CarrierSvcBindHelper: No carrier app for: 0
04-26 20:19:07.505 2349 2349 D ImsResolver: maybeAddedImsService, packageName: com.google.android.gms
04-26 20:19:07.738 3378 3378 I libjackpal-androidterm: JNI_OnLoad
04-26 20:19:07.838 1940 2286 I chatty : uid=1000(system) Binder:1940_5 expire 50 lines
04-26 20:19:08.340 1940 1952 I chatty : uid=1000(system) Binder:1940_2 expire 125 lines
04-26 20:19:08.355 1940 3374 I chatty : uid=1000(system) Binder:1940_B expire 102 lines
04-26 20:19:08.359 1940 1955 I chatty : uid=1000(system) ActivityManager expire 3 lines
04-26 20:19:08.364 1940 1954 I chatty : uid=1000(system) android.bg expire 2 lines
04-26 20:19:08.388 1940 1954 E memtrack: Couldn't load memtrack module
04-26 20:19:08.388 1940 1954 W android.os.Debug: failed to get memory consumption info: -1
04-26 20:19:08.398 3378 3714 I Term : waiting for: 3699
04-26 20:19:08.401 2448 2455 I zygote64: Do full code cache collection, code=507KB, data=303KB
04-26 20:19:08.419 2448 2455 I zygote64: After code cache collection, code=466KB, data=243KB
04-26 20:19:08.455 1940 3374 I chatty : uid=1000(system) Binder:1940_B expire 77 lines
04-26 20:19:08.484 1940 2286 I chatty : uid=1000(system) Binder:1940_5 expire 50 lines
04-26 20:19:08.485 1940 3550 I chatty : uid=1000(system) Binder:1940_11 expire 231 lines
04-26 20:19:08.503 2647 3373 I MDM : [162] afnj.b: sending sitrep: [ACCOUNTS_CHANGED, RETRY_AFTER_SERVER_DELAY, [nsODLLsuu9gzR8pDiCIzfybFqm4], 16091023, [_x4KK0AJr_uIJvJ6yJG3VmyqW5g], true, ABFEt1WqkEut2SrFIJ_H402hiN0QQ9RGEOvjOrAYbHq8t6oeMHvb9Gu6lEuCbxt-0DwzVhCf6qjcfod2ZRgERW8SWfLEWcqLumK3bFF4ZlygAaHV-T2BVhNtFKGOad1VmkqEA0_Rctx_Bd-oUrPYHqVDsnQtg5VvpsrYiezpmpA9vFdHJ-KhAKsx-hU9oEdTI85iCyNDitWGPopSfugkRXJ90kunJ15bxblzPoXiw-nSLSiDLaxKkteMBAmGAgfyfPYUU1HZf65ri0YDtxQPl4aKQPScwEYqq2ZVPfuiIiJK7tvEpbzN6lPBcHA7zAzPJ3UECDKPz5pMKXQYtBD5gY2hsgWlFvhTFkIxKaKa1J3kl_Ld7rky8VS-TyLMUlFW7V7YWkP42anx-SBmIX2KbNFXDxOLDVigp_dUsfZP20HTNrqy4RkNeXyfNTQkR_UAxd8pyVMtPwohGhYQOgxPd9Jl5EyEvq6PYQ, 1, false]
04-26 20:19:08.512 2647 3163 I Icing : IndexChimeraService.getServiceInterface callingPackage=com.google.android.gms componentName=AppsCorpus serviceId=SEARCH_CORPORA
04-26 20:19:08.514 2448 3717 E WakeLock: GCM_HB_ALARM release without a matched acquire!
04-26 20:19:08.514 2448 3717 W WakeLock: GCM_HB_ALARM counter does not exist
04-26 20:19:08.521 2448 2448 W ChimeraUtils: Non Chimera context
04-26 20:19:08.521 2448 2448 W ChimeraUtils: Non Chimera context
04-26 20:19:08.539 2647 3440 I Icing : IndexChimeraService.getServiceInterface callingPackage=com.google.android.gms componentName=AppsCorpus serviceId=SEARCH_QUERIES
04-26 20:19:08.547 2448 3482 E Auth : [GoogleAccountDataServiceImpl] getToken() -> NETWORK_ERROR. Account: , App: com.google.android.gms, Service: oauth2:https://www.googleapis.com/auth/android_device_manager
04-26 20:19:08.548 2448 3482 W Auth : [GetToken] GetToken failed with status code: NetworkError
04-26 20:19:08.549 2647 3373 E MDM : [162] afnj.a: Error sending sitrep.
04-26 20:19:08.554 2647 3319 I zygote64: Deoptimizing bgoi bgpb.a(bgoi, boolean) due to JIT inline cache
04-26 20:19:08.579 1407 1576 D gralloc : Registering a buffer in the process that created it. This may cause memory ordering problems.
04-26 20:19:08.654 3378 3378 I Choreographer: Skipped 75 frames! The application may be doing too much work on its main thread.
04-26 20:19:08.656 2061 2061 I LatinIME: Starting input. Cursor position = -1,-1
04-26 20:19:08.753 2647 3711 I Icing : Storage manager: low false usage 2.23MB avail 5.63GB capacity 9.72GB
04-26 20:19:08.859 2647 2949 I GmscoreIpa: Using regular flags by method 2
04-26 20:19:08.866 2448 3076 W zygote64: Long monitor contention with owner lowpool[1] (2929) at void aaat.a(zyk, boolean)(:com.google.android.gms@16091023@16.0.91 (040800-244116403):4) waiters=0 in void aaat.a(aaaq, zxr) for 486ms
04-26 20:19:08.868 1940 3374 I chatty : uid=1000(system) Binder:1940_B expire 148 lines
04-26 20:19:08.872 1940 1954 E memtrack: Couldn't load memtrack module
04-26 20:19:08.872 1940 1954 W android.os.Debug: failed to get memory consumption info: -1
04-26 20:19:09.005 2448 2455 I zygote64: Do partial code cache collection, code=480KB, data=254KB
04-26 20:19:09.005 2448 2455 I zygote64: After code cache collection, code=480KB, data=254KB
04-26 20:19:09.005 2448 2455 I zygote64: Increasing code cache capacity to 2MB
04-26 20:19:09.040 1940 1940 I Binder:1940_B: type=1400 audit(0.0:728): avc: denied { getattr } for path="/storage/033e8fc7-4cfe-9454-bc59-df7329ca862d" dev="tmpfs" ino=27124 scontext=u:r:system_server:s0 tcontext=u:object_r:storage_stub_file:s0 tclass=dir permissive=1
04-26 20:19:09.041 1383 1383 I vold : type=1400 audit(0.0:729): avc: denied { read } for name="033e8fc7-4cfe-9454-bc59-df7329ca862d" dev="tmpfs" ino=27124 scontext=u:r:vold:s0 tcontext=u:object_r:storage_stub_file:s0 tclass=dir permissive=1
04-26 20:19:09.041 1383 1383 I vold : type=1400 audit(0.0:730): avc: denied { open } for path="/storage/033e8fc7-4cfe-9454-bc59-df7329ca862d" dev="tmpfs" ino=27124 scontext=u:r:vold:s0 tcontext=u:object_r:storage_stub_file:s0 tclass=dir permissive=1
04-26 20:19:09.042 1940 2009 I chatty : uid=1000(system) VoldConnector expire 2 lines
04-26 20:19:09.061 1940 3550 I chatty : uid=1000(system) Binder:1940_11 expire 205 lines
04-26 20:19:09.064 1940 3374 I chatty : uid=1000(system) Binder:1940_B expire 140 lines
04-26 20:19:09.081 1940 3550 I chatty : uid=1000(system) Binder:1940_11 expire 165 lines
04-26 20:19:09.090 2647 3711 W native : commandlineflags.cc:972 Ignoring RegisterValidateFunction() for flag pointer 0x7b1f86ba4330: no flag found at that address
04-26 20:19:09.194 2647 3711 W native : model-utils.cc:21 No CRC32, most likely an old model; skip CRC32 check
04-26 20:19:09.198 2647 3711 I native : permission-checker.cc:74 Creating PermissionChecker based on ACL with config_version 1 having 5 permissions defined.
04-26 20:19:09.207 2647 3711 W native : words-map.cc:29 generic::invalid_argument: Empty URI
04-26 20:19:09.207 2647 3711 W native : words-map.cc:33 WordsMap was not properly initialized
04-26 20:19:09.259 2647 2652 I zygote64: Compiler allocated 5MB to compile void brdn.a(java.lang.Object, brdy, brbd)
04-26 20:19:09.524 1940 3374 W SchedPolicy: add_tid_to_cgroup failed to write '2908' (No space left on device); fd=3
04-26 20:19:09.524 1940 3374 W SchedPolicy: add_tid_to_cgroup failed to write '2955' (No space left on device); fd=3
04-26 20:19:09.524 1940 3374 W SchedPolicy: add_tid_to_cgroup failed to write '2979' (No space left on device); fd=3
04-26 20:19:09.524 1940 3374 W SchedPolicy: add_tid_to_cgroup failed to write '3061' (No space left on device); fd=3
04-26 20:19:09.524 1940 3374 W SchedPolicy: add_tid_to_cgroup failed to write '3069' (No space left on device); fd=3
04-26 20:19:09.524 1940 3374 W SchedPolicy: add_tid_to_cgroup failed to write '3117' (No space left on device); fd=3
04-26 20:19:09.524 1940 3374 W SchedPolicy: add_tid_to_cgroup failed to write '3188' (No space left on device); fd=3
04-26 20:19:09.524 1940 3374 W SchedPolicy: add_tid_to_cgroup failed to write '3313' (No space left on device); fd=3
04-26 20:19:09.524 1940 3374 W SchedPolicy: add_tid_to_cgroup failed to write '3375' (No space left on device); fd=3
04-26 20:19:09.524 1940 3374 W SchedPolicy: add_tid_to_cgroup failed to write '3420' (No space left on device); fd=3
04-26 20:19:09.526 1940 3374 W SchedPolicy: add_tid_to_cgroup failed to write '2675' (No space left on device); fd=25
04-26 20:19:09.526 1940 3374 W SchedPolicy: add_tid_to_cgroup failed to write '2680' (No space left on device); fd=25
04-26 20:19:09.526 1940 3374 W SchedPolicy: add_tid_to_cgroup failed to write '2681' (No space left on device); fd=25
04-26 20:19:09.526 1940 3374 W SchedPolicy: add_tid_to_cgroup failed to write '2682' (No space left on device); fd=25
04-26 20:19:09.526 1940 3374 W SchedPolicy: add_tid_to_cgroup failed to write '2683' (No space left on device); fd=25
04-26 20:19:09.526 1940 3374 W SchedPolicy: add_tid_to_cgroup failed to write '2684' (No space left on device); fd=25
04-26 20:19:09.526 1940 3374 W SchedPolicy: add_tid_to_cgroup failed to write '2685' (No space left on device); fd=25
04-26 20:19:09.526 1940 3374 W SchedPolicy: add_tid_to_cgroup failed to write '2686' (No space left on device); fd=25
04-26 20:19:09.526 1940 3374 W SchedPolicy: add_tid_to_cgroup failed to write '2687' (No space left on device); fd=25
04-26 20:19:09.526 1940 3374 W SchedPolicy: add_tid_to_cgroup failed to write '2688' (No space left on device); fd=25
04-26 20:19:09.526 1940 3374 W SchedPolicy: add_tid_to_cgroup failed to write '2689' (No space left on device); fd=25
04-26 20:19:09.526 1940 3374 W SchedPolicy: add_tid_to_cgroup failed to write '2690' (No space left on device); fd=25
04-26 20:19:09.526 1940 3374 W SchedPolicy: add_tid_to_cgroup failed to write '2720' (No space left on device); fd=25
04-26 20:19:09.526 1940 3374 W SchedPolicy: add_tid_to_cgroup failed to write '2725' (No space left on device); fd=25
04-26 20:19:09.526 1940 3374 W SchedPolicy: add_tid_to_cgroup failed to write '2871' (No space left on device); fd=25
04-26 20:19:09.526 1940 3374 W SchedPolicy: add_tid_to_cgroup failed to write '2908' (No space left on device); fd=25
04-26 20:19:09.526 1940 3374 W SchedPolicy: add_tid_to_cgroup failed to write '2955' (No space left on device); fd=25
04-26 20:19:09.526 1940 3374 W SchedPolicy: add_tid_to_cgroup failed to write '2979' (No space left on device); fd=25
04-26 20:19:09.526 1940 3374 W SchedPolicy: add_tid_to_cgroup failed to write '3061' (No space left on device); fd=25
04-26 20:19:09.527 1940 3374 W SchedPolicy: add_tid_to_cgroup failed to write '3069' (No space left on device); fd=25
04-26 20:19:09.527 1940 3374 W SchedPolicy: add_tid_to_cgroup failed to write '3117' (No space left on device); fd=25
04-26 20:19:09.527 1940 3374 W SchedPolicy: add_tid_to_cgroup failed to write '3188' (No space left on device); fd=25
04-26 20:19:09.527 1940 3374 W SchedPolicy: add_tid_to_cgroup failed to write '3313' (No space left on device); fd=25
04-26 20:19:09.527 1940 3374 W SchedPolicy: add_tid_to_cgroup failed to write '3375' (No space left on device); fd=25
04-26 20:19:09.527 1940 3374 W SchedPolicy: add_tid_to_cgroup failed to write '3420' (No space left on device); fd=25
04-26 20:19:09.631 2647 3001 I CheckinCompat: No service .update.SystemUpdateService to disable
04-26 20:19:09.631 2647 3001 I CheckinCompat: No service .checkin.EventLogService to disable
04-26 20:19:09.631 2647 3001 I CheckinCompat: No service .checkin.EventLogService$Receiver to disable
04-26 20:19:09.632 2647 3001 I CheckinCompat: Done disabling old GoogleServicesFramework version
04-26 20:19:09.691 2647 3711 I Icing : updateResources: need to parse abpu{com.google.android.gms}
04-26 20:19:09.715 2647 2652 I zygote64: Do full code cache collection, code=223KB, data=161KB
04-26 20:19:09.715 2647 2652 I zygote64: After code cache collection, code=208KB, data=129KB
04-26 20:19:09.753 2647 2652 I zygote64: Compiler allocated 5MB to compile void brdn.a(java.lang.Object, brfv)
04-26 20:19:09.807 1940 3374 W SchedPolicy: add_tid_to_cgroup failed to write '2675' (No space left on device); fd=3
04-26 20:19:09.807 1940 3374 W SchedPolicy: add_tid_to_cgroup failed to write '2680' (No space left on device); fd=3
04-26 20:19:09.807 1940 3374 W SchedPolicy: add_tid_to_cgroup failed to write '2681' (No space left on device); fd=3
04-26 20:19:09.807 1940 3374 W SchedPolicy: add_tid_to_cgroup failed to write '2682' (No space left on device); fd=3
04-26 20:19:09.807 1940 3374 W SchedPolicy: add_tid_to_cgroup failed to write '2683' (No space left on device); fd=3
04-26 20:19:09.807 1940 3374 W SchedPolicy: add_tid_to_cgroup failed to write '2684' (No space left on device); fd=3
04-26 20:19:09.807 1940 3374 W SchedPolicy: add_tid_to_cgroup failed to write '2685' (No space left on device); fd=3
04-26 20:19:09.807 1940 3374 W SchedPolicy: add_tid_to_cgroup failed to write '2686' (No space left on device); fd=3
04-26 20:19:09.807 1940 3374 W SchedPolicy: add_tid_to_cgroup failed to write '2687' (No space left on device); fd=3
04-26 20:19:09.807 1940 3374 W SchedPolicy: add_tid_to_cgroup failed to write '2688' (No space left on device); fd=3
04-26 20:19:09.808 1940 3374 W SchedPolicy: add_tid_to_cgroup failed to write '2689' (No space left on device); fd=3
04-26 20:19:09.808 1940 3374 W SchedPolicy: add_tid_to_cgroup failed to write '2690' (No space left on device); fd=3
04-26 20:19:09.808 1940 3374 W SchedPolicy: add_tid_to_cgroup failed to write '2720' (No space left on device); fd=3
04-26 20:19:09.808 1940 3374 W SchedPolicy: add_tid_to_cgroup failed to write '2725' (No space left on device); fd=3
04-26 20:19:09.808 1940 3374 W SchedPolicy: add_tid_to_cgroup failed to write '2871' (No space left on device); fd=3
04-26 20:19:09.808 1940 3374 W SchedPolicy: add_tid_to_cgroup failed to write '2908' (No space left on device); fd=3
04-26 20:19:09.808 1940 3374 W SchedPolicy: add_tid_to_cgroup failed to write '2955' (No space left on device); fd=3
04-26 20:19:09.808 1940 3374 W SchedPolicy: add_tid_to_cgroup failed to write '2979' (No space left on device); fd=3
04-26 20:19:09.808 1940 3374 W SchedPolicy: add_tid_to_cgroup failed to write '3061' (No space left on device); fd=3
04-26 20:19:09.808 1940 3374 W SchedPolicy: add_tid_to_cgroup failed to write '3069' (No space left on device); fd=3
04-26 20:19:09.808 1940 3374 W SchedPolicy: add_tid_to_cgroup failed to write '3117' (No space left on device); fd=3
04-26 20:19:09.808 1940 3374 W SchedPolicy: add_tid_to_cgroup failed to write '3188' (No space left on device); fd=3
04-26 20:19:09.808 1940 3374 W SchedPolicy: add_tid_to_cgroup failed to write '3313' (No space left on device); fd=3
04-26 20:19:09.808 1940 3374 W SchedPolicy: add_tid_to_cgroup failed to write '3375' (No space left on device); fd=3
04-26 20:19:09.808 1940 3374 W SchedPolicy: add_tid_to_cgroup failed to write '3420' (No space left on device); fd=3
04-26 20:19:09.810 1940 3550 W SchedPolicy: add_tid_to_cgroup failed to write '2675' (No space left on device); fd=25
04-26 20:19:09.810 1940 3550 W SchedPolicy: add_tid_to_cgroup failed to write '2680' (No space left on device); fd=25
04-26 20:19:09.810 1940 3550 W SchedPolicy: add_tid_to_cgroup failed to write '2681' (No space left on device); fd=25
04-26 20:19:09.810 1940 3550 W SchedPolicy: add_tid_to_cgroup failed to write '2682' (No space left on device); fd=25
04-26 20:19:09.810 1940 3550 W SchedPolicy: add_tid_to_cgroup failed to write '2683' (No space left on device); fd=25
04-26 20:19:09.810 1940 3550 W SchedPolicy: add_tid_to_cgroup failed to write '2684' (No space left on device); fd=25
04-26 20:19:09.810 1940 3550 W SchedPolicy: add_tid_to_cgroup failed to write '2685' (No space left on device); fd=25
04-26 20:19:09.810 1940 3550 W SchedPolicy: add_tid_to_cgroup failed to write '2686' (No space left on device); fd=25
04-26 20:19:09.810 1940 3550 W SchedPolicy: add_tid_to_cgroup failed to write '2687' (No space left on device); fd=25
04-26 20:19:09.810 1940 3550 W SchedPolicy: add_tid_to_cgroup failed to write '2688' (No space left on device); fd=25
04-26 20:19:09.810 1940 3550 W SchedPolicy: add_tid_to_cgroup failed to write '2689' (No space left on device); fd=25
04-26 20:19:09.810 1940 3550 W SchedPolicy: add_tid_to_cgroup failed to write '2690' (No space left on device); fd=25
04-26 20:19:09.811 1940 3550 W SchedPolicy: add_tid_to_cgroup failed to write '2720' (No space left on device); fd=25
04-26 20:19:09.811 1940 3550 W SchedPolicy: add_tid_to_cgroup failed to write '2725' (No space left on device); fd=25
04-26 20:19:09.811 1940 3550 W SchedPolicy: add_tid_to_cgroup failed to write '2871' (No space left on device); fd=25
04-26 20:19:09.811 1940 3550 W SchedPolicy: add_tid_to_cgroup failed to write '2908' (No space left on device); fd=25
04-26 20:19:09.811 1940 3550 W SchedPolicy: add_tid_to_cgroup failed to write '2955' (No space left on device); fd=25
04-26 20:19:09.811 1940 3550 W SchedPolicy: add_tid_to_cgroup failed to write '2979' (No space left on device); fd=25
04-26 20:19:09.811 1940 3550 W SchedPolicy: add_tid_to_cgroup failed to write '3061' (No space left on device); fd=25
04-26 20:19:09.811 1940 3550 W SchedPolicy: add_tid_to_cgroup failed to write '3069' (No space left on device); fd=25
04-26 20:19:09.811 1940 3550 W SchedPolicy: add_tid_to_cgroup failed to write '3117' (No space left on device); fd=25
04-26 20:19:09.811 1940 3550 W SchedPolicy: add_tid_to_cgroup failed to write '3188' (No space left on device); fd=25
04-26 20:19:09.811 1940 3550 W SchedPolicy: add_tid_to_cgroup failed to write '3313' (No space left on device); fd=25
04-26 20:19:09.811 1940 3550 W SchedPolicy: add_tid_to_cgroup failed to write '3375' (No space left on device); fd=25
04-26 20:19:09.811 1940 3550 W SchedPolicy: add_tid_to_cgroup failed to write '3420' (No space left on device); fd=25
04-26 20:19:09.814 1940 3550 W SchedPolicy: add_tid_to_cgroup failed to write '2675' (No space left on device); fd=3
04-26 20:19:09.814 1940 3550 W SchedPolicy: add_tid_to_cgroup failed to write '2680' (No space left on device); fd=3
04-26 20:19:09.814 1940 3550 W SchedPolicy: add_tid_to_cgroup failed to write '2681' (No space left on device); fd=3
04-26 20:19:09.814 1940 3550 W SchedPolicy: add_tid_to_cgroup failed to write '2682' (No space left on device); fd=3
04-26 20:19:09.814 1940 3550 W SchedPolicy: add_tid_to_cgroup failed to write '2683' (No space left on device); fd=3
04-26 20:19:09.814 1940 3550 W SchedPolicy: add_tid_to_cgroup failed to write '2684' (No space left on device); fd=3
04-26 20:19:09.814 1940 3550 W SchedPolicy: add_tid_to_cgroup failed to write '2685' (No space left on device); fd=3
04-26 20:19:09.814 1940 3550 W SchedPolicy: add_tid_to_cgroup failed to write '2686' (No space left on device); fd=3
04-26 20:19:09.814 1940 3550 W SchedPolicy: add_tid_to_cgroup failed to write '2687' (No space left on device); fd=3
04-26 20:19:09.814 1940 3550 W SchedPolicy: add_tid_to_cgroup failed to write '2688' (No space left on device); fd=3
04-26 20:19:09.814 1940 3550 W SchedPolicy: add_tid_to_cgroup failed to write '2689' (No space left on device); fd=3
04-26 20:19:09.814 1940 3550 W SchedPolicy: add_tid_to_cgroup failed to write '2690' (No space left on device); fd=3
04-26 20:19:09.814 1940 3550 W SchedPolicy: add_tid_to_cgroup failed to write '2720' (No space left on device); fd=3
04-26 20:19:09.814 1940 3550 W SchedPolicy: add_tid_to_cgroup failed to write '2725' (No space left on device); fd=3
04-26 20:19:09.814 1940 3550 W SchedPolicy: add_tid_to_cgroup failed to write '2871' (No space left on device); fd=3
04-26 20:19:09.814 1940 3550 W SchedPolicy: add_tid_to_cgroup failed to write '2908' (No space left on device); fd=3
04-26 20:19:09.814 1940 3550 W SchedPolicy: add_tid_to_cgroup failed to write '2955' (No space left on device); fd=3
04-26 20:19:09.814 1940 3550 W SchedPolicy: add_tid_to_cgroup failed to write '2979' (No space left on device); fd=3
04-26 20:19:09.814 1940 3550 W SchedPolicy: add_tid_to_cgroup failed to write '3061' (No space left on device); fd=3
04-26 20:19:09.814 1940 3550 W SchedPolicy: add_tid_to_cgroup failed to write '3069' (No space left on device); fd=3
04-26 20:19:09.814 1940 3550 W SchedPolicy: add_tid_to_cgroup failed to write '3117' (No space left on device); fd=3
04-26 20:19:09.815 1940 3550 W SchedPolicy: add_tid_to_cgroup failed to write '3188' (No space left on device); fd=3
04-26 20:19:09.815 1940 3550 W SchedPolicy: add_tid_to_cgroup failed to write '3313' (No space left on device); fd=3
04-26 20:19:09.815 1940 3550 W SchedPolicy: add_tid_to_cgroup failed to write '3375' (No space left on device); fd=3
04-26 20:19:09.815 1940 3550 W SchedPolicy: add_tid_to_cgroup failed to write '3420' (No space left on device); fd=3
04-26 20:19:09.816 1940 3550 W SchedPolicy: add_tid_to_cgroup failed to write '2675' (No space left on device); fd=25
04-26 20:19:09.816 1940 3550 W SchedPolicy: add_tid_to_cgroup failed to write '2680' (No space left on device); fd=25
04-26 20:19:09.816 1940 3550 W SchedPolicy: add_tid_to_cgroup failed to write '2681' (No space left on device); fd=25
04-26 20:19:09.816 1940 3550 W SchedPolicy: add_tid_to_cgroup failed to write '2682' (No space left on device); fd=25
04-26 20:19:09.816 1940 3550 W SchedPolicy: add_tid_to_cgroup failed to write '2683' (No space left on device); fd=25
04-26 20:19:09.816 1940 3550 W SchedPolicy: add_tid_to_cgroup failed to write '2684' (No space left on device); fd=25
04-26 20:19:09.816 1940 3550 W SchedPolicy: add_tid_to_cgroup failed to write '2685' (No space left on device); fd=25
04-26 20:19:09.816 1940 3550 W SchedPolicy: add_tid_to_cgroup failed to write '2686' (No space left on device); fd=25
04-26 20:19:09.816 1940 3550 W SchedPolicy: add_tid_to_cgroup failed to write '2687' (No space left on device); fd=25
04-26 20:19:09.816 1940 3550 W SchedPolicy: add_tid_to_cgroup failed to write '2688' (No space left on device); fd=25
04-26 20:19:09.816 1940 3550 W SchedPolicy: add_tid_to_cgroup failed to write '2689' (No space left on device); fd=25
04-26 20:19:09.816 1940 3550 W SchedPolicy: add_tid_to_cgroup failed to write '2690' (No space left on device); fd=25
04-26 20:19:09.816 1940 3550 W SchedPolicy: add_tid_to_cgroup failed to write '2720' (No space left on device); fd=25
04-26 20:19:09.816 1940 3550 W SchedPolicy: add_tid_to_cgroup failed to write '2725' (No space left on device); fd=25
04-26 20:19:09.816 1940 3550 W SchedPolicy: add_tid_to_cgroup failed to write '2871' (No space left on device); fd=25
04-26 20:19:09.816 1940 3550 W SchedPolicy: add_tid_to_cgroup failed to write '2908' (No space left on device); fd=25
04-26 20:19:09.816 1940 3550 W SchedPolicy: add_tid_to_cgroup failed to write '2955' (No space left on device); fd=25
04-26 20:19:09.816 1940 3550 W SchedPolicy: add_tid_to_cgroup failed to write '2979' (No space left on device); fd=25
04-26 20:19:09.816 1940 3550 W SchedPolicy: add_tid_to_cgroup failed to write '3061' (No space left on device); fd=25
04-26 20:19:09.817 1940 3550 W SchedPolicy: add_tid_to_cgroup failed to write '3069' (No space left on device); fd=25
04-26 20:19:09.817 1940 3550 W SchedPolicy: add_tid_to_cgroup failed to write '3117' (No space left on device); fd=25
04-26 20:19:09.817 1940 3550 W SchedPolicy: add_tid_to_cgroup failed to write '3188' (No space left on device); fd=25
04-26 20:19:09.817 1940 3550 W SchedPolicy: add_tid_to_cgroup failed to write '3313' (No space left on device); fd=25
04-26 20:19:09.817 1940 3550 W SchedPolicy: add_tid_to_cgroup failed to write '3375' (No space left on device); fd=25
04-26 20:19:09.817 1940 3550 W SchedPolicy: add_tid_to_cgroup failed to write '3420' (No space left on device); fd=25
04-26 20:19:09.822 1940 3550 W SchedPolicy: add_tid_to_cgroup failed to write '2675' (No space left on device); fd=3
04-26 20:19:09.822 1940 3550 W SchedPolicy: add_tid_to_cgroup failed to write '2680' (No space left on device); fd=3
04-26 20:19:09.822 1940 3550 W SchedPolicy: add_tid_to_cgroup failed to write '2681' (No space left on device); fd=3
04-26 20:19:09.822 1940 3550 W SchedPolicy: add_tid_to_cgroup failed to write '2682' (No space left on device); fd=3
04-26 20:19:09.822 1940 3550 W SchedPolicy: add_tid_to_cgroup failed to write '2683' (No space left on device); fd=3
04-26 20:19:09.822 1940 3550 W SchedPolicy: add_tid_to_cgroup failed to write '2684' (No space left on device); fd=3
04-26 20:19:09.822 1940 3550 W SchedPolicy: add_tid_to_cgroup failed to write '2685' (No space left on device); fd=3
04-26 20:19:09.822 1940 3550 W SchedPolicy: add_tid_to_cgroup failed to write '2686' (No space left on device); fd=3
04-26 20:19:09.822 1940 3550 W SchedPolicy: add_tid_to_cgroup failed to write '2687' (No space left on device); fd=3
04-26 20:19:09.822 1940 3550 W SchedPolicy: add_tid_to_cgroup failed to write '2688' (No space left on device); fd=3
04-26 20:19:09.822 1940 3550 W SchedPolicy: add_tid_to_cgroup failed to write '2689' (No space left on device); fd=3
04-26 20:19:09.822 1940 3550 W SchedPolicy: add_tid_to_cgroup failed to write '2690' (No space left on device); fd=3
04-26 20:19:09.822 1940 3550 W SchedPolicy: add_tid_to_cgroup failed to write '2720' (No space left on device); fd=3
04-26 20:19:09.823 1940 3550 W SchedPolicy: add_tid_to_cgroup failed to write '2725' (No space left on device); fd=3
04-26 20:19:09.823 1940 3550 W SchedPolicy: add_tid_to_cgroup failed to write '2871' (No space left on device); fd=3
04-26 20:19:09.823 1940 3550 W SchedPolicy: add_tid_to_cgroup failed to write '2908' (No space left on device); fd=3
04-26 20:19:09.823 1940 3550 W SchedPolicy: add_tid_to_cgroup failed to write '2955' (No space left on device); fd=3
04-26 20:19:09.823 1940 3550 W SchedPolicy: add_tid_to_cgroup failed to write '2979' (No space left on device); fd=3
04-26 20:19:09.823 1940 3550 W SchedPolicy: add_tid_to_cgroup failed to write '3061' (No space left on device); fd=3
04-26 20:19:09.823 1940 3550 W SchedPolicy: add_tid_to_cgroup failed to write '3069' (No space left on device); fd=3
04-26 20:19:09.823 1940 3550 W SchedPolicy: add_tid_to_cgroup failed to write '3117' (No space left on device); fd=3
04-26 20:19:09.823 1940 3550 W SchedPolicy: add_tid_to_cgroup failed to write '3188' (No space left on device); fd=3
04-26 20:19:09.823 1940 3550 W SchedPolicy: add_tid_to_cgroup failed to write '3313' (No space left on device); fd=3
04-26 20:19:09.823 1940 3550 W SchedPolicy: add_tid_to_cgroup failed to write '3375' (No space left on device); fd=3
04-26 20:19:09.823 1940 3550 W SchedPolicy: add_tid_to_cgroup failed to write '3420' (No space left on device); fd=3
04-26 20:19:09.824 1940 3550 W SchedPolicy: add_tid_to_cgroup failed to write '2675' (No space left on device); fd=25
04-26 20:19:09.824 1940 3550 W SchedPolicy: add_tid_to_cgroup failed to write '2680' (No space left on device); fd=25
04-26 20:19:09.824 1940 3550 W SchedPolicy: add_tid_to_cgroup failed to write '2681' (No space left on device); fd=25
04-26 20:19:09.824 1940 3550 W SchedPolicy: add_tid_to_cgroup failed to write '2682' (No space left on device); fd=25
04-26 20:19:09.824 1940 3550 W SchedPolicy: add_tid_to_cgroup failed to write '2683' (No space left on device); fd=25
04-26 20:19:09.824 1940 3550 W SchedPolicy: add_tid_to_cgroup failed to write '2684' (No space left on device); fd=25
04-26 20:19:09.824 1940 3550 W SchedPolicy: add_tid_to_cgroup failed to write '2685' (No space left on device); fd=25
04-26 20:19:09.824 1940 3550 W SchedPolicy: add_tid_to_cgroup failed to write '2686' (No space left on device); fd=25
04-26 20:19:09.824 1940 3550 W SchedPolicy: add_tid_to_cgroup failed to write '2687' (No space left on device); fd=25
04-26 20:19:09.824 1940 3550 W SchedPolicy: add_tid_to_cgroup failed to write '2688' (No space left on device); fd=25
04-26 20:19:09.824 1940 3550 W SchedPolicy: add_tid_to_cgroup failed to write '2689' (No space left on device); fd=25
04-26 20:19:09.824 1940 3550 W SchedPolicy: add_tid_to_cgroup failed to write '2690' (No space left on device); fd=25
04-26 20:19:09.824 1940 3550 W SchedPolicy: add_tid_to_cgroup failed to write '2720' (No space left on device); fd=25
04-26 20:19:09.824 1940 3550 W SchedPolicy: add_tid_to_cgroup failed to write '2725' (No space left on device); fd=25
04-26 20:19:09.824 1940 3550 W SchedPolicy: add_tid_to_cgroup failed to write '2871' (No space left on device); fd=25
04-26 20:19:09.824 1940 3550 W SchedPolicy: add_tid_to_cgroup failed to write '2908' (No space left on device); fd=25
04-26 20:19:09.825 1940 3550 W SchedPolicy: add_tid_to_cgroup failed to write '2955' (No space left on device); fd=25
04-26 20:19:09.825 1940 3550 W SchedPolicy: add_tid_to_cgroup failed to write '2979' (No space left on device); fd=25
04-26 20:19:09.825 1940 3550 W SchedPolicy: add_tid_to_cgroup failed to write '3061' (No space left on device); fd=25
04-26 20:19:09.825 1940 3550 W SchedPolicy: add_tid_to_cgroup failed to write '3069' (No space left on device); fd=25
04-26 20:19:09.825 1940 3550 W SchedPolicy: add_tid_to_cgroup failed to write '3117' (No space left on device); fd=25
04-26 20:19:09.825 1940 3550 W SchedPolicy: add_tid_to_cgroup failed to write '3188' (No space left on device); fd=25
04-26 20:19:09.825 1940 3550 W SchedPolicy: add_tid_to_cgroup failed to write '3313' (No space left on device); fd=25
04-26 20:19:09.825 1940 3550 W SchedPolicy: add_tid_to_cgroup failed to write '3375' (No space left on device); fd=25
04-26 20:19:09.825 1940 3550 W SchedPolicy: add_tid_to_cgroup failed to write '3420' (No space left on device); fd=25
04-26 20:19:09.831 1940 3374 W SchedPolicy: add_tid_to_cgroup failed to write '2675' (No space left on device); fd=3
04-26 20:19:09.831 1940 3374 W SchedPolicy: add_tid_to_cgroup failed to write '2680' (No space left on device); fd=3
04-26 20:19:09.831 1940 3374 W SchedPolicy: add_tid_to_cgroup failed to write '2681' (No space left on device); fd=3
04-26 20:19:09.831 1940 3374 W SchedPolicy: add_tid_to_cgroup failed to write '2682' (No space left on device); fd=3
04-26 20:19:09.831 1940 3374 W SchedPolicy: add_tid_to_cgroup failed to write '2683' (No space left on device); fd=3
