04-29 05:37:01.674 1869 1869 I e2fsck : type=1400 audit(0.0:318): avc: denied { read } for name="vendor" dev="tmpfs" ino=600 scontext=u:r:fsck_untrusted:s0 tcontext=u:object_r:tmpfs:s0 tclass=lnk_file permissive=1
04-29 05:37:01.684 1487 1545 I OMXClient: Treble IOmx obtained
04-29 05:37:01.684 1491 1807 I OMXMaster: makeComponentInstance(OMX.google.amrnb.encoder) in omx@1.0-service process
04-29 05:37:01.693 1487 1545 I OMXClient: Treble IOmx obtained
04-29 05:37:01.694 1449 1452 I e2fsck : e2fsck 1.43.3 (04-Sep-2016)
04-29 05:37:01.694 1491 1532 I OMXMaster: makeComponentInstance(OMX.google.amrwb.encoder) in omx@1.0-service process
04-29 05:37:01.694 1449 1452 I e2fsck : /dev/block/vold/public:8,18 is mounted.
04-29 05:37:01.694 1449 1452 I e2fsck : e2fsck: Cannot continue, aborting.
04-29 05:37:01.694 1449 1452 I e2fsck :
04-29 05:37:01.694 1449 1452 I e2fsck :
04-29 05:37:01.694 1449 1452 I e2fsck : e2fsck terminated by exit(8)
04-29 05:37:01.694 1449 1452 E vold : public:8,18 failed filesystem check
04-29 05:37:01.714 1487 1545 I OMXClient: Treble IOmx obtained
04-29 05:37:01.714 1491 1807 I OMXMaster: makeComponentInstance(OMX.google.flac.encoder) in omx@1.0-service process
04-29 05:37:01.721 1487 1545 I OMXClient: Treble IOmx obtained
04-29 05:37:01.721 1491 1807 I OMXMaster: makeComponentInstance(OMX.ffmpeg.h264.decoder) in omx@1.0-service process
04-29 05:37:01.721 1491 1807 V FFmpegOMXPlugin: makeComponentInstance 'OMX.ffmpeg.h264.decoder'
04-29 05:37:01.721 1491 1807 D SoftFFmpegVideo: SoftFFmpegVideo component: OMX.ffmpeg.h264.decoder codingType=7 appData: 0xf20b8f00
04-29 05:37:01.723 1491 1807 D SoftFFmpegVideo: 0xf20edb00 initDecoder: 0xeefbc000
04-29 05:37:01.724 1487 1545 W ACodec : [OMX.ffmpeg.h264.decoder] stopping checking profiles after 32: 2/8000
04-29 05:37:01.724 1491 1807 E OMXNodeInstance: getExtensionIndex(0xf20a1080:ffmpeg.h264.decoder, OMX.google.android.index.configureVideoTunnelMode) ERROR: UnsupportedIndex(0x8000101a)
04-29 05:37:01.724 1491 1807 E OMXNodeInstance: getExtensionIndex(0xf20a1080:ffmpeg.h264.decoder, OMX.google.android.index.enableAndroidNativeBuffers) ERROR: UnsupportedIndex(0x8000101a)
04-29 05:37:01.724 1491 1807 D SoftFFmpegVideo: 0xf20edb00 deInitDecoder: 0xeefbc000
04-29 05:37:01.726 1487 1545 I OMXClient: Treble IOmx obtained
04-29 05:37:01.726 1491 1532 I OMXMaster: makeComponentInstance(OMX.google.h264.decoder) in omx@1.0-service process
04-29 05:37:01.734 1491 1532 E OMXNodeInstance: getExtensionIndex(0xf20a17a0:google.h264.decoder, OMX.google.android.index.configureVideoTunnelMode) ERROR: UnsupportedIndex(0x8000101a)
04-29 05:37:01.734 1491 1532 E OMXNodeInstance: getExtensionIndex(0xf20a17a0:google.h264.decoder, OMX.google.android.index.enableAndroidNativeBuffers) ERROR: UnsupportedIndex(0x8000101a)
04-29 05:37:01.735 1487 1545 I OMXClient: Treble IOmx obtained
04-29 05:37:01.735 1491 1532 I OMXMaster: makeComponentInstance(OMX.ffmpeg.divx.decoder) in omx@1.0-service process
04-29 05:37:01.735 1491 1532 V FFmpegOMXPlugin: makeComponentInstance 'OMX.ffmpeg.divx.decoder'
04-29 05:37:01.735 1491 1532 D SoftFFmpegVideo: SoftFFmpegVideo component: OMX.ffmpeg.divx.decoder codingType=2130706435 appData: 0xf20b8dc0
04-29 05:37:01.735 1491 1532 D SoftFFmpegVideo: 0xf20eda00 initDecoder: 0xeefbbc00
04-29 05:37:01.736 1491 1807 E OMXNodeInstance: getExtensionIndex(0xf20a17a0:ffmpeg.divx.decoder, OMX.google.android.index.configureVideoTunnelMode) ERROR: UnsupportedIndex(0x8000101a)
04-29 05:37:01.736 1491 1807 E OMXNodeInstance: getExtensionIndex(0xf20a17a0:ffmpeg.divx.decoder, OMX.google.android.index.enableAndroidNativeBuffers) ERROR: UnsupportedIndex(0x8000101a)
04-29 05:37:01.736 1491 1807 D SoftFFmpegVideo: 0xf20eda00 deInitDecoder: 0xeefbbc00
04-29 05:37:01.736 1487 1545 I OMXClient: Treble IOmx obtained
04-29 05:37:01.736 1491 1807 I OMXMaster: makeComponentInstance(OMX.ffmpeg.flv1.decoder) in omx@1.0-service process
04-29 05:37:01.736 1491 1807 V FFmpegOMXPlugin: makeComponentInstance 'OMX.ffmpeg.flv1.decoder'
04-29 05:37:01.736 1491 1807 D SoftFFmpegVideo: SoftFFmpegVideo component: OMX.ffmpeg.flv1.decoder codingType=2130706434 appData: 0xf20b8dc0
04-29 05:37:01.737 1491 1807 D SoftFFmpegVideo: 0xf20eda00 initDecoder: 0xeefbbc00
04-29 05:37:01.737 1491 1807 E OMXNodeInstance: getExtensionIndex(0xf20a17a0:ffmpeg.flv1.decoder, OMX.google.android.index.configureVideoTunnelMode) ERROR: UnsupportedIndex(0x8000101a)
04-29 05:37:01.737 1491 1807 E OMXNodeInstance: getExtensionIndex(0xf20a17a0:ffmpeg.flv1.decoder, OMX.google.android.index.enableAndroidNativeBuffers) ERROR: UnsupportedIndex(0x8000101a)
04-29 05:37:01.737 1491 1807 D SoftFFmpegVideo: 0xf20eda00 deInitDecoder: 0xeefbbc00
04-29 05:37:01.738 1487 1545 I OMXClient: Treble IOmx obtained
04-29 05:37:01.738 1491 1532 I OMXMaster: makeComponentInstance(OMX.ffmpeg.h263.decoder) in omx@1.0-service process
04-29 05:37:01.738 1491 1532 V FFmpegOMXPlugin: makeComponentInstance 'OMX.ffmpeg.h263.decoder'
04-29 05:37:01.738 1491 1532 D SoftFFmpegVideo: SoftFFmpegVideo component: OMX.ffmpeg.h263.decoder codingType=3 appData: 0xf20b8c80
04-29 05:37:01.738 1491 1532 D SoftFFmpegVideo: 0xf20ed900 initDecoder: 0xeefbb800
04-29 05:37:01.738 1491 1532 E OMXNodeInstance: getExtensionIndex(0xf20a1380:ffmpeg.h263.decoder, OMX.google.android.index.configureVideoTunnelMode) ERROR: UnsupportedIndex(0x8000101a)
04-29 05:37:01.739 1491 1532 E OMXNodeInstance: getExtensionIndex(0xf20a1380:ffmpeg.h263.decoder, OMX.google.android.index.enableAndroidNativeBuffers) ERROR: UnsupportedIndex(0x8000101a)
04-29 05:37:01.739 1491 1532 D SoftFFmpegVideo: 0xf20ed900 deInitDecoder: 0xeefbb800
04-29 05:37:01.739 1487 1545 I OMXClient: Treble IOmx obtained
04-29 05:37:01.739 1491 1532 I OMXMaster: makeComponentInstance(OMX.google.h263.decoder) in omx@1.0-service process
04-29 05:37:01.763 1491 1807 E OMXNodeInstance: getExtensionIndex(0xf20a1380:google.h263.decoder, OMX.google.android.index.configureVideoTunnelMode) ERROR: UnsupportedIndex(0x8000101a)
04-29 05:37:01.763 1491 1807 E OMXNodeInstance: getExtensionIndex(0xf20a1380:google.h263.decoder, OMX.google.android.index.enableAndroidNativeBuffers) ERROR: UnsupportedIndex(0x8000101a)
04-29 05:37:01.764 1487 1545 I OMXClient: Treble IOmx obtained
04-29 05:37:01.764 1491 1532 I OMXMaster: makeComponentInstance(OMX.ffmpeg.hevc.decoder) in omx@1.0-service process
04-29 05:37:01.764 1491 1532 V FFmpegOMXPlugin: makeComponentInstance 'OMX.ffmpeg.hevc.decoder'
04-29 05:37:01.765 1491 1532 D SoftFFmpegVideo: SoftFFmpegVideo component: OMX.ffmpeg.hevc.decoder codingType=11 appData: 0xf20b8a00
04-29 05:37:01.765 1491 1532 D SoftFFmpegVideo: 0xf20ed800 initDecoder: 0xeefbb800
04-29 05:37:01.765 1491 1807 E OMXNodeInstance: getExtensionIndex(0xf20a11a0:ffmpeg.hevc.decoder, OMX.google.android.index.configureVideoTunnelMode) ERROR: UnsupportedIndex(0x8000101a)
04-29 05:37:01.765 1491 1807 E OMXNodeInstance: getExtensionIndex(0xf20a11a0:ffmpeg.hevc.decoder, OMX.google.android.index.enableAndroidNativeBuffers) ERROR: UnsupportedIndex(0x8000101a)
04-29 05:37:01.765 1491 1807 D SoftFFmpegVideo: 0xf20ed800 deInitDecoder: 0xeefbb800
04-29 05:37:01.766 1487 1545 I OMXClient: Treble IOmx obtained
04-29 05:37:01.766 1491 1807 I OMXMaster: makeComponentInstance(OMX.google.hevc.decoder) in omx@1.0-service process
04-29 05:37:01.780 1491 1807 E OMXNodeInstance: getExtensionIndex(0xf20a11a0:google.hevc.decoder, OMX.google.android.index.configureVideoTunnelMode) ERROR: UnsupportedIndex(0x8000101a)
04-29 05:37:01.780 1491 1807 E OMXNodeInstance: getExtensionIndex(0xf20a11a0:google.hevc.decoder, OMX.google.android.index.enableAndroidNativeBuffers) ERROR: UnsupportedIndex(0x8000101a)
04-29 05:37:01.781 1487 1545 I OMXClient: Treble IOmx obtained
04-29 05:37:01.781 1491 1532 I OMXMaster: makeComponentInstance(OMX.ffmpeg.mpeg2.decoder) in omx@1.0-service process
04-29 05:37:01.781 1491 1532 V FFmpegOMXPlugin: makeComponentInstance 'OMX.ffmpeg.mpeg2.decoder'
04-29 05:37:01.781 1491 1532 D SoftFFmpegVideo: SoftFFmpegVideo component: OMX.ffmpeg.mpeg2.decoder codingType=2 appData: 0xf20b8b40
04-29 05:37:01.781 1491 1532 D SoftFFmpegVideo: 0xf20ed700 initDecoder: 0xeefbb400
04-29 05:37:01.782 1491 1532 E OMXNodeInstance: getExtensionIndex(0xf35ab000:ffmpeg.mpeg2.decoder, OMX.google.android.index.configureVideoTunnelMode) ERROR: UnsupportedIndex(0x8000101a)
04-29 05:37:01.782 1491 1532 E OMXNodeInstance: getExtensionIndex(0xf35ab000:ffmpeg.mpeg2.decoder, OMX.google.android.index.enableAndroidNativeBuffers) ERROR: UnsupportedIndex(0x8000101a)
04-29 05:37:01.782 1491 1532 D SoftFFmpegVideo: 0xf20ed700 deInitDecoder: 0xeefbb400
04-29 05:37:01.782 1487 1545 I OMXClient: Treble IOmx obtained
04-29 05:37:01.783 1491 1532 I OMXMaster: makeComponentInstance(OMX.ffmpeg.mpeg4.decoder) in omx@1.0-service process
04-29 05:37:01.783 1491 1532 V FFmpegOMXPlugin: makeComponentInstance 'OMX.ffmpeg.mpeg4.decoder'
04-29 05:37:01.783 1491 1532 D SoftFFmpegVideo: SoftFFmpegVideo component: OMX.ffmpeg.mpeg4.decoder codingType=4 appData: 0xf20b8b40
04-29 05:37:01.783 1491 1532 D SoftFFmpegVideo: 0xf20ed700 initDecoder: 0xeefbb400
04-29 05:37:01.783 1491 1532 E OMXNodeInstance: getExtensionIndex(0xf35ab000:ffmpeg.mpeg4.decoder, OMX.google.android.index.configureVideoTunnelMode) ERROR: UnsupportedIndex(0x8000101a)
04-29 05:37:01.783 1491 1532 E OMXNodeInstance: getExtensionIndex(0xf35ab000:ffmpeg.mpeg4.decoder, OMX.google.android.index.enableAndroidNativeBuffers) ERROR: UnsupportedIndex(0x8000101a)
04-29 05:37:01.784 1491 1532 D SoftFFmpegVideo: 0xf20ed700 deInitDecoder: 0xeefbb400
04-29 05:37:01.784 1487 1545 I OMXClient: Treble IOmx obtained
04-29 05:37:01.784 1491 1532 I OMXMaster: makeComponentInstance(OMX.google.mpeg4.decoder) in omx@1.0-service process
04-29 05:37:01.785 1491 1532 E OMXNodeInstance: getExtensionIndex(0xf35ab000:google.mpeg4.decoder, OMX.google.android.index.configureVideoTunnelMode) ERROR: UnsupportedIndex(0x8000101a)
04-29 05:37:01.785 1491 1532 E OMXNodeInstance: getExtensionIndex(0xf35ab000:google.mpeg4.decoder, OMX.google.android.index.enableAndroidNativeBuffers) ERROR: UnsupportedIndex(0x8000101a)
04-29 05:37:01.786 1487 1545 I OMXClient: Treble IOmx obtained
04-29 05:37:01.786 1491 1807 I OMXMaster: makeComponentInstance(OMX.ffmpeg.rv.decoder) in omx@1.0-service process
04-29 05:37:01.786 1491 1807 V FFmpegOMXPlugin: makeComponentInstance 'OMX.ffmpeg.rv.decoder'
04-29 05:37:01.786 1491 1807 D SoftFFmpegVideo: SoftFFmpegVideo component: OMX.ffmpeg.rv.decoder codingType=6 appData: 0xf20b8a00
04-29 05:37:01.786 1491 1807 D SoftFFmpegVideo: 0xf20ed800 initDecoder: 0xeefbb800
04-29 05:37:01.787 1491 1807 E OMXNodeInstance: getExtensionIndex(0xf20a11a0:ffmpeg.rv.decoder, OMX.google.android.index.configureVideoTunnelMode) ERROR: UnsupportedIndex(0x8000101a)
04-29 05:37:01.787 1491 1807 E OMXNodeInstance: getExtensionIndex(0xf20a11a0:ffmpeg.rv.decoder, OMX.google.android.index.enableAndroidNativeBuffers) ERROR: UnsupportedIndex(0x8000101a)
04-29 05:37:01.787 1491 1807 D SoftFFmpegVideo: 0xf20ed800 deInitDecoder: 0xeefbb800
04-29 05:37:01.788 1487 1545 I OMXClient: Treble IOmx obtained
04-29 05:37:01.788 1491 1532 I OMXMaster: makeComponentInstance(OMX.ffmpeg.vtrial.decoder) in omx@1.0-service process
04-29 05:37:01.788 1491 1532 V FFmpegOMXPlugin: makeComponentInstance 'OMX.ffmpeg.vtrial.decoder'
04-29 05:37:01.788 1491 1532 D SoftFFmpegVideo: SoftFFmpegVideo component: OMX.ffmpeg.vtrial.decoder codingType=1 appData: 0xf20b8b40
04-29 05:37:01.788 1491 1532 D SoftFFmpegVideo: 0xf20ed700 initDecoder: 0xeefbb400
04-29 05:37:01.788 1491 1532 E OMXNodeInstance: getExtensionIndex(0xf35ab000:ffmpeg.vtrial.decoder, OMX.google.android.index.configureVideoTunnelMode) ERROR: UnsupportedIndex(0x8000101a)
04-29 05:37:01.788 1491 1532 E OMXNodeInstance: getExtensionIndex(0xf35ab000:ffmpeg.vtrial.decoder, OMX.google.android.index.enableAndroidNativeBuffers) ERROR: UnsupportedIndex(0x8000101a)
04-29 05:37:01.788 1491 1532 D SoftFFmpegVideo: 0xf20ed700 deInitDecoder: 0xeefbb400
04-29 05:37:01.789 1487 1545 I OMXClient: Treble IOmx obtained
04-29 05:37:01.789 1491 1807 I OMXMaster: makeComponentInstance(OMX.ffmpeg.vc1.decoder) in omx@1.0-service process
04-29 05:37:01.789 1491 1807 V FFmpegOMXPlugin: makeComponentInstance 'OMX.ffmpeg.vc1.decoder'
04-29 05:37:01.789 1491 1807 D SoftFFmpegVideo: SoftFFmpegVideo component: OMX.ffmpeg.vc1.decoder codingType=2130706433 appData: 0xf20b8a00
04-29 05:37:01.789 1491 1807 D SoftFFmpegVideo: 0xf20ed800 initDecoder: 0xeefbb800
04-29 05:37:01.790 1491 1807 E OMXNodeInstance: getExtensionIndex(0xf20a11a0:ffmpeg.vc1.decoder, OMX.google.android.index.configureVideoTunnelMode) ERROR: UnsupportedIndex(0x8000101a)
04-29 05:37:01.790 1491 1807 E OMXNodeInstance: getExtensionIndex(0xf20a11a0:ffmpeg.vc1.decoder, OMX.google.android.index.enableAndroidNativeBuffers) ERROR: UnsupportedIndex(0x8000101a)
04-29 05:37:01.790 1491 1807 D SoftFFmpegVideo: 0xf20ed800 deInitDecoder: 0xeefbb800
04-29 05:37:01.790 1487 1545 I OMXClient: Treble IOmx obtained
04-29 05:37:01.790 1491 1532 I OMXMaster: makeComponentInstance(OMX.ffmpeg.vp8.decoder) in omx@1.0-service process
04-29 05:37:01.790 1491 1532 V FFmpegOMXPlugin: makeComponentInstance 'OMX.ffmpeg.vp8.decoder'
04-29 05:37:01.790 1491 1532 D SoftFFmpegVideo: SoftFFmpegVideo component: OMX.ffmpeg.vp8.decoder codingType=9 appData: 0xf20b8b40
04-29 05:37:01.791 1491 1532 D SoftFFmpegVideo: 0xf20ed700 initDecoder: 0xeefbb400
04-29 05:37:01.791 1491 1532 E OMXNodeInstance: getExtensionIndex(0xf35ab000:ffmpeg.vp8.decoder, OMX.google.android.index.configureVideoTunnelMode) ERROR: UnsupportedIndex(0x8000101a)
04-29 05:37:01.791 1491 1532 E OMXNodeInstance: getExtensionIndex(0xf35ab000:ffmpeg.vp8.decoder, OMX.google.android.index.enableAndroidNativeBuffers) ERROR: UnsupportedIndex(0x8000101a)
04-29 05:37:01.791 1491 1532 D SoftFFmpegVideo: 0xf20ed700 deInitDecoder: 0xeefbb400
04-29 05:37:01.792 1487 1545 I OMXClient: Treble IOmx obtained
04-29 05:37:01.792 1491 1807 I OMXMaster: makeComponentInstance(OMX.google.vp8.decoder) in omx@1.0-service process
04-29 05:37:01.824 1491 1807 E OMXNodeInstance: getExtensionIndex(0xf20a11a0:google.vp8.decoder, OMX.google.android.index.configureVideoTunnelMode) ERROR: UnsupportedIndex(0x8000101a)
04-29 05:37:01.825 1491 1807 E OMXNodeInstance: getExtensionIndex(0xf20a11a0:google.vp8.decoder, OMX.google.android.index.enableAndroidNativeBuffers) ERROR: UnsupportedIndex(0x8000101a)
04-29 05:37:01.826 1487 1545 I OMXClient: Treble IOmx obtained
04-29 05:37:01.826 1491 1532 I OMXMaster: makeComponentInstance(OMX.google.vp9.decoder) in omx@1.0-service process
04-29 05:37:01.832 1491 1532 E OMXNodeInstance: getExtensionIndex(0xf35ab000:google.vp9.decoder, OMX.google.android.index.configureVideoTunnelMode) ERROR: UnsupportedIndex(0x8000101a)
04-29 05:37:01.832 1491 1532 E OMXNodeInstance: getExtensionIndex(0xf35ab000:google.vp9.decoder, OMX.google.android.index.enableAndroidNativeBuffers) ERROR: UnsupportedIndex(0x8000101a)
04-29 05:37:01.837 1487 1545 I OMXClient: Treble IOmx obtained
04-29 05:37:01.837 1491 1532 I OMXMaster: makeComponentInstance(OMX.google.h264.encoder) in omx@1.0-service process
04-29 05:37:01.846 1487 1545 W OMXUtils: do not know color format 0x7f000789 = 2130708361
04-29 05:37:01.847 1487 1545 I OMXClient: Treble IOmx obtained
04-29 05:37:01.847 1491 1807 I OMXMaster: makeComponentInstance(OMX.google.h263.encoder) in omx@1.0-service process
04-29 05:37:01.853 1491 1807 I SoftMPEG4Encoder: Construct SoftMPEG4Encoder
04-29 05:37:01.853 1487 1545 W OMXUtils: do not know color format 0x7f000789 = 2130708361
04-29 05:37:01.854 1491 1807 E OMXNodeInstance: getConfig(0xf20a11a0:google.h263.encoder, ConfigAndroidIntraRefresh(0x6f60000a)) ERROR: Undefined(0x80001001)
04-29 05:37:01.858 1487 1545 I OMXClient: Treble IOmx obtained
04-29 05:37:01.858 1491 1807 I OMXMaster: makeComponentInstance(OMX.google.mpeg4.encoder) in omx@1.0-service process
04-29 05:37:01.858 1491 1807 I SoftMPEG4Encoder: Construct SoftMPEG4Encoder
04-29 05:37:01.859 1487 1545 W OMXUtils: do not know color format 0x7f000789 = 2130708361
04-29 05:37:01.859 1491 1807 E OMXNodeInstance: getConfig(0xf20a11a0:google.mpeg4.encoder, ConfigAndroidIntraRefresh(0x6f60000a)) ERROR: Undefined(0x80001001)
04-29 05:37:01.864 1487 1545 I OMXClient: Treble IOmx obtained
04-29 05:37:01.864 1491 1807 I OMXMaster: makeComponentInstance(OMX.google.vp8.encoder) in omx@1.0-service process
04-29 05:37:01.897 1487 1545 W OMXUtils: do not know color format 0x7f000789 = 2130708361
04-29 05:37:01.897 1491 1532 E OMXNodeInstance: getConfig(0xf20a11a0:google.vp8.encoder, ConfigAndroidIntraRefresh(0x6f60000a)) ERROR: Undefined(0x80001001)
04-29 05:37:01.902 1487 1545 I OMXClient: Treble IOmx obtained
04-29 05:37:01.902 1491 1807 I OMXMaster: makeComponentInstance(OMX.google.vp9.encoder) in omx@1.0-service process
04-29 05:37:01.903 1487 1545 W OMXUtils: do not know color format 0x7f000789 = 2130708361
04-29 05:37:01.903 1491 1807 E OMXNodeInstance: getConfig(0xf20a1380:google.vp9.encoder, ConfigAndroidIntraRefresh(0x6f60000a)) ERROR: Undefined(0x80001001)
04-29 05:37:01.910 1592 1774 I chatty : uid=1000 system_server expire 1 line
04-29 05:37:01.910 1491 1532 I OMXMaster: makeComponentInstance(OMX.google.vorbis.decoder) in omx@1.0-service process
04-29 05:37:01.911 1727 1812 I OMXClient: Treble IOmx obtained
04-29 05:37:01.911 1491 1532 E OMXNodeInstance: getConfig(0xf20a11a0:google.vorbis.decoder, ConfigAndroidVendorExtension(0x6f100004)) ERROR: Undefined(0x80001001)
04-29 05:37:01.911 1491 1807 I OMXMaster: makeComponentInstance(OMX.google.vorbis.decoder) in omx@1.0-service process
04-29 05:37:01.913 1491 1807 E OMXNodeInstance: getConfig(0xf20a1380:google.vorbis.decoder, ConfigAndroidVendorExtension(0x6f100004)) ERROR: Undefined(0x80001001)
04-29 05:37:01.913 1460 1460 W /system/bin/hw/android.hidl.allocator@1.0-service: ashmem_create_region(32768) returning hidl_memory(0x70bcb282b2d0, 32768)
04-29 05:37:01.915 1460 1460 W /system/bin/hw/android.hidl.allocator@1.0-service: ashmem_create_region(32768) returning hidl_memory(0x70bcb282b2d0, 32768)
04-29 05:37:01.917 1727 1841 I vol.Events: writeEvent level_changed STREAM_VOICE_CALL 4
04-29 05:37:01.917 1727 1841 I vol.Events: writeEvent level_changed STREAM_SYSTEM 7
04-29 05:37:01.918 1491 1491 I HwBinder:1491_3: type=1400 audit(0.0:320): avc: denied { read } for name="vendor" dev="tmpfs" ino=600 scontext=u:r:mediacodec:s0 tcontext=u:object_r:tmpfs:s0 tclass=lnk_file permissive=1
04-29 05:37:01.918 1727 1841 I vol.Events: writeEvent level_changed STREAM_RING 7
04-29 05:37:01.918 1727 1841 I vol.Events: writeEvent level_changed STREAM_MUSIC 5
04-29 05:37:01.920 1727 1841 I vol.Events: writeEvent level_changed STREAM_ALARM 6
04-29 05:37:01.921 1727 1841 I vol.Events: writeEvent level_changed STREAM_BLUETOOTH_SCO 7
04-29 05:37:01.923 1460 1460 W /system/bin/hw/android.hidl.allocator@1.0-service: ashmem_create_region(32768) returning hidl_memory(0x70bcb282b2d0, 32768)
04-29 05:37:01.927 1727 1727 D SystemUIBootTiming: StartServicesVolumeUI took to complete: 425ms
04-29 05:37:01.934 1460 1460 I chatty : uid=1000(system) allocator@1.0-s identical 90 lines
04-29 05:37:01.934 1460 1460 W /system/bin/hw/android.hidl.allocator@1.0-service: ashmem_create_region(32768) returning hidl_memory(0x70bcb282b2d0, 32768)
04-29 05:37:01.941 1727 1932 D OpenGLRenderer: HWUI GL Pipeline
04-29 05:37:01.947 1727 1727 D SystemUIBootTiming: StartServicesDivider took to complete: 19ms
04-29 05:37:01.952 1727 1806 V NuMediaExtractor: setDataSource fd=36 (/system/media/audio/ui/Unlock.ogg), offset=0, length=7853
04-29 05:37:01.960 1592 1934 I chatty : uid=1000(system) Binder:1592_5 expire 2 lines
04-29 05:37:01.963 1727 1806 V NuMediaExtractor: track of type 'audio/vorbis' does not publish bitrate
04-29 05:37:01.966 1592 1937 I chatty : uid=1000 system_server expire 1 line
04-29 05:37:01.966 1491 1929 I OMXMaster: makeComponentInstance(OMX.google.vorbis.decoder) in omx@1.0-service process
04-29 05:37:01.969 1727 1938 I OMXClient: Treble IOmx obtained
04-29 05:37:01.969 1491 1929 I OMXMaster: makeComponentInstance(OMX.google.vorbis.decoder) in omx@1.0-service process
04-29 05:37:01.970 1491 1532 E OMXNodeInstance: getConfig(0xf35ab4e0:google.vorbis.decoder, ConfigAndroidVendorExtension(0x6f100004)) ERROR: Undefined(0x80001001)
04-29 05:37:01.970 1491 1929 E OMXNodeInstance: getConfig(0xf20a1380:google.vorbis.decoder, ConfigAndroidVendorExtension(0x6f100004)) ERROR: Undefined(0x80001001)
04-29 05:37:01.972 1460 1460 W /system/bin/hw/android.hidl.allocator@1.0-service: ashmem_create_region(32768) returning hidl_memory(0x70bcb282b2d0, 32768)
04-29 05:37:01.982 1460 1460 W /system/bin/hw/android.hidl.allocator@1.0-service: ashmem_create_region(32768) returning hidl_memory(0x70bcb282b2d0, 32768)
04-29 05:37:01.988 1460 1460 W /system/bin/hw/android.hidl.allocator@1.0-service: ashmem_create_region(32768) returning hidl_memory(0x70bcb282b2d0, 32768)
04-29 05:37:01.988 1460 1460 W /system/bin/hw/android.hidl.allocator@1.0-service: ashmem_create_region(32768) returning hidl_memory(0x70bcb282b2d0, 32768)
04-29 05:37:01.998 1727 1806 V NuMediaExtractor: setDataSource fd=37 (/system/media/audio/ui/Trusted.ogg), offset=0, length=6123
04-29 05:37:02.003 1592 1934 I chatty : uid=1000(system) Binder:1592_5 expire 3 lines
04-29 05:37:02.060 1727 1806 V NuMediaExtractor: track of type 'audio/vorbis' does not publish bitrate
04-29 05:37:02.061 1727 1727 D StatusBar: disable
04-29 05:37:02.063 1592 1946 I chatty : uid=1000 system_server expire 1 line
04-29 05:37:02.063 1491 1807 I OMXMaster: makeComponentInstance(OMX.google.vorbis.decoder) in omx@1.0-service process
04-29 05:37:02.064 1491 1807 E OMXNodeInstance: getConfig(0xf35ab4e0:google.vorbis.decoder, ConfigAndroidVendorExtension(0x6f100004)) ERROR: Undefined(0x80001001)
04-29 05:37:02.065 1727 1947 I OMXClient: Treble IOmx obtained
04-29 05:37:02.065 1491 1807 I OMXMaster: makeComponentInstance(OMX.google.vorbis.decoder) in omx@1.0-service process
04-29 05:37:02.065 1460 1460 W /system/bin/hw/android.hidl.allocator@1.0-service: ashmem_create_region(32768) returning hidl_memory(0x70bcb282b2d0, 32768)
04-29 05:37:02.065 1460 1460 W /system/bin/hw/android.hidl.allocator@1.0-service: ashmem_create_region(32768) returning hidl_memory(0x70bcb282b2d0, 32768)
04-29 05:37:02.065 1491 1807 E OMXNodeInstance: getConfig(0xf20a1380:google.vorbis.decoder, ConfigAndroidVendorExtension(0x6f100004)) ERROR: Undefined(0x80001001)
04-29 05:37:02.066 1460 1460 W /system/bin/hw/android.hidl.allocator@1.0-service: ashmem_create_region(32768) returning hidl_memory(0x70bcb282b2d0, 32768)
04-29 05:37:02.078 1460 1460 W /system/bin/hw/android.hidl.allocator@1.0-service: ashmem_create_region(32768) returning hidl_memory(0x70bcb282b2d0, 32768)
04-29 05:37:02.119 1592 1953 I chatty : uid=1000 system_server expire 2 lines
04-29 05:37:02.120 1491 1929 I OMXMaster: makeComponentInstance(OMX.google.vorbis.decoder) in omx@1.0-service process
04-29 05:37:02.121 1491 1929 E OMXNodeInstance: getConfig(0xf35ab4e0:google.vorbis.decoder, ConfigAndroidVendorExtension(0x6f100004)) ERROR: Undefined(0x80001001)
04-29 05:37:02.122 1460 1460 W /system/bin/hw/android.hidl.allocator@1.0-service: ashmem_create_region(32768) returning hidl_memory(0x70bcb282b2d0, 32768)
04-29 05:37:02.130 1460 1460 W /system/bin/hw/android.hidl.allocator@1.0-service: ashmem_create_region(32768) returning hidl_memory(0x70bcb282b2d0, 32768)
04-29 05:37:02.180 1727 1943 I SecurityController: could not bind to KeyChainService
04-29 05:37:02.180 1592 1957 I chatty : uid=1000 system_server expire 1 line
04-29 05:37:02.180 1491 1929 I OMXMaster: makeComponentInstance(OMX.google.vorbis.decoder) in omx@1.0-service process
04-29 05:37:02.181 1491 1929 E OMXNodeInstance: getConfig(0xf35ab4e0:google.vorbis.decoder, ConfigAndroidVendorExtension(0x6f100004)) ERROR: Undefined(0x80001001)
04-29 05:37:02.182 1460 1460 W /system/bin/hw/android.hidl.allocator@1.0-service: ashmem_create_region(32768) returning hidl_memory(0x70bcb282b2d0, 32768)
04-29 05:37:02.190 1460 1460 W /system/bin/hw/android.hidl.allocator@1.0-service: ashmem_create_region(32768) returning hidl_memory(0x70bcb282b2d0, 32768)
04-29 05:37:02.203 1592 1960 I chatty : uid=1000 system_server expire 1 line
04-29 05:37:02.203 1491 1929 I OMXMaster: makeComponentInstance(OMX.google.vorbis.decoder) in omx@1.0-service process
04-29 05:37:02.204 1491 1929 E OMXNodeInstance: getConfig(0xf35ab4e0:google.vorbis.decoder, ConfigAndroidVendorExtension(0x6f100004)) ERROR: Undefined(0x80001001)
04-29 05:37:02.205 1460 1460 W /system/bin/hw/android.hidl.allocator@1.0-service: ashmem_create_region(32768) returning hidl_memory(0x70bcb282b2d0, 32768)
04-29 05:37:02.211 1460 1460 W /system/bin/hw/android.hidl.allocator@1.0-service: ashmem_create_region(32768) returning hidl_memory(0x70bcb282b2d0, 32768)
04-29 05:37:02.220 1727 1727 I CameraManagerGlobal: Connecting to camera service
04-29 05:37:02.223 1480 1538 I CameraService: CameraService::connect call (PID -1 "cameraserver", camera ID 0) for HAL version default and Camera API version 1
04-29 05:37:02.223 1463 1463 D Camera_Factory: CameraFactory::get_camera_info
04-29 05:37:02.223 1463 1463 D Camera_Factory: CameraFactory::getCameraInfo: id = 0, info = 0xffd1e290
04-29 05:37:02.223 1463 1463 D Camera_Factory: CameraFactory::getCameraNum: 1
04-29 05:37:02.224 1487 1487 D NuPlayerDriver: NuPlayerDriver(0xe9125230) created, clientPid(1480)
04-29 05:37:02.314 1487 1964 D NuPlayerDriver: notifyListener_l(0xe9125230), (1, 0, 0, -1), loop setting(0, 0)
04-29 05:37:02.315 1487 1487 D NuPlayerDriver: NuPlayerDriver(0xe9125310) created, clientPid(1480)
04-29 05:37:02.319 1487 1966 D NuPlayerDriver: notifyListener_l(0xe9125310), (1, 0, 0, -1), loop setting(0, 0)
04-29 05:37:02.320 1487 1487 D NuPlayerDriver: NuPlayerDriver(0xe91255b0) created, clientPid(1480)
04-29 05:37:02.324 1487 1968 D NuPlayerDriver: notifyListener_l(0xe91255b0), (1, 0, 0, -1), loop setting(0, 0)
04-29 05:37:02.325 1480 1538 I CameraHardwareInterface: Opening camera 0
04-29 05:37:02.325 1463 1463 I CamDev@1.0-impl: Opening camera 0
04-29 05:37:02.325 1463 1463 D Camera_Factory: CameraFactory::get_camera_info
04-29 05:37:02.325 1463 1463 D Camera_Factory: CameraFactory::getCameraInfo: id = 0, info = 0xffd1e298
04-29 05:37:02.325 1463 1463 D Camera_Factory: CameraFactory::getCameraNum: 1
04-29 05:37:02.325 1463 1463 D Camera_Factory: CameraFactory::device_open: name = 0
04-29 05:37:02.325 1463 1463 D Camera_Factory: CameraFactory::cameraDeviceOpen: id = 0
04-29 05:37:02.325 1463 1463 D Camera_Factory: CameraFactory::getCameraNum: 1
04-29 05:37:02.325 1463 1463 D CameraHardware: CameraHardware::connectCamera: /dev/video0
04-29 05:37:02.325 1463 1463 D CameraHardware: CameraHardware::setCallbacks
04-29 05:37:02.325 1480 1537 I CameraHardwareInterface: Destroying camera 0
04-29 05:37:02.325 1463 1463 D CameraHardware: CameraHardware::enableMsgType: 3085
04-29 05:37:02.325 1463 1463 D CameraHardware: CameraHardware::getParameters
04-29 05:37:02.325 1463 1463 D CameraHardware: CameraHardware::putParameters
04-29 05:37:02.326 1463 1463 D CameraHardware: CameraHardware::disableMsgType: 65535
04-29 05:37:02.326 1463 1463 D CameraHardware: CameraHardware::stopPreview
04-29 05:37:02.326 1463 1463 D CameraHardware: CameraHardware::stopPreviewLocked
04-29 05:37:02.326 1463 1463 D CameraHardware: CameraHardware::stopPreviewLocked: OK
04-29 05:37:02.326 1463 1463 D CameraHardware: CameraHardware::cancelPicture
04-29 05:37:02.326 1463 1463 I CamDev@1.0-impl: Closing camera 0
04-29 05:37:02.326 1463 1463 D CameraHardware: CameraHardware::closeCamera
04-29 05:37:02.326 1463 1463 D CameraHardware: CameraHardware::releaseCamera
04-29 05:37:02.327 1480 1538 I CameraService: disconnect: Disconnected client for camera 0 for PID 1480
04-29 05:37:02.327 1487 1487 D NuPlayerDriver: reset(0xe9125230) at state 4
04-29 05:37:02.327 1487 1487 D NuPlayerDriver: notifyListener_l(0xe9125230), (8, 0, 0, -1), loop setting(0, 0)
04-29 05:37:02.327 1487 1964 D NuPlayerDriver: notifyResetComplete(0xe9125230)
04-29 05:37:02.327 1487 1545 D NuPlayerDriver: reset(0xe9125310) at state 4
04-29 05:37:02.327 1487 1545 D NuPlayerDriver: notifyListener_l(0xe9125310), (8, 0, 0, -1), loop setting(0, 0)
04-29 05:37:02.328 1487 1966 D NuPlayerDriver: notifyResetComplete(0xe9125310)
04-29 05:37:02.328 1487 1487 D NuPlayerDriver: reset(0xe91255b0) at state 4
04-29 05:37:02.328 1487 1487 D NuPlayerDriver: notifyListener_l(0xe91255b0), (8, 0, 0, -1), loop setting(0, 0)
04-29 05:37:02.328 1487 1968 D NuPlayerDriver: notifyResetComplete(0xe91255b0)
04-29 05:37:02.329 1463 1463 D Camera_Factory: CameraFactory::get_camera_info
04-29 05:37:02.329 1463 1463 D Camera_Factory: CameraFactory::getCameraInfo: id = 0, info = 0xffd1e290
04-29 05:37:02.329 1463 1463 D Camera_Factory: CameraFactory::getCameraNum: 1
04-29 05:37:02.371 1727 1727 I StatusBar: isKeyguardShowing() called before startKeyguard(), returning true
04-29 05:37:02.375 1727 1727 W StatusBar: isKeyguardSecure() called before startKeyguard(), returning false
04-29 05:37:02.375 1727 1727 W StatusBar: java.lang.Throwable
04-29 05:37:02.375 1727 1727 W StatusBar: at com.android.systemui.statusbar.phone.StatusBar.isKeyguardSecure(StatusBar.java:7551)
04-29 05:37:02.375 1727 1727 W StatusBar: at com.android.systemui.statusbar.phone.StatusBar.isCameraAllowedByAdmin(StatusBar.java:5436)
04-29 05:37:02.375 1727 1727 W StatusBar: at com.android.systemui.statusbar.phone.KeyguardBottomAreaView$DefaultRightButton.getIcon(KeyguardBottomAreaView.java:856)
04-29 05:37:02.375 1727 1727 W StatusBar: at com.android.systemui.statusbar.phone.KeyguardBottomAreaView.updateCameraVisibility(KeyguardBottomAreaView.java:382)
04-29 05:37:02.375 1727 1727 W StatusBar: at com.android.systemui.statusbar.phone.KeyguardBottomAreaView.setStatusBar(KeyguardBottomAreaView.java:351)
04-29 05:37:02.375 1727 1727 W StatusBar: at com.android.systemui.statusbar.phone.NotificationPanelView.setStatusBar(NotificationPanelView.java:252)
04-29 05:37:02.375 1727 1727 W StatusBar: at com.android.systemui.statusbar.phone.StatusBar.makeStatusBarView(StatusBar.java:1019)
04-29 05:37:02.375 1727 1727 W StatusBar: at com.android.systemui.statusbar.phone.StatusBar.addStatusBarWindow(StatusBar.java:3664)
04-29 05:37:02.375 1727 1727 W StatusBar: at com.android.systemui.statusbar.phone.StatusBar.createAndAddWindows(StatusBar.java:3660)
04-29 05:37:02.375 1727 1727 W StatusBar: at com.android.systemui.statusbar.phone.StatusBar.start(StatusBar.java:889)
04-29 05:37:02.375 1727 1727 W StatusBar: at com.android.systemui.SystemBars.createStatusBarFromConfig(SystemBars.java:71)
04-29 05:37:02.375 1727 1727 W StatusBar: at com.android.systemui.SystemBars.start(SystemBars.java:42)
04-29 05:37:02.375 1727 1727 W StatusBar: at com.android.systemui.SystemUIApplication.startServicesIfNeeded(SystemUIApplication.java:215)
04-29 05:37:02.375 1727 1727 W StatusBar: at com.android.systemui.SystemUIApplication.startServicesIfNeeded(SystemUIApplication.java:164)
04-29 05:37:02.375 1727 1727 W StatusBar: at com.android.systemui.SystemUIService.onCreate(SystemUIService.java:33)
04-29 05:37:02.375 1727 1727 W StatusBar: at android.app.ActivityThread.handleCreateService(ActivityThread.java:3339)
04-29 05:37:02.375 1727 1727 W StatusBar: at android.app.ActivityThread.-wrap4(Unknown Source:0)
04-29 05:37:02.375 1727 1727 W StatusBar: at android.app.ActivityThread$H.handleMessage(ActivityThread.java:1677)
04-29 05:37:02.375 1727 1727 W StatusBar: at android.os.Handler.dispatchMessage(Handler.java:106)
04-29 05:37:02.375 1727 1727 W StatusBar: at android.os.Looper.loop(Looper.java:164)
04-29 05:37:02.375 1727 1727 W StatusBar: at android.app.ActivityThread.main(ActivityThread.java:6494)
04-29 05:37:02.375 1727 1727 W StatusBar: at java.lang.reflect.Method.invoke(Native Method)
04-29 05:37:02.375 1727 1727 W StatusBar: at com.android.internal.os.RuntimeInit$MethodAndArgsCaller.run(RuntimeInit.java:463)
04-29 05:37:02.375 1727 1727 W StatusBar: at com.android.internal.os.ZygoteInit.main(ZygoteInit.java:807)
04-29 05:37:02.395 1727 1727 I StatusBar: isKeyguardShowing() called before startKeyguard(), returning true
04-29 05:37:02.395 1727 1727 W StatusBar: isKeyguardSecure() called before startKeyguard(), returning false
04-29 05:37:02.395 1727 1727 W StatusBar: java.lang.Throwable
04-29 05:37:02.395 1727 1727 W StatusBar: at com.android.systemui.statusbar.phone.StatusBar.isKeyguardSecure(StatusBar.java:7551)
04-29 05:37:02.395 1727 1727 W StatusBar: at com.android.systemui.statusbar.phone.StatusBar.isCameraAllowedByAdmin(StatusBar.java:5436)
04-29 05:37:02.395 1727 1727 W StatusBar: at com.android.systemui.statusbar.phone.KeyguardBottomAreaView$DefaultRightButton.getIcon(KeyguardBottomAreaView.java:856)
04-29 05:37:02.395 1727 1727 W StatusBar: at com.android.systemui.statusbar.phone.KeyguardBottomAreaView.updateCameraVisibility(KeyguardBottomAreaView.java:382)
04-29 05:37:02.395 1727 1727 W StatusBar: at com.android.systemui.statusbar.phone.KeyguardBottomAreaView.setUserSetupComplete(KeyguardBottomAreaView.java:360)
04-29 05:37:02.395 1727 1727 W StatusBar: at com.android.systemui.statusbar.phone.NotificationPanelView.setUserSetupComplete(NotificationPanelView.java:2655)
04-29 05:37:02.395 1727 1727 W StatusBar: at com.android.systemui.statusbar.phone.StatusBar.makeStatusBarView(StatusBar.java:1162)
04-29 05:37:02.395 1727 1727 W StatusBar: at com.android.systemui.statusbar.phone.StatusBar.addStatusBarWindow(StatusBar.java:3664)
04-29 05:37:02.395 1727 1727 W StatusBar: at com.android.systemui.statusbar.phone.StatusBar.createAndAddWindows(StatusBar.java:3660)
04-29 05:37:02.395 1727 1727 W StatusBar: at com.android.systemui.statusbar.phone.StatusBar.start(StatusBar.java:889)
04-29 05:37:02.395 1727 1727 W StatusBar: at com.android.systemui.SystemBars.createStatusBarFromConfig(SystemBars.java:71)
04-29 05:37:02.395 1727 1727 W StatusBar: at com.android.systemui.SystemBars.start(SystemBars.java:42)
04-29 05:37:02.395 1727 1727 W StatusBar: at com.android.systemui.SystemUIApplication.startServicesIfNeeded(SystemUIApplication.java:215)
04-29 05:37:02.395 1727 1727 W StatusBar: at com.android.systemui.SystemUIApplication.startServicesIfNeeded(SystemUIApplication.java:164)
04-29 05:37:02.395 1727 1727 W StatusBar: at com.android.systemui.SystemUIService.onCreate(SystemUIService.java:33)
04-29 05:37:02.395 1727 1727 W StatusBar: at android.app.ActivityThread.handleCreateService(ActivityThread.java:3339)
04-29 05:37:02.395 1727 1727 W StatusBar: at android.app.ActivityThread.-wrap4(Unknown Source:0)
04-29 05:37:02.395 1727 1727 W StatusBar: at android.app.ActivityThread$H.handleMessage(ActivityThread.java:1677)
04-29 05:37:02.395 1727 1727 W StatusBar: at android.os.Handler.dispatchMessage(Handler.java:106)
04-29 05:37:02.395 1727 1727 W StatusBar: at android.os.Looper.loop(Looper.java:164)
04-29 05:37:02.395 1727 1727 W StatusBar: at android.app.ActivityThread.main(ActivityThread.java:6494)
04-29 05:37:02.395 1727 1727 W StatusBar: at java.lang.reflect.Method.invoke(Native Method)
04-29 05:37:02.395 1727 1727 W StatusBar: at com.android.internal.os.RuntimeInit$MethodAndArgsCaller.run(RuntimeInit.java:463)
04-29 05:37:02.395 1727 1727 W StatusBar: at com.android.internal.os.ZygoteInit.main(ZygoteInit.java:807)
04-29 05:37:02.406 1727 1727 D LocalBluetoothProfileManager: Adding local MAP profile
04-29 05:37:02.407 1727 1727 D BluetoothMap: Create BluetoothMap proxy object
04-29 05:37:02.408 1727 1727 D LocalBluetoothProfileManager: LocalBluetoothProfileManager construction complete
04-29 05:37:02.414 1727 1727 I StatusBar: isKeyguardShowing() called before startKeyguard(), returning true
04-29 05:37:02.432 1727 1843 W Tile.WifiTile: Error in handleSetListening
04-29 05:37:02.432 1727 1843 W Tile.WifiTile: java.lang.NullPointerException: Attempt to invoke interface method 'void com.android.systemui.statusbar.policy.NetworkController.addCallback(com.android.systemui.statusbar.policy.NetworkController$SignalCallback)' on a null object reference
04-29 05:37:02.432 1727 1843 W Tile.WifiTile: at com.android.systemui.qs.tiles.WifiTile.handleSetListening(WifiTile.java:80)
04-29 05:37:02.432 1727 1843 W Tile.WifiTile: at com.android.systemui.qs.tileimpl.QSTileImpl$H.handleMessage(QSTileImpl.java:461)
04-29 05:37:02.432 1727 1843 W Tile.WifiTile: at android.os.Handler.dispatchMessage(Handler.java:106)
04-29 05:37:02.432 1727 1843 W Tile.WifiTile: at android.os.Looper.loop(Looper.java:164)
04-29 05:37:02.432 1727 1843 W Tile.WifiTile: at android.os.HandlerThread.run(HandlerThread.java:65)
04-29 05:37:02.432 1727 1727 W StatusBar: isKeyguardSecure() called before startKeyguard(), returning false
04-29 05:37:02.432 1727 1727 W StatusBar: java.lang.Throwable
04-29 05:37:02.432 1727 1727 W StatusBar: at com.android.systemui.statusbar.phone.StatusBar.isKeyguardSecure(StatusBar.java:7551)
04-29 05:37:02.432 1727 1727 W StatusBar: at com.android.systemui.statusbar.phone.StatusBar.isCameraAllowedByAdmin(StatusBar.java:5436)
04-29 05:37:02.432 1727 1727 W StatusBar: at com.android.systemui.statusbar.phone.KeyguardBottomAreaView$DefaultRightButton.getIcon(KeyguardBottomAreaView.java:856)
04-29 05:37:02.432 1727 1727 W StatusBar: at com.android.systemui.statusbar.phone.KeyguardBottomAreaView.updateCameraVisibility(KeyguardBottomAreaView.java:382)
04-29 05:37:02.432 1727 1727 W StatusBar: at com.android.systemui.statusbar.phone.KeyguardBottomAreaView.setUserSetupComplete(KeyguardBottomAreaView.java:360)
04-29 05:37:02.432 1727 1727 W StatusBar: at com.android.systemui.statusbar.phone.NotificationPanelView.setUserSetupComplete(NotificationPanelView.java:2655)
04-29 05:37:02.432 1727 1727 W StatusBar: at com.android.systemui.statusbar.phone.StatusBar$1.onUserSetupChanged(StatusBar.java:524)
04-29 05:37:02.432 1727 1727 W StatusBar: at com.android.systemui.statusbar.policy.DeviceProvisionedControllerImpl.addCallback(DeviceProvisionedControllerImpl.java:69)
04-29 05:37:02.432 1727 1727 W StatusBar: at com.android.systemui.statusbar.policy.DeviceProvisionedControllerImpl.addCallback(DeviceProvisionedControllerImpl.java:63)
04-29 05:37:02.432 1727 1727 W StatusBar: at com.android.systemui.statusbar.phone.StatusBar.makeStatusBarView(StatusBar.java:1252)
04-29 05:37:02.432 1727 1727 W StatusBar: at com.android.systemui.statusbar.phone.StatusBar.addStatusBarWindow(StatusBar.java:3664)
04-29 05:37:02.432 1727 1727 W StatusBar: at com.android.systemui.statusbar.phone.StatusBar.createAndAddWindows(StatusBar.java:3660)
04-29 05:37:02.432 1727 1727 W StatusBar: at com.android.systemui.statusbar.phone.StatusBar.start(StatusBar.java:889)
04-29 05:37:02.432 1727 1727 W StatusBar: at com.android.systemui.SystemBars.createStatusBarFromConfig(SystemBars.java:71)
04-29 05:37:02.432 1727 1727 W StatusBar: at com.android.systemui.SystemBars.start(SystemBars.java:42)
04-29 05:37:02.432 1727 1727 W StatusBar: at com.android.systemui.SystemUIApplication.startServicesIfNeeded(SystemUIApplication.java:215)
04-29 05:37:02.432 1727 1727 W StatusBar: at com.android.systemui.SystemUIApplication.startServicesIfNeeded(SystemUIApplication.java:164)
04-29 05:37:02.432 1727 1727 W StatusBar: at com.android.systemui.SystemUIService.onCreate(SystemUIService.java:33)
04-29 05:37:02.432 1727 1727 W StatusBar: at android.app.ActivityThread.handleCreateService(ActivityThread.java:3339)
04-29 05:37:02.432 1727 1727 W StatusBar: at android.app.ActivityThread.-wrap4(Unknown Source:0)
04-29 05:37:02.432 1727 1727 W StatusBar: at android.app.ActivityThread$H.handleMessage(ActivityThread.java:1677)
04-29 05:37:02.432 1727 1727 W StatusBar: at android.os.Handler.dispatchMessage(Handler.java:106)
04-29 05:37:02.432 1727 1727 W StatusBar: at android.os.Looper.loop(Looper.java:164)
04-29 05:37:02.432 1727 1727 W StatusBar: at android.app.ActivityThread.main(ActivityThread.java:6494)
04-29 05:37:02.432 1727 1727 W StatusBar: at java.lang.reflect.Method.invoke(Native Method)
04-29 05:37:02.432 1727 1727 W StatusBar: at com.android.internal.os.RuntimeInit$MethodAndArgsCaller.run(RuntimeInit.java:463)
04-29 05:37:02.432 1727 1727 W StatusBar: at com.android.internal.os.ZygoteInit.main(ZygoteInit.java:807)
04-29 05:37:02.438 1727 1932 D OpenGLRenderer: profile bars disabled
04-29 05:37:02.438 1727 1932 D OpenGLRenderer: ambientRatio = 1.50
04-29 05:37:02.441 1727 1727 D StatusBar: disable
04-29 05:37:02.443 1399 1399 E SELinux : avc: denied { find } for service=vrmanager pid=1727 uid=10030 scontext=u:r:priv_app:s0:c512,c768 tcontext=u:object_r:vr_manager_service:s0 tclass=service_manager permissive=1
04-29 05:37:02.449 1727 1727 W TelecomManager: Telecom Service not found.
04-29 05:37:02.453 1727 1727 D StatusBar: heads up is enabled
04-29 05:37:02.458 1727 1943 E ActivityThread: Failed to find provider info for com.android.contacts
04-29 05:37:02.460 1727 1727 D SystemUIBootTiming: StartServicesSystemBars took to complete: 513ms
04-29 05:37:02.710 1592 1735 I chatty : uid=1000(system) Binder:1592_3 expire 2 lines
04-29 05:37:02.710 1592 1612 I chatty : uid=1000(system) android.fg expire 10 lines
04-29 05:37:02.712 1727 1727 D StorageNotification: Notifying about public volume: VolumeInfo{public:8,17}:
04-29 05:37:02.712 1727 1727 D StorageNotification: type=PUBLIC diskId=disk:8,16 partGuid=null mountFlags=VISIBLE
04-29 05:37:02.712 1727 1727 D StorageNotification: mountUserId=0 state=MOUNTED
04-29 05:37:02.712 1727 1727 D StorageNotification: fsType=vfat fsUuid=AFEE-BB90 fsLabel=CLEF128GO
04-29 05:37:02.712 1727 1727 D StorageNotification: path=/storage/AFEE-BB90 internalPath=/mnt/media_rw/AFEE-BB90
04-29 05:37:02.713 1727 1727 D StorageNotification: Notifying about public volume: VolumeInfo{public:8,18}:
04-29 05:37:02.713 1727 1727 D StorageNotification: type=PUBLIC diskId=disk:8,16 partGuid=null mountFlags=VISIBLE
04-29 05:37:02.713 1727 1727 D StorageNotification: mountUserId=0 state=CHECKING
04-29 05:37:02.713 1727 1727 D StorageNotification: fsType=ext4 fsUuid=033e8fc7-4cfe-9454-bc59-df7329ca862d fsLabel=ANDROID
04-29 05:37:02.713 1727 1727 D StorageNotification: path=null internalPath=/mnt/media_rw/033e8fc7-4cfe-9454-bc59-df7329ca862d
04-29 05:37:02.716 1727 1727 D StorageNotification: Notifying about private volume: VolumeInfo{private}:
04-29 05:37:02.716 1727 1727 D StorageNotification: type=PRIVATE diskId=null partGuid=null mountFlags=0 mountUserId=-1
04-29 05:37:02.716 1727 1727 D StorageNotification: state=MOUNTED
04-29 05:37:02.716 1727 1727 D StorageNotification: fsType=null fsUuid=null fsLabel=null
04-29 05:37:02.716 1727 1727 D StorageNotification: path=/data internalPath=null
04-29 05:37:02.717 1727 1727 D SystemUIBootTiming: StartServicesStorageNotification took to complete: 258ms
04-29 05:37:02.765 1727 1727 D SystemUIBootTiming: StartServicesPowerUI took to complete: 47ms
04-29 05:37:02.766 1727 1727 D SystemUIBootTiming: StartServicesRingtonePlayer took to complete: 1ms
04-29 05:37:02.766 1727 1727 D SystemUIBootTiming: StartServicesKeyboardUI took to complete: 1ms
04-29 05:37:02.772 1727 1727 D SystemUIBootTiming: StartServicesPipUI took to complete: 6ms
04-29 05:37:02.773 1727 1727 D SystemUIBootTiming: StartServicesShortcutKeyDispatcher took to complete: 0ms
04-29 05:37:02.773 1727 1727 D SystemUIBootTiming: StartServicesVendorServices took to complete: 0ms
04-29 05:37:02.773 1727 1727 D SystemUIBootTiming: StartServicesService took to complete: 0ms
04-29 05:37:02.775 1727 1727 D SystemUIBootTiming: StartServicesLatencyTester took to complete: 2ms
04-29 05:37:02.776 1727 1727 D SystemUIBootTiming: StartServicesGlobalActionsComponent took to complete: 1ms
04-29 05:37:02.777 1727 1727 D SystemUIBootTiming: StartServicesRoundedCorners took to complete: 1ms
04-29 05:37:02.777 1727 1727 D SystemUIBootTiming: StartServices took to complete: 1894ms
04-29 05:37:02.787 1727 1727 I Choreographer: Skipped 49 frames! The application may be doing too much work on its main thread.
04-29 05:37:02.792 1473 1473 I Binder:1473_2: type=1400 audit(0.0:321): avc: denied { sys_admin } for capability=21 scontext=u:r:surfaceflinger:s0 tcontext=u:r:surfaceflinger:s0 tclass=capability permissive=1
04-29 05:37:02.793 1727 1727 I RenderThread: type=1400 audit(0.0:322): avc: denied { read write } for name="card1" dev="tmpfs" ino=6911 scontext=u:r:priv_app:s0:c512,c768 tcontext=u:object_r:device:s0 tclass=chr_file permissive=1
04-29 05:37:02.793 1727 1727 I RenderThread: type=1400 audit(0.0:323): avc: denied { open } for path="/dev/dri/card1" dev="tmpfs" ino=6911 scontext=u:r:priv_app:s0:c512,c768 tcontext=u:object_r:device:s0 tclass=chr_file permissive=1
04-29 05:37:02.793 1727 1727 I RenderThread: type=1400 audit(0.0:324): avc: denied { ioctl } for path="/dev/dri/card1" dev="tmpfs" ino=6911 ioctlcmd=0x6400 scontext=u:r:priv_app:s0:c512,c768 tcontext=u:object_r:device:s0 tclass=chr_file permissive=1
04-29 05:37:02.793 1727 1932 D vndksupport: Loading /vendor/lib64/hw/gralloc.drm.so from current namespace instead of sphal namespace.
04-29 05:37:02.795 1727 1727 D ViewRootImpl[StatusBar]: changeCanvasOpacity: opaque=true
04-29 05:37:02.831 1727 1952 E ActivityThread: Failed to find provider info for com.android.contacts
04-29 05:37:02.840 1727 1943 E ActivityThread: Failed to find provider info for com.android.contacts
04-29 05:37:02.855 1727 1727 I RenderThread: type=1400 audit(0.0:325): avc: denied { getattr } for path="/dev/dri/card1" dev="tmpfs" ino=6911 scontext=u:r:priv_app:s0:c512,c768 tcontext=u:object_r:device:s0 tclass=chr_file permissive=1
04-29 05:37:02.859 1727 1932 D libdrm : /vendor/etc/hwdata/amdgpu.ids version: 1.0.0
04-29 05:37:02.872 1727 1932 I GRALLOC-DRM: create pipe for driver amdgpu
04-29 05:37:02.874 1727 1932 I EGL-MAIN: found extension DRI_Core version 2
04-29 05:37:02.874 1727 1932 I EGL-MAIN: found extension DRI_DRI2 version 4
04-29 05:37:02.877 1727 1932 I EGL-MAIN: found extension DRI_TexBuffer version 2
04-29 05:37:02.878 1727 1932 I EGL-MAIN: found extension DRI2_Flush version 4
04-29 05:37:02.878 1727 1932 I EGL-MAIN: found extension DRI_IMAGE version 17
04-29 05:37:02.878 1727 1932 I EGL-MAIN: found extension DRI_IMAGE version 17
04-29 05:37:02.878 1727 1932 I EGL-MAIN: found extension DRI_RENDERER_QUERY version 1
04-29 05:37:02.878 1727 1932 I EGL-MAIN: found extension DRI_CONFIG_QUERY version 1
04-29 05:37:02.878 1727 1932 I EGL-MAIN: found extension DRI2_Fence version 2
04-29 05:37:02.878 1727 1932 I EGL-MAIN: found extension DRI2_Interop version 1
04-29 05:37:02.878 1727 1932 I EGL-MAIN: found extension DRI_Robustness version 1
04-29 05:37:02.878 1727 1932 I EGL-MAIN: found extension DRI_NoError version 1
04-29 05:37:02.880 1727 1932 I com.android.systemui: android::hardware::configstore::V1_0::ISurfaceFlingerConfigs::hasWideColorDisplay retrieved: 0
04-29 05:37:02.880 1727 1932 I OpenGLRenderer: Initialized EGL, version 1.4
04-29 05:37:02.880 1727 1932 D OpenGLRenderer: Swap behavior 2
04-29 05:37:02.880 1727 1932 E OpenGLRenderer: Device claims wide gamut support, cannot find matching config, error = EGL_SUCCESS
04-29 05:37:02.894 1592 1664 I chatty : uid=1000(system) WifiService expire 1 line
04-29 05:37:02.971 1592 1613 I chatty : uid=1000(system) android.io expire 25 lines
04-29 05:37:03.005 1727 1732 I zygote64: Do partial code cache collection, code=30KB, data=25KB
04-29 05:37:03.005 1727 1732 I zygote64: After code cache collection, code=30KB, data=25KB
04-29 05:37:03.006 1727 1732 I zygote64: Increasing code cache capacity to 128KB
04-29 05:37:03.055 1727 1727 D StorageNotification: Notifying about public volume: VolumeInfo{public:8,17}:
04-29 05:37:03.055 1727 1727 D StorageNotification: type=PUBLIC diskId=disk:8,16 partGuid=null mountFlags=VISIBLE
04-29 05:37:03.055 1727 1727 D StorageNotification: mountUserId=0 state=MOUNTED
04-29 05:37:03.055 1727 1727 D StorageNotification: fsType=vfat fsUuid=AFEE-BB90 fsLabel=CLEF128GO
04-29 05:37:03.055 1727 1727 D StorageNotification: path=/storage/AFEE-BB90 internalPath=/mnt/media_rw/AFEE-BB90
04-29 05:37:03.055 1727 1727 D StorageNotification: Notifying about public volume: VolumeInfo{public:8,18}:
04-29 05:37:03.055 1727 1727 D StorageNotification: type=PUBLIC diskId=disk:8,16 partGuid=null mountFlags=VISIBLE
04-29 05:37:03.055 1727 1727 D StorageNotification: mountUserId=0 state=CHECKING
04-29 05:37:03.055 1727 1727 D StorageNotification: fsType=null fsUuid=null fsLabel=null
04-29 05:37:03.055 1727 1727 D StorageNotification: path=null internalPath=null
04-29 05:37:03.056 1592 1604 I chatty : uid=1000(system) Binder:1592_2 expire 2 lines
04-29 05:37:03.056 1727 1727 D StorageNotification: Notifying about public volume: VolumeInfo{public:8,18}:
04-29 05:37:03.056 1727 1727 D StorageNotification: type=PUBLIC diskId=disk:8,16 partGuid=null mountFlags=VISIBLE
04-29 05:37:03.056 1727 1727 D StorageNotification: mountUserId=0 state=UNMOUNTABLE
04-29 05:37:03.056 1727 1727 D StorageNotification: fsType=ext4 fsUuid=033e8fc7-4cfe-9454-bc59-df7329ca862d fsLabel=ANDROID
04-29 05:37:03.056 1727 1727 D StorageNotification: path=/storage/033e8fc7-4cfe-9454-bc59-df7329ca862d
04-29 05:37:03.056 1727 1727 D StorageNotification: internalPath=/mnt/media_rw/033e8fc7-4cfe-9454-bc59-df7329ca862d
04-29 05:37:03.062 1727 1932 D vndksupport: Loading /vendor/lib64/hw/android.hardware.graphics.mapper@2.0-impl.so from current namespace instead of sphal namespace.
04-29 05:37:03.062 1727 1932 D vndksupport: Loading /vendor/lib64/hw/gralloc.drm.so from current namespace instead of sphal namespace.
04-29 05:37:03.127 1592 1655 I chatty : uid=1000(system) InputReader expire 2 lines
04-29 05:37:03.142 1727 1727 W StatusBar/NavBarView: *** Invalid layout in navigation bar (sizeChanged this=1600x56 cur=1582x56)
