--------- beginning of system
04-29 05:36:45.583 1449 1449 I vold : Vold 3.0 (the awakening) firing up
04-29 05:36:45.583 1449 1449 V vold : Detected support for: exfat ext4 f2fs iso9660 ntfs vfat
04-29 05:36:45.594 1449 1449 I vold : [libfs_mgr]fs_mgr_read_fstab_dt(): failed to read fstab from dt
04-29 05:36:45.597 1449 1451 V vold : /system/bin/sgdisk
04-29 05:36:45.597 1449 1451 V vold : --android-dump
04-29 05:36:45.597 1449 1451 V vold : /dev/block/vold/disk:8,16
04-29 05:36:45.604 1449 1453 D vold : e4crypt_init_user0
04-29 05:36:45.604 1449 1453 D vold : e4crypt_prepare_user_storage for volume null, user 0, serial 0, flags 1
04-29 05:36:45.604 1449 1453 D vold : Preparing: /data/system/users/0
04-29 05:36:45.640 1449 1453 D vold : Preparing: /data/misc/profiles/cur/0
04-29 05:36:45.641 1449 1453 D vold : Preparing: /data/system_de/0
04-29 05:36:45.642 1449 1453 D vold : Preparing: /data/misc_de/0
04-29 05:36:45.642 1449 1453 D vold : Preparing: /data/user_de/0
04-29 05:36:45.643 1449 1453 D vold : e4crypt_unlock_user_key 0 serial=0 token_present=0
04-29 05:36:46.042 1449 1451 V vold : DISK mbr
04-29 05:36:46.042 1449 1451 V vold :
04-29 05:36:46.042 1449 1451 V vold : PART 1 7
04-29 05:36:46.042 1449 1451 V vold :
04-29 05:36:46.042 1449 1451 V vold : PART 2 83
04-29 05:36:46.042 1449 1451 V vold :
04-29 05:36:46.088 1449 1451 D vold : Found a CDROM: /sys//devices/pci0000:00/0000:00:11.0/ata2/host1/target1:0:0/1:0:0:0/block/sr0
04-29 05:36:46.088 1449 1451 W vold : sgdisk failed to scan /dev/block/vold/disk:11,0
04-29 05:36:46.089 1449 1451 V vold : /system/bin/blkid
04-29 05:36:46.089 1449 1451 V vold : -c
04-29 05:36:46.089 1449 1451 V vold : /dev/null
04-29 05:36:46.089 1449 1451 V vold : -s
04-29 05:36:46.089 1449 1451 V vold : TYPE
04-29 05:36:46.089 1449 1451 V vold : -s
04-29 05:36:46.089 1449 1451 V vold : UUID
04-29 05:36:46.089 1449 1451 V vold : -s
04-29 05:36:46.089 1449 1451 V vold : LABEL
04-29 05:36:46.089 1449 1451 V vold : /dev/block/vold/disk:11,0
04-29 05:36:46.405 1482 1482 I installd: installd firing up
04-29 05:36:46.847 1449 1451 E vold : Failed to pclose /system/bin/blkid -c /dev/null -s TYPE -s UUID -s LABEL /dev/block/vold/disk:11,0 : No medium found
04-29 05:36:46.847 1449 1451 W vold : blkid failed to identify /dev/block/vold/disk:11,0
04-29 05:36:46.894 1489 1489 I wificond: wificond is starting up...
04-29 05:36:47.495 1470 1470 I android.hardware.wifi@1.0-service: Wifi Hal is booting up... --------- beginning of main
04-29 05:36:48.200 1463 1536 D Camera_Factory: CameraFactory::device_open: name = 0
04-29 05:36:48.200 1463 1536 D Camera_Factory: CameraFactory::cameraDeviceOpen: id = 0
04-29 05:36:48.200 1463 1536 D Camera_Factory: CameraFactory::getCameraNum: 1
04-29 05:36:48.200 1463 1536 D CameraHardware: CameraHardware::PowerOn: Power ON camera.
04-29 05:36:48.200 1463 1536 D CameraHardware: CameraHardware::PowerOn: no power_file set
04-29 05:36:48.200 1463 1536 D CameraHardware: CameraHardware::initDefaultParameters
04-29 05:36:48.200 1463 1536 D V4L2Camera: Open /dev/video0 OK
04-29 05:36:48.200 1463 1536 D V4L2Camera: V4L2Camera::EnumFrameFormats
04-29 05:36:48.200 1463 1536 D V4L2Camera: { pixelformat = 'YUYV', description = 'YUYV 4:2:2' }
04-29 05:36:48.200 1463 1536 D V4L2Camera: V4L2Camera::EnumFrameSizes: pixfmt: 0x56595559
04-29 05:36:48.200 1463 1536 D V4L2Camera: { discrete: width = 640, height = 480 }
04-29 05:36:48.200 1463 1536 D V4L2Camera: V4L2Camera::EnumFrameIntervals: pixfmt: 0x56595559, w:640, h:480
04-29 05:36:48.200 1463 1536 D V4L2Camera: Time interval between frame:
04-29 05:36:48.200 1463 1536 D V4L2Camera: 1/30
04-29 05:36:48.200 1463 1536 D V4L2Camera: 1/25
04-29 05:36:48.200 1463 1536 D V4L2Camera: 1/20
04-29 05:36:48.200 1463 1536 D V4L2Camera: { discrete: width = 160, height = 120 }
04-29 05:36:48.200 1463 1536 D V4L2Camera: V4L2Camera::EnumFrameIntervals: pixfmt: 0x56595559, w:160, h:120
04-29 05:36:48.200 1463 1536 D V4L2Camera: Time interval between frame:
04-29 05:36:48.200 1463 1536 D V4L2Camera: 1/30
04-29 05:36:48.200 1463 1536 D V4L2Camera: 1/25
04-29 05:36:48.200 1463 1536 D V4L2Camera: 1/20
04-29 05:36:48.200 1463 1536 D V4L2Camera: { discrete: width = 176, height = 144 }
04-29 05:36:48.200 1463 1536 D V4L2Camera: V4L2Camera::EnumFrameIntervals: pixfmt: 0x56595559, w:176, h:144
04-29 05:36:48.200 1463 1536 D V4L2Camera: Time interval between frame:
04-29 05:36:48.200 1463 1536 D V4L2Camera: 1/30
04-29 05:36:48.200 1463 1536 D V4L2Camera: 1/25
04-29 05:36:48.200 1463 1536 D V4L2Camera: 1/20
04-29 05:36:48.200 1463 1536 D V4L2Camera: { discrete: width = 320, height = 240 }
04-29 05:36:48.200 1463 1536 D V4L2Camera: V4L2Camera::EnumFrameIntervals: pixfmt: 0x56595559, w:320, h:240
04-29 05:36:48.200 1463 1536 D V4L2Camera: Time interval between frame:
04-29 05:36:48.200 1463 1536 D V4L2Camera: 1/30
04-29 05:36:48.200 1463 1536 D V4L2Camera: 1/25
04-29 05:36:48.200 1463 1536 D V4L2Camera: 1/20
04-29 05:36:48.200 1463 1536 D V4L2Camera: { discrete: width = 352, height = 288 }
04-29 05:36:48.200 1463 1536 D V4L2Camera: V4L2Camera::EnumFrameIntervals: pixfmt: 0x56595559, w:352, h:288
04-29 05:36:48.200 1463 1536 D V4L2Camera: Time interval between frame:
04-29 05:36:48.200 1463 1536 D V4L2Camera: 1/30
04-29 05:36:48.200 1463 1536 D V4L2Camera: 1/25
04-29 05:36:48.200 1463 1536 D V4L2Camera: 1/20
04-29 05:36:48.200 1463 1536 D V4L2Camera: V4L2Camera::getAvailableSizes
04-29 05:36:48.200 1463 1536 D V4L2Camera: V4L2Camera::getAvailableFps
04-29 05:36:48.201 1463 1536 I CameraHardware: Default preview size: (640 x 480), fps:30
04-29 05:36:48.201 1463 1536 I CameraHardware: All available formats: 160x120,176x144,240x160,320x200,320x240,352x288,432x320,480x320,640x480
04-29 05:36:48.201 1463 1536 I CameraHardware: All available fps: (20000,20000),(25000,25000),(30000,30000)
04-29 05:36:48.201 1463 1536 I CameraHardware: Default picture size: (640 x 480)
04-29 05:36:48.201 1463 1536 D CameraHardware: CameraHardware::setParameters: PREVIEW: Size 640x480, 30 fps, format: yuv422sp
04-29 05:36:48.201 1463 1536 D CameraHardware: CameraHardware::setParameters: PICTURE: Size 640x480, format: jpeg
04-29 05:36:48.201 1463 1536 D CameraHardware: CameraHardware::setParameters: VIDEO: Size 640x480, format: yuv420p
04-29 05:36:48.201 1463 1536 E CameraHardware: No memory allocator available
04-29 05:36:48.201 1463 1536 D CameraHardware: CameraHardware::setParameters: OK
04-29 05:36:48.201 1463 1536 D CameraHardware: CameraHardware::connectCamera: /dev/video0
04-29 05:36:48.201 1463 1536 D CameraHardware: CameraHardware::setCallbacks
04-29 05:36:48.201 1463 1463 D CameraHardware: CameraHardware::getParameters
04-29 05:36:48.201 1463 1463 D CameraHardware: CameraHardware::putParameters
04-29 05:36:48.201 1463 1463 I CamDev@1.0-impl: Closing camera 0
04-29 05:36:48.201 1463 1463 D CameraHardware: CameraHardware::closeCamera
04-29 05:36:48.201 1463 1463 D CameraHardware: CameraHardware::releaseCamera
04-29 05:36:48.201 1480 1480 I CameraProviderManager: Camera provider legacy/0 ready with 1 camera devices
04-29 05:36:48.201 1480 1529 W CameraProviderManager: addProviderLocked: Camera provider HAL with name 'legacy/0' already registered
04-29 05:36:48.214 1480 1480 I CameraHardwareInterface: Opening camera 0
04-29 05:36:48.214 1463 1463 I CamDev@1.0-impl: Opening camera 0
04-29 05:36:48.214 1463 1463 D Camera_Factory: CameraFactory::get_camera_info
04-29 05:36:48.214 1463 1463 D Camera_Factory: CameraFactory::getCameraInfo: id = 0, info = 0xffd1e298
04-29 05:36:48.214 1463 1463 D Camera_Factory: CameraFactory::getCameraNum: 1
04-29 05:36:48.214 1463 1463 D Camera_Factory: CameraFactory::device_open: name = 0
04-29 05:36:48.214 1463 1463 D Camera_Factory: CameraFactory::cameraDeviceOpen: id = 0
04-29 05:36:48.214 1463 1463 D Camera_Factory: CameraFactory::getCameraNum: 1
04-29 05:36:48.214 1463 1463 D CameraHardware: CameraHardware::connectCamera: /dev/video0
04-29 05:36:48.214 1463 1463 D CameraHardware: CameraHardware::setCallbacks
04-29 05:36:48.214 1463 1463 D CameraHardware: CameraHardware::getParameters
04-29 05:36:48.214 1463 1463 D CameraHardware: CameraHardware::putParameters
04-29 05:36:48.227 1463 1463 D CameraHardware: CameraHardware::setPreviewWindow: preview_stream_ops: 0xeb330484
04-29 05:36:48.228 1463 1463 D CameraHardware: Trivially accept it. No changes detected
04-29 05:36:48.228 1463 1463 D CameraHardware: CameraHardware::stopPreview
04-29 05:36:48.228 1463 1463 D CameraHardware: CameraHardware::stopPreviewLocked
04-29 05:36:48.228 1463 1463 D CameraHardware: CameraHardware::stopPreviewLocked: OK
04-29 05:36:48.228 1463 1463 D CameraHardware: CameraHardware::setPreviewWindow: preview_stream_ops: 0x0
04-29 05:36:48.228 1463 1463 I CamDev@1.0-impl: Closing camera 0
04-29 05:36:48.228 1463 1463 D CameraHardware: CameraHardware::closeCamera
04-29 05:36:48.228 1463 1463 D CameraHardware: CameraHardware::releaseCamera
04-29 05:36:48.228 1480 1480 I CameraService: onDeviceStatusChanged: Status changed for cameraId=0, newStatus=1
04-29 05:36:48.228 1480 1480 E CameraService: onDeviceStatusChanged: State transition to the same status 0x1 not allowed
04-29 05:36:48.228 1480 1529 I CameraService: onDeviceStatusChanged: Status changed for cameraId=0, newStatus=1
04-29 05:36:48.228 1480 1529 E CameraService: onDeviceStatusChanged: State transition to the same status 0x1 not allowed
04-29 05:36:48.282 1461 1461 I audiohalservice: Registration complete for android.hardware.audio.effect@2.0::IEffectsFactory/default.
04-29 05:36:48.283 1400 1400 W /system/bin/hwservicemanager: getTransport: Cannot find entry android.hardware.soundtrigger@2.0::ISoundTriggerHw/default in either framework or device manifest.
04-29 05:36:48.283 1461 1461 D vndksupport: Loading /vendor/lib/hw/android.hardware.soundtrigger@2.0-impl.so from current namespace instead of sphal namespace.
04-29 05:36:48.296 1487 1487 W BatteryNotifier: batterystats service unavailable!
04-29 05:36:48.320 1461 1461 E SoundTriggerHalImpl: couldn't load sound trigger module sound_trigger.primary (No such file or directory)
04-29 05:36:48.320 1461 1461 I audiohalservice: Registration complete for android.hardware.soundtrigger@2.0::ISoundTriggerHw/default.
04-29 05:36:48.321 1479 1479 I AudioFlinger: Using default 3000 mSec as standby time.
04-29 05:36:48.335 1479 1479 I audioserver: type=1400 audit(0.0:210): avc: denied { read } for name="vendor" dev="tmpfs" ino=600 scontext=u:r:audioserver:s0 tcontext=u:object_r:tmpfs:s0 tclass=lnk_file permissive=1
04-29 05:36:48.349 1479 1479 I APM::ConfigParsingUtils: loadAudioPolicyConfig() loaded /system/etc/audio_policy.conf
04-29 05:36:48.373 1486 1486 I mediametrics: ServiceManager: 0x7a1571e3e680
04-29 05:36:48.373 1486 1486 D MediaAnalyticsService: MediaAnalyticsService created
04-29 05:36:48.373 1486 1486 D MediaAnalyticsService: MediaAnalyticsService::newSummarizerSet
04-29 05:36:48.402 1461 1540 D audio_hw_primary: found audio out at /dev/snd/pcmC0D3p
04-29 05:36:48.402 1461 1540 D audio_hw_primary: card: 0/3 id: HDMI 0
04-29 05:36:48.402 1461 1540 D audio_hw_primary: name: HDMI 0
04-29 05:36:48.402 1461 1540 D audio_hw_primary: subname: subdevice #0
04-29 05:36:48.402 1461 1540 D audio_hw_primary: stream: 0
04-29 05:36:48.404 1461 1540 D audio_hw_primary: found audio out at /dev/snd/pcmC1D0p
04-29 05:36:48.404 1461 1540 D audio_hw_primary: card: 1/0 id: CX20751/2 Analog
04-29 05:36:48.404 1461 1540 D audio_hw_primary: name: CX20751/2 Analog
04-29 05:36:48.404 1461 1540 D audio_hw_primary: subname: subdevice #0
04-29 05:36:48.404 1461 1540 D audio_hw_primary: stream: 0
04-29 05:36:48.404 1461 1540 I audio_hw_primary: choose pcmC1D0p for 0
04-29 05:36:48.404 1461 1540 E audio_hw_primary: Failed to open /system/etc/mixer_paths.xml
04-29 05:36:48.404 1461 1540 W DeviceHAL: Device 0xe694b000 set_master_volume: Function not implemented
04-29 05:36:48.405 1479 1479 I AudioFlinger: loadHwModule() Loaded primary audio interface, handle 10
04-29 05:36:48.405 1479 1479 I AudioFlinger: openOutput() this 0xf5235000, module 10 Device 2, SamplingRate 48000, Format 0x000001, Channels 3, flags 2
04-29 05:36:48.405 1461 1540 I audio_hw_primary: choose pcmC1D0p for 0
04-29 05:36:48.412 1485 1485 V MediaUtils: physMem: 7250178048
04-29 05:36:48.412 1485 1485 V MediaUtils: requested limit: 1450035600
04-29 05:36:48.412 1485 1485 V MediaUtils: cfi shadow size: 2147483648
04-29 05:36:48.412 1485 1485 V MediaUtils: actual limit: 3597519248
04-29 05:36:48.412 1485 1485 V MediaUtils: original limits: -1/-1
04-29 05:36:48.412 1485 1485 V MediaUtils: new limits: 3597519248/-1
04-29 05:36:48.412 1485 1485 D vndksupport: Loading libutils.so from current namespace instead of sphal namespace.
04-29 05:36:48.419 1479 1479 I AudioFlinger: HAL output buffer size 512 frames, normal sink buffer size 1024 frames
04-29 05:36:48.420 1461 1461 E EffectsConfig: Failed to parse /vendor/etc/audio_effects.xml: Tinyxml2 error (3): /vendor/etc/audio_effects.xml (null)
04-29 05:36:48.420 1461 1461 E EffectsFactoryConfigLoader: Failed to parse XML configuration file
04-29 05:36:48.420 1461 1461 W EffectsFactory: Failed to load XML effect configuration, fallback to .conf
04-29 05:36:48.502 1488 1503 I ServiceManager: Waiting for service package_native...
04-29 05:36:48.503 1491 1491 I omx@1.0-service: type=1400 audit(0.0:211): avc: denied { execmod } for path="/system/vendor/lib/libavcodec.so" dev="loop0" ino=7494 scontext=u:r:mediacodec:s0 tcontext=u:object_r:vendor_file:s0 tclass=file permissive=1
04-29 05:36:48.588 1479 1479 I BufferProvider: found effect "Multichannel Downmix To Stereo" from The Android Open Source Project
04-29 05:36:48.589 1479 1550 I AudioFlinger: AudioFlinger's thread 0xf5003240 tid=1550 ready to run
04-29 05:36:48.614 1479 1479 I AudioFlinger: Using module 10 as the primary audio interface
04-29 05:36:48.614 1479 1550 W AudioFlinger: no wake lock to update, system not ready yet
04-29 05:36:48.614 1479 1479 W AudioFlinger: moveEffects() bad srcOutput 0
04-29 05:36:48.615 1479 1550 W AudioFlinger: no wake lock to update, system not ready yet
04-29 05:36:48.615 1461 1461 W DeviceHAL: Device 0xe694b000 set_voice_volume: Function not implemented
04-29 05:36:48.615 1461 1461 W DeviceHAL: Device 0xe694b000 open_input_stream: Invalid argument
04-29 05:36:48.616 1479 1551 I AudioFlinger: AudioFlinger's thread 0xf4d03700 tid=1551 ready to run
04-29 05:36:48.822 1491 1491 W MediaCodecsXmlParser: ignoring Limit specified outside of a Type
04-29 05:36:48.822 1491 1491 W MediaCodecsXmlParser: ignoring Limit specified outside of a Type
04-29 05:36:48.823 1491 1491 W MediaCodecsXmlParser: unable to open media codecs configuration xml file: /data/misc/media/media_codecs_profiling_results.xml
04-29 05:36:48.823 1491 1491 W MediaCodecsXmlParser: parseTopLevelXMLFile(/data/misc/media/media_codecs_profiling_results.xml) failed
04-29 05:36:48.823 1491 1491 I ServiceManagement: Removing namespace from process name android.hardware.media.omx@1.0-service to omx@1.0-service.
04-29 05:36:48.823 1491 1491 I /vendor/bin/hw/android.hardware.media.omx@1.0-service: Treble OMX service created.
04-29 05:36:48.836 1479 1479 I bt_a2dp_hw: adev_open: adev_open in A2dp_hw module
04-29 05:36:48.837 1479 1479 I AudioFlinger: loadHwModule() Loaded a2dp audio interface, handle 18
04-29 05:36:48.837 1461 1540 D vndksupport: Loading /vendor/lib/hw/audio.usb.default.so from current namespace instead of sphal namespace.
04-29 05:36:48.886 1479 1479 I AudioFlinger: loadHwModule() Loaded usb audio interface, handle 26
04-29 05:36:48.886 1479 1479 E EffectsConfig: Failed to parse /vendor/etc/audio_effects.xml: Tinyxml2 error (3): /vendor/etc/audio_effects.xml (null)
04-29 05:36:48.886 1479 1479 W AudioPolicyEffects: Failed to load XML effect configuration, fallback to .conf
04-29 05:36:48.887 1400 1400 W /system/bin/hwservicemanager: getTransport: Cannot find entry android.hardware.soundtrigger@2.0::ISoundTriggerHw/default in either framework or device manifest.
04-29 05:36:48.888 1479 1479 I SoundTriggerHalHidl: getProperties res implementor
04-29 05:36:48.888 1479 1479 I SoundTriggerHalHidl: getProperties ret -19
04-29 05:36:48.888 1479 1479 E SoundTriggerHwService: could not read implementation properties
04-29 05:36:48.961 1457 1457 D AndroidRuntime: >>>>>> START com.android.internal.os.ZygoteInit uid 0 <<<<<<
04-29 05:36:48.978 1458 1458 D AndroidRuntime: >>>>>> START com.android.internal.os.ZygoteInit uid 0 <<<<<<
04-29 05:36:48.993 1485 1485 W /system/bin/mediaextractor: No seccomp policy defined for this architecture.
04-29 05:36:49.175 1458 1458 I zygote : option[0]=-Xzygote
04-29 05:36:49.175 1458 1458 I zygote : option[1]=-Xusetombstonedtraces
04-29 05:36:49.175 1458 1458 I zygote : option[2]=exit
04-29 05:36:49.175 1458 1458 I zygote : option[3]=vfprintf
04-29 05:36:49.175 1458 1458 I zygote : option[4]=sensitiveThread
04-29 05:36:49.175 1458 1458 I zygote : option[5]=-verbose:gc
04-29 05:36:49.175 1458 1458 I zygote : option[6]=-Xms16m
04-29 05:36:49.175 1458 1458 I zygote : option[7]=-Xmx512m
04-29 05:36:49.175 1458 1458 I zygote : option[8]=-XX:HeapGrowthLimit=192m
04-29 05:36:49.175 1458 1458 I zygote : option[9]=-XX:HeapMinFree=512k
04-29 05:36:49.175 1458 1458 I zygote : option[10]=-XX:HeapMaxFree=8m
04-29 05:36:49.175 1458 1458 I zygote : option[11]=-XX:HeapTargetUtilization=0.75
04-29 05:36:49.175 1458 1458 I zygote : option[12]=-Xusejit:true
04-29 05:36:49.175 1458 1458 I zygote : option[13]=-Xjitsaveprofilinginfo
04-29 05:36:49.175 1458 1458 I zygote : option[14]=-agentlib:jdwp=transport=dt_android_adb,suspend=n,server=y
04-29 05:36:49.175 1458 1458 I zygote : option[15]=-Xlockprofthreshold:500
04-29 05:36:49.175 1458 1458 I zygote : option[16]=-Ximage-compiler-option
04-29 05:36:49.175 1458 1458 I zygote : option[17]=--runtime-arg
04-29 05:36:49.175 1458 1458 I zygote : option[18]=-Ximage-compiler-option
04-29 05:36:49.175 1458 1458 I zygote : option[19]=-Xms64m
04-29 05:36:49.175 1458 1458 I zygote : option[20]=-Ximage-compiler-option
04-29 05:36:49.175 1458 1458 I zygote : option[21]=--runtime-arg
04-29 05:36:49.175 1458 1458 I zygote : option[22]=-Ximage-compiler-option
04-29 05:36:49.175 1458 1458 I zygote : option[23]=-Xmx64m
04-29 05:36:49.175 1458 1458 I zygote : option[24]=-Ximage-compiler-option
04-29 05:36:49.175 1458 1458 I zygote : option[25]=--image-classes=/system/etc/preloaded-classes
04-29 05:36:49.175 1458 1458 I zygote : option[26]=-Ximage-compiler-option
04-29 05:36:49.175 1458 1458 I zygote : option[27]=--compiled-classes=/system/etc/compiled-classes
04-29 05:36:49.175 1458 1458 I zygote : option[28]=-Ximage-compiler-option
04-29 05:36:49.175 1458 1458 I zygote : option[29]=--dirty-image-objects=/system/etc/dirty-image-objects
04-29 05:36:49.175 1458 1458 I zygote : option[30]=-Xcompiler-option
04-29 05:36:49.175 1458 1458 I zygote : option[31]=--runtime-arg
04-29 05:36:49.175 1458 1458 I zygote : option[32]=-Xcompiler-option
04-29 05:36:49.175 1458 1458 I zygote : option[33]=-Xms64m
04-29 05:36:49.175 1458 1458 I zygote : option[34]=-Xcompiler-option
04-29 05:36:49.175 1458 1458 I zygote : option[35]=--runtime-arg
04-29 05:36:49.175 1458 1458 I zygote : option[36]=-Xcompiler-option
04-29 05:36:49.175 1458 1458 I zygote : option[37]=-Xmx512m
04-29 05:36:49.175 1458 1458 I zygote : option[38]=-Ximage-compiler-option
04-29 05:36:49.175 1458 1458 I zygote : option[39]=--instruction-set-variant=x86_64
04-29 05:36:49.175 1458 1458 I zygote : option[40]=-Xcompiler-option
04-29 05:36:49.175 1458 1458 I zygote : option[41]=--instruction-set-variant=x86_64
04-29 05:36:49.175 1458 1458 I zygote : option[42]=-Ximage-compiler-option
04-29 05:36:49.175 1458 1458 I zygote : option[43]=--instruction-set-features=default
04-29 05:36:49.175 1458 1458 I zygote : option[44]=-Xcompiler-option
04-29 05:36:49.175 1458 1458 I zygote : option[45]=--instruction-set-features=default
04-29 05:36:49.175 1458 1458 I zygote : option[46]=-Duser.locale=fr-FR
04-29 05:36:49.175 1458 1458 I zygote : option[47]=-XX:NativeBridge=libnb.so
04-29 05:36:49.175 1458 1458 I zygote : option[48]=--cpu-abilist=x86,armeabi-v7a,armeabi
04-29 05:36:49.175 1458 1458 I zygote : option[49]=-Xfingerprint:Android-x86/android_x86_64/x86_64:8.1.0/OPM8.190105.002/lh0124:userdebug/test-keys
04-29 05:36:49.175 1457 1457 I zygote64: option[0]=-Xzygote
04-29 05:36:49.175 1457 1457 I zygote64: option[1]=-Xusetombstonedtraces
04-29 05:36:49.175 1457 1457 I zygote64: option[2]=exit
04-29 05:36:49.175 1457 1457 I zygote64: option[3]=vfprintf
04-29 05:36:49.175 1457 1457 I zygote64: option[4]=sensitiveThread
04-29 05:36:49.175 1457 1457 I zygote64: option[5]=-verbose:gc
04-29 05:36:49.175 1457 1457 I zygote64: option[6]=-Xms16m
04-29 05:36:49.175 1457 1457 I zygote64: option[7]=-Xmx512m
04-29 05:36:49.175 1457 1457 I zygote64: option[8]=-XX:HeapGrowthLimit=192m
04-29 05:36:49.175 1457 1457 I zygote64: option[9]=-XX:HeapMinFree=512k
04-29 05:36:49.175 1457 1457 I zygote64: option[10]=-XX:HeapMaxFree=8m
04-29 05:36:49.175 1457 1457 I zygote64: option[11]=-XX:HeapTargetUtilization=0.75
04-29 05:36:49.175 1457 1457 I zygote64: option[12]=-Xusejit:true
04-29 05:36:49.175 1457 1457 I zygote64: option[13]=-Xjitsaveprofilinginfo
04-29 05:36:49.175 1457 1457 I zygote64: option[14]=-agentlib:jdwp=transport=dt_android_adb,suspend=n,server=y
04-29 05:36:49.175 1457 1457 I zygote64: option[15]=-Xlockprofthreshold:500
04-29 05:36:49.175 1457 1457 I zygote64: option[16]=-Ximage-compiler-option
04-29 05:36:49.175 1457 1457 I zygote64: option[17]=--runtime-arg
04-29 05:36:49.175 1457 1457 I zygote64: option[18]=-Ximage-compiler-option
04-29 05:36:49.175 1457 1457 I zygote64: option[19]=-Xms64m
04-29 05:36:49.175 1457 1457 I zygote64: option[20]=-Ximage-compiler-option
04-29 05:36:49.175 1457 1457 I zygote64: option[21]=--runtime-arg
04-29 05:36:49.175 1457 1457 I zygote64: option[22]=-Ximage-compiler-option
04-29 05:36:49.175 1457 1457 I zygote64: option[23]=-Xmx64m
04-29 05:36:49.175 1457 1457 I zygote64: option[24]=-Ximage-compiler-option
04-29 05:36:49.175 1457 1457 I zygote64: option[25]=--image-classes=/system/etc/preloaded-classes
04-29 05:36:49.175 1457 1457 I zygote64: option[26]=-Ximage-compiler-option
04-29 05:36:49.175 1457 1457 I zygote64: option[27]=--compiled-classes=/system/etc/compiled-classes
04-29 05:36:49.175 1457 1457 I zygote64: option[28]=-Ximage-compiler-option
04-29 05:36:49.175 1457 1457 I zygote64: option[29]=--dirty-image-objects=/system/etc/dirty-image-objects
04-29 05:36:49.175 1457 1457 I zygote64: option[30]=-Xcompiler-option
04-29 05:36:49.175 1457 1457 I zygote64: option[31]=--runtime-arg
04-29 05:36:49.175 1457 1457 I zygote64: option[32]=-Xcompiler-option
04-29 05:36:49.175 1457 1457 I zygote64: option[33]=-Xms64m
04-29 05:36:49.175 1457 1457 I zygote64: option[34]=-Xcompiler-option
04-29 05:36:49.175 1457 1457 I zygote64: option[35]=--runtime-arg
04-29 05:36:49.175 1457 1457 I zygote64: option[36]=-Xcompiler-option
04-29 05:36:49.175 1457 1457 I zygote64: option[37]=-Xmx512m
04-29 05:36:49.175 1457 1457 I zygote64: option[38]=-Ximage-compiler-option
04-29 05:36:49.175 1457 1457 I zygote64: option[39]=--instruction-set-variant=x86_64
04-29 05:36:49.175 1457 1457 I zygote64: option[40]=-Xcompiler-option
04-29 05:36:49.175 1457 1457 I zygote64: option[41]=--instruction-set-variant=x86_64
04-29 05:36:49.175 1457 1457 I zygote64: option[42]=-Ximage-compiler-option
04-29 05:36:49.175 1457 1457 I zygote64: option[43]=--instruction-set-features=default
04-29 05:36:49.175 1457 1457 I zygote64: option[44]=-Xcompiler-option
04-29 05:36:49.175 1457 1457 I zygote64: option[45]=--instruction-set-features=default
04-29 05:36:49.175 1457 1457 I zygote64: option[46]=-Duser.locale=fr-FR
04-29 05:36:49.175 1457 1457 I zygote64: option[47]=-XX:NativeBridge=libnb.so
04-29 05:36:49.175 1457 1457 I zygote64: option[48]=--cpu-abilist=x86_64
04-29 05:36:49.175 1457 1457 I zygote64: option[49]=-Xfingerprint:Android-x86/android_x86_64/x86_64:8.1.0/OPM8.190105.002/lh0124:userdebug/test-keys
04-29 05:36:49.502 1488 1503 I ServiceManager: Waiting for service package_native...
04-29 05:36:50.503 1488 1503 I ServiceManager: Waiting for service package_native...
04-29 05:36:50.559 1473 1473 I surfaceflinger: type=1400 audit(0.0:212): avc: denied { getattr } for path="/dev/dri/card1" dev="tmpfs" ino=6911 scontext=u:r:surfaceflinger:s0 tcontext=u:object_r:device:s0 tclass=chr_file permissive=1
04-29 05:36:50.559 1473 1473 I surfaceflinger: type=1400 audit(0.0:213): avc: denied { read } for name="dri" dev="tmpfs" ino=6071 scontext=u:r:surfaceflinger:s0 tcontext=u:object_r:device:s0 tclass=dir permissive=1
04-29 05:36:50.559 1473 1473 I surfaceflinger: type=1400 audit(0.0:214): avc: denied { open } for path="/dev/dri" dev="tmpfs" ino=6071 scontext=u:r:surfaceflinger:s0 tcontext=u:object_r:device:s0 tclass=dir permissive=1
04-29 05:36:50.593 1473 1473 I surfaceflinger: type=1400 audit(0.0:215): avc: denied { ioctl } for path="/dev/dri/card1" dev="tmpfs" ino=6911 ioctlcmd=0x6400 scontext=u:r:surfaceflinger:s0 tcontext=u:object_r:device:s0 tclass=chr_file permissive=1
04-29 05:36:50.620 1473 1473 D libdrm : /vendor/etc/hwdata/amdgpu.ids version: 1.0.0
04-29 05:36:50.697 1458 1458 E libnb : Unable to open /system/lib/libhoudini.so
04-29 05:36:50.708 1457 1457 E libnb : Unable to open /system/lib64/libhoudini.so
04-29 05:36:50.809 1473 1473 I surfaceflinger: type=1400 audit(0.0:216): avc: denied { read write } for path="/dev/dri/card1" dev="tmpfs" ino=6911 scontext=u:r:surfaceflinger:s0 tcontext=u:object_r:device:s0 tclass=chr_file permissive=1
04-29 05:36:50.833 1473 1473 I surfaceflinger: type=1400 audit(0.0:217): avc: denied { dac_override } for capability=1 scontext=u:r:surfaceflinger:s0 tcontext=u:r:surfaceflinger:s0 tclass=capability permissive=1
04-29 05:36:50.834 1473 1473 I GRALLOC-DRM: create pipe for driver amdgpu
04-29 05:36:50.834 1400 1400 E SELinux : avc: denied { add } for interface=android.hardware.graphics.allocator::IAllocator pid=1473 scontext=u:r:surfaceflinger:s0 tcontext=u:object_r:hal_graphics_allocator_hwservice:s0 tclass=hwservice_manager permissive=1
04-29 05:36:50.835 1473 1473 I SurfaceFlinger: Registration complete for android.hardware.graphics.allocator@2.0::IAllocator/default.
04-29 05:36:50.836 1473 1473 I SurfaceFlinger: SurfaceFlinger is starting
04-29 05:36:50.836 1473 1473 I /system/bin/surfaceflinger: android::hardware::configstore::V1_0::ISurfaceFlingerConfigs::vsyncEventPhaseOffsetNs retrieved: 1000000 (default)
04-29 05:36:50.836 1473 1473 I /system/bin/surfaceflinger: android::hardware::configstore::V1_0::ISurfaceFlingerConfigs::vsyncSfEventPhaseOffsetNs retrieved: 1000000 (default)
04-29 05:36:50.836 1473 1473 I /system/bin/surfaceflinger: android::hardware::configstore::V1_0::ISurfaceFlingerConfigs::maxVirtualDisplaySize retrieved: 0 (default)
04-29 05:36:50.837 1473 1473 I /system/bin/surfaceflinger: android::hardware::configstore::V1_0::ISurfaceFlingerConfigs::hasSyncFramework retrieved: 1
04-29 05:36:50.837 1473 1473 I /system/bin/surfaceflinger: android::hardware::configstore::V1_0::ISurfaceFlingerConfigs::useContextPriority retrieved: 0 (default)
04-29 05:36:50.837 1473 1473 I /system/bin/surfaceflinger: android::hardware::configstore::V1_0::ISurfaceFlingerConfigs::presentTimeOffsetFromVSyncNs retrieved: 0
04-29 05:36:50.837 1473 1473 I /system/bin/surfaceflinger: android::hardware::configstore::V1_0::ISurfaceFlingerConfigs::useHwcForRGBtoYUV retrieved: 0
04-29 05:36:50.837 1473 1473 I /system/bin/surfaceflinger: android::hardware::configstore::V1_0::ISurfaceFlingerConfigs::maxFrameBufferAcquiredBuffers retrieved: 3
04-29 05:36:50.837 1473 1473 I SurfaceFlinger: Enabling HWC virtual displays
04-29 05:36:50.837 1473 1473 I SurfaceFlinger: Disabling Triple Buffering
04-29 05:36:50.837 1473 1473 W SchedPolicy: add_tid_to_cgroup failed to write '1473' (No space left on device); fd=11
04-29 05:36:50.837 1473 1473 I SurfaceFlinger: SurfaceFlinger's main thread ready to run. Initializing graphics H/W...
04-29 05:36:50.855 1473 1473 D vndksupport: Loading /vendor/lib64/egl/libGLES_mesa.so from current namespace instead of sphal namespace.
04-29 05:36:50.867 1473 1473 D libEGL : loaded /vendor/lib64/egl/libGLES_mesa.so
04-29 05:36:50.915 1473 1473 D vndksupport: Loading /vendor/lib64/hw/gralloc.drm.so from current namespace instead of sphal namespace.
04-29 05:36:50.916 1473 1473 I EGL-MAIN: found extension DRI_Core version 2
04-29 05:36:50.916 1473 1473 I EGL-MAIN: found extension DRI_DRI2 version 4
04-29 05:36:50.977 1458 1458 I main : type=1400 audit(0.0:218): avc: denied { read } for name="etc" dev="tmpfs" ino=563 scontext=u:r:zygote:s0 tcontext=u:object_r:tmpfs:s0 tclass=lnk_file permissive=1
04-29 05:36:51.002 1473 1473 I EGL-MAIN: found extension DRI_TexBuffer version 2
04-29 05:36:51.002 1473 1473 I EGL-MAIN: found extension DRI2_Flush version 4
04-29 05:36:51.002 1473 1473 I EGL-MAIN: found extension DRI_IMAGE version 17
04-29 05:36:51.002 1473 1473 I EGL-MAIN: found extension DRI_IMAGE version 17
04-29 05:36:51.002 1473 1473 I EGL-MAIN: found extension DRI_RENDERER_QUERY version 1
04-29 05:36:51.002 1473 1473 I EGL-MAIN: found extension DRI_CONFIG_QUERY version 1
04-29 05:36:51.002 1473 1473 I EGL-MAIN: found extension DRI2_Fence version 2
04-29 05:36:51.002 1473 1473 I EGL-MAIN: found extension DRI2_Interop version 1
04-29 05:36:51.002 1473 1473 I EGL-MAIN: found extension DRI_Robustness version 1
04-29 05:36:51.002 1473 1473 I EGL-MAIN: found extension DRI_NoError version 1
04-29 05:36:51.006 1473 1473 I /system/bin/surfaceflinger: android::hardware::configstore::V1_0::ISurfaceFlingerConfigs::hasWideColorDisplay retrieved: 0
04-29 05:36:51.007 1473 1473 D vndksupport: Loading /vendor/lib64/hw/gralloc.drm.so from current namespace instead of sphal namespace.
04-29 05:36:51.007 1473 1473 D GRALLOC-KMS: supported drm planes and formats
04-29 05:36:51.033 1473 1473 I GRALLOC-KMS: Try to find the first connected connector
04-29 05:36:51.037 1473 1473 I GRALLOC-KMS: there are 11 modes on connector 0x26, type 14
04-29 05:36:51.037 1473 1473 I GRALLOC-KMS: 1600x900
04-29 05:36:51.037 1473 1473 I GRALLOC-KMS: 1440x900
04-29 05:36:51.037 1473 1473 I GRALLOC-KMS: 1280x854
04-29 05:36:51.037 1473 1473 I GRALLOC-KMS: 1280x800
04-29 05:36:51.037 1473 1473 I GRALLOC-KMS: 1280x720
04-29 05:36:51.037 1473 1473 I GRALLOC-KMS: 1152x768
04-29 05:36:51.037 1473 1473 I GRALLOC-KMS: 1024x768
04-29 05:36:51.037 1473 1473 I GRALLOC-KMS: 800x600
04-29 05:36:51.037 1473 1473 I GRALLOC-KMS: 848x480
04-29 05:36:51.037 1473 1473 I GRALLOC-KMS: 720x480
04-29 05:36:51.037 1473 1473 I GRALLOC-KMS: 640x480
04-29 05:36:51.037 1473 1473 I GRALLOC-KMS: Established mode:
04-29 05:36:51.037 1473 1473 I GRALLOC-KMS: clock: 107800, hdisplay: 1600, hsync_start: 1648, hsync_end: 1680, htotal: 1940, hskew: 0
04-29 05:36:51.037 1473 1473 I GRALLOC-KMS: vdisplay: 900, vsync_start: 903, vsync_end: 908, vtotal: 926, vscan: 0, vrefresh: 60
04-29 05:36:51.037 1473 1473 I GRALLOC-KMS: flags: 10, type: 72, name 1600x900
04-29 05:36:51.037 1473 1473 I GRALLOC-KMS: the best mode is 1600x900
04-29 05:36:51.048 1473 1473 I surfaceflinger: type=1400 audit(0.0:219): avc: denied { net_admin } for capability=12 scontext=u:r:surfaceflinger:s0 tcontext=u:r:surfaceflinger:s0 tclass=capability permissive=1
04-29 05:36:51.049 1473 1473 I GRALLOC-KMS: there are 5 modes on connector 0x2a, type 10
04-29 05:36:51.049 1473 1473 I GRALLOC-KMS: 1024x768
04-29 05:36:51.049 1473 1473 I GRALLOC-KMS: 800x600
04-29 05:36:51.049 1473 1473 I GRALLOC-KMS: 800x600
04-29 05:36:51.049 1473 1473 I GRALLOC-KMS: 848x480
04-29 05:36:51.049 1473 1473 I GRALLOC-KMS: 640x480
04-29 05:36:51.049 1473 1473 I GRALLOC-KMS: will find the best fit for 1600x900
04-29 05:36:51.049 1473 1473 I GRALLOC-KMS: Established mode:
04-29 05:36:51.049 1473 1473 I GRALLOC-KMS: clock: 65000, hdisplay: 1024, hsync_start: 1048, hsync_end: 1184, htotal: 1344, hskew: 0
04-29 05:36:51.049 1473 1473 I GRALLOC-KMS: vdisplay: 768, vsync_start: 771, vsync_end: 777, vtotal: 806, vscan: 0, vrefresh: 60
04-29 05:36:51.049 1473 1473 I GRALLOC-KMS: flags: 10, type: 64, name 1024x768
04-29 05:36:51.049 1473 1473 I GRALLOC-KMS: the best mode is 1024x768
04-29 05:36:51.049 1473 1473 D GRALLOC-KMS: init_external_output, allocate private buffer for hdmi [1024x768]
04-29 05:36:51.050 1473 1473 E GRALLOC-KMS: init_external_output: could not create drm fb, (Invalid argument)
04-29 05:36:51.050 1473 1473 D GRALLOC-KMS: will use flip for fb posting
04-29 05:36:51.050 1473 1473 I GRALLOC-MOD: mode.hdisplay 1600
04-29 05:36:51.050 1473 1473 I GRALLOC-MOD: mode.vdisplay 900
04-29 05:36:51.050 1473 1473 I GRALLOC-MOD: mode.vrefresh 60.000000
04-29 05:36:51.050 1473 1473 I GRALLOC-MOD: format 0x5
04-29 05:36:51.050 1473 1473 I GRALLOC-MOD: xdpi 106.000000
04-29 05:36:51.050 1473 1473 I GRALLOC-MOD: ydpi 108.000000
04-29 05:36:51.050 1473 1473 E SurfaceFlinger: hwcomposer module not found
04-29 05:36:51.133 1473 1473 I SurfaceFlinger: Trying a simpler query for non-RGBA_8888
04-29 05:36:51.133 1473 1473 I SurfaceFlinger: EGL information: format=0x5
04-29 05:36:51.133 1473 1473 I SurfaceFlinger: vendor : Android
04-29 05:36:51.133 1473 1473 I SurfaceFlinger: version : 1.4 Android META-EGL
04-29 05:36:51.133 1473 1473 I SurfaceFlinger: extensions: EGL_KHR_get_all_proc_addresses EGL_ANDROID_presentation_time EGL_KHR_swap_buffers_with_damage EGL_ANDROID_get_native_client_buffer EGL_ANDROID_front_buffer_auto_refresh EGL_ANDROID_get_frame_timestamps EGL_KHR_image EGL_KHR_image_base EGL_KHR_gl_colorspace EGL_KHR_gl_texture_2D_image EGL_KHR_gl_texture_3D_image EGL_KHR_gl_texture_cubemap_image EGL_KHR_gl_renderbuffer_image EGL_KHR_reusable_sync EGL_KHR_fence_sync EGL_KHR_create_context EGL_KHR_config_attribs EGL_KHR_surfaceless_context EGL_EXT_create_context_robustness EGL_ANDROID_image_native_buffer EGL_KHR_wait_sync EGL_ANDROID_recordable EGL_KHR_partial_update EGL_EXT_pixel_format_float EGL_EXT_buffer_age EGL_KHR_create_context_no_error EGL_KHR_no_config_context
04-29 05:36:51.133 1473 1473 I SurfaceFlinger: Client API: OpenGL_ES
04-29 05:36:51.133 1473 1473 I SurfaceFlinger: EGLSurface: 8-8-8-8, config=0x710b254a0640
04-29 05:36:51.235 1473 1473 I surfaceflinger: type=1400 audit(0.0:220): avc: denied { read write } for name="tty0" dev="tmpfs" ino=6121 scontext=u:r:surfaceflinger:s0 tcontext=u:object_r:tty_device:s0 tclass=chr_file permissive=1
04-29 05:36:51.235 1473 1473 I surfaceflinger: type=1400 audit(0.0:221): avc: denied { open } for path="/dev/tty0" dev="tmpfs" ino=6121 scontext=u:r:surfaceflinger:s0 tcontext=u:object_r:tty_device:s0 tclass=chr_file permissive=1
04-29 05:36:51.235 1473 1473 I surfaceflinger: type=1400 audit(0.0:222): avc: denied { ioctl } for path="/dev/tty0" dev="tmpfs" ino=6121 ioctlcmd=0x4b3a scontext=u:r:surfaceflinger:s0 tcontext=u:object_r:tty_device:s0 tclass=chr_file permissive=1
04-29 05:36:51.235 1473 1473 I surfaceflinger: type=1400 audit(0.0:223): avc: denied { sys_tty_config } for capability=26 scontext=u:r:surfaceflinger:s0 tcontext=u:r:surfaceflinger:s0 tclass=capability permissive=1
04-29 05:36:51.236 1473 1473 I SurfaceFlinger: OpenGL ES informations: format=0x5
04-29 05:36:51.236 1473 1473 I SurfaceFlinger: vendor : X.Org
04-29 05:36:51.236 1473 1473 I SurfaceFlinger: renderer : AMD STONEY (DRM 3.8.0, 4.9.152-android-x86_64-640709-g76da97e, LLVM 7.0.0)
04-29 05:36:51.236 1473 1473 I SurfaceFlinger: version : OpenGL ES 3.2 Mesa 18.3.2 (git-bb6b15cc97)
04-29 05:36:51.236 1473 1473 I SurfaceFlinger: extensions: GL_EXT_debug_marker GL_EXT_blend_minmax GL_EXT_multi_draw_arrays GL_EXT_texture_filter_anisotropic GL_EXT_texture_compression_s3tc GL_EXT_occlusion_query_boolean GL_EXT_texture_compression_dxt1 GL_EXT_texture_format_BGRA8888 GL_OES_compressed_ETC1_RGB8_texture GL_OES_depth24 GL_OES_element_index_uint GL_OES_fbo_render_mipmap GL_OES_mapbuffer GL_OES_rgb8_rgba8 GL_OES_standard_derivatives GL_OES_stencil8 GL_OES_texture_3D GL_OES_texture_float GL_OES_texture_float_linear GL_OES_texture_half_float GL_OES_texture_half_float_linear GL_OES_texture_npot GL_OES_vertex_half_float GL_EXT_texture_sRGB_decode GL_OES_EGL_image GL_OES_depth_texture GL_AMD_performance_monitor GL_OES_packed_depth_stencil GL_EXT_texture_type_2_10_10_10_REV GL_OES_get_program_binary GL_APPLE_texture_max_level GL_EXT_discard_framebuffer GL_EXT_read_format_bgra GL_EXT_frag_depth GL_NV_fbo_color_attachments GL_OES_EGL_image_external GL_OES_EGL_sync GL_OES_vertex_array_object GL_OES_viewport_array GL_ANGLE_texture_compression_dxt3 GL_A
04-29 05:36:51.236 1473 1473 I SurfaceFlinger: GL_MAX_TEXTURE_SIZE = 16384
04-29 05:36:51.236 1473 1473 I SurfaceFlinger: GL_MAX_VIEWPORT_DIMS = 16384
04-29 05:36:51.236 1473 1473 I SurfaceFlinger: Trying a simpler query for non-RGBA_8888
04-29 05:36:51.237 1473 1473 D DisplayDevice: Open /dev/tty0 OK
04-29 05:36:51.243 1473 1473 D vndksupport: Loading /vendor/lib64/hw/android.hardware.graphics.mapper@2.0-impl.so from current namespace instead of sphal namespace.
04-29 05:36:51.255 1473 1473 D vndksupport: Loading /vendor/lib64/hw/gralloc.drm.so from current namespace instead of sphal namespace.
04-29 05:36:51.256 1473 1473 D vndksupport: Loading /vendor/lib64/hw/android.hardware.graphics.allocator@2.0-impl.so from current namespace instead of sphal namespace.
04-29 05:36:51.256 1473 1473 D vndksupport: Loading /vendor/lib64/hw/gralloc.drm.so from current namespace instead of sphal namespace.
04-29 05:36:51.320 1 1 I init : type=1400 audit(0.0:224): avc: denied { create } for name="cgroup.procs" scontext=u:r:init:s0 tcontext=u:object_r:cgroup:s0 tclass=file permissive=1
04-29 05:36:51.320 1473 1473 D SurfaceFlinger: shader cache generated - 24 shaders in 62.712807 ms
04-29 05:36:51.325 1473 1473 D SurfaceFlinger: Set power mode=2, type=0 flinger=0x710b29700800
04-29 05:36:51.330 1573 1573 I bootanimation: type=1400 audit(0.0:225): avc: denied { getattr } for path="/vendor" dev="tmpfs" ino=600 scontext=u:r:bootanim:s0 tcontext=u:object_r:tmpfs:s0 tclass=lnk_file permissive=1
04-29 05:36:51.330 1573 1573 I bootanimation: type=1400 audit(0.0:226): avc: denied { read } for name="vendor" dev="tmpfs" ino=600 scontext=u:r:bootanim:s0 tcontext=u:object_r:tmpfs:s0 tclass=lnk_file permissive=1
04-29 05:36:51.503 1488 1503 E /system/bin/storaged: getService package_native failed
04-29 05:36:51.504 1488 1503 I /system/bin/storaged: storaged: Start
04-29 05:36:51.587 1473 1559 I SurfaceFlinger: auto set density to 160
04-29 05:36:51.588 1573 1580 D vndksupport: Loading /vendor/lib64/egl/libGLES_mesa.so from current namespace instead of sphal namespace.
04-29 05:36:51.590 1573 1580 D libEGL : loaded /vendor/lib64/egl/libGLES_mesa.so
04-29 05:36:51.628 1573 1573 I BootAnimation: type=1400 audit(0.0:227): avc: denied { read write } for name="card1" dev="tmpfs" ino=6911 scontext=u:r:bootanim:s0 tcontext=u:object_r:device:s0 tclass=chr_file permissive=1
04-29 05:36:51.628 1573 1573 I BootAnimation: type=1400 audit(0.0:228): avc: denied { open } for path="/dev/dri/card1" dev="tmpfs" ino=6911 scontext=u:r:bootanim:s0 tcontext=u:object_r:device:s0 tclass=chr_file permissive=1
04-29 05:36:51.628 1573 1573 I BootAnimation: type=1400 audit(0.0:229): avc: denied { ioctl } for path="/dev/dri/card1" dev="tmpfs" ino=6911 ioctlcmd=0x6400 scontext=u:r:bootanim:s0 tcontext=u:object_r:device:s0 tclass=chr_file permissive=1
04-29 05:36:51.629 1573 1580 D vndksupport: Loading /vendor/lib64/hw/gralloc.drm.so from current namespace instead of sphal namespace.
04-29 05:36:51.668 1573 1573 I BootAnimation: type=1400 audit(0.0:230): avc: denied { getattr } for path="/dev/dri/card1" dev="tmpfs" ino=6911 scontext=u:r:bootanim:s0 tcontext=u:object_r:device:s0 tclass=chr_file permissive=1
04-29 05:36:51.668 1573 1573 I BootAnimation: type=1400 audit(0.0:231): avc: denied { read } for name="dri" dev="tmpfs" ino=6071 scontext=u:r:bootanim:s0 tcontext=u:object_r:device:s0 tclass=dir permissive=1
04-29 05:36:51.668 1573 1573 I BootAnimation: type=1400 audit(0.0:232): avc: denied { open } for path="/dev/dri" dev="tmpfs" ino=6071 scontext=u:r:bootanim:s0 tcontext=u:object_r:device:s0 tclass=dir permissive=1
04-29 05:36:51.672 1573 1580 D libdrm : /vendor/etc/hwdata/amdgpu.ids version: 1.0.0
04-29 05:36:51.686 1573 1580 I GRALLOC-DRM: create pipe for driver amdgpu
04-29 05:36:51.688 1573 1580 I EGL-MAIN: found extension DRI_Core version 2
04-29 05:36:51.688 1573 1580 I EGL-MAIN: found extension DRI_DRI2 version 4
04-29 05:36:51.692 1573 1580 I EGL-MAIN: found extension DRI_TexBuffer version 2
04-29 05:36:51.692 1573 1580 I EGL-MAIN: found extension DRI2_Flush version 4
04-29 05:36:51.692 1573 1580 I EGL-MAIN: found extension DRI_IMAGE version 17
04-29 05:36:51.692 1573 1580 I EGL-MAIN: found extension DRI_IMAGE version 17
04-29 05:36:51.692 1573 1580 I EGL-MAIN: found extension DRI_RENDERER_QUERY version 1
04-29 05:36:51.692 1573 1580 I EGL-MAIN: found extension DRI_CONFIG_QUERY version 1
04-29 05:36:51.692 1573 1580 I EGL-MAIN: found extension DRI2_Fence version 2
04-29 05:36:51.692 1573 1580 I EGL-MAIN: found extension DRI2_Interop version 1
04-29 05:36:51.692 1573 1580 I EGL-MAIN: found extension DRI_Robustness version 1
04-29 05:36:51.692 1573 1580 I EGL-MAIN: found extension DRI_NoError version 1
04-29 05:36:51.695 1573 1580 I /system/bin/bootanimation: android::hardware::configstore::V1_0::ISurfaceFlingerConfigs::hasWideColorDisplay retrieved: 0
04-29 05:36:51.702 1573 1580 D vndksupport: Loading /vendor/lib64/hw/android.hardware.graphics.mapper@2.0-impl.so from current namespace instead of sphal namespace.
04-29 05:36:51.702 1573 1580 D vndksupport: Loading /vendor/lib64/hw/gralloc.drm.so from current namespace instead of sphal namespace.
04-29 05:36:51.705 1573 1580 D BootAnimation: BootAnimationShownTiming start time: 21948ms
04-29 05:36:52.406 1457 1457 D Zygote : begin preload
04-29 05:36:52.406 1457 1457 I Zygote : Installing ICU cache reference pinning...
04-29 05:36:52.406 1457 1457 I Zygote : Preloading ICU data...
04-29 05:36:52.407 1458 1458 I zygote : Explicit concurrent copying GC freed 180(9KB) AllocSpace objects, 0(0B) LOS objects, 98% free, 22KB/1558KB, paused 39us total 35.815ms
04-29 05:36:52.411 1458 1458 I main : type=1400 audit(0.0:233): avc: denied { mounton } for path="/" dev="tmpfs" ino=504 scontext=u:r:zygote:s0 tcontext=u:object_r:tmpfs:s0 tclass=dir permissive=1
04-29 05:36:52.412 1458 1458 I zygote : Explicit concurrent copying GC freed 5(32KB) AllocSpace objects, 0(0B) LOS objects, 98% free, 22KB/1558KB, paused 28us total 4.962ms
04-29 05:36:52.412 1458 1458 D Zygote32Timing: PostZygoteInitGC took to complete: 41ms
04-29 05:36:52.412 1458 1458 D Zygote32Timing: ZygoteInit took to complete: 52ms
04-29 05:36:52.417 1458 1458 I : seccomp disabled by setenforce 0
04-29 05:36:52.417 1458 1458 I Zygote : Accepting command socket connections
04-29 05:36:52.572 1457 1457 D Zygote64Timing: BeginIcuCachePinning took to complete: 166ms
04-29 05:36:52.572 1457 1457 I Zygote : Preloading classes...
04-29 05:36:53.110 1457 1457 E ActivityRecognitionHardware: activity_recognition HAL is deprecated. class_init is effectively a no-op
04-29 05:36:53.169 1457 1457 W Zygote : Class not found for preloading: android.icu.impl.number.Parse
04-29 05:36:53.207 1457 1457 I zygote64: Thread[1,tid=1457,Native,Thread*=0x74b0e6cbea00,peer=0x12c01d10,"main"] recursive attempt to load library "/system/lib64/libmedia_jni.so"
04-29 05:36:53.207 1457 1457 D MtpDeviceJNI: register_android_mtp_MtpDevice
04-29 05:36:53.207 1457 1457 I zygote64: Thread[1,tid=1457,Native,Thread*=0x74b0e6cbea00,peer=0x12c01d10,"main"] recursive attempt to load library "/system/lib64/libmedia_jni.so"
04-29 05:36:53.207 1457 1457 I zygote64: Thread[1,tid=1457,Native,Thread*=0x74b0e6cbea00,peer=0x12c01d10,"main"] recursive attempt to load library "/system/lib64/libmedia_jni.so"
04-29 05:36:53.377 1457 1457 I Zygote : ...preloaded 4715 classes in 805ms.
04-29 05:36:53.377 1457 1457 I zygote64: VMRuntime.preloadDexCaches starting
04-29 05:36:53.425 1457 1457 I zygote64: VMRuntime.preloadDexCaches strings total=313177 before=10352 after=10352
04-29 05:36:53.425 1457 1457 I zygote64: VMRuntime.preloadDexCaches types total=26677 before=5508 after=5510
04-29 05:36:53.425 1457 1457 I zygote64: VMRuntime.preloadDexCaches fields total=126901 before=5508 after=5538
04-29 05:36:53.425 1457 1457 I zygote64: VMRuntime.preloadDexCaches methods total=225445 before=9943 after=9943
04-29 05:36:53.425 1457 1457 I zygote64: VMRuntime.preloadDexCaches finished
04-29 05:36:53.425 1457 1457 D Zygote64Timing: PreloadClasses took to complete: 854ms
04-29 05:36:53.428 1591 1591 I idmap : type=1400 audit(0.0:234): avc: denied { getattr } for path="/vendor" dev="tmpfs" ino=600 scontext=u:r:zygote:s0 tcontext=u:object_r:tmpfs:s0 tclass=lnk_file permissive=1
04-29 05:36:53.601 1457 1457 I Zygote : Preloading resources...
04-29 05:36:53.658 1457 1457 W Resources: Preloaded drawable resource #0x1080264 (android:drawable/dialog_background_material) that varies with configuration!!
04-29 05:36:53.667 1457 1457 I Zygote : ...preloaded 64 resources in 67ms.
04-29 05:36:53.669 1457 1457 W Resources: Preloaded color resource #0x1060053 (android:color/btn_default_material_dark) that varies with configuration!!
04-29 05:36:53.670 1457 1457 I Zygote : ...preloaded 41 resources in 2ms.
04-29 05:36:53.670 1457 1457 I Zygote : ...preloaded 2 resource in 1ms.
04-29 05:36:53.670 1457 1457 D Zygote64Timing: PreloadResources took to complete: 245ms
04-29 05:36:53.670 1457 1457 D vndksupport: Loading /vendor/lib64/hw/android.hardware.graphics.mapper@2.0-impl.so from current namespace instead of sphal namespace.
04-29 05:36:53.671 1457 1457 D vndksupport: Loading /vendor/lib64/egl/libGLES_mesa.so from current namespace instead of sphal namespace.
04-29 05:36:53.672 1457 1457 D libEGL : loaded /vendor/lib64/egl/libGLES_mesa.so
04-29 05:36:53.705 1457 1457 I Zygote : Preloading shared libraries...
04-29 05:36:53.736 1457 1457 I Zygote : Uninstalled ICU cache reference pinning...
04-29 05:36:53.745 1457 1457 I Zygote : Installed AndroidKeyStoreProvider in 9ms.
04-29 05:36:53.751 1457 1457 I Zygote : Warmed up JCA providers in 5ms.
04-29 05:36:53.751 1457 1457 D Zygote : end preload
04-29 05:36:53.751 1457 1457 D Zygote64Timing: ZygotePreload took to complete: 1345ms
04-29 05:36:53.761 1457 1457 I zygote64: Explicit concurrent copying GC freed 29747(2MB) AllocSpace objects, 23(432KB) LOS objects, 50% free, 1534KB/2MB, paused 27us total 9.869ms
04-29 05:36:53.767 1457 1457 I zygote64: Explicit concurrent copying GC freed 5481(200KB) AllocSpace objects, 0(0B) LOS objects, 52% free, 1366KB/2MB, paused 12us total 4.762ms
04-29 05:36:53.767 1457 1457 D Zygote64Timing: PostZygoteInitGC took to complete: 17ms
04-29 05:36:53.767 1457 1457 D Zygote64Timing: ZygoteInit took to complete: 1365ms
04-29 05:36:53.774 1457 1457 I : seccomp disabled by setenforce 0
04-29 05:36:53.793 1457 1457 I main : type=1400 audit(0.0:235): avc: denied { create } for name="tasks" scontext=u:r:zygote:s0 tcontext=u:object_r:cgroup:s0 tclass=file permissive=1
04-29 05:36:53.795 1457 1457 I Zygote : System server process 1592 has been created
04-29 05:36:53.796 1457 1457 I Zygote : Accepting command socket connections
04-29 05:36:53.827 1592 1592 I chatty : uid=1000 system_server expire 124 lines
04-29 05:36:53.985 1592 1592 I chatty : uid=1000 system_server expire 185 lines
04-29 05:36:54.276 1592 1605 I chatty : uid=1000 system_server expire 2 lines
04-29 05:36:54.460 1592 1610 I chatty : uid=1000(system) batterystats-wo expire 2 lines
04-29 05:36:54.467 1592 1610 I chatty : uid=1000(system) batterystats-wo expire 1 line
04-29 05:36:54.502 1400 1400 W /system/bin/hwservicemanager: getTransport: Cannot find entry android.hardware.memtrack@1.0::IMemtrack/default in either framework or device manifest.
04-29 05:36:54.581 1371 1371 I ueventd : type=1400 audit(0.0:240): avc: denied { sys_module } for capability=16 scontext=u:r:ueventd:s0 tcontext=u:r:ueventd:s0 tclass=capability permissive=1
04-29 05:36:54.581 1371 1371 I ueventd : type=1400 audit(0.0:241): avc: denied { module_load } for path="/system/lib/modules/4.9.152-android-x86_64-640709-g76da97e/kernel/drivers/macintosh/mac_hid.ko" dev="loop0" ino=4240 scontext=u:r:ueventd:s0 tcontext=u:object_r:system_file:s0 tclass=system permissive=1
04-29 05:36:54.582 1468 1468 I power@1.0-servi: type=1400 audit(0.0:242): avc: denied { read } for name="u:object_r:wifi_prop:s0" dev="tmpfs" ino=5065 scontext=u:r:hal_power_default:s0 tcontext=u:object_r:wifi_prop:s0 tclass=file permissive=1
04-29 05:36:54.582 1468 1468 I power@1.0-servi: type=1400 audit(0.0:243): avc: denied { open } for path="/dev/__properties__/u:object_r:wifi_prop:s0" dev="tmpfs" ino=5065 scontext=u:r:hal_power_default:s0 tcontext=u:object_r:wifi_prop:s0 tclass=file permissive=1
04-29 05:36:54.582 1468 1468 I power@1.0-servi: type=1400 audit(0.0:244): avc: denied { getattr } for path="/dev/__properties__/u:object_r:wifi_prop:s0" dev="tmpfs" ino=5065 scontext=u:r:hal_power_default:s0 tcontext=u:object_r:wifi_prop:s0 tclass=file permissive=1
04-29 05:36:54.582 1468 1468 I power@1.0-servi: type=1400 audit(0.0:245): avc: denied { write } for name="online" dev="sysfs" ino=396 scontext=u:r:hal_power_default:s0 tcontext=u:object_r:sysfs_devices_system_cpu:s0 tclass=file permissive=1
04-29 05:36:54.592 1592 1617 I chatty : uid=1000(system) powerbtnd expire 2 lines
04-29 05:36:54.622 1467 1467 I light@2.0-servi: type=1400 audit(0.0:246): avc: denied { read write } for name="brightness" dev="sysfs" ino=14873 scontext=u:r:hal_light_default:s0 tcontext=u:object_r:sysfs:s0 tclass=file permissive=1
