04-29 05:37:36.114 2519 2519 I enable_nativebr: type=1400 audit(0.0:642): avc: denied { execute_no_trans } for path="/system/bin/toybox" dev="loop0" ino=565 scontext=u:r:zygote:s0 tcontext=u:object_r:toolbox_exec:s0 tclass=file permissive=1
04-29 05:37:36.115 2519 2519 I getprop : type=1400 audit(0.0:643): avc: denied { getattr } for path="/vendor" dev="tmpfs" ino=600 scontext=u:r:zygote:s0 tcontext=u:object_r:tmpfs:s0 tclass=lnk_file permissive=1
04-29 05:37:36.121 2519 2519 I getprop : type=1400 audit(0.0:644): avc: denied { read } for name="u:object_r:net_dns_prop:s0" dev="tmpfs" ino=5088 scontext=u:r:zygote:s0 tcontext=u:object_r:net_dns_prop:s0 tclass=file permissive=1
04-29 05:37:36.122 2519 2519 I getprop : type=1400 audit(0.0:645): avc: denied { open } for path="/dev/__properties__/u:object_r:net_dns_prop:s0" dev="tmpfs" ino=5088 scontext=u:r:zygote:s0 tcontext=u:object_r:net_dns_prop:s0 tclass=file permissive=1
04-29 05:37:36.122 2519 2519 I getprop : type=1400 audit(0.0:646): avc: denied { getattr } for path="/dev/__properties__/u:object_r:net_dns_prop:s0" dev="tmpfs" ino=5088 scontext=u:r:zygote:s0 tcontext=u:object_r:net_dns_prop:s0 tclass=file permissive=1
04-29 05:37:36.227 2403 2403 V MediaRouter: Adding route: RouteInfo{ name=Tablette, description=null, status=null, category=RouteCategory{ name=Système types=ROUTE_TYPE_LIVE_AUDIO ROUTE_TYPE_LIVE_VIDEO groupable=false }, supportedTypes=ROUTE_TYPE_LIVE_AUDIO ROUTE_TYPE_LIVE_VIDEO , presentationDisplay=null }
04-29 05:37:36.229 2403 2403 V MediaRouter: Selecting route: RouteInfo{ name=Tablette, description=null, status=null, category=RouteCategory{ name=Système types=ROUTE_TYPE_LIVE_AUDIO ROUTE_TYPE_LIVE_VIDEO groupable=false }, supportedTypes=ROUTE_TYPE_LIVE_AUDIO ROUTE_TYPE_LIVE_VIDEO , presentationDisplay=null }
04-29 05:37:36.253 2403 2403 W InstanceID/Rpc: Found 10015
04-29 05:37:36.285 2403 2403 I background2-4: type=1400 audit(0.0:647): avc: denied { getattr } for path="/storage/033e8fc7-4cfe-9454-bc59-df7329ca862d" dev="tmpfs" ino=22325 scontext=u:r:untrusted_app_25:s0:c512,c768 tcontext=u:object_r:storage_stub_file:s0 tclass=dir permissive=1
04-29 05:37:36.286 1592 2060 I chatty : uid=1000(system) Binder:1592_7 expire 65 lines
04-29 05:37:36.289 2403 2403 I init4-2 : type=1400 audit(0.0:649): avc: denied { call } for scontext=u:r:untrusted_app_25:s0:c512,c768 tcontext=u:r:zygote:s0 tclass=binder permissive=1
04-29 05:37:36.294 1463 1463 D Camera_Factory: CameraFactory::get_camera_info
04-29 05:37:36.294 1463 1463 D Camera_Factory: CameraFactory::getCameraInfo: id = 0, info = 0xffd1e290
04-29 05:37:36.294 1463 1463 D Camera_Factory: CameraFactory::getCameraNum: 1
04-29 05:37:36.367 2403 2502 W zygote64: Skipping duplicate class check due to unsupported classloader
04-29 05:37:36.394 2403 2502 D DynamitePackage: Instantiated singleton DynamitePackage.
04-29 05:37:36.394 2403 2502 D DynamitePackage: Instantiating com.google.android.gms.ads.adshield.ChimeraAdShieldCreatorImpl
04-29 05:37:36.505 2403 2403 W zygote64: Long monitor contention with owner SharedPreferencesImpl-load (2546) at boolean java.io.UnixFileSystem.checkAccess0(java.io.File, int)(UnixFileSystem.java:-2) waiters=0 in long android.app.SharedPreferencesImpl.getLong(java.lang.String, long) for 218ms
04-29 05:37:36.507 2456 2489 I chatty : uid=10015(com.google.android.gms) Binder:2456_3 expire 1 line
04-29 05:37:36.513 1592 2494 I chatty : uid=1000(system) Binder:1592_9 expire 140 lines
04-29 05:37:36.575 1592 1735 I chatty : uid=1000(system) Binder:1592_3 expire 19 lines
04-29 05:37:36.701 1592 1658 I chatty : uid=1000(system) VoldConnector expire 3 lines
04-29 05:37:36.901 2271 2579 I chatty : uid=10015(com.google.android.gms) expire 34 lines
04-29 05:37:37.393 2403 2403 V MediaRouter: Selecting route: RouteInfo{ name=Tablette, description=null, status=null, category=RouteCategory{ name=Système types=ROUTE_TYPE_LIVE_AUDIO ROUTE_TYPE_LIVE_VIDEO groupable=false }, supportedTypes=ROUTE_TYPE_LIVE_AUDIO ROUTE_TYPE_LIVE_VIDEO , presentationDisplay=null }
04-29 05:37:37.393 2403 2541 W zygote64: Long monitor contention with owner main (2403) at int java.io.UnixFileSystem.getBooleanAttributes0(java.lang.String)(UnixFileSystem.java:-2) waiters=0 in java.lang.Object adgd.get() for 572ms
04-29 05:37:37.427 2403 2510 D SharedPreferencesImpl: Time required to fsync /data/user/0/com.google.android.youtube/shared_prefs/youtube.xml: [<1: 0, <2: 0, <4: 0, <8: 0, <16: 0, <32: 0, <64: 0, <128: 0, <256: 0, <512: 0, <1024: 1, <2048: 0, <4096: 0, <8192: 0, <16384: 0, >=16384: 0]
04-29 05:37:37.436 2593 2593 W zygote64: Unexpected CPU variant for X86 using defaults: x86_64
04-29 05:37:37.436 2403 2502 I zygote64: The ClassLoaderContext is a special shared library.
04-29 05:37:37.438 1592 1934 I chatty : uid=1000(system) Binder:1592_5 expire 37 lines
04-29 05:37:37.441 2212 2484 I chatty : uid=10015(com.google.android.gms) GeofencerStateM expire 1 line
04-29 05:37:37.449 1592 1606 E memtrack: Couldn't load memtrack module
04-29 05:37:37.449 1592 1606 W android.os.Debug: failed to get memory consumption info: -1
04-29 05:37:37.450 1592 1606 E memtrack: Couldn't load memtrack module
04-29 05:37:37.450 1592 1606 W android.os.Debug: failed to get memory consumption info: -1
04-29 05:37:37.450 1592 1606 E memtrack: Couldn't load memtrack module
04-29 05:37:37.450 1592 1606 W android.os.Debug: failed to get memory consumption info: -1
04-29 05:37:37.450 1592 1606 E memtrack: Couldn't load memtrack module
04-29 05:37:37.450 1592 1606 W android.os.Debug: failed to get memory consumption info: -1
04-29 05:37:37.450 1592 1606 E memtrack: Couldn't load memtrack module
04-29 05:37:37.450 1592 1606 W android.os.Debug: failed to get memory consumption info: -1
04-29 05:37:37.450 1592 1606 E memtrack: Couldn't load memtrack module
04-29 05:37:37.450 1592 1606 W android.os.Debug: failed to get memory consumption info: -1
04-29 05:37:37.450 1592 1606 E memtrack: Couldn't load memtrack module
04-29 05:37:37.450 1592 1606 W android.os.Debug: failed to get memory consumption info: -1
04-29 05:37:37.451 1592 1606 E memtrack: Couldn't load memtrack module
04-29 05:37:37.451 1592 1606 W android.os.Debug: failed to get memory consumption info: -1
04-29 05:37:37.451 1592 1606 E memtrack: Couldn't load memtrack module
04-29 05:37:37.451 1592 1606 W android.os.Debug: failed to get memory consumption info: -1
04-29 05:37:37.451 1592 1606 E memtrack: Couldn't load memtrack module
04-29 05:37:37.451 1592 1606 W android.os.Debug: failed to get memory consumption info: -1
04-29 05:37:37.451 1592 1606 E memtrack: Couldn't load memtrack module
04-29 05:37:37.451 1592 1606 W android.os.Debug: failed to get memory consumption info: -1
04-29 05:37:37.451 1592 1606 E memtrack: Couldn't load memtrack module
04-29 05:37:37.451 1592 1606 W android.os.Debug: failed to get memory consumption info: -1
04-29 05:37:37.451 1592 1606 E memtrack: Couldn't load memtrack module
04-29 05:37:37.451 1592 1606 W android.os.Debug: failed to get memory consumption info: -1
04-29 05:37:37.459 2593 2593 I zygote64: The ClassLoaderContext is a special shared library.
04-29 05:37:37.460 1592 1606 E memtrack: Couldn't load memtrack module
04-29 05:37:37.460 1592 1606 W android.os.Debug: failed to get memory consumption info: -1
04-29 05:37:37.460 1592 1606 E memtrack: Couldn't load memtrack module
04-29 05:37:37.460 1592 1606 W android.os.Debug: failed to get memory consumption info: -1
04-29 05:37:37.460 1592 1606 E memtrack: Couldn't load memtrack module
04-29 05:37:37.460 1592 1606 W android.os.Debug: failed to get memory consumption info: -1
04-29 05:37:37.460 1592 1606 E memtrack: Couldn't load memtrack module
04-29 05:37:37.460 1592 1606 W android.os.Debug: failed to get memory consumption info: -1
04-29 05:37:37.460 1592 1606 E memtrack: Couldn't load memtrack module
04-29 05:37:37.460 1592 1606 W android.os.Debug: failed to get memory consumption info: -1
04-29 05:37:37.460 1592 1606 E memtrack: Couldn't load memtrack module
04-29 05:37:37.460 1592 1606 W android.os.Debug: failed to get memory consumption info: -1
04-29 05:37:37.461 1592 1606 E memtrack: Couldn't load memtrack module
04-29 05:37:37.461 1592 1606 W android.os.Debug: failed to get memory consumption info: -1
04-29 05:37:37.461 1592 1606 E memtrack: Couldn't load memtrack module
04-29 05:37:37.461 1592 1606 W android.os.Debug: failed to get memory consumption info: -1
04-29 05:37:37.461 1592 1606 E memtrack: Couldn't load memtrack module
04-29 05:37:37.462 1592 1606 W android.os.Debug: failed to get memory consumption info: -1
04-29 05:37:37.462 1592 1606 E memtrack: Couldn't load memtrack module
04-29 05:37:37.462 1592 1606 W android.os.Debug: failed to get memory consumption info: -1
04-29 05:37:37.462 1592 1606 E memtrack: Couldn't load memtrack module
04-29 05:37:37.462 1592 1606 W android.os.Debug: failed to get memory consumption info: -1
04-29 05:37:37.462 1592 1606 E memtrack: Couldn't load memtrack module
04-29 05:37:37.462 1592 1606 W android.os.Debug: failed to get memory consumption info: -1
04-29 05:37:37.463 1592 1606 E memtrack: Couldn't load memtrack module
04-29 05:37:37.463 1592 1606 W android.os.Debug: failed to get memory consumption info: -1
04-29 05:37:37.463 1592 1606 E memtrack: Couldn't load memtrack module
04-29 05:37:37.463 1592 1606 W android.os.Debug: failed to get memory consumption info: -1
04-29 05:37:37.463 1592 1606 E memtrack: Couldn't load memtrack module
04-29 05:37:37.463 1592 1606 W android.os.Debug: failed to get memory consumption info: -1
04-29 05:37:37.464 1592 1606 E memtrack: Couldn't load memtrack module
04-29 05:37:37.464 1592 1606 W android.os.Debug: failed to get memory consumption info: -1
04-29 05:37:37.464 1592 1606 E memtrack: Couldn't load memtrack module
04-29 05:37:37.464 1592 1606 W android.os.Debug: failed to get memory consumption info: -1
04-29 05:37:37.464 1592 1606 E memtrack: Couldn't load memtrack module
04-29 05:37:37.464 1592 1606 W android.os.Debug: failed to get memory consumption info: -1
04-29 05:37:37.464 1592 1606 E memtrack: Couldn't load memtrack module
04-29 05:37:37.464 1592 1606 W android.os.Debug: failed to get memory consumption info: -1
04-29 05:37:37.465 1592 1606 E memtrack: Couldn't load memtrack module
04-29 05:37:37.465 1592 1606 W android.os.Debug: failed to get memory consumption info: -1
04-29 05:37:37.465 1592 1606 E memtrack: Couldn't load memtrack module
04-29 05:37:37.465 1592 1606 W android.os.Debug: failed to get memory consumption info: -1
04-29 05:37:37.465 1592 1606 E memtrack: Couldn't load memtrack module
04-29 05:37:37.465 1592 1606 W android.os.Debug: failed to get memory consumption info: -1
04-29 05:37:37.465 1592 1606 E memtrack: Couldn't load memtrack module
04-29 05:37:37.465 1592 1606 W android.os.Debug: failed to get memory consumption info: -1
04-29 05:37:37.465 1592 1606 E memtrack: Couldn't load memtrack module
04-29 05:37:37.465 1592 1606 W android.os.Debug: failed to get memory consumption info: -1
04-29 05:37:37.466 1592 1606 E memtrack: Couldn't load memtrack module
04-29 05:37:37.466 1592 1606 W android.os.Debug: failed to get memory consumption info: -1
04-29 05:37:37.500 2593 2593 I zygote64: The ClassLoaderContext is a special shared library.
04-29 05:37:37.503 1592 1592 I Binder:1592_5: type=1400 audit(0.0:650): avc: denied { write } for name="timerslack_ns" dev="proc" ino=15801 scontext=u:r:system_server:s0 tcontext=u:r:untrusted_app:s0:c512,c768 tclass=file permissive=1
04-29 05:37:37.751 2593 2593 D MediaScannerReceiver: action: android.intent.action.MEDIA_MOUNTED path: /storage/AFEE-BB90
04-29 05:37:37.766 1592 1934 I WifiService: getWifiEnabledState uid=10015
04-29 05:37:37.766 1592 1934 I WifiService: getWifiEnabledState uid=10015
04-29 05:37:37.767 2212 2512 I chatty : uid=10015(com.google.android.gms) GoogleLocationS expire 3 lines
04-29 05:37:37.767 1592 1934 I WifiService: isScanAlwaysAvailable uid=10015
04-29 05:37:37.792 2271 2627 I chatty : uid=10015(com.google.android.gms) lowpool[2] expire 3 lines
04-29 05:37:37.870 1592 1735 I WifiService: getWifiEnabledState uid=10015
04-29 05:37:37.871 1592 1735 I WifiService: startScan uid=10015
04-29 05:37:37.900 2593 2593 D MediaScannerReceiver: action: android.intent.action.MEDIA_MOUNTED path: /storage/emulated/0
04-29 05:37:37.919 2271 2635 I chatty : uid=10015(com.google.android.gms) expire 2 lines
04-29 05:37:37.930 1592 1735 I WifiService: getWifiEnabledState uid=10015
04-29 05:37:37.933 1592 1735 I chatty : uid=1000(system) Binder:1592_3 identical 1 line
04-29 05:37:37.933 1592 1735 I WifiService: getWifiEnabledState uid=10015
04-29 05:37:38.218 2271 2555 I chatty : uid=10015(com.google.android.gms) expire 1 line
04-29 05:37:38.219 2094 2453 W zygote : Long monitor contention with owner NonUserFacing0 (2396) at java.lang.Object[] java.util.AbstractCollection.toArray(java.lang.Object[])(AbstractCollection.java:-1) waiters=0 in boolean com.google.android.apps.gsa.search.core.u.c.a.Qs() for 2.794s
04-29 05:37:38.267 2094 2423 W ThreadPoolDumper: Task bd[NamedFutureCallback[TaskServiceHelper task completion callback periodic_send_gsa_home_request]] was queued for 2829ms before starting on executor Non-User-Facing Non-Blocking
04-29 05:37:38.420 1592 1592 I chatty : uid=1000 system_server expire 26 lines
04-29 05:37:38.422 1592 1934 I chatty : uid=1000(system) Binder:1592_5 expire 151 lines
04-29 05:37:38.425 2403 2611 W zygote64: Long monitor contention with owner Thread-4 (2558) at void brp.run()(SourceFile:7) waiters=1 in void brz.run() for 813ms
04-29 05:37:38.437 2094 2094 W TaskServiceHelper: Not enough time has passed between starts of two periodic_send_gsa_home_request periodic tasks.
04-29 05:37:38.551 1592 2494 I chatty : uid=1000(system) Binder:1592_9 expire 34 lines
04-29 05:37:38.551 2212 2637 I chatty : uid=10015 com.google.android.gms.persistent expire 2 lines
04-29 05:37:38.870 1592 2494 I WifiService: getWifiEnabledState uid=10015
04-29 05:37:39.006 2641 2641 W zygote64: Unexpected CPU variant for X86 using defaults: x86_64
04-29 05:37:39.093 2641 2641 I zygote64: The ClassLoaderContext is a special shared library.
04-29 05:37:39.227 1592 2640 I RecoverySystem: No recovery log file
04-29 05:37:39.444 2641 2641 I Dialer : NonUiTaskBuilder.newThread - creating parallel thread
04-29 05:37:39.462 2641 2641 I Dialer : CallLogFramework.registerContentObservers - enter
04-29 05:37:39.465 2641 2641 I Dialer : CallLogFramework.registerContentObservers - new call log not enabled
04-29 05:37:39.473 2641 2658 W TelecomManager: Telecom Service not found.
04-29 05:37:39.474 2641 2658 W Dialer : TelecomUtil - Dialer is not currently set to be default dialer
04-29 05:37:39.474 2641 2658 I Dialer : BlockedNumbersAutoMigrator - not attempting auto-migrate: current user can't block
04-29 05:37:39.634 2641 2641 W TelecomManager: Telecom Service not found.
04-29 05:37:39.634 2641 2641 I Dialer : VisualVoicemailUpdateTask.scheduleTask - not default dialer, not running
04-29 05:37:39.643 2664 2664 W zygote64: Unexpected CPU variant for X86 using defaults: x86_64
04-29 05:37:39.655 2664 2664 I zygote64: The ClassLoaderContext is a special shared library.
04-29 05:37:39.683 2664 2664 D ExtensionsFactory: No custom extensions.
04-29 05:37:39.684 2664 2664 D AlertReceiver: onReceive: a=android.intent.action.BOOT_COMPLETED Intent { act=android.intent.action.BOOT_COMPLETED flg=0x9000010 cmp=com.android.calendar/.alerts.AlertReceiver (has extras) }
04-29 05:37:39.694 2686 2686 W zygote64: Unexpected CPU variant for X86 using defaults: x86_64
04-29 05:37:39.705 2686 2686 I zygote64: The ClassLoaderContext is a special shared library.
04-29 05:37:39.722 2664 2684 D AlertService: 0 Action = android.intent.action.BOOT_COMPLETED
04-29 05:37:39.723 2664 2684 D AlertService: Scheduling next alarm with AlarmScheduler. sEventReminderReceived: null
04-29 05:37:39.733 2702 2702 W zygote64: Unexpected CPU variant for X86 using defaults: x86_64
04-29 05:37:39.783 2702 2702 I zygote64: The ClassLoaderContext is a special shared library.
04-29 05:37:39.793 2702 2702 I chatty : uid=10002(com.android.providers.calendar) identical 1 line
04-29 05:37:39.794 2702 2702 I zygote64: The ClassLoaderContext is a special shared library.
04-29 05:37:39.799 2686 2686 D CellBroadcastReceiver: onReceive Intent { act=android.intent.action.BOOT_COMPLETED flg=0x9000010 cmp=com.android.cellbroadcastreceiver/.CellBroadcastReceiver (has extras) }
04-29 05:37:39.800 2686 2686 D CellBroadcastReceiver: Start Cell Broadcast configuration.
04-29 05:37:39.839 2686 2686 D CellBroadcastReceiver: Default interval 0 did not change.
04-29 05:37:39.844 2004 2004 I Binder:2004_1: type=1400 audit(0.0:652): avc: denied { call } for scontext=u:r:zygote:s0 tcontext=u:r:servicemanager:s0 tclass=binder permissive=1
04-29 05:37:39.844 1399 1399 I servicemanager: type=1400 audit(0.0:653): avc: denied { search } for name="2004" dev="proc" ino=14195 scontext=u:r:servicemanager:s0 tcontext=u:r:zygote:s0 tclass=dir permissive=1
04-29 05:37:39.844 1399 1399 I servicemanager: type=1400 audit(0.0:654): avc: denied { read } for name="current" dev="proc" ino=13295 scontext=u:r:servicemanager:s0 tcontext=u:r:zygote:s0 tclass=file permissive=1
04-29 05:37:39.844 1399 1399 I servicemanager: type=1400 audit(0.0:655): avc: denied { open } for path="/proc/2004/attr/current" dev="proc" ino=13295 scontext=u:r:servicemanager:s0 tcontext=u:r:zygote:s0 tclass=file permissive=1
04-29 05:37:39.844 1399 1399 I servicemanager: type=1400 audit(0.0:656): avc: denied { getattr } for scontext=u:r:servicemanager:s0 tcontext=u:r:zygote:s0 tclass=process permissive=1
04-29 05:37:39.848 2004 2016 D IccSmsInterfaceManager: [IccSmsInterfaceManager] Calling setCdmaBroadcastConfig with 1 configurations
04-29 05:37:39.848 2004 2016 D IccSmsInterfaceManager: [IccSmsInterfaceManager] Failed to add cdma broadcast subscription for MID range 4096 to 4096 from client com.android.cellbroadcastreceiver
04-29 05:37:39.850 1592 2060 I chatty : uid=1000(system) Binder:1592_7 expire 1 line
04-29 05:37:39.852 2723 2723 W zygote64: Unexpected CPU variant for X86 using defaults: x86_64
04-29 05:37:39.853 2004 2016 D IccSmsInterfaceManager: [IccSmsInterfaceManager] Calling setCdmaBroadcastConfig with 1 configurations
04-29 05:37:39.853 2004 2016 D IccSmsInterfaceManager: [IccSmsInterfaceManager] Failed to add cdma broadcast subscription for MID range 4097 to 4097 from client com.android.cellbroadcastreceiver
04-29 05:37:39.854 2004 2016 D IccSmsInterfaceManager: [IccSmsInterfaceManager] Calling setCdmaBroadcastConfig with 1 configurations
04-29 05:37:39.854 2004 2016 D IccSmsInterfaceManager: [IccSmsInterfaceManager] Failed to add cdma broadcast subscription for MID range 4098 to 4098 from client com.android.cellbroadcastreceiver
04-29 05:37:39.855 2004 2016 D IccSmsInterfaceManager: [IccSmsInterfaceManager] Calling setCdmaBroadcastConfig with 1 configurations
04-29 05:37:39.855 2004 2016 D IccSmsInterfaceManager: [IccSmsInterfaceManager] Failed to add cdma broadcast subscription for MID range 4099 to 4099 from client com.android.cellbroadcastreceiver
04-29 05:37:39.857 2004 2016 D IccSmsInterfaceManager: [IccSmsInterfaceManager] Failed to remove cdma broadcast subscription for MID range 4100 to 4100 from client com.android.cellbroadcastreceiver
04-29 05:37:39.858 2004 2016 D IccSmsInterfaceManager: [IccSmsInterfaceManager] Calling setGsmBroadcastConfig with 1 configurations
04-29 05:37:39.858 2004 2016 D IccSmsInterfaceManager: [IccSmsInterfaceManager] Failed to add GSM cell broadcast subscription for MID range 4352 to 4354 from client com.android.cellbroadcastreceiver
04-29 05:37:39.859 1592 1735 I chatty : uid=1000(system) Binder:1592_3 expire 45 lines
04-29 05:37:39.862 2004 2016 D IccSmsInterfaceManager: [IccSmsInterfaceManager] Calling setGsmBroadcastConfig with 1 configurations
04-29 05:37:39.862 2004 2016 D IccSmsInterfaceManager: [IccSmsInterfaceManager] Failed to add GSM cell broadcast subscription for MID range 4356 to 4356 from client com.android.cellbroadcastreceiver
04-29 05:37:39.863 2004 2016 D IccSmsInterfaceManager: [IccSmsInterfaceManager] Failed to remove GSM cell broadcast subscription for MID range 4355 to 4355 from client com.android.cellbroadcastreceiver
04-29 05:37:39.864 2004 2016 D IccSmsInterfaceManager: [IccSmsInterfaceManager] Calling setGsmBroadcastConfig with 1 configurations
04-29 05:37:39.864 2004 2016 D IccSmsInterfaceManager: [IccSmsInterfaceManager] Failed to add GSM cell broadcast subscription for MID range 4370 to 4370 from client com.android.cellbroadcastreceiver
04-29 05:37:39.865 2004 2016 D IccSmsInterfaceManager: [IccSmsInterfaceManager] Calling setGsmBroadcastConfig with 1 configurations
04-29 05:37:39.866 2004 2016 D IccSmsInterfaceManager: [IccSmsInterfaceManager] Failed to add GSM cell broadcast subscription for MID range 4371 to 4372 from client com.android.cellbroadcastreceiver
04-29 05:37:39.866 2004 2016 D IccSmsInterfaceManager: [IccSmsInterfaceManager] Calling setGsmBroadcastConfig with 1 configurations
04-29 05:37:39.867 2004 2016 D IccSmsInterfaceManager: [IccSmsInterfaceManager] Failed to add GSM cell broadcast subscription for MID range 4373 to 4378 from client com.android.cellbroadcastreceiver
04-29 05:37:39.870 2004 2016 D IccSmsInterfaceManager: [IccSmsInterfaceManager] Calling setGsmBroadcastConfig with 1 configurations
04-29 05:37:39.870 2004 2016 D IccSmsInterfaceManager: [IccSmsInterfaceManager] Failed to add GSM cell broadcast subscription for MID range 4379 to 4379 from client com.android.cellbroadcastreceiver
04-29 05:37:39.871 2004 2016 D IccSmsInterfaceManager: [IccSmsInterfaceManager] Failed to remove GSM cell broadcast subscription for MID range 4380 to 4382 from client com.android.cellbroadcastreceiver
04-29 05:37:39.871 2004 2016 D IccSmsInterfaceManager: [IccSmsInterfaceManager] Calling setGsmBroadcastConfig with 1 configurations
04-29 05:37:39.871 2004 2016 D IccSmsInterfaceManager: [IccSmsInterfaceManager] Failed to add GSM cell broadcast subscription for MID range 4383 to 4383 from client com.android.cellbroadcastreceiver
04-29 05:37:39.872 2004 2016 D IccSmsInterfaceManager: [IccSmsInterfaceManager] Calling setGsmBroadcastConfig with 1 configurations
04-29 05:37:39.872 2004 2016 D IccSmsInterfaceManager: [IccSmsInterfaceManager] Failed to add GSM cell broadcast subscription for MID range 4384 to 4385 from client com.android.cellbroadcastreceiver
04-29 05:37:39.874 2702 2702 I CalendarProvider2: Created com.android.providers.calendar.CalendarAlarmManager@d8a8ee9(com.android.providers.calendar.CalendarProvider2@cc0076e)
04-29 05:37:39.875 2004 2016 D IccSmsInterfaceManager: [IccSmsInterfaceManager] Calling setGsmBroadcastConfig with 1 configurations
04-29 05:37:39.876 2004 2016 D IccSmsInterfaceManager: [IccSmsInterfaceManager] Failed to add GSM cell broadcast subscription for MID range 4386 to 4391 from client com.android.cellbroadcastreceiver
04-29 05:37:39.877 2004 2017 D IccSmsInterfaceManager: [IccSmsInterfaceManager] Calling setGsmBroadcastConfig with 1 configurations
04-29 05:37:39.877 2004 2017 D IccSmsInterfaceManager: [IccSmsInterfaceManager] Failed to add GSM cell broadcast subscription for MID range 4392 to 4392 from client com.android.cellbroadcastreceiver
04-29 05:37:39.878 2004 2017 D IccSmsInterfaceManager: [IccSmsInterfaceManager] Failed to remove GSM cell broadcast subscription for MID range 4393 to 4395 from client com.android.cellbroadcastreceiver
04-29 05:37:39.920 2664 2684 D AlarmScheduler: Query result count for events starting within 1 week: 2
04-29 05:37:40.024 2723 2723 I zygote64: The ClassLoaderContext is a special shared library.
04-29 05:37:40.027 1592 2640 I chatty : uid=1000 system_server expire 2 lines
04-29 05:37:40.041 1592 1803 I chatty : uid=1000(system) Binder:1592_4 expire 105 lines
04-29 05:37:40.104 2094 2094 W SearchService: Abort, client detached.
04-29 05:37:40.105 2094 2386 W com.google.protobuf.fi: copyMemory is missing from platform - proto runtime falling back to safer methods.
04-29 05:37:40.108 2130 2130 I GsaVoiceInteractionSrv: Not calling getSupportedRecognitionModes. Availability: -2
04-29 05:37:40.109 2130 2130 I HwDetectorWithState: #performNextHotwordAction action: 3
04-29 05:37:40.110 1592 1934 I chatty : uid=1000(system) Binder:1592_5 expire 116 lines
04-29 05:37:40.127 1592 1934 W Binder : Outgoing transactions from this process must be FLAG_ONEWAY
04-29 05:37:40.127 1592 1934 W Binder : java.lang.Throwable
04-29 05:37:40.127 1592 1934 W Binder : at android.os.BinderProxy.transact(Binder.java:752)
04-29 05:37:40.127 1592 1934 W Binder : at android.content.ContentProviderProxy.getType(ContentProviderNative.java:451)
04-29 05:37:40.127 1592 1934 W Binder : at com.android.server.am.ActivityManagerService.getProviderMimeType(ActivityManagerService.java:12263)
04-29 05:37:40.127 1592 1934 W Binder : at android.app.IActivityManager$Stub.onTransact(IActivityManager.java:1799)
04-29 05:37:40.127 1592 1934 W Binder : at com.android.server.am.ActivityManagerService.onTransact(ActivityManagerService.java:2919)
04-29 05:37:40.127 1592 1934 W Binder : at android.os.Binder.execTransact(Binder.java:697)
04-29 05:37:40.260 1592 2640 I chatty : uid=1000 system_server expire 17 lines
04-29 05:37:40.266 2075 2075 I AlarmClock: AlarmInitReceiver android.intent.action.BOOT_COMPLETED
04-29 05:37:40.269 2075 2128 I AlarmClock: Fixing alarm instances
04-29 05:37:40.272 2075 2128 V AlarmClock: AlarmInitReceiver finished
04-29 05:37:40.365 1592 1592 I chatty : uid=1000 system_server expire 17 lines
04-29 05:37:40.370 2641 2641 I Dialer : VoicemailModule.provideVoicemailClient - providing VoicemailClientImpl
04-29 05:37:40.371 2641 2641 I Dialer : VvmOmtpService - onBoot
04-29 05:37:40.389 1711 1711 I SystemBroadcastReceiver: Boot has been completed
04-29 05:37:40.389 1711 1711 I SystemBroadcastReceiver: toggleAppIcon() : FLAG_SYSTEM = true
04-29 05:37:40.399 2748 2748 W zygote64: Unexpected CPU variant for X86 using defaults: x86_64
04-29 05:37:40.403 1592 1592 I Binder:1592_5: type=1400 audit(0.0:657): avc: denied { write } for name="timerslack_ns" dev="proc" ino=24244 scontext=u:r:system_server:s0 tcontext=u:r:priv_app:s0:c512,c768 tclass=file permissive=1
04-29 05:37:40.410 2748 2748 I zygote64: The ClassLoaderContext is a special shared library.
04-29 05:37:40.461 1592 1735 I chatty : uid=1000(system) Binder:1592_3 expire 18 lines
04-29 05:37:40.463 2004 2004 I VvmSimStateTracker: android.intent.action.BOOT_COMPLETED
04-29 05:37:40.470 2593 2593 I d.process.media: type=1400 audit(0.0:658): avc: denied { write } for name="property_service" dev="tmpfs" ino=5115 scontext=u:r:priv_app:s0:c512,c768 tcontext=u:object_r:property_socket:s0 tclass=sock_file permissive=1
04-29 05:37:40.470 2593 2593 I d.process.media: type=1400 audit(0.0:659): avc: denied { connectto } for path="/dev/socket/property_service" scontext=u:r:priv_app:s0:c512,c768 tcontext=u:r:init:s0 tclass=unix_stream_socket permissive=1
04-29 05:37:40.479 2766 2766 W zygote64: Unexpected CPU variant for X86 using defaults: x86_64
04-29 05:37:40.542 1592 1803 I chatty : uid=1000(system) Binder:1592_4 expire 175 lines
04-29 05:37:40.782 1592 1934 I chatty : uid=1000(system) Binder:1592_5 expire 396 lines
04-29 05:37:40.926 1592 1934 I WifiService: getWifiEnabledState uid=10015
04-29 05:37:41.068 2593 2625 D MediaProvider: object removed 2457
04-29 05:37:41.322 2593 2625 D MediaProvider: object removed 2458
04-29 05:37:41.322 2593 2625 D MediaProvider: object removed 2461
04-29 05:37:41.368 2212 2464 I chatty : uid=10015(com.google.android.gms) GoogleApiHandle expire 1 line
04-29 05:37:41.404 2212 2481 I chatty : uid=10015 com.google.android.gms.persistent expire 2 lines
04-29 05:37:41.418 2212 2513 I chatty : uid=10015 com.google.android.gms.persistent expire 1 line
04-29 05:37:41.467 2766 2795 I Finsky : [136] njh.a(37): Started reading experiment flags from file [SKocQA9EQQFTb-1gQsc5WsjVhGA].
04-29 05:37:41.475 2766 2795 I Finsky : [136] njh.a(38): Finished reading experiment flags from file [SKocQA9EQQFTb-1gQsc5WsjVhGA].
04-29 05:37:41.483 2766 2797 I Finsky : [138] njh.a(37): Started reading experiment flags from file [Cl6l7qN389EJVXoiS2j1Le5JDCc].
04-29 05:37:41.530 2766 2797 I Finsky : [138] njh.a(38): Finished reading experiment flags from file [Cl6l7qN389EJVXoiS2j1Le5JDCc].
04-29 05:37:41.689 1592 1735 I chatty : uid=1000(system) Binder:1592_3 expire 251 lines
04-29 05:37:41.716 2212 2481 E ctxmgr : [DailyCheckinOperation]Failed daily get config: network status=1 [CONTEXT service_id=47 ]
04-29 05:37:41.722 2212 2447 W GCoreFlp: No location to return for getLastLocation()
04-29 05:37:41.726 1592 1934 I chatty : uid=1000(system) Binder:1592_5 expire 90 lines
04-29 05:37:41.737 1592 1606 E memtrack: Couldn't load memtrack module
04-29 05:37:41.737 1592 1606 W android.os.Debug: failed to get memory consumption info: -1
04-29 05:37:41.737 1592 1803 I chatty : uid=1000(system) Binder:1592_4 expire 174 lines
04-29 05:37:41.752 2593 2598 I zygote64: Compiler allocated 4MB to compile android.database.Cursor com.android.providers.media.MediaProvider.query(android.net.Uri, java.lang.String[], java.lang.String, java.lang.String[], java.lang.String)
04-29 05:37:41.764 2212 2464 I GeofencerStateMachine: removeGeofences: removeRequest=RemoveGeofencingRequest[REMOVE_BY_PENDING_INTENT pendingIntent=PendingIntent[creatorPackage=com.google.android.gms], packageName=com.google.android.gms]
04-29 05:37:41.788 2212 2515 W atnq : Empty context buffer. Thus might mean that the context is not synced down.
04-29 05:37:41.788 2212 2515 W atiz : Empty context model while retrieving upload opt-in status!
04-29 05:37:41.789 2212 2480 I zygote64: Deoptimizing int brao.a() due to JIT inline cache
04-29 05:37:41.789 2212 2480 I zygote64: Deoptimizing java.lang.Object brao.c(bree, brbd) due to JIT inline cache
04-29 05:37:41.796 2212 2481 E ctxmgr : [BaseServerTask]Failed network request due to no network connectivity: [CONTEXT service_id=47 ]
04-29 05:37:41.808 2766 2805 I PlayCommon: [146] acij.d(23): Preparing logs for uploading
04-29 05:37:41.814 2212 2481 E ctxmgr : [DailyCheckinOperation]Failed daily get config: network status=1 [CONTEXT service_id=47 ]
04-29 05:37:41.820 2766 2805 I PlayCommon: [146] acij.d(217): Connecting to server for timestamp: https://play.googleapis.com/play/log/timestamp
04-29 05:37:41.822 2766 2805 D NetworkSecurityConfig: No Network Security Config specified, using platform default
04-29 05:37:41.825 2766 2805 E PlayCommon: [146] acij.d(314): Failed to connect to server for server timestamp: java.net.UnknownHostException: Unable to resolve host "play.googleapis.com": No address associated with hostname
04-29 05:37:41.850 2212 2218 I zygote64: Do full code cache collection, code=233KB, data=147KB
04-29 05:37:41.851 2212 2218 I zygote64: After code cache collection, code=208KB, data=108KB
04-29 05:37:41.869 2212 2212 W ChimeraUtils: Non Chimera context
04-29 05:37:41.869 2212 2212 W ChimeraUtils: Non Chimera context
04-29 05:37:41.889 2212 2212 W SystemServiceRegistry: No service published for: persistent_data_block
04-29 05:37:41.900 2212 2212 W ChimeraUtils: Non Chimera context
04-29 05:37:41.900 2212 2212 W ChimeraUtils: Non Chimera context
04-29 05:37:41.914 1592 1735 I chatty : uid=1000(system) Binder:1592_3 expire 90 lines
04-29 05:37:41.945 2766 2792 I Finsky : [133] com.google.android.finsky.packagemanager.impl.PackageMonitorReceiverImpl.(5): Registering in memory receiver for android.intent.action.PACKAGE_ADDED
04-29 05:37:41.952 2766 2792 W Settings: Setting download_manager_max_bytes_over_mobile has moved from android.provider.Settings.Secure to android.provider.Settings.Global.
04-29 05:37:41.952 2766 2792 I Finsky : [133] mng.a(8): SettingNotFoundException, fall through to G.downloadBytesOverMobileMaximum
04-29 05:37:41.952 2766 2792 W Settings: Setting download_manager_recommended_max_bytes_over_mobile has moved from android.provider.Settings.Secure to android.provider.Settings.Global.
04-29 05:37:41.952 2766 2792 I Finsky : [133] mng.a(11): SettingNotFoundException, fall through to G.downloadBytesOverMobileRecommended
04-29 05:37:41.967 2766 2793 I Finsky : [134] dag.ae(6): Not a unicorn account
04-29 05:37:41.969 2212 2212 E GmsRequestQueue: Tried to stop global GMSCore RequestQueue. This is likely unintended, so ignoring.
04-29 05:37:41.973 2766 2792 I Finsky : [133] tvq.d(1): Setup app restrictions monitor
04-29 05:37:41.974 2766 2792 I Finsky : [133] txh.a(5): Device wide unknown source restriction is changed.
04-29 05:37:41.980 2766 2766 I Finsky : [2] pfx.(8): Resetting scheduler db
04-29 05:37:41.996 2766 2805 I PlayCommon: [146] acij.d(125): Connecting to server: https://play.googleapis.com/play/log?format=raw&proto_v2=true
04-29 05:37:41.996 2766 2805 E PlayCommon: [146] acij.d(292): Failed to connect to server: java.net.UnknownHostException: Unable to resolve host "play.googleapis.com": No address associated with hostname
04-29 05:37:42.015 2766 2766 I Finsky : [2] ped.a(21): Scheduling fallback job with id: 9034, and delay: 43200000 ms
04-29 05:37:42.018 2766 2766 I Finsky : [2] ped.a(5): Scheduling fallback in 64799998 (absolute: 64872258)
04-29 05:37:42.041 2766 2766 I Finsky : [2] hal.a(4): Scheduling UploadDynamicConfig.
04-29 05:37:42.065 2766 2797 I Finsky : [138] lvt.a(13): Loaded library for account: [ANqMuE0dJv6Y6qfT6ZzagQtzjhY]
04-29 05:37:42.065 2766 2797 I Finsky : [138] lvt.a(15): Finished loading 1 libraries.
04-29 05:37:42.066 2766 2771 I zygote64: Do partial code cache collection, code=28KB, data=20KB
04-29 05:37:42.074 2766 2771 I zygote64: After code cache collection, code=28KB, data=20KB
04-29 05:37:42.074 2766 2771 I zygote64: Increasing code cache capacity to 128KB
04-29 05:37:42.076 2766 2766 I Finsky : [2] jwo.a(46): Installer: Attempting to start installer
04-29 05:37:42.080 2766 2766 I Finsky : [2] jvz.(8): Not checking if recovering from paused session because experiment is off
04-29 05:37:42.087 2766 2766 I Finsky : [2] jwo.a(290): Installer kick - no action, not running yet
04-29 05:37:42.087 2766 2766 I Finsky : [2] pfx.b(7): Jobs in database: 1-1337 12-1 24-77777777 26-1414141414
04-29 05:37:42.088 2766 2766 I Finsky : [2] pdk.a(66): ConstraintMapping: 24-77777777, -> L: 0ms, D: 47554127ms, C: false, I: true, N: NET_NONE
04-29 05:37:42.089 2766 2766 I Finsky : [2] pdk.a(66): ConstraintMapping: 1-1337, 12-1, -> L: 0ms, D: 47924951ms, C: false, I: false, N: NET_ANY
04-29 05:37:42.090 2766 2766 I Finsky : [2] pdk.a(66): ConstraintMapping: 26-1414141414, -> L: 0ms, D: 0ms, C: false, I: false, N: NET_NONE
04-29 05:37:42.092 2766 2766 I Finsky : [2] com.google.android.finsky.scheduler.JobSchedulerEngine.a(4): Scheduling job Id: 9000, L: 0, D: 47554127, C: false, I: true, N: 0
04-29 05:37:42.098 2841 2841 W zygote64: Unexpected CPU variant for X86 using defaults: x86_64
04-29 05:37:42.102 2766 2766 I Finsky : [2] com.google.android.finsky.scheduler.JobSchedulerEngine.a(4): Scheduling job Id: 9001, L: 0, D: 47924951, C: false, I: false, N: 1
04-29 05:37:42.102 1592 2494 I chatty : uid=1000(system) Binder:1592_9 expire 9 lines
04-29 05:37:42.104 2766 2766 I Finsky : [2] com.google.android.finsky.scheduler.JobSchedulerEngine.a(4): Scheduling job Id: 9002, L: 0, D: 0, C: false, I: false, N: 0
04-29 05:37:42.105 1592 1934 I chatty : uid=1000(system) Binder:1592_5 expire 119 lines
04-29 05:37:42.111 2766 2766 I Finsky : [2] com.google.android.finsky.scheduler.JobSchedulerEngine$PhoneskyJobSchedulerJobService.onStartJob(3): onJobSchedulerWakeup with jobId 9002
04-29 05:37:42.112 2766 2766 I Finsky : [2] ped.a(21): Scheduling fallback job with id: 9034, and delay: 43200000 ms
04-29 05:37:42.113 2841 2841 I zygote64: The ClassLoaderContext is a special shared library.
04-29 05:37:42.115 2766 2766 I Finsky : [2] ped.a(5): Scheduling fallback in 64799999 (absolute: 64872356)
04-29 05:37:42.116 2766 2766 I Finsky : [2] pgv.a(2): Not scheduling immediate wakeup as already running
04-29 05:37:42.118 2766 2766 I Finsky : [2] pfx.b(7): Jobs in database: 1-1337 12-1 21-333333333 24-77777777 26-1414141414
04-29 05:37:42.118 2766 2766 I Finsky : [2] pgz.run(3): JobExecutor already running, not rescheduling
04-29 05:37:42.121 2766 2766 I Finsky : [2] pen.handleMessage(10): DeviceState: DeviceState{currentTime=1556509062117, isCharging=true, isIdle=false, netAny=false, netNotRoaming=false, netUnmetered=false}
04-29 05:37:42.124 2766 2836 I Finsky : [168] pfx.b(7): Jobs in database: 1-1337 12-1 21-333333333 24-77777777 26-1414141414
04-29 05:37:42.126 2766 2766 I Finsky : [2] pek.a(46): Running job: 26-1414141414
04-29 05:37:42.127 2766 2766 I Finsky : [2] pen.handleMessage(81): RunningQueue size: 1, PendingQueue size: 0
04-29 05:37:42.127 2766 2797 I Finsky : [138] fdm.a(1): Counters flushed successfully
04-29 05:37:42.127 2766 2766 I Finsky : [2] pen.handleMessage(90): Running queue: 26-1414141414
04-29 05:37:42.128 2766 2797 I Finsky : [138] pfu.a(11): jobFinished: 26-1414141414. TimeElapsed: 1ms
04-29 05:37:42.128 2766 2766 I Finsky : [2] pek.a(10): Job 26-1414141414 finished
04-29 05:37:42.128 2766 2766 I Finsky : [2] pen.handleMessage(81): RunningQueue size: 0, PendingQueue size: 0
04-29 05:37:42.129 2766 2766 I Finsky : [2] pen.handleMessage(27): Executor finished
04-29 05:37:42.283 1472 1472 I lmkd : type=1400 audit(0.0:660): avc: denied { search } for name="2018" dev="proc" ino=14220 scontext=u:r:lmkd:s0 tcontext=u:r:zygote:s0 tclass=dir permissive=1
04-29 05:37:42.283 2860 2860 W zygote64: Unexpected CPU variant for X86 using defaults: x86_64
04-29 05:37:42.326 2766 2766 I Finsky : [2] jxz.a(4): Installer: Installer starting, recovering 0 running downloads
04-29 05:37:42.326 2766 2823 I Finsky : [163] jyi.run(2): Installer: Installer starting, cleaning up sessions.
04-29 05:37:42.331 2766 2823 I Finsky : [163] jyi.run(5): Installer: Installer started.
04-29 05:37:42.332 2766 2766 I Finsky : [2] qhg.a(31): Connecting InstallListener to SplitInstallService broadcaster...
04-29 05:37:42.332 2766 2766 I zygote64: Deoptimizing java.lang.Object j$.util.concurrent.ConcurrentHashMap.putVal(java.lang.Object, java.lang.Object, boolean) due to JIT inline cache
04-29 05:37:42.359 2766 2804 I Finsky : [145] fdr.a(4): Successfully generated counter events
04-29 05:37:42.370 2766 2766 I Finsky : [2] pfx.b(7): Jobs in database: 1-1337 12-1 21-333333333 24-77777777 26-1414141414
04-29 05:37:42.371 2766 2766 I Finsky : [2] pdk.a(66): ConstraintMapping: 24-77777777, -> L: 0ms, D: 47553843ms, C: false, I: true, N: NET_NONE
04-29 05:37:42.371 2766 2766 I Finsky : [2] pdk.a(66): ConstraintMapping: 1-1337, 12-1, 21-333333333, -> L: 0ms, D: 47924668ms, C: false, I: false, N: NET_ANY
04-29 05:37:42.371 2766 2766 I Finsky : [2] pdk.a(66): ConstraintMapping: 26-1414141414, -> L: 43199757ms, D: 44099757ms, C: false, I: false, N: NET_NONE
04-29 05:37:42.372 2766 2766 I Finsky : [2] com.google.android.finsky.scheduler.JobSchedulerEngine.a(42): Cancelling existing job with id: 9000
04-29 05:37:42.372 2766 2766 I Finsky : [2] com.google.android.finsky.scheduler.JobSchedulerEngine.a(42): Cancelling existing job with id: 9001
04-29 05:37:42.373 2766 2766 I Finsky : [2] com.google.android.finsky.scheduler.JobSchedulerEngine.a(14): Throttling wakeup for job 9003 (expected to run in 0 ms) due to recent wakeup
04-29 05:37:42.373 2766 2766 I Finsky : [2] com.google.android.finsky.scheduler.JobSchedulerEngine.a(4): Scheduling job Id: 9003, L: 30000, D: 47553843, C: false, I: true, N: 0
04-29 05:37:42.374 2766 2766 I Finsky : [2] com.google.android.finsky.scheduler.JobSchedulerEngine.a(14): Throttling wakeup for job 9004 (expected to run in 0 ms) due to recent wakeup
04-29 05:37:42.374 2766 2766 I Finsky : [2] com.google.android.finsky.scheduler.JobSchedulerEngine.a(4): Scheduling job Id: 9004, L: 30000, D: 47924668, C: false, I: false, N: 1
04-29 05:37:42.378 2766 2766 I Finsky : [2] com.google.android.finsky.scheduler.JobSchedulerEngine.a(4): Scheduling job Id: 9005, L: 43199757, D: 44099757, C: false, I: false, N: 0
04-29 05:37:42.528 2593 2625 W MediaScanner: Error opening directory '/storage/033e8fc7-4cfe-9454-bc59-df7329ca862d/', skipping: Permission denied.
04-29 05:37:42.745 2860 2860 D ActivityThread: Loading provider com.google.android.gm.sapi: com.google.android.gm.sapi.SapiUiProvider
04-29 05:37:42.902 2860 2860 W PrimesInit: Primes instant initialization
04-29 05:37:42.903 2860 2894 W Primes : background initialization
04-29 05:37:42.915 2860 2894 I PrimesTesting: GserviceFlagsSupplier.get()
04-29 05:37:42.946 2860 2860 W GAV2 : Thread[main,5,main]: Need to call initialize() and be in fallback mode to start dispatch.
04-29 05:37:42.987 2860 2900 E Gmail : Gmail:TotalBandwidthLoggerRunner: Bandwidth Value was not valid: BandwidthValue{txBytes=-1, rxBytes=-1, txPackets=-1, rxPackets=-1, startTimeMs=0, endTimeMs=73224, connectivityType=TYPE_COMBINED, tag=TOTAL_APP_UID}
04-29 05:37:43.085 1592 1735 I chatty : uid=1000(system) Binder:1592_3 expire 21 lines
04-29 05:37:43.159 2860 2860 W Gmail : EasBundling:ExchangeUpgradeReceiver: action=android.intent.action.BOOT_COMPLETED data=null
04-29 05:37:43.160 2860 2860 W Gmail : EasBundling:ExchangeUpgradeUtils: isExchangeLegacy=false
04-29 05:37:43.169 1592 1803 I chatty : uid=1000(system) Binder:1592_4 expire 54 lines
04-29 05:37:43.176 2271 2579 E ConfigFileUtils: Failed to read config file: /data/user_de/0/com.google.android.gms/app_chimera/current_modules_init.pb (No such file or directory)
04-29 05:37:43.177 2212 2513 W ChimeraUtils: Non Chimera context
04-29 05:37:43.177 2212 2513 W ChimeraUtils: Non Chimera context
04-29 05:37:43.189 2094 2094 I SpeakerIdMUpgradeTaskV2: App version upgraded to 300738799: running speaker ID model upgrade tasks v2.
04-29 05:37:43.197 2094 2094 I UtteranceUpgradeTask: App version upgraded to 300738799: running speaker utterance upgrade tasks.
04-29 05:37:43.202 1592 1934 D PackageManager: [d51d0ee3-2a0e-4a0f-89e1-078ad4a4d112] Phase1; resolving
04-29 05:37:43.212 1592 2494 I chatty : uid=1000(system) Binder:1592_9 expire 28 lines
04-29 05:37:43.390 2094 2431 I VelvetNetworkClient: Network connection not available
04-29 05:37:43.421 2271 2579 W ChimeraUtils: Non Chimera context
04-29 05:37:43.422 2271 2579 W ChimeraUtils: Non Chimera context
04-29 05:37:43.429 2271 2579 I Auth : [WorkAccount] update authenticator enabled for boot or update
04-29 05:37:43.462 2271 2476 W zygote64: Unsupported class loader
04-29 05:37:43.462 2271 2476 W zygote64: Skipping duplicate class check due to unsupported classloader
04-29 05:37:43.501 2593 2625 V MediaProvider: pruneThumbnails
04-29 05:37:43.503 1592 1934 D PackageManager: [d51d0ee3-2a0e-4a0f-89e1-078ad4a4d112] Phase1; bind timed out
04-29 05:37:43.504 2593 2625 V MediaProvider: /pruneDeadThumbnailFiles...
04-29 05:37:43.510 2929 2929 I main : type=1400 audit(0.0:661): avc: denied { mounton } for path="/storage" dev="tmpfs" ino=595 scontext=u:r:zygote:s0 tcontext=u:object_r:tmpfs:s0 tclass=dir permissive=1
04-29 05:37:43.513 2929 2929 W zygote : Unexpected CPU variant for X86 using defaults: x86_64
04-29 05:37:43.518 1592 1592 I Binder:1592_9: type=1400 audit(0.0:662): avc: denied { write } for name="timerslack_ns" dev="proc" ino=27998 scontext=u:r:system_server:s0 tcontext=u:r:untrusted_app_25:s0:c512,c768 tclass=file permissive=1
04-29 05:37:43.518 2094 2094 I SpeakerIdMUpgradeTask: App version upgraded to 300738799: running speaker ID model upgrade tasks.
04-29 05:37:43.526 2094 2418 I VelvetNetworkClient: Network connection not available
04-29 05:37:43.529 2094 2944 I VelvetNetworkClient: Network connection not available
04-29 05:37:43.534 2945 2945 W zygote64: Unexpected CPU variant for X86 using defaults: x86_64
04-29 05:37:43.554 1592 2060 I chatty : uid=1000(system) Binder:1592_7 expire 11 lines
04-29 05:37:43.562 2945 2945 I zygote64: The ClassLoaderContext is a special shared library.
04-29 05:37:43.569 2945 2945 V OneTimeInitializerReceiver: OneTimeInitializerReceiver.onReceive
04-29 05:37:43.572 2945 2962 V OneTimeInitializer: OneTimeInitializer.initialize
04-29 05:37:43.575 2945 2962 V OneTimeInitializer: Already run, doing nothing.
04-29 05:37:43.578 2212 2486 E aljp : Phenotype API error. Event # btjh@af215afa, EventCode: GET_EXP [CONTEXT service_id=51 ]
04-29 05:37:43.578 2212 2486 E aljp : alif: 29505: No config packages for log source, or config package not registered
04-29 05:37:43.578 2212 2486 E aljp : at alkc.a(:com.google.android.gms@16091023@16.0.91 (040800-244116403):46)
04-29 05:37:43.578 2212 2486 E aljp : at alkb.b(Unknown Source:2)
04-29 05:37:43.578 2212 2486 E aljp : at aljp.a(:com.google.android.gms@16091023@16.0.91 (040800-244116403):101)
04-29 05:37:43.578 2212 2486 E aljp : at aljp.a(:com.google.android.gms@16091023@16.0.91 (040800-244116403):95)
04-29 05:37:43.578 2212 2486 E aljp : at zgb.run(:com.google.android.gms@16091023@16.0.91 (040800-244116403):27)
04-29 05:37:43.578 2212 2486 E aljp : at bgot.run(:com.google.android.gms@16091023@16.0.91 (040800-244116403):2)
04-29 05:37:43.578 2212 2486 E aljp : at rrt.b(:com.google.android.gms@16091023@16.0.91 (040800-244116403):32)
04-29 05:37:43.578 2212 2486 E aljp : at rrt.run(:com.google.android.gms@16091023@16.0.91 (040800-244116403):21)
04-29 05:37:43.578 2212 2486 E aljp : at java.util.concurrent.ThreadPoolExecutor.runWorker(ThreadPoolExecutor.java:1162)
04-29 05:37:43.578 2212 2486 E aljp : at java.util.concurrent.ThreadPoolExecutor$Worker.run(ThreadPoolExecutor.java:636)
04-29 05:37:43.578 2212 2486 E aljp : at rxx.run(Unknown Source:7)
04-29 05:37:43.578 2212 2486 E aljp : at java.lang.Thread.run(Thread.java:764)
04-29 05:37:43.579 2212 2486 E AsyncOperation: serviceID=51, operation=GetExperimentTokensOperationCall
04-29 05:37:43.579 2212 2486 E AsyncOperation: OperationException[Status{statusCode=No config packages for log source, or config package not registered, resolution=null}]
04-29 05:37:43.579 2212 2486 E AsyncOperation: at aljp.a(:com.google.android.gms@16091023@16.0.91 (040800-244116403):109)
04-29 05:37:43.579 2212 2486 E AsyncOperation: at aljp.a(:com.google.android.gms@16091023@16.0.91 (040800-244116403):95)
04-29 05:37:43.579 2212 2486 E AsyncOperation: at zgb.run(:com.google.android.gms@16091023@16.0.91 (040800-244116403):27)
04-29 05:37:43.579 2212 2486 E AsyncOperation: at bgot.run(:com.google.android.gms@16091023@16.0.91 (040800-244116403):2)
04-29 05:37:43.579 2212 2486 E AsyncOperation: at rrt.b(:com.google.android.gms@16091023@16.0.91 (040800-244116403):32)
04-29 05:37:43.579 2212 2486 E AsyncOperation: at rrt.run(:com.google.android.gms@16091023@16.0.91 (040800-244116403):21)
04-29 05:37:43.579 2212 2486 E AsyncOperation: at java.util.concurrent.ThreadPoolExecutor.runWorker(ThreadPoolExecutor.java:1162)
04-29 05:37:43.579 2212 2486 E AsyncOperation: at java.util.concurrent.ThreadPoolExecutor$Worker.run(ThreadPoolExecutor.java:636)
04-29 05:37:43.579 2212 2486 E AsyncOperation: at rxx.run(Unknown Source:7)
04-29 05:37:43.579 2212 2486 E AsyncOperation: at java.lang.Thread.run(Thread.java:764)
04-29 05:37:43.582 2965 2965 W zygote64: Unexpected CPU variant for X86 using defaults: x86_64
04-29 05:37:43.586 1472 1472 I lmkd : type=1400 audit(0.0:663): avc: denied { write } for name="oom_score_adj" dev="proc" ino=21578 scontext=u:r:lmkd:s0 tcontext=u:r:zygote:s0 tclass=file permissive=1
04-29 05:37:43.586 1472 1472 I lmkd : type=1400 audit(0.0:664): avc: denied { open } for path="/proc/2287/oom_score_adj" dev="proc" ino=21578 scontext=u:r:lmkd:s0 tcontext=u:r:zygote:s0 tclass=file permissive=1
04-29 05:37:43.609 2965 2965 I zygote64: The ClassLoaderContext is a special shared library.
04-29 05:37:43.642 2860 2860 I pool-14-thread-: type=1400 audit(0.0:665): avc: denied { getattr } for path="/storage/033e8fc7-4cfe-9454-bc59-df7329ca862d" dev="tmpfs" ino=22325 scontext=u:r:untrusted_app:s0:c512,c768 tcontext=u:object_r:storage_stub_file:s0 tclass=dir permissive=1
04-29 05:37:43.643 1592 1592 I Binder:1592_7: type=1400 audit(0.0:666): avc: denied { getattr } for path="/storage/033e8fc7-4cfe-9454-bc59-df7329ca862d" dev="tmpfs" ino=22325 scontext=u:r:system_server:s0 tcontext=u:object_r:storage_stub_file:s0 tclass=dir permissive=1
04-29 05:37:43.643 1449 1449 I vold : type=1400 audit(0.0:667): avc: denied { read } for name="033e8fc7-4cfe-9454-bc59-df7329ca862d" dev="tmpfs" ino=22325 scontext=u:r:vold:s0 tcontext=u:object_r:storage_stub_file:s0 tclass=dir permissive=1
04-29 05:37:43.643 1449 1449 I vold : type=1400 audit(0.0:668): avc: denied { open } for path="/storage/033e8fc7-4cfe-9454-bc59-df7329ca862d" dev="tmpfs" ino=22325 scontext=u:r:vold:s0 tcontext=u:object_r:storage_stub_file:s0 tclass=dir permissive=1
04-29 05:37:43.644 1449 1449 I vold : type=1400 audit(0.0:669): avc: denied { write } for name="data" dev="tmpfs" ino=22327 scontext=u:r:vold:s0 tcontext=u:object_r:storage_stub_file:s0 tclass=dir permissive=1
04-29 05:37:43.644 1449 1449 I vold : type=1400 audit(0.0:670): avc: denied { add_name } for name="com.google.android.gm" scontext=u:r:vold:s0 tcontext=u:object_r:storage_stub_file:s0 tclass=dir permissive=1
04-29 05:37:43.645 1592 1658 I chatty : uid=1000(system) VoldConnector expire 1 line
04-29 05:37:44.020 1592 2180 I chatty : uid=1000(system) Binder:1592_8 expire 63 lines
04-29 05:37:44.042 2212 2480 E ActivityThread: Failed to find provider info for instantapp-dev-manager
04-29 05:37:44.062 2271 2277 I zygote64: Do full code cache collection, code=124KB, data=90KB
04-29 05:37:44.063 2271 2277 I zygote64: After code cache collection, code=108KB, data=63KB
