04-29 05:37:47.719 2212 2622 W zygote64: Long monitor contention with owner lowpool[9] (3146) at void aaau.a(zyr, int)(:6) waiters=0 in void aaat.a(aaaq, zxr) for 979ms
04-29 05:37:47.721 2271 3005 I TelephonySpam: SpamListSync - scheduleOneTimeTask
04-29 05:37:47.725 2271 3005 I TelephonySpam: ShortCodeSync - Schedule Short Code Sync Tasks
04-29 05:37:47.725 2271 3005 I TelephonySpam: ShortCodeSync - Schedule Short Code Periodic Task
04-29 05:37:47.727 2271 2579 D SharedPreferencesImpl: Time required to fsync /data/user/0/com.google.android.gms/shared_prefs/com.google.android.gms.safetynet.xml: [<1: 0, <2: 0, <4: 0, <8: 0, <16: 1, <32: 1, <64: 0, <128: 0, <256: 1, <512: 1, <1024: 0, <2048: 0, <4096: 0, <8192: 0, <16384: 0, >=16384: 0]
04-29 05:37:47.728 2271 3005 I TelephonySpam: ShortCodeSync - Schedule Short Code One Time Task
04-29 05:37:47.744 2212 2224 I zygote64: Background concurrent copying GC freed 53462(3MB) AllocSpace objects, 33(936KB) LOS objects, 49% free, 6MB/12MB, paused 56us total 228.362ms
04-29 05:37:47.800 2212 2212 I Wear_Controller: Wear requires a companion app to be installed.
04-29 05:37:47.800 2212 2212 I WearableService: onCreate: Wearable Services not starting. Wear is not available on this device.
04-29 05:37:47.802 2212 3032 W WearableService: onGetService: Wear is not available on this device.
04-29 05:37:47.803 2212 3069 I NetRec : [148] ClearDatabaseService.onHandleIntent: Clearing score cache
04-29 05:37:47.810 2271 2485 I TelephonySpam: TelephonySpamInit - Creating a looper to listen to call state changes.
04-29 05:37:47.814 1592 1592 I Binder:1592_4: type=1400 audit(0.0:683): avc: denied { call } for scontext=u:r:system_server:s0 tcontext=u:r:zygote:s0 tclass=binder permissive=1
04-29 05:37:47.818 2271 3256 E MDM : [191] afnj.a: Couldn't connect to Google API client: qgy{statusCode=API_UNAVAILABLE, resolution=null, message=null}
04-29 05:37:47.984 2271 2271 I GAv4-SVC: Google Analytics 16.0.91 is starting up.
04-29 05:37:48.013 2212 2663 I aljh : updateFromConfigurations using legacy put method [CONTEXT service_id=51 ]
04-29 05:37:48.020 2271 3005 I UdcContextInitChimeraSe: Scheduling context registration change job.
04-29 05:37:48.058 2271 3276 I GmscoreIpa: Using regular flags by method 2
04-29 05:37:48.202 3248 3248 I dex2oat : dex2oat took 896.957ms (31.484ms cpu) (threads: 2) arena alloc=1952B (1952B) java alloc=32KB (32784B) native alloc=1018KB (1042952B) free=1541KB (1578488B)
04-29 05:37:48.206 3198 3214 I zygote64: The ClassLoaderContext is a special shared library.
04-29 05:37:48.345 2212 3069 I arjl : Maintaining payment bundles [CONTEXT service_id=79 ]
04-29 05:37:48.345 2212 3069 I arjl : Finished maintaining payment bundles [CONTEXT service_id=79 ]
04-29 05:37:48.434 2212 3266 E arnl : Error retrieving account [CONTEXT service_id=79 ]
04-29 05:37:48.434 2212 3266 E arnl : java.lang.IllegalStateException: No current tap-and-pay account
04-29 05:37:48.434 2212 3266 E arnl : at aqtk.b(:com.google.android.gms@16091023@16.0.91 (040800-244116403):4)
04-29 05:37:48.434 2212 3266 E arnl : at aqtk.a(:com.google.android.gms@16091023@16.0.91 (040800-244116403):1)
04-29 05:37:48.434 2212 3266 E arnl : at arnl.a(:com.google.android.gms@16091023@16.0.91 (040800-244116403):26)
04-29 05:37:48.434 2212 3266 E arnl : at com.google.android.gms.tapandpay.gcmtask.TapAndPayGcmTaskChimeraService.a(:com.google.android.gms@16091023@16.0.91 (040800-244116403):3)
04-29 05:37:48.434 2212 3266 E arnl : at com.google.android.gms.tapandpay.gcmtask.TapAndPayGcmTaskChimeraService.a(:com.google.android.gms@16091023@16.0.91 (040800-244116403):1)
04-29 05:37:48.434 2212 3266 E arnl : at arcy.f(:com.google.android.gms@16091023@16.0.91 (040800-244116403):6)
04-29 05:37:48.434 2212 3266 E arnl : at arcy.a(:com.google.android.gms@16091023@16.0.91 (040800-244116403):1)
04-29 05:37:48.434 2212 3266 E arnl : at com.google.android.gms.tapandpay.init.TapAndPayInitIntentOperation.onHandleIntent(:com.google.android.gms@16091023@16.0.91 (040800-244116403):4)
04-29 05:37:48.434 2212 3266 E arnl : at com.google.android.chimera.IntentOperation.onHandleIntent(:com.google.android.gms@16091023@16.0.91 (040800-244116403):2)
04-29 05:37:48.434 2212 3266 E arnl : at ppm.onHandleIntent(:com.google.android.gms@16091023@16.0.91 (040800-244116403):4)
04-29 05:37:48.434 2212 3266 E arnl : at dxp.run(:com.google.android.gms@16091023@16.0.91 (040800-244116403):12)
04-29 05:37:48.434 2212 3266 E arnl : at dxm.run(:com.google.android.gms@16091023@16.0.91 (040800-244116403):9)
04-29 05:37:48.434 2212 3266 E arnl : at java.util.concurrent.ThreadPoolExecutor.runWorker(ThreadPoolExecutor.java:1162)
04-29 05:37:48.434 2212 3266 E arnl : at java.util.concurrent.ThreadPoolExecutor$Worker.run(ThreadPoolExecutor.java:636)
04-29 05:37:48.434 2212 3266 E arnl : at java.lang.Thread.run(Thread.java:764)
04-29 05:37:48.440 2212 3266 I arcj : getInstance: new instance created [CONTEXT service_id=79 ]
04-29 05:37:48.600 2271 2476 I Vision : Supported ABIS: [x86_64, x86, armeabi-v7a, armeabi]
04-29 05:37:48.600 2271 2476 I zygote64: Deoptimizing bikr bikr.a(int, java.lang.Object[]) due to JIT same target
04-29 05:37:48.660 2271 3005 I Wear_Controller: Wear requires a companion app to be installed.
04-29 05:37:48.660 2271 3005 I Wear_Controller: onStartup - Wear is not available on this device.
04-29 05:37:48.667 1592 1956 I chatty : uid=1000(system) Binder:1592_6 expire 132 lines
04-29 05:37:48.669 2212 2212 W Nearby : Bind call too late - someone already tried to get: interface bpdf [CONTEXT service_id=49 ]
04-29 05:37:48.672 1592 1604 I chatty : uid=1000(system) Binder:1592_2 expire 44 lines
04-29 05:37:48.675 3198 3198 I Binder:3198_3: type=1400 audit(0.0:684): avc: denied { read write } for name="card1" dev="tmpfs" ino=6911 scontext=u:r:priv_app:s0:c512,c768 tcontext=u:object_r:device:s0 tclass=chr_file permissive=1
04-29 05:37:48.675 3198 3198 I Binder:3198_3: type=1400 audit(0.0:685): avc: denied { open } for path="/dev/dri/card1" dev="tmpfs" ino=6911 scontext=u:r:priv_app:s0:c512,c768 tcontext=u:object_r:device:s0 tclass=chr_file permissive=1
04-29 05:37:48.676 3198 3214 D vndksupport: Loading /vendor/lib64/hw/gralloc.drm.so from current namespace instead of sphal namespace.
04-29 05:37:48.681 2212 3266 I GCoreUlr: Starting service, intent=Intent { act=com.google.android.location.reporting.ACTION_UPDATE_WORLD cmp=com.google.android.gms/com.google.android.location.reporting.service.DispatchingService (has extras) }, extras=Bundle[{receiverAction=init, is_boot=true}]
04-29 05:37:48.694 1592 3282 D ContextHubService: System supports 0 hubs
04-29 05:37:48.704 2212 2513 E WorkSourceUtil: Could not find package: com.google.android.gms.stats.eastworld
04-29 05:37:48.732 3198 3198 I Binder:3198_3: type=1400 audit(0.0:686): avc: denied { getattr } for path="/dev/dri/card1" dev="tmpfs" ino=6911 scontext=u:r:priv_app:s0:c512,c768 tcontext=u:object_r:device:s0 tclass=chr_file permissive=1
04-29 05:37:48.735 2212 2218 I zygote64: Compiler allocated 4MB to compile int brdn.b(java.lang.Object)
04-29 05:37:48.736 3198 3214 D libdrm : /vendor/etc/hwdata/amdgpu.ids version: 1.0.0
04-29 05:37:48.751 3198 3214 I GRALLOC-DRM: create pipe for driver amdgpu
04-29 05:37:48.752 2212 2212 I BeaconBle: Using BLE 'L' hardware layer
04-29 05:37:48.752 3198 3214 I EGL-MAIN: found extension DRI_Core version 2
04-29 05:37:48.752 3198 3214 I EGL-MAIN: found extension DRI_DRI2 version 4
04-29 05:37:48.756 3198 3214 I EGL-MAIN: found extension DRI_TexBuffer version 2
04-29 05:37:48.756 3198 3214 I EGL-MAIN: found extension DRI2_Flush version 4
04-29 05:37:48.756 3198 3214 I EGL-MAIN: found extension DRI_IMAGE version 17
04-29 05:37:48.756 3198 3214 I EGL-MAIN: found extension DRI_IMAGE version 17
04-29 05:37:48.756 3198 3214 I EGL-MAIN: found extension DRI_RENDERER_QUERY version 1
04-29 05:37:48.756 3198 3214 I EGL-MAIN: found extension DRI_CONFIG_QUERY version 1
04-29 05:37:48.756 3198 3214 I EGL-MAIN: found extension DRI2_Fence version 2
04-29 05:37:48.756 3198 3214 I EGL-MAIN: found extension DRI2_Interop version 1
04-29 05:37:48.756 3198 3214 I EGL-MAIN: found extension DRI_Robustness version 1
04-29 05:37:48.756 3198 3214 I EGL-MAIN: found extension DRI_NoError version 1
04-29 05:37:48.759 3198 3214 I com.google.android.gms.unstable: android::hardware::configstore::V1_0::ISurfaceFlingerConfigs::hasWideColorDisplay retrieved: 0
04-29 05:37:48.839 2212 3303 W FetchTask: exception on config fetch: java.net.UnknownHostException: Unable to resolve host "cloudconfig.googleapis.com": No address associated with hostname
04-29 05:37:49.023 2271 2581 D SharedPreferencesImpl: Time required to fsync /data/user/0/com.google.android.gms/shared_prefs/com.google.android.gms.wallet.service.ib.ParcelableCryptoKeys.xml: [<1: 0, <2: 0, <4: 0, <8: 0, <16: 0, <32: 0, <64: 0, <128: 0, <256: 0, <512: 1, <1024: 0, <2048: 0, <4096: 0, <8192: 0, <16384: 0, >=16384: 0]
04-29 05:37:49.058 2271 3042 W CheckinConnFactory: Fail to connect to GoogleApiClient error : qgy{statusCode=TIMEOUT, resolution=null, message=null}
04-29 05:37:49.093 2271 3004 W PeopleContactsSync: CP2 sync disabled by gservices.
04-29 05:37:49.105 2271 3129 I Vision : Details: ocr_x86_64.zip, 0fb7c6deb2cc950b075feb4cce4deacb18b64576
04-29 05:37:49.110 2212 3311 W FetchTask: exception on config fetch: java.net.UnknownHostException: Unable to resolve host "cloudconfig.googleapis.com": No address associated with hostname
04-29 05:37:49.115 2271 3083 I PeopleDatabaseHelper: cleanUpNonGplusAccounts done.
04-29 05:37:49.120 2212 3192 W bwwl : [{0}] Failed to resolve name. status={1}
04-29 05:37:49.138 2271 3042 I CheckinRequestProcessor: cookie is null
04-29 05:37:49.140 2271 3042 E CheckinRequestProcessor: CheckinNowTaskTag : Checkin failed: https://android.clients.google.com/checkin (fragment #0): java.net.UnknownHostException: Unable to resolve host "android.clients.google.com": No address associated with hostname
04-29 05:37:49.145 2271 3042 I CheckinChimeraService: Checkin result code: 0 will be retried.
04-29 05:37:49.180 2212 3146 I GCoreUlr: WorldUpdater received intent Intent { act=com.google.android.location.reporting.ACTION_UPDATE_WORLD cmp=com.google.android.gms/com.google.android.location.reporting.service.DispatchingService (has extras) } with receiverAction init
04-29 05:37:49.195 2271 3129 I Vision : Engine already satisfied by existing download for ocr
04-29 05:37:49.198 1592 2060 I chatty : uid=1000(system) Binder:1592_7 expire 154 lines
04-29 05:37:49.203 1592 1956 I chatty : uid=1000(system) Binder:1592_6 expire 198 lines
04-29 05:37:49.228 1592 2060 I WifiService: isScanAlwaysAvailable uid=10015
04-29 05:37:49.229 1592 2060 I WifiService: getWifiEnabledState uid=10015
04-29 05:37:49.241 2212 3146 I GCoreUlr: WorldUpdater:init: Ensuring that reporting is stopped because of reasons: {account#-1#=[InactiveReason{mIdentifier=6, mName='ReportingNotEnabled'}, InactiveReason{mIdentifier=14, mName='HistoryNotEnabled'}]}
04-29 05:37:49.249 2212 3146 I GCoreUlr: Unbound from all signal providers.
04-29 05:37:49.250 2212 3145 I GCoreUlr: Successfully accounts update
04-29 05:37:49.297 2212 2212 I GCoreUlr: Unbound from all signal providers.
04-29 05:37:49.298 2212 2212 I GCoreUlr: Stopping handler for UlrDispSvcFast
04-29 05:37:49.299 2212 3146 I GCoreUlr: Successfully accounts update
04-29 05:37:49.310 2212 2218 I zygote64: Compiler allocated 5MB to compile int brdn.b(java.lang.Object)
04-29 05:37:49.344 2212 2218 I zygote64: Do full code cache collection, code=490KB, data=294KB
04-29 05:37:49.344 2212 2218 I zygote64: After code cache collection, code=410KB, data=218KB
04-29 05:37:49.717 2164 3056 I GAV3 : Thread[GAThread,5,main]: No campaign data found.
04-29 05:37:49.734 1592 1604 I chatty : uid=1000(system) Binder:1592_2 expire 44 lines
04-29 05:37:51.911 2766 2822 E Finsky : [162] foc.a(23): Unable to build selector: /storage/emulated/0/Download/marketenvs.csv (No such file or directory)
04-29 05:37:51.914 1592 1606 E memtrack: Couldn't load memtrack module
04-29 05:37:51.914 1592 1606 W android.os.Debug: failed to get memory consumption info: -1
04-29 05:37:51.917 2766 2839 I Finsky : [171] njo.b(1): Triggered update for experiment package com.google.android.finsky.stable.
04-29 05:37:51.932 1592 1606 E memtrack: Couldn't load memtrack module
04-29 05:37:51.932 1592 1606 W android.os.Debug: failed to get memory consumption info: -1
04-29 05:37:51.971 2766 2804 I Finsky : [145] das.run(3): Initializing the instant apps module.
04-29 05:37:51.973 2766 2803 I Finsky : [144] tvq.f(3): Restoring notifications
04-29 05:37:51.999 2766 2822 I Finsky : [162] uqq.a(11): Do not start WearSupportService due to Wear service optimization
04-29 05:37:51.999 2766 2797 I Finsky : [138] dai.run(7): Component class com.google.android.finsky.wear.WearSupportService disabled via PackageManager.
04-29 05:37:51.999 2766 2797 I Finsky : [138] dai.run(7): Component class com.google.android.finsky.wear.WearChangeListenerService disabled via PackageManager.
04-29 05:37:52.037 1592 1592 I ActivityManager: type=1400 audit(0.0:687): avc: denied { transfer } for scontext=u:r:system_server:s0 tcontext=u:r:zygote:s0 tclass=binder permissive=1
04-29 05:37:52.041 2212 2212 I zygote64: Deoptimizing java.util.ListIterator bicu.listIterator(int) due to JIT inline cache
04-29 05:37:52.053 1592 1655 I InputReader: Reconfiguring input devices. changes=0x00000010
04-29 05:37:52.054 1592 1655 I InputReader: Reconfiguring input devices. changes=0x00000010
04-29 05:37:52.059 2004 2004 I m.android.phone: type=1400 audit(0.0:688): avc: denied { call } for scontext=u:r:zygote:s0 tcontext=u:r:servicemanager:s0 tclass=binder permissive=1
04-29 05:37:52.059 1399 1399 I servicemanager: type=1400 audit(0.0:689): avc: denied { search } for name="2004" dev="proc" ino=14195 scontext=u:r:servicemanager:s0 tcontext=u:r:zygote:s0 tclass=dir permissive=1
04-29 05:37:52.059 1399 1399 I servicemanager: type=1400 audit(0.0:690): avc: denied { read } for name="current" dev="proc" ino=13295 scontext=u:r:servicemanager:s0 tcontext=u:r:zygote:s0 tclass=file permissive=1
04-29 05:37:52.059 1399 1399 I servicemanager: type=1400 audit(0.0:691): avc: denied { open } for path="/proc/2004/attr/current" dev="proc" ino=13295 scontext=u:r:servicemanager:s0 tcontext=u:r:zygote:s0 tclass=file permissive=1
04-29 05:37:52.059 1399 1399 I servicemanager: type=1400 audit(0.0:692): avc: denied { getattr } for scontext=u:r:servicemanager:s0 tcontext=u:r:zygote:s0 tclass=process permissive=1
04-29 05:37:52.061 2004 2004 E PhoneInterfaceManager: [PhoneIntfMgr] getCarrierPackageNamesForIntent: No UICC
04-29 05:37:52.061 2004 2004 D CarrierSvcBindHelper: No carrier app for: 0
04-29 05:37:52.061 2004 2004 D ImsResolver: maybeAddedImsService, packageName: com.android.vending
04-29 05:37:52.068 2004 2004 E PhoneInterfaceManager: [PhoneIntfMgr] getCarrierPackageNamesForIntent: No UICC
04-29 05:37:52.068 2004 2004 D CarrierSvcBindHelper: No carrier app for: 0
04-29 05:37:52.069 2004 2004 D ImsResolver: maybeAddedImsService, packageName: com.google.android.gms
04-29 05:37:52.083 1592 1606 W ResourceType: No known package when getting value for resource number 0x7f080239
04-29 05:37:52.083 1592 1606 W ResourceType: No known package when getting value for resource number 0x7f19000d
04-29 05:37:52.087 2766 2803 I Finsky : [144] tvq.f(8): Done restoring notifications
04-29 05:37:52.092 2212 3192 W bwwl : [{0}] Failed to resolve name. status={1}
04-29 05:37:52.101 1592 1608 I chatty : uid=1000(system) android.ui expire 1 line
04-29 05:37:52.101 1592 1606 I chatty : uid=1000(system) android.bg expire 1 line
04-29 05:37:52.116 1592 3282 I chatty : uid=1000(system) Binder:1592_C expire 22 lines
04-29 05:37:52.124 1592 2494 I chatty : uid=1000(system) Binder:1592_9 expire 22 lines
04-29 05:37:52.127 1592 1606 W Binder : Outgoing transactions from this process must be FLAG_ONEWAY
04-29 05:37:52.127 1592 1606 W Binder : java.lang.Throwable
04-29 05:37:52.127 1592 1606 W Binder : at android.os.BinderProxy.transact(Binder.java:752)
04-29 05:37:52.127 1592 1606 W Binder : at com.android.internal.location.ILocationProvider$Stub$Proxy.getProperties(ILocationProvider.java:232)
04-29 05:37:52.127 1592 1606 W Binder : at com.android.server.location.LocationProviderProxy$1.run(LocationProviderProxy.java:119)
04-29 05:37:52.127 1592 1606 W Binder : at android.os.Handler.handleCallback(Handler.java:790)
04-29 05:37:52.127 1592 1606 W Binder : at android.os.Handler.dispatchMessage(Handler.java:99)
04-29 05:37:52.127 1592 1606 W Binder : at android.os.Looper.loop(Looper.java:164)
04-29 05:37:52.127 1592 1606 W Binder : at android.os.HandlerThread.run(HandlerThread.java:65)
04-29 05:37:52.129 1592 1606 W Binder : Outgoing transactions from this process must be FLAG_ONEWAY
04-29 05:37:52.129 1592 1606 W Binder : java.lang.Throwable
04-29 05:37:52.129 1592 1606 W Binder : at android.os.BinderProxy.transact(Binder.java:752)
04-29 05:37:52.129 1592 1606 W Binder : at com.android.internal.location.ILocationProvider$Stub$Proxy.getProperties(ILocationProvider.java:232)
04-29 05:37:52.129 1592 1606 W Binder : at com.android.server.location.LocationProviderProxy$1.run(LocationProviderProxy.java:119)
04-29 05:37:52.129 1592 1606 W Binder : at android.os.Handler.handleCallback(Handler.java:790)
04-29 05:37:52.129 1592 1606 W Binder : at android.os.Handler.dispatchMessage(Handler.java:99)
04-29 05:37:52.129 1592 1606 W Binder : at android.os.Looper.loop(Looper.java:164)
04-29 05:37:52.129 1592 1606 W Binder : at android.os.HandlerThread.run(HandlerThread.java:65)
04-29 05:37:52.143 1592 1803 I chatty : uid=1000(system) Binder:1592_4 expire 66 lines
04-29 05:37:52.197 2271 2590 I Icing : Storage manager: low false usage 2.24MB avail 5.59GB capacity 9.72GB
04-29 05:37:52.230 1592 2060 I chatty : uid=1000(system) Binder:1592_7 expire 3 lines
04-29 05:37:52.230 1592 1658 I chatty : uid=1000(system) VoldConnector expire 2 lines
04-29 05:37:52.234 1592 2060 W SchedPolicy: add_tid_to_cgroup failed to write '2367' (No space left on device); fd=3
04-29 05:37:52.234 1592 2060 W SchedPolicy: add_tid_to_cgroup failed to write '2368' (No space left on device); fd=3
04-29 05:37:52.234 1592 2060 W SchedPolicy: add_tid_to_cgroup failed to write '2369' (No space left on device); fd=3
04-29 05:37:52.234 1592 2060 W SchedPolicy: add_tid_to_cgroup failed to write '2370' (No space left on device); fd=3
04-29 05:37:52.234 1592 2060 W SchedPolicy: add_tid_to_cgroup failed to write '2371' (No space left on device); fd=3
04-29 05:37:52.234 1592 2060 W SchedPolicy: add_tid_to_cgroup failed to write '2372' (No space left on device); fd=3
04-29 05:37:52.234 1592 2060 W SchedPolicy: add_tid_to_cgroup failed to write '2373' (No space left on device); fd=3
04-29 05:37:52.234 1592 2060 W SchedPolicy: add_tid_to_cgroup failed to write '2374' (No space left on device); fd=3
04-29 05:37:52.234 1592 2060 W SchedPolicy: add_tid_to_cgroup failed to write '2375' (No space left on device); fd=3
04-29 05:37:52.234 1592 2060 W SchedPolicy: add_tid_to_cgroup failed to write '2378' (No space left on device); fd=3
04-29 05:37:52.234 1592 2060 W SchedPolicy: add_tid_to_cgroup failed to write '2380' (No space left on device); fd=3
04-29 05:37:52.234 1592 2060 W SchedPolicy: add_tid_to_cgroup failed to write '2394' (No space left on device); fd=3
04-29 05:37:52.234 1592 2060 W SchedPolicy: add_tid_to_cgroup failed to write '2401' (No space left on device); fd=3
04-29 05:37:52.234 1592 2060 W SchedPolicy: add_tid_to_cgroup failed to write '2482' (No space left on device); fd=3
04-29 05:37:52.234 1592 2060 W SchedPolicy: add_tid_to_cgroup failed to write '2495' (No space left on device); fd=3
04-29 05:37:52.234 1592 2060 W SchedPolicy: add_tid_to_cgroup failed to write '2500' (No space left on device); fd=3
04-29 05:37:52.234 1592 2060 W SchedPolicy: add_tid_to_cgroup failed to write '2620' (No space left on device); fd=3
04-29 05:37:52.234 1592 2060 W SchedPolicy: add_tid_to_cgroup failed to write '2985' (No space left on device); fd=3
04-29 05:37:52.234 1592 2060 W SchedPolicy: add_tid_to_cgroup failed to write '3224' (No space left on device); fd=3
04-29 05:37:52.234 1592 2060 W SchedPolicy: add_tid_to_cgroup failed to write '3242' (No space left on device); fd=3
04-29 05:37:52.234 1592 2060 W SchedPolicy: add_tid_to_cgroup failed to write '3283' (No space left on device); fd=3
04-29 05:37:52.236 1592 2060 W SchedPolicy: add_tid_to_cgroup failed to write '2362' (No space left on device); fd=25
04-29 05:37:52.236 1592 2060 W SchedPolicy: add_tid_to_cgroup failed to write '2367' (No space left on device); fd=25
04-29 05:37:52.236 1592 2060 W SchedPolicy: add_tid_to_cgroup failed to write '2368' (No space left on device); fd=25
04-29 05:37:52.236 1592 2060 W SchedPolicy: add_tid_to_cgroup failed to write '2369' (No space left on device); fd=25
04-29 05:37:52.236 1592 2060 W SchedPolicy: add_tid_to_cgroup failed to write '2370' (No space left on device); fd=25
04-29 05:37:52.236 1592 2060 W SchedPolicy: add_tid_to_cgroup failed to write '2371' (No space left on device); fd=25
04-29 05:37:52.236 1592 2060 W SchedPolicy: add_tid_to_cgroup failed to write '2372' (No space left on device); fd=25
04-29 05:37:52.236 1592 2060 W SchedPolicy: add_tid_to_cgroup failed to write '2373' (No space left on device); fd=25
04-29 05:37:52.236 1592 2060 W SchedPolicy: add_tid_to_cgroup failed to write '2374' (No space left on device); fd=25
04-29 05:37:52.236 1592 2060 W SchedPolicy: add_tid_to_cgroup failed to write '2375' (No space left on device); fd=25
04-29 05:37:52.236 1592 2060 W SchedPolicy: add_tid_to_cgroup failed to write '2378' (No space left on device); fd=25
04-29 05:37:52.236 1592 2060 W SchedPolicy: add_tid_to_cgroup failed to write '2380' (No space left on device); fd=25
04-29 05:37:52.236 1592 2060 W SchedPolicy: add_tid_to_cgroup failed to write '2394' (No space left on device); fd=25
04-29 05:37:52.236 1592 2060 W SchedPolicy: add_tid_to_cgroup failed to write '2401' (No space left on device); fd=25
04-29 05:37:52.236 1592 2060 W SchedPolicy: add_tid_to_cgroup failed to write '2482' (No space left on device); fd=25
04-29 05:37:52.236 1592 2060 W SchedPolicy: add_tid_to_cgroup failed to write '2495' (No space left on device); fd=25
04-29 05:37:52.236 1592 2060 W SchedPolicy: add_tid_to_cgroup failed to write '2500' (No space left on device); fd=25
04-29 05:37:52.236 1592 2060 W SchedPolicy: add_tid_to_cgroup failed to write '2620' (No space left on device); fd=25
04-29 05:37:52.236 1592 2060 W SchedPolicy: add_tid_to_cgroup failed to write '2985' (No space left on device); fd=25
04-29 05:37:52.236 1592 2060 W SchedPolicy: add_tid_to_cgroup failed to write '3224' (No space left on device); fd=25
04-29 05:37:52.236 1592 2060 W SchedPolicy: add_tid_to_cgroup failed to write '3242' (No space left on device); fd=25
04-29 05:37:52.236 1592 2060 W SchedPolicy: add_tid_to_cgroup failed to write '3283' (No space left on device); fd=25
04-29 05:37:52.237 1592 2494 W SchedPolicy: add_tid_to_cgroup failed to write '2362' (No space left on device); fd=3
04-29 05:37:52.237 1592 2494 W SchedPolicy: add_tid_to_cgroup failed to write '2367' (No space left on device); fd=3
04-29 05:37:52.237 1592 2494 W SchedPolicy: add_tid_to_cgroup failed to write '2368' (No space left on device); fd=3
04-29 05:37:52.237 1592 2494 W SchedPolicy: add_tid_to_cgroup failed to write '2369' (No space left on device); fd=3
04-29 05:37:52.237 1592 2494 W SchedPolicy: add_tid_to_cgroup failed to write '2370' (No space left on device); fd=3
04-29 05:37:52.237 1592 2494 W SchedPolicy: add_tid_to_cgroup failed to write '2371' (No space left on device); fd=3
04-29 05:37:52.237 1592 2494 W SchedPolicy: add_tid_to_cgroup failed to write '2372' (No space left on device); fd=3
04-29 05:37:52.237 1592 2494 W SchedPolicy: add_tid_to_cgroup failed to write '2373' (No space left on device); fd=3
04-29 05:37:52.237 1592 2494 W SchedPolicy: add_tid_to_cgroup failed to write '2374' (No space left on device); fd=3
04-29 05:37:52.237 1592 2494 W SchedPolicy: add_tid_to_cgroup failed to write '2375' (No space left on device); fd=3
04-29 05:37:52.237 1592 2494 W SchedPolicy: add_tid_to_cgroup failed to write '2378' (No space left on device); fd=3
04-29 05:37:52.237 1592 2494 W SchedPolicy: add_tid_to_cgroup failed to write '2380' (No space left on device); fd=3
04-29 05:37:52.237 1592 2494 W SchedPolicy: add_tid_to_cgroup failed to write '2394' (No space left on device); fd=3
04-29 05:37:52.237 1592 2494 W SchedPolicy: add_tid_to_cgroup failed to write '2401' (No space left on device); fd=3
04-29 05:37:52.237 1592 2494 W SchedPolicy: add_tid_to_cgroup failed to write '2482' (No space left on device); fd=3
04-29 05:37:52.237 1592 2494 W SchedPolicy: add_tid_to_cgroup failed to write '2495' (No space left on device); fd=3
04-29 05:37:52.237 1592 2494 W SchedPolicy: add_tid_to_cgroup failed to write '2500' (No space left on device); fd=3
04-29 05:37:52.237 1592 2494 W SchedPolicy: add_tid_to_cgroup failed to write '2620' (No space left on device); fd=3
04-29 05:37:52.237 1592 2494 W SchedPolicy: add_tid_to_cgroup failed to write '2985' (No space left on device); fd=3
04-29 05:37:52.237 1592 2494 W SchedPolicy: add_tid_to_cgroup failed to write '3224' (No space left on device); fd=3
04-29 05:37:52.237 1592 2494 W SchedPolicy: add_tid_to_cgroup failed to write '3242' (No space left on device); fd=3
04-29 05:37:52.237 1592 2494 W SchedPolicy: add_tid_to_cgroup failed to write '3283' (No space left on device); fd=3
04-29 05:37:52.239 1592 2494 W SchedPolicy: add_tid_to_cgroup failed to write '2362' (No space left on device); fd=25
04-29 05:37:52.239 1592 2494 W SchedPolicy: add_tid_to_cgroup failed to write '2367' (No space left on device); fd=25
04-29 05:37:52.239 1592 2494 W SchedPolicy: add_tid_to_cgroup failed to write '2368' (No space left on device); fd=25
04-29 05:37:52.239 1592 2494 W SchedPolicy: add_tid_to_cgroup failed to write '2369' (No space left on device); fd=25
04-29 05:37:52.239 1592 2494 W SchedPolicy: add_tid_to_cgroup failed to write '2370' (No space left on device); fd=25
04-29 05:37:52.239 1592 2494 W SchedPolicy: add_tid_to_cgroup failed to write '2371' (No space left on device); fd=25
04-29 05:37:52.239 1592 2494 W SchedPolicy: add_tid_to_cgroup failed to write '2372' (No space left on device); fd=25
04-29 05:37:52.239 1592 2494 W SchedPolicy: add_tid_to_cgroup failed to write '2373' (No space left on device); fd=25
04-29 05:37:52.239 1592 2494 W SchedPolicy: add_tid_to_cgroup failed to write '2374' (No space left on device); fd=25
04-29 05:37:52.239 1592 2494 W SchedPolicy: add_tid_to_cgroup failed to write '2375' (No space left on device); fd=25
04-29 05:37:52.239 1592 2494 W SchedPolicy: add_tid_to_cgroup failed to write '2378' (No space left on device); fd=25
04-29 05:37:52.239 1592 2494 W SchedPolicy: add_tid_to_cgroup failed to write '2380' (No space left on device); fd=25
04-29 05:37:52.239 1592 2494 W SchedPolicy: add_tid_to_cgroup failed to write '2394' (No space left on device); fd=25
04-29 05:37:52.239 1592 2494 W SchedPolicy: add_tid_to_cgroup failed to write '2401' (No space left on device); fd=25
04-29 05:37:52.239 1592 2494 W SchedPolicy: add_tid_to_cgroup failed to write '2482' (No space left on device); fd=25
04-29 05:37:52.239 1592 2494 W SchedPolicy: add_tid_to_cgroup failed to write '2495' (No space left on device); fd=25
04-29 05:37:52.239 1592 2494 W SchedPolicy: add_tid_to_cgroup failed to write '2500' (No space left on device); fd=25
04-29 05:37:52.239 1592 2494 W SchedPolicy: add_tid_to_cgroup failed to write '2620' (No space left on device); fd=25
04-29 05:37:52.239 1592 2494 W SchedPolicy: add_tid_to_cgroup failed to write '2985' (No space left on device); fd=25
04-29 05:37:52.239 1592 2494 W SchedPolicy: add_tid_to_cgroup failed to write '3224' (No space left on device); fd=25
04-29 05:37:52.239 1592 2494 W SchedPolicy: add_tid_to_cgroup failed to write '3242' (No space left on device); fd=25
04-29 05:37:52.240 1592 2494 W SchedPolicy: add_tid_to_cgroup failed to write '3283' (No space left on device); fd=25
04-29 05:37:52.240 1592 2060 W SchedPolicy: add_tid_to_cgroup failed to write '2362' (No space left on device); fd=3
04-29 05:37:52.240 1592 2060 W SchedPolicy: add_tid_to_cgroup failed to write '2367' (No space left on device); fd=3
04-29 05:37:52.240 1592 2060 W SchedPolicy: add_tid_to_cgroup failed to write '2368' (No space left on device); fd=3
04-29 05:37:52.240 1592 2060 W SchedPolicy: add_tid_to_cgroup failed to write '2369' (No space left on device); fd=3
04-29 05:37:52.240 1592 2060 W SchedPolicy: add_tid_to_cgroup failed to write '2370' (No space left on device); fd=3
04-29 05:37:52.240 1592 2060 W SchedPolicy: add_tid_to_cgroup failed to write '2371' (No space left on device); fd=3
04-29 05:37:52.240 1592 2060 W SchedPolicy: add_tid_to_cgroup failed to write '2372' (No space left on device); fd=3
04-29 05:37:52.240 1592 2060 W SchedPolicy: add_tid_to_cgroup failed to write '2373' (No space left on device); fd=3
04-29 05:37:52.240 1592 2060 W SchedPolicy: add_tid_to_cgroup failed to write '2374' (No space left on device); fd=3
04-29 05:37:52.240 1592 2060 W SchedPolicy: add_tid_to_cgroup failed to write '2375' (No space left on device); fd=3
04-29 05:37:52.240 1592 2060 W SchedPolicy: add_tid_to_cgroup failed to write '2378' (No space left on device); fd=3
04-29 05:37:52.240 1592 2060 W SchedPolicy: add_tid_to_cgroup failed to write '2380' (No space left on device); fd=3
04-29 05:37:52.240 1592 2060 W SchedPolicy: add_tid_to_cgroup failed to write '2394' (No space left on device); fd=3
04-29 05:37:52.240 1592 2060 W SchedPolicy: add_tid_to_cgroup failed to write '2401' (No space left on device); fd=3
04-29 05:37:52.240 1592 2060 W SchedPolicy: add_tid_to_cgroup failed to write '2482' (No space left on device); fd=3
04-29 05:37:52.240 1592 2060 W SchedPolicy: add_tid_to_cgroup failed to write '2495' (No space left on device); fd=3
04-29 05:37:52.240 1592 2060 W SchedPolicy: add_tid_to_cgroup failed to write '2500' (No space left on device); fd=3
04-29 05:37:52.240 1592 2060 W SchedPolicy: add_tid_to_cgroup failed to write '2620' (No space left on device); fd=3
04-29 05:37:52.240 1592 2060 W SchedPolicy: add_tid_to_cgroup failed to write '2985' (No space left on device); fd=3
04-29 05:37:52.240 1592 2060 W SchedPolicy: add_tid_to_cgroup failed to write '3224' (No space left on device); fd=3
04-29 05:37:52.240 1592 2060 W SchedPolicy: add_tid_to_cgroup failed to write '3242' (No space left on device); fd=3
04-29 05:37:52.240 1592 2060 W SchedPolicy: add_tid_to_cgroup failed to write '3283' (No space left on device); fd=3
04-29 05:37:52.242 1592 2060 W SchedPolicy: add_tid_to_cgroup failed to write '2362' (No space left on device); fd=25
04-29 05:37:52.242 1592 2060 W SchedPolicy: add_tid_to_cgroup failed to write '2367' (No space left on device); fd=25
04-29 05:37:52.242 1592 2060 W SchedPolicy: add_tid_to_cgroup failed to write '2368' (No space left on device); fd=25
04-29 05:37:52.242 1592 2060 W SchedPolicy: add_tid_to_cgroup failed to write '2369' (No space left on device); fd=25
04-29 05:37:52.242 1592 2060 W SchedPolicy: add_tid_to_cgroup failed to write '2370' (No space left on device); fd=25
04-29 05:37:52.242 1592 2060 W SchedPolicy: add_tid_to_cgroup failed to write '2371' (No space left on device); fd=25
04-29 05:37:52.242 1592 2060 W SchedPolicy: add_tid_to_cgroup failed to write '2372' (No space left on device); fd=25
04-29 05:37:52.242 1592 2060 W SchedPolicy: add_tid_to_cgroup failed to write '2373' (No space left on device); fd=25
04-29 05:37:52.242 1592 2060 W SchedPolicy: add_tid_to_cgroup failed to write '2374' (No space left on device); fd=25
04-29 05:37:52.242 1592 2060 W SchedPolicy: add_tid_to_cgroup failed to write '2375' (No space left on device); fd=25
04-29 05:37:52.242 1592 2060 W SchedPolicy: add_tid_to_cgroup failed to write '2378' (No space left on device); fd=25
04-29 05:37:52.242 1592 2060 W SchedPolicy: add_tid_to_cgroup failed to write '2380' (No space left on device); fd=25
04-29 05:37:52.242 1592 2060 W SchedPolicy: add_tid_to_cgroup failed to write '2394' (No space left on device); fd=25
04-29 05:37:52.242 1592 2060 W SchedPolicy: add_tid_to_cgroup failed to write '2401' (No space left on device); fd=25
04-29 05:37:52.242 1592 2060 W SchedPolicy: add_tid_to_cgroup failed to write '2482' (No space left on device); fd=25
04-29 05:37:52.242 1592 2060 W SchedPolicy: add_tid_to_cgroup failed to write '2495' (No space left on device); fd=25
04-29 05:37:52.242 1592 2060 W SchedPolicy: add_tid_to_cgroup failed to write '2500' (No space left on device); fd=25
04-29 05:37:52.242 1592 2060 W SchedPolicy: add_tid_to_cgroup failed to write '2620' (No space left on device); fd=25
04-29 05:37:52.242 1592 2060 W SchedPolicy: add_tid_to_cgroup failed to write '2985' (No space left on device); fd=25
04-29 05:37:52.242 1592 2060 W SchedPolicy: add_tid_to_cgroup failed to write '3224' (No space left on device); fd=25
04-29 05:37:52.242 1592 2060 W SchedPolicy: add_tid_to_cgroup failed to write '3242' (No space left on device); fd=25
04-29 05:37:52.242 1592 2060 W SchedPolicy: add_tid_to_cgroup failed to write '3283' (No space left on device); fd=25
04-29 05:37:52.243 1592 2494 W SchedPolicy: add_tid_to_cgroup failed to write '2362' (No space left on device); fd=3
04-29 05:37:52.243 1592 2494 W SchedPolicy: add_tid_to_cgroup failed to write '2367' (No space left on device); fd=3
04-29 05:37:52.243 1592 2494 W SchedPolicy: add_tid_to_cgroup failed to write '2368' (No space left on device); fd=3
04-29 05:37:52.243 1592 2494 W SchedPolicy: add_tid_to_cgroup failed to write '2369' (No space left on device); fd=3
04-29 05:37:52.243 1592 2494 W SchedPolicy: add_tid_to_cgroup failed to write '2370' (No space left on device); fd=3
04-29 05:37:52.243 1592 2494 W SchedPolicy: add_tid_to_cgroup failed to write '2371' (No space left on device); fd=3
04-29 05:37:52.243 1592 2494 W SchedPolicy: add_tid_to_cgroup failed to write '2372' (No space left on device); fd=3
04-29 05:37:52.243 1592 2494 W SchedPolicy: add_tid_to_cgroup failed to write '2373' (No space left on device); fd=3
04-29 05:37:52.243 1592 2494 W SchedPolicy: add_tid_to_cgroup failed to write '2374' (No space left on device); fd=3
04-29 05:37:52.243 1592 2494 W SchedPolicy: add_tid_to_cgroup failed to write '2375' (No space left on device); fd=3
04-29 05:37:52.243 1592 2494 W SchedPolicy: add_tid_to_cgroup failed to write '2378' (No space left on device); fd=3
04-29 05:37:52.243 1592 2494 W SchedPolicy: add_tid_to_cgroup failed to write '2380' (No space left on device); fd=3
04-29 05:37:52.243 1592 2494 W SchedPolicy: add_tid_to_cgroup failed to write '2394' (No space left on device); fd=3
04-29 05:37:52.243 1592 2494 W SchedPolicy: add_tid_to_cgroup failed to write '2401' (No space left on device); fd=3
04-29 05:37:52.243 1592 2494 W SchedPolicy: add_tid_to_cgroup failed to write '2482' (No space left on device); fd=3
04-29 05:37:52.243 1592 2494 W SchedPolicy: add_tid_to_cgroup failed to write '2495' (No space left on device); fd=3
04-29 05:37:52.243 1592 2494 W SchedPolicy: add_tid_to_cgroup failed to write '2500' (No space left on device); fd=3
04-29 05:37:52.243 1592 2494 W SchedPolicy: add_tid_to_cgroup failed to write '2620' (No space left on device); fd=3
04-29 05:37:52.243 1592 2494 W SchedPolicy: add_tid_to_cgroup failed to write '2985' (No space left on device); fd=3
04-29 05:37:52.243 1592 2494 W SchedPolicy: add_tid_to_cgroup failed to write '3224' (No space left on device); fd=3
04-29 05:37:52.243 1592 2494 W SchedPolicy: add_tid_to_cgroup failed to write '3242' (No space left on device); fd=3
04-29 05:37:52.243 1592 2494 W SchedPolicy: add_tid_to_cgroup failed to write '3283' (No space left on device); fd=3
04-29 05:37:52.245 1592 2494 W SchedPolicy: add_tid_to_cgroup failed to write '2362' (No space left on device); fd=25
04-29 05:37:52.245 1592 2494 W SchedPolicy: add_tid_to_cgroup failed to write '2367' (No space left on device); fd=25
04-29 05:37:52.245 1592 2494 W SchedPolicy: add_tid_to_cgroup failed to write '2368' (No space left on device); fd=25
04-29 05:37:52.245 1592 2494 W SchedPolicy: add_tid_to_cgroup failed to write '2369' (No space left on device); fd=25
04-29 05:37:52.245 1592 2494 W SchedPolicy: add_tid_to_cgroup failed to write '2370' (No space left on device); fd=25
04-29 05:37:52.245 1592 2494 W SchedPolicy: add_tid_to_cgroup failed to write '2371' (No space left on device); fd=25
04-29 05:37:52.245 1592 2494 W SchedPolicy: add_tid_to_cgroup failed to write '2372' (No space left on device); fd=25
04-29 05:37:52.245 1592 2494 W SchedPolicy: add_tid_to_cgroup failed to write '2373' (No space left on device); fd=25
04-29 05:37:52.245 1592 2494 W SchedPolicy: add_tid_to_cgroup failed to write '2374' (No space left on device); fd=25
04-29 05:37:52.245 1592 2494 W SchedPolicy: add_tid_to_cgroup failed to write '2375' (No space left on device); fd=25
04-29 05:37:52.245 1592 2494 W SchedPolicy: add_tid_to_cgroup failed to write '2378' (No space left on device); fd=25
04-29 05:37:52.245 1592 2494 W SchedPolicy: add_tid_to_cgroup failed to write '2380' (No space left on device); fd=25
04-29 05:37:52.245 1592 2494 W SchedPolicy: add_tid_to_cgroup failed to write '2394' (No space left on device); fd=25
04-29 05:37:52.245 1592 2494 W SchedPolicy: add_tid_to_cgroup failed to write '2401' (No space left on device); fd=25
04-29 05:37:52.245 1592 2494 W SchedPolicy: add_tid_to_cgroup failed to write '2482' (No space left on device); fd=25
04-29 05:37:52.245 1592 2494 W SchedPolicy: add_tid_to_cgroup failed to write '2495' (No space left on device); fd=25
04-29 05:37:52.245 1592 2494 W SchedPolicy: add_tid_to_cgroup failed to write '2500' (No space left on device); fd=25
04-29 05:37:52.245 1592 2494 W SchedPolicy: add_tid_to_cgroup failed to write '2620' (No space left on device); fd=25
04-29 05:37:52.245 1592 2494 W SchedPolicy: add_tid_to_cgroup failed to write '2985' (No space left on device); fd=25
04-29 05:37:52.245 1592 2494 W SchedPolicy: add_tid_to_cgroup failed to write '3224' (No space left on device); fd=25
04-29 05:37:52.245 1592 2494 W SchedPolicy: add_tid_to_cgroup failed to write '3242' (No space left on device); fd=25
04-29 05:37:52.245 1592 2494 W SchedPolicy: add_tid_to_cgroup failed to write '3283' (No space left on device); fd=25
04-29 05:37:52.246 1592 2060 W SchedPolicy: add_tid_to_cgroup failed to write '2362' (No space left on device); fd=3
04-29 05:37:52.246 1592 2060 W SchedPolicy: add_tid_to_cgroup failed to write '2367' (No space left on device); fd=3
04-29 05:37:52.246 1592 2060 W SchedPolicy: add_tid_to_cgroup failed to write '2368' (No space left on device); fd=3
04-29 05:37:52.246 1592 2060 W SchedPolicy: add_tid_to_cgroup failed to write '2369' (No space left on device); fd=3
04-29 05:37:52.246 1592 2060 W SchedPolicy: add_tid_to_cgroup failed to write '2370' (No space left on device); fd=3
04-29 05:37:52.246 1592 2060 W SchedPolicy: add_tid_to_cgroup failed to write '2371' (No space left on device); fd=3
04-29 05:37:52.246 1592 2060 W SchedPolicy: add_tid_to_cgroup failed to write '2372' (No space left on device); fd=3
04-29 05:37:52.246 1592 2060 W SchedPolicy: add_tid_to_cgroup failed to write '2373' (No space left on device); fd=3
04-29 05:37:52.246 1592 2060 W SchedPolicy: add_tid_to_cgroup failed to write '2374' (No space left on device); fd=3
04-29 05:37:52.246 1592 2060 W SchedPolicy: add_tid_to_cgroup failed to write '2375' (No space left on device); fd=3
04-29 05:37:52.246 1592 2060 W SchedPolicy: add_tid_to_cgroup failed to write '2378' (No space left on device); fd=3
04-29 05:37:52.246 1592 2060 W SchedPolicy: add_tid_to_cgroup failed to write '2380' (No space left on device); fd=3
04-29 05:37:52.246 1592 2060 W SchedPolicy: add_tid_to_cgroup failed to write '2394' (No space left on device); fd=3
04-29 05:37:52.246 1592 2060 W SchedPolicy: add_tid_to_cgroup failed to write '2401' (No space left on device); fd=3
04-29 05:37:52.246 1592 2060 W SchedPolicy: add_tid_to_cgroup failed to write '2482' (No space left on device); fd=3
04-29 05:37:52.246 1592 2060 W SchedPolicy: add_tid_to_cgroup failed to write '2495' (No space left on device); fd=3
04-29 05:37:52.246 1592 2060 W SchedPolicy: add_tid_to_cgroup failed to write '2500' (No space left on device); fd=3
04-29 05:37:52.246 1592 2060 W SchedPolicy: add_tid_to_cgroup failed to write '2620' (No space left on device); fd=3
04-29 05:37:52.246 1592 2060 W SchedPolicy: add_tid_to_cgroup failed to write '2985' (No space left on device); fd=3
04-29 05:37:52.246 1592 2060 W SchedPolicy: add_tid_to_cgroup failed to write '3224' (No space left on device); fd=3
04-29 05:37:52.246 1592 2060 W SchedPolicy: add_tid_to_cgroup failed to write '3242' (No space left on device); fd=3
04-29 05:37:52.246 1592 2060 W SchedPolicy: add_tid_to_cgroup failed to write '3283' (No space left on device); fd=3
04-29 05:37:52.248 1592 2060 W SchedPolicy: add_tid_to_cgroup failed to write '2362' (No space left on device); fd=25
04-29 05:37:52.248 1592 2060 W SchedPolicy: add_tid_to_cgroup failed to write '2367' (No space left on device); fd=25
04-29 05:37:52.248 1592 2060 W SchedPolicy: add_tid_to_cgroup failed to write '2368' (No space left on device); fd=25
04-29 05:37:52.248 1592 2060 W SchedPolicy: add_tid_to_cgroup failed to write '2369' (No space left on device); fd=25
04-29 05:37:52.248 1592 2060 W SchedPolicy: add_tid_to_cgroup failed to write '2370' (No space left on device); fd=25
04-29 05:37:52.248 1592 2060 W SchedPolicy: add_tid_to_cgroup failed to write '2371' (No space left on device); fd=25
04-29 05:37:52.248 1592 2060 W SchedPolicy: add_tid_to_cgroup failed to write '2372' (No space left on device); fd=25
04-29 05:37:52.248 1592 2060 W SchedPolicy: add_tid_to_cgroup failed to write '2373' (No space left on device); fd=25
04-29 05:37:52.248 1592 2060 W SchedPolicy: add_tid_to_cgroup failed to write '2374' (No space left on device); fd=25
04-29 05:37:52.248 1592 2060 W SchedPolicy: add_tid_to_cgroup failed to write '2375' (No space left on device); fd=25
04-29 05:37:52.248 1592 2060 W SchedPolicy: add_tid_to_cgroup failed to write '2378' (No space left on device); fd=25
04-29 05:37:52.248 1592 2060 W SchedPolicy: add_tid_to_cgroup failed to write '2380' (No space left on device); fd=25
04-29 05:37:52.248 1592 2060 W SchedPolicy: add_tid_to_cgroup failed to write '2394' (No space left on device); fd=25
04-29 05:37:52.248 1592 2060 W SchedPolicy: add_tid_to_cgroup failed to write '2401' (No space left on device); fd=25
04-29 05:37:52.248 1592 2060 W SchedPolicy: add_tid_to_cgroup failed to write '2482' (No space left on device); fd=25
04-29 05:37:52.248 1592 2060 W SchedPolicy: add_tid_to_cgroup failed to write '2495' (No space left on device); fd=25
04-29 05:37:52.248 1592 2060 W SchedPolicy: add_tid_to_cgroup failed to write '2500' (No space left on device); fd=25
04-29 05:37:52.248 1592 2060 W SchedPolicy: add_tid_to_cgroup failed to write '2620' (No space left on device); fd=25
04-29 05:37:52.248 1592 2060 W SchedPolicy: add_tid_to_cgroup failed to write '2985' (No space left on device); fd=25
04-29 05:37:52.248 1592 2060 W SchedPolicy: add_tid_to_cgroup failed to write '3224' (No space left on device); fd=25
04-29 05:37:52.248 1592 2060 W SchedPolicy: add_tid_to_cgroup failed to write '3242' (No space left on device); fd=25
04-29 05:37:52.248 1592 2060 W SchedPolicy: add_tid_to_cgroup failed to write '3283' (No space left on device); fd=25
04-29 05:37:52.249 1592 2494 W SchedPolicy: add_tid_to_cgroup failed to write '2362' (No space left on device); fd=3
04-29 05:37:52.249 1592 2494 W SchedPolicy: add_tid_to_cgroup failed to write '2367' (No space left on device); fd=3
04-29 05:37:52.249 1592 2494 W SchedPolicy: add_tid_to_cgroup failed to write '2368' (No space left on device); fd=3
04-29 05:37:52.249 1592 2494 W SchedPolicy: add_tid_to_cgroup failed to write '2369' (No space left on device); fd=3
04-29 05:37:52.249 1592 2494 W SchedPolicy: add_tid_to_cgroup failed to write '2370' (No space left on device); fd=3
04-29 05:37:52.249 1592 2494 W SchedPolicy: add_tid_to_cgroup failed to write '2371' (No space left on device); fd=3
04-29 05:37:52.249 1592 2494 W SchedPolicy: add_tid_to_cgroup failed to write '2372' (No space left on device); fd=3
04-29 05:37:52.249 1592 2494 W SchedPolicy: add_tid_to_cgroup failed to write '2373' (No space left on device); fd=3
04-29 05:37:52.249 1592 2494 W SchedPolicy: add_tid_to_cgroup failed to write '2374' (No space left on device); fd=3
04-29 05:37:52.249 1592 2494 W SchedPolicy: add_tid_to_cgroup failed to write '2375' (No space left on device); fd=3
04-29 05:37:52.249 1592 2494 W SchedPolicy: add_tid_to_cgroup failed to write '2378' (No space left on device); fd=3
04-29 05:37:52.249 1592 2494 W SchedPolicy: add_tid_to_cgroup failed to write '2380' (No space left on device); fd=3
04-29 05:37:52.249 1592 2494 W SchedPolicy: add_tid_to_cgroup failed to write '2394' (No space left on device); fd=3
04-29 05:37:52.249 1592 2494 W SchedPolicy: add_tid_to_cgroup failed to write '2401' (No space left on device); fd=3
04-29 05:37:52.249 1592 2494 W SchedPolicy: add_tid_to_cgroup failed to write '2482' (No space left on device); fd=3
04-29 05:37:52.249 1592 2494 W SchedPolicy: add_tid_to_cgroup failed to write '2495' (No space left on device); fd=3
04-29 05:37:52.249 1592 2494 W SchedPolicy: add_tid_to_cgroup failed to write '2500' (No space left on device); fd=3
04-29 05:37:52.249 1592 2494 W SchedPolicy: add_tid_to_cgroup failed to write '2620' (No space left on device); fd=3
04-29 05:37:52.249 1592 2494 W SchedPolicy: add_tid_to_cgroup failed to write '2985' (No space left on device); fd=3
04-29 05:37:52.249 1592 2494 W SchedPolicy: add_tid_to_cgroup failed to write '3224' (No space left on device); fd=3
04-29 05:37:52.249 1592 2494 W SchedPolicy: add_tid_to_cgroup failed to write '3242' (No space left on device); fd=3
04-29 05:37:52.249 1592 2494 W SchedPolicy: add_tid_to_cgroup failed to write '3283' (No space left on device); fd=3
04-29 05:37:52.250 2227 2227 I launcher-loader: type=1400 audit(0.0:693): avc: denied { getattr } for path="/storage/033e8fc7-4cfe-9454-bc59-df7329ca862d" dev="tmpfs" ino=22325 scontext=u:r:priv_app:s0:c512,c768 tcontext=u:object_r:storage_stub_file:s0 tclass=dir permissive=1
04-29 05:37:52.252 1592 2060 D VoldConnector: SND -> {17 volume mkdirs /storage/033e8fc7-4cfe-9454-bc59-df7329ca862d/Android/data/com.android.launcher3/files/}
04-29 05:37:52.253 1592 1658 D VoldConnector: RCV <- {200 17 Command succeeded}
04-29 05:37:52.254 1592 2060 W SchedPolicy: add_tid_to_cgroup failed to write '2362' (No space left on device); fd=25
04-29 05:37:52.254 1592 2060 W SchedPolicy: add_tid_to_cgroup failed to write '2367' (No space left on device); fd=25
04-29 05:37:52.254 1592 2060 W SchedPolicy: add_tid_to_cgroup failed to write '2368' (No space left on device); fd=25
04-29 05:37:52.254 1592 2060 W SchedPolicy: add_tid_to_cgroup failed to write '2369' (No space left on device); fd=25
04-29 05:37:52.254 1592 2060 W SchedPolicy: add_tid_to_cgroup failed to write '2370' (No space left on device); fd=25
04-29 05:37:52.254 1592 2060 W SchedPolicy: add_tid_to_cgroup failed to write '2371' (No space left on device); fd=25
04-29 05:37:52.254 1592 2060 W SchedPolicy: add_tid_to_cgroup failed to write '2372' (No space left on device); fd=25
04-29 05:37:52.254 1592 2060 W SchedPolicy: add_tid_to_cgroup failed to write '2373' (No space left on device); fd=25
04-29 05:37:52.254 1592 2060 W SchedPolicy: add_tid_to_cgroup failed to write '2374' (No space left on device); fd=25
04-29 05:37:52.254 1592 2060 W SchedPolicy: add_tid_to_cgroup failed to write '2375' (No space left on device); fd=25
04-29 05:37:52.254 1592 2060 W SchedPolicy: add_tid_to_cgroup failed to write '2378' (No space left on device); fd=25
04-29 05:37:52.254 1592 2060 W SchedPolicy: add_tid_to_cgroup failed to write '2380' (No space left on device); fd=25
04-29 05:37:52.254 1592 2060 W SchedPolicy: add_tid_to_cgroup failed to write '2394' (No space left on device); fd=25
04-29 05:37:52.254 1592 2060 W SchedPolicy: add_tid_to_cgroup failed to write '2401' (No space left on device); fd=25
04-29 05:37:52.254 1592 2060 W SchedPolicy: add_tid_to_cgroup failed to write '2482' (No space left on device); fd=25
04-29 05:37:52.254 1592 2060 W SchedPolicy: add_tid_to_cgroup failed to write '2495' (No space left on device); fd=25
04-29 05:37:52.254 1592 2060 W SchedPolicy: add_tid_to_cgroup failed to write '2500' (No space left on device); fd=25
04-29 05:37:52.254 1592 2060 W SchedPolicy: add_tid_to_cgroup failed to write '2620' (No space left on device); fd=25
04-29 05:37:52.254 1592 2060 W SchedPolicy: add_tid_to_cgroup failed to write '2985' (No space left on device); fd=25
04-29 05:37:52.255 1592 2060 W SchedPolicy: add_tid_to_cgroup failed to write '3224' (No space left on device); fd=25
04-29 05:37:52.255 1592 2060 W SchedPolicy: add_tid_to_cgroup failed to write '3242' (No space left on device); fd=25
04-29 05:37:52.255 1592 2060 W SchedPolicy: add_tid_to_cgroup failed to write '3283' (No space left on device); fd=25
04-29 05:37:52.255 1592 2494 W SchedPolicy: add_tid_to_cgroup failed to write '2362' (No space left on device); fd=3
04-29 05:37:52.255 1592 2494 W SchedPolicy: add_tid_to_cgroup failed to write '2367' (No space left on device); fd=3
04-29 05:37:52.255 1592 2494 W SchedPolicy: add_tid_to_cgroup failed to write '2368' (No space left on device); fd=3
04-29 05:37:52.255 1592 2494 W SchedPolicy: add_tid_to_cgroup failed to write '2369' (No space left on device); fd=3
