04-29 05:37:44.090 2271 2555 I SystemUpdate: [Installation,ReceiverIntentOperation] Received intent: Intent { act=com.google.android.gms.update.BASE_MODULE_INIT cat=[targeted_intent_op_prefix:.update.control.ReceiverIntentOperation] cmp=com.google.android.gms/.chimera.GmsIntentOperationService }.
04-29 05:37:44.093 2271 2476 W SystemServiceRegistry: No service published for: persistent_data_block
04-29 05:37:44.094 2271 2581 I Auth : [FRP,FrpUpdateIntentOperation] Frp is not supported for this device / user
04-29 05:37:44.094 2271 2476 W ChimeraUtils: Non Chimera context
04-29 05:37:44.098 2271 2476 I chatty : uid=10015(com.google.android.gms) identical 2 lines
04-29 05:37:44.098 2271 2476 W ChimeraUtils: Non Chimera context
04-29 05:37:44.127 2212 2212 W ChimeraUtils: Non Chimera context
04-29 05:37:44.127 2212 2212 W ChimeraUtils: Non Chimera context
04-29 05:37:44.129 1592 1592 I chatty : uid=1000 system_server expire 1 line
04-29 05:37:44.131 2212 2212 W SystemServiceRegistry: No service published for: persistent_data_block
04-29 05:37:44.139 2212 2212 W ChimeraUtils: Non Chimera context
04-29 05:37:44.139 2212 2212 W ChimeraUtils: Non Chimera context
04-29 05:37:44.144 1592 1956 I chatty : uid=1000(system) Binder:1592_6 expire 19 lines
04-29 05:37:44.147 2212 2212 I GeofencerStateMachine: sendQueryLocationOptIn
04-29 05:37:44.148 2212 2212 I GeofencerStateMachine: sendQueryLocationOptIn
04-29 05:37:44.149 2212 2788 I Auth : [WorkAccount] init work authenticator
04-29 05:37:44.154 2860 2919 I zygote64: Deoptimizing void adat.c() due to JIT inline cache
04-29 05:37:44.155 2860 2919 I zygote64: Deoptimizing java.lang.Object acia.a(int[], java.lang.Object[], int, int, java.lang.Object) due to JIT inline cache
04-29 05:37:44.159 2212 2212 I GeofencerStateMachine: sendQueryLocationOptIn
04-29 05:37:44.197 2212 2212 I chatty : uid=10015 com.google.android.gms.persistent identical 2 lines
04-29 05:37:44.202 1592 2984 I chatty : uid=1000(system) Binder:1592_A expire 143 lines
04-29 05:37:44.209 2212 2212 I GeofencerStateMachine: sendQueryLocationOptIn
04-29 05:37:44.215 1592 2180 I chatty : uid=1000(system) Binder:1592_8 expire 40 lines
04-29 05:37:44.258 2593 2625 W MediaScanner: Error opening directory '/storage/033e8fc7-4cfe-9454-bc59-df7329ca862d/', skipping: Permission denied.
04-29 05:37:44.306 1592 1956 I chatty : uid=1000(system) Binder:1592_6 expire 191 lines
04-29 05:37:44.362 2271 3004 I Auth : [SupervisedAccountIntentOperation] onHandleIntent(): android.intent.action.BOOT_COMPLETED
04-29 05:37:44.364 2271 3004 I Auth : [SupervisedAccountIntentOperation] This operation is disabled
04-29 05:37:44.373 3008 3008 W zygote64: Unexpected CPU variant for X86 using defaults: x86_64
04-29 05:37:44.379 1592 2984 I chatty : uid=1000(system) Binder:1592_A expire 126 lines
04-29 05:37:44.418 2860 2865 I zygote64: Do partial code cache collection, code=25KB, data=21KB
04-29 05:37:44.420 2860 2865 I zygote64: After code cache collection, code=21KB, data=19KB
04-29 05:37:44.420 2860 2865 I zygote64: Increasing code cache capacity to 128KB
04-29 05:37:44.466 1592 1603 I chatty : uid=1000(system) Binder:1592_1 expire 182 lines
04-29 05:37:44.472 1592 2984 I chatty : uid=1000(system) Binder:1592_A expire 92 lines
04-29 05:37:44.476 2271 3025 W ChimeraUtils: Non Chimera context
04-29 05:37:44.476 2271 3025 W ChimeraUtils: Non Chimera context
04-29 05:37:44.484 2271 3025 E GmsRequestQueue: Tried to stop global GMSCore RequestQueue. This is likely unintended, so ignoring.
04-29 05:37:44.491 2271 3025 I Authzen : [AuthZenEventHandler] Handling event: android.intent.action.BOOT_COMPLETED
04-29 05:37:44.494 1592 2180 I chatty : uid=1000(system) Binder:1592_8 expire 38 lines
04-29 05:37:44.495 2271 3025 I Authzen : [SyncManager] Sync requested for event 0, account , and components 3, with reason 1
04-29 05:37:44.495 2271 3025 I Authzen : [SyncManager] Triggering AuthZen registration check...
04-29 05:37:44.497 1592 1602 I zygote64: Background concurrent copying GC freed 14664(868KB) AllocSpace objects, 6(296KB) LOS objects, 42% free, 9MB/16MB, paused 31us total 105.909ms
04-29 05:37:44.511 2271 2581 W ChimeraUtils: Non Chimera context
04-29 05:37:44.511 2271 2581 W ChimeraUtils: Non Chimera context
04-29 05:37:44.521 2271 3004 I AutofillModuleInitInten: AutofillModuleInitIntentOperation onInitRuntimeState(2) [CONTEXT service_id=177 ]
04-29 05:37:44.524 1592 1603 I chatty : uid=1000(system) Binder:1592_1 expire 65 lines
04-29 05:37:44.527 2271 3025 I Authzen : [ifh] Opening database auth.proximity.permit_store...
04-29 05:37:44.554 3008 3008 I zygote64: The ClassLoaderContext is a special shared library.
04-29 05:37:44.567 2593 2625 V MediaProvider: pruneThumbnails
04-29 05:37:44.586 2593 2625 V MediaProvider: /pruneDeadThumbnailFiles...
04-29 05:37:44.618 1592 2984 I chatty : uid=1000(system) Binder:1592_A expire 38 lines
04-29 05:37:44.636 1592 2060 I chatty : uid=1000(system) Binder:1592_7 expire 76 lines
04-29 05:37:44.637 1592 1956 I chatty : uid=1000(system) Binder:1592_6 expire 111 lines
04-29 05:37:44.659 1592 2060 I chatty : uid=1000(system) Binder:1592_7 expire 19 lines
04-29 05:37:44.660 1592 2984 I chatty : uid=1000(system) Binder:1592_A expire 38 lines
04-29 05:37:44.662 3008 3008 I GoogleHttpClient: GMS http client unavailable, use old client
04-29 05:37:44.690 1592 2180 I chatty : uid=1000(system) Binder:1592_8 expire 49 lines
04-29 05:37:44.698 1592 1735 I chatty : uid=1000(system) Binder:1592_3 expire 181 lines
04-29 05:37:44.699 3048 3048 W zygote64: Unexpected CPU variant for X86 using defaults: x86_64
04-29 05:37:44.699 2664 2679 I zygote64: Waiting for a blocking GC ProfileSaver
04-29 05:37:44.701 2164 2164 W zygote64: Class com.google.analytics.tracking.android.GoogleAnalytics failed lock verification and will run slower.
04-29 05:37:44.701 2164 2164 W zygote64: Common causes for lock verification issues are non-optimized dex code
04-29 05:37:44.701 2164 2164 W zygote64: and incorrect proguard optimizations.
04-29 05:37:44.710 1592 1592 I Binder:1592_8: type=1400 audit(0.0:671): avc: denied { write } for name="timerslack_ns" dev="proc" ino=30157 scontext=u:r:system_server:s0 tcontext=u:r:untrusted_app:s0:c512,c768 tclass=file permissive=1
04-29 05:37:44.729 2271 3005 V Backup : [SettingsModuleInit] onInitRuntimeState
04-29 05:37:44.733 2271 3005 V Backup : [NoBackupNotification] Disabled, not scheduling
04-29 05:37:44.737 2271 3004 V Backup : [MigrateUtil] Clearing migrate temp dir: /data/user/0/com.google.android.gms/files/migrate_dir
04-29 05:37:44.744 3008 3045 I GoogleHttpClient: GMS http client unavailable, use old client
04-29 05:37:44.748 2664 2679 I zygote64: WaitForGcToComplete blocked ProfileSaver on HeapTrim for 48.149ms
04-29 05:37:44.748 2271 3005 V Backup : [BackupAccountChangedIO] Ignoring received intent, action = android.intent.action.BOOT_COMPLETED
04-29 05:37:44.755 2271 3005 I Backup : [TargetEnabler] Setting target components to enabled = false
04-29 05:37:44.760 2271 3005 I Backup : [SourceEnabler] Setting source components to enabled = true
04-29 05:37:44.760 2271 3005 V Backup : [MigrateUtil] Using O+ select transport api
04-29 05:37:44.762 2271 3004 D Backup : [MigrateCleaner] D2D transport was not selected, not selecting cloud transport.
04-29 05:37:44.763 2271 3004 D CAR.SETUP: onInitRuntimeState: Intent { act=android.intent.action.BOOT_COMPLETED flg=0x9000010 cmp=com.google.android.gms/.chimera.GmsIntentOperationService (has extras) }
04-29 05:37:44.763 2271 3005 W Backup : [ComponentEnablerUtil] Unable to set component 'com.google.android.gms.backup.component.D2dMigrateFlowActivity' to enabled=false
04-29 05:37:44.765 2271 3005 W Backup : [ComponentEnablerUtil] Unable to set component 'com.google.android.gms.backup.component.UsbDeviceAttachedActivity' to enabled=false
04-29 05:37:44.766 1592 1956 I chatty : uid=1000(system) Binder:1592_6 expire 44 lines
04-29 05:37:44.779 2271 2784 I CryptauthV2: [EnrollKeyName] ClientName calling Cryptauth is AuthzenAccountRegistration
04-29 05:37:44.785 1592 2180 I chatty : uid=1000(system) Binder:1592_8 expire 124 lines
04-29 05:37:44.810 2271 3005 V Backup : [GmsBackupScheduler] Scheduled task to run in 1440 minutes, while idle: true, require charging: true, require wifi: true
04-29 05:37:44.820 2271 3005 V Backup : [GmsBackupSchedulerLog] Logging to Clearcut eventCode: GMS_BACKUP_SCHEDULE, event: # mdz@222b0411
04-29 05:37:44.823 2271 3005 V Backup : [MmsBackupScheduler] Disabled, not scheduling.
04-29 05:37:44.824 2271 3005 V Backup : [MmsBackupSchedulerLog] Logging is disabled.
04-29 05:37:44.836 2271 2581 I ChromeSync: [Sync,SyncIntentOperation] Handling the intent: Intent { act=android.intent.action.BOOT_COMPLETED flg=0x9000010 cmp=com.google.android.gms/.chimera.GmsIntentOperationService (has extras) }.
04-29 05:37:44.837 1592 1609 W system_server: kill(-1986, 9) failed: No such process
04-29 05:37:44.850 2271 2627 I CheckinCompat: Disabling old GoogleServicesFramework version
04-29 05:37:44.856 2271 2627 I CheckinCompat: No service .checkin.CheckinService$Receiver to disable
04-29 05:37:44.857 1473 1473 I surfaceflinger: type=1400 audit(0.0:672): avc: denied { ioctl } for path="/dev/dri/card1" dev="tmpfs" ino=6911 ioctlcmd=0x6446 scontext=u:r:surfaceflinger:s0 tcontext=u:object_r:device:s0 tclass=chr_file permissive=1
04-29 05:37:44.865 2271 2627 I CheckinCompat: No service .checkin.CheckinService$TriggerReceiver to disable
04-29 05:37:44.866 2271 2555 D SharedPreferencesImpl: Time required to fsync /data/user/0/com.google.android.gms/shared_prefs/com.google.android.gms.update.storage.xml: [<1: 0, <2: 0, <4: 0, <8: 0, <16: 0, <32: 0, <64: 0, <128: 0, <256: 0, <512: 0, <1024: 1, <2048: 0, <4096: 0, <8192: 0, <16384: 0, >=16384: 0]
04-29 05:37:44.867 2271 2627 I CheckinCompat: No service .checkin.CheckinService$SecretCodeReceiver to disable
04-29 05:37:44.876 3048 3080 I FA : App measurement is starting up, version: 13001
04-29 05:37:44.877 3048 3080 I FA : To enable debug logging run: adb shell setprop log.tag.FA VERBOSE
04-29 05:37:44.877 3048 3080 I FA : To enable faster debug mode event logging run:
04-29 05:37:44.877 3048 3080 I FA : adb shell setprop debug.firebase.analytics.app com.oasisfeng.greenify
04-29 05:37:44.879 2860 2865 I zygote64: Do partial code cache collection, code=61KB, data=37KB
04-29 05:37:44.879 2860 2865 I zygote64: After code cache collection, code=61KB, data=37KB
04-29 05:37:44.879 2860 2865 I zygote64: Increasing code cache capacity to 256KB
04-29 05:37:44.883 1592 1609 W system_server: kill(-1986, 9) failed: No such process
04-29 05:37:44.883 1592 1609 I system_server: Successfully killed process cgroup uid 10017 pid 1986 in 46ms
04-29 05:37:44.887 2164 3047 D LogHelper: Google Analytics log entry: {&ea=boot_completed, &ec=power, &ev=75, &cd1=userdebug, &cd5=8.1.0-eng.lh.0124, &cd13=186, &el=android_x86_64 8.1.0 OPM8.190105.002, &cd12=1600 * 900 60Hz, &t=event, &cd3=x86_64, &cd4=X751BP}
04-29 05:37:44.896 2271 3004 D CAR.SETUP: update DrivingMode components to false
04-29 05:37:44.897 2271 3004 I constellation: [intent_handler] Received onBootCompleted intent
04-29 05:37:44.968 2860 2860 W whf : Failed to find local clusters.
04-29 05:37:44.981 2271 2579 I Ads : Parental control value is stale. Refreshing.
04-29 05:37:44.986 2271 2579 I Ads : Initialized AdMob in container 16.0.91 (040800-244116403)
04-29 05:37:45.131 1592 2984 I chatty : uid=1000(system) Binder:1592_A expire 1 line
04-29 05:37:45.162 2271 3004 I constellation: [reboot_checker] Reboot checker check status.
04-29 05:37:45.181 2271 3042 I CheckinChimeraService: Starting Checkin Task: CheckinNowTaskTag Reason : 1 Force : false UserId: 0
04-29 05:37:45.190 3048 3087 D NetworkSecurityConfig: No Network Security Config specified, using platform default
04-29 05:37:45.201 2593 2625 W MediaScanner: Error opening directory '/oem/media/', skipping: No such file or directory.
04-29 05:37:45.210 2227 2227 I RenderThread: type=1400 audit(0.0:673): avc: denied { ioctl } for path="/dev/dri/card1" dev="tmpfs" ino=6911 ioctlcmd=0x6446 scontext=u:r:priv_app:s0:c512,c768 tcontext=u:object_r:device:s0 tclass=chr_file permissive=1
04-29 05:37:45.247 2271 3005 I Fido : [FidoInitIntentOperation] Initializing Fido module, InitRuntimeState=2
04-29 05:37:45.349 3111 3111 I main : type=1400 audit(0.0:674): avc: denied { create } for name="cgroup.procs" scontext=u:r:zygote:s0 tcontext=u:object_r:cgroup:s0 tclass=file permissive=1
04-29 05:37:45.354 3111 3111 W zygote64: Unexpected CPU variant for X86 using defaults: x86_64
04-29 05:37:45.359 2766 2778 I Finsky : [127] azs.a(1): Received content filters request from sharedUserId=com.google.uid.shared:10015
04-29 05:37:45.369 2593 2625 V MediaProvider: pruneThumbnails
04-29 05:37:45.373 2593 2625 V MediaProvider: /pruneDeadThumbnailFiles...
04-29 05:37:45.383 2271 2555 W ChimeraUtils: Non Chimera context
04-29 05:37:45.383 2271 2555 I chatty : uid=10015(com.google.android.gms) identical 2 lines
04-29 05:37:45.383 2271 2555 W ChimeraUtils: Non Chimera context
04-29 05:37:45.385 2271 3083 I SystemUpdate: [Execution,InstallationEventIntentOperation] Handling event of type 1.
04-29 05:37:45.389 2271 3129 I SystemUpdate: [Execution,InstallationIntentOperation] Received intent: Intent { act=com.google.android.gms.update.INSTALL_UPDATE cat=[targeted_intent_op_prefix:.update.execution.InstallationIntentOperation] cmp=com.google.android.gms/.chimera.GmsIntentOperationService }.
04-29 05:37:45.394 2860 2902 I zygote64: The ClassLoaderContext is a special shared library.
04-29 05:37:45.396 2860 2902 I zygote64: The ClassLoaderContext is a special shared library.
04-29 05:37:45.416 2860 2902 V NativeCrypto: Registering com/google/android/gms/org/conscrypt/NativeCrypto's 284 native methods...
04-29 05:37:45.425 2860 2902 D NetworkSecurityConfig: Using Network Security Config from resource network_security_config debugBuild: false
04-29 05:37:45.464 2271 3004 I constellation: [reboot_checker] Reboot Sync didn't run.
04-29 05:37:45.464 2271 3004 I constellation: [intent_handler] on init with intent Intent { act=android.intent.action.BOOT_COMPLETED flg=0x9000010 cmp=com.google.android.gms/.chimera.GmsIntentOperationService (has extras) }
04-29 05:37:45.466 2271 3042 I EventLogChimeraService: Accumulating logs since 1556473804534
04-29 05:37:45.470 2860 2902 I ProviderInstaller: Installed default security provider GmsCore_OpenSSL
04-29 05:37:45.470 2860 2860 I zygote64: Deoptimizing void aatw.a(java.lang.Object) due to JIT inline cache
04-29 05:37:45.586 2271 3129 I SystemUpdate: [Execution,ExecutionManager] Action finished-execution executed for 0.00 seconds.
04-29 05:37:45.620 2271 2581 W ChimeraUtils: Non Chimera context
04-29 05:37:45.622 2271 2581 I chatty : uid=10015(com.google.android.gms) identical 2 lines
04-29 05:37:45.622 2271 2581 W ChimeraUtils: Non Chimera context
04-29 05:37:45.630 2212 2212 I Fido : [CableAuthenticatorChimeraService] Registering broadcast receiver.
04-29 05:37:45.633 2212 2212 W SystemServiceRegistry: No service published for: persistent_data_block
04-29 05:37:45.637 1592 1592 I ActivityManager: type=1400 audit(0.0:675): avc: denied { getpgid } for scontext=u:r:system_server:s0 tcontext=u:r:zygote:s0 tclass=process permissive=1
04-29 05:37:45.637 2271 3119 I Ads : Successfully received play store parental controls the result.
04-29 05:37:45.638 1592 2180 I chatty : uid=1000(system) Binder:1592_8 expire 79 lines
04-29 05:37:45.638 1592 2494 I chatty : uid=1000(system) Binder:1592_9 expire 63 lines
04-29 05:37:45.639 1592 1609 W system_server: kill(-2287, 9) failed: No such process
04-29 05:37:45.652 2271 3042 I CheckinRequestProcessor: Gmscore running on device, checkin will use Gmscore context
04-29 05:37:45.656 2271 3042 I CheckinRequestBuilder: Checkin reason type: 1 attempt count: 1
04-29 05:37:45.667 2271 2781 I Authzen : [PermitStore] Getting all permits...
04-29 05:37:45.683 1592 1609 W system_server: kill(-2287, 9) failed: No such process
04-29 05:37:45.683 1592 1609 I system_server: Successfully killed process cgroup uid 1000 pid 2287 in 44ms
04-29 05:37:45.704 1592 1735 I chatty : uid=1000(system) Binder:1592_3 expire 67 lines
04-29 05:37:45.708 2766 2778 I Finsky : [127] azs.a(1): Received content filters request from sharedUserId=com.google.uid.shared:10015
04-29 05:37:45.744 1592 1603 I chatty : uid=1000(system) Binder:1592_1 expire 1 line
04-29 05:37:45.745 1592 1609 W system_server: kill(-2018, 9) failed: No such process
04-29 05:37:45.759 1592 1607 I chatty : uid=1000(system) ActivityManager expire 4 lines
04-29 05:37:45.764 1592 1614 I chatty : uid=1000(system) android.display expire 1 line
04-29 05:37:45.765 1592 3149 I chatty : uid=1000(system) Binder:1592_B expire 135 lines
04-29 05:37:45.768 1592 2180 I chatty : uid=1000(system) Binder:1592_8 expire 46 lines
04-29 05:37:45.770 1592 2494 I chatty : uid=1000(system) Binder:1592_9 expire 154 lines
04-29 05:37:45.780 1592 3149 I WifiService: getConnectionInfo uid=10015
04-29 05:37:45.783 2094 2094 W SearchService: Abort, client detached.
04-29 05:37:45.787 2271 3042 I CheckinRequestBuilder: Unknown state of subscriptions on the device
04-29 05:37:45.790 1592 1609 W system_server: kill(-2018, 9) failed: No such process
04-29 05:37:45.790 1592 1609 I system_server: Successfully killed process cgroup uid 1000 pid 2018 in 45ms
04-29 05:37:45.795 2212 2218 I zygote64: Do partial code cache collection, code=251KB, data=141KB
04-29 05:37:45.830 2212 2218 I zygote64: After code cache collection, code=251KB, data=141KB
04-29 05:37:45.830 2212 2218 I zygote64: Increasing code cache capacity to 1024KB
04-29 05:37:45.831 1592 3149 I chatty : uid=1000(system) Binder:1592_B expire 120 lines
04-29 05:37:45.850 2271 2784 I CryptauthV2: [EasyUnlockDatabaseManager] Opening database auth.proximity.permit_store...
04-29 05:37:45.864 2271 2635 I EventLogChimeraService: Aggregate from 1556509065605 (log), 1556466474203 (data)
04-29 05:37:45.950 1592 1603 I chatty : uid=1000(system) Binder:1592_1 expire 76 lines
04-29 05:37:45.962 2271 2277 I zygote64: Do partial code cache collection, code=124KB, data=85KB
04-29 05:37:45.963 2271 2277 I zygote64: After code cache collection, code=123KB, data=85KB
04-29 05:37:45.963 2271 2277 I zygote64: Increasing code cache capacity to 512KB
04-29 05:37:45.986 2271 3004 I Icing : Using regular flags by method 2
04-29 05:37:46.002 1592 1735 I chatty : uid=1000(system) Binder:1592_3 expire 38 lines
04-29 05:37:46.018 1592 3149 I chatty : uid=1000(system) Binder:1592_B expire 159 lines
04-29 05:37:46.019 1592 1603 I chatty : uid=1000(system) Binder:1592_1 expire 58 lines
04-29 05:37:46.022 2271 3004 I MobileDataHub: Scheduling periodic tasks
04-29 05:37:46.097 1592 2180 I chatty : uid=1000(system) Binder:1592_8 expire 19 lines
04-29 05:37:46.116 2271 2555 I MagicTether: [HostValidator] InvalidHost. MobileData: false, Tethering: true, whitelist: false, ble: true
04-29 05:37:46.128 3161 3161 I enable_nativebr: type=1400 audit(0.0:676): avc: denied { getattr } for path="/system/bin/toybox" dev="loop0" ino=565 scontext=u:r:zygote:s0 tcontext=u:object_r:toolbox_exec:s0 tclass=file permissive=1
04-29 05:37:46.130 3161 3161 I enable_nativebr: type=1400 audit(0.0:677): avc: denied { execute } for name="toybox" dev="loop0" ino=565 scontext=u:r:zygote:s0 tcontext=u:object_r:toolbox_exec:s0 tclass=file permissive=1
04-29 05:37:46.130 3161 3161 I enable_nativebr: type=1400 audit(0.0:678): avc: denied { read open } for path="/system/bin/toybox" dev="loop0" ino=565 scontext=u:r:zygote:s0 tcontext=u:object_r:toolbox_exec:s0 tclass=file permissive=1
04-29 05:37:46.130 3161 3161 I enable_nativebr: type=1400 audit(0.0:679): avc: denied { execute_no_trans } for path="/system/bin/toybox" dev="loop0" ino=565 scontext=u:r:zygote:s0 tcontext=u:object_r:toolbox_exec:s0 tclass=file permissive=1
04-29 05:37:46.131 3161 3161 I getprop : type=1400 audit(0.0:680): avc: denied { getattr } for path="/vendor" dev="tmpfs" ino=600 scontext=u:r:zygote:s0 tcontext=u:object_r:tmpfs:s0 tclass=lnk_file permissive=1
04-29 05:37:46.131 3161 3161 I getprop : type=1400 audit(0.0:681): avc: denied { read } for name="vendor" dev="tmpfs" ino=600 scontext=u:r:zygote:s0 tcontext=u:object_r:tmpfs:s0 tclass=lnk_file permissive=1
04-29 05:37:46.141 2212 2212 I ChimeraSrvcProxy: com.google.android.gms.chimera.PersistentBoundBrokerService returning NullBinder for action com.google.android.gms.ipa.mediastoreindexer.PERSISTENT_START
04-29 05:37:46.144 2212 2212 I ChimeraSrvcProxy: com.google.android.gms.chimera.PersistentBoundBrokerService returning NullBinder for action com.google.android.gms.ipa.smsindexer.PERSISTENT_START
04-29 05:37:46.145 2212 3032 I Auth : [ReflectiveChannelBinder] Successfully bound channel!
04-29 05:37:46.170 2212 3032 E Auth : [GoogleAccountDataServiceImpl] getToken() -> NETWORK_ERROR. Account: , App: com.google.android.gms, Service: AndroidCheckInServer
04-29 05:37:46.171 2212 3032 W Auth : [GetToken] GetToken failed with status code: NetworkError
04-29 05:37:46.191 2271 2784 W CryptauthV2: [ClientDataOperation] No keyMetadata found for keyName=PublicKey
04-29 05:37:46.195 3164 3164 W zygote64: Unexpected CPU variant for X86 using defaults: x86_64
04-29 05:37:46.202 2271 2784 W CryptauthV2: [ClientDataOperation] No keyMetadata found for keyName=authzen
04-29 05:37:46.207 2271 2784 I CryptauthV2: [EnrollCryptauthFramework] Performing SyncKeysRequest with 2 keys.
04-29 05:37:46.221 3164 3164 I zygote64: The ClassLoaderContext is a special shared library.
04-29 05:37:46.228 3164 3164 I zygote64: The ClassLoaderContext is a special shared library.
04-29 05:37:46.232 2271 2485 W MobileDataHub: [Service] appsupload-periodic periodic task disabled
04-29 05:37:46.237 2271 3042 W CheckinRequestBuilder: error reading account token
04-29 05:37:46.237 2271 3042 W CheckinRequestBuilder: java.io.IOException: NetworkError
04-29 05:37:46.237 2271 3042 W CheckinRequestBuilder: at gvi.a(:com.google.android.gms@16091023@16.0.91 (040800-244116403):9)
04-29 05:37:46.237 2271 3042 W CheckinRequestBuilder: at gvh.a(:com.google.android.gms@16091023@16.0.91 (040800-244116403):2)
04-29 05:37:46.237 2271 3042 W CheckinRequestBuilder: at gvh.c(:com.google.android.gms@16091023@16.0.91 (040800-244116403):6)
04-29 05:37:46.237 2271 3042 W CheckinRequestBuilder: at gvf.d(:com.google.android.gms@16091023@16.0.91 (040800-244116403):2)
04-29 05:37:46.237 2271 3042 W CheckinRequestBuilder: at gvf.a(Unknown Source:11)
04-29 05:37:46.237 2271 3042 W CheckinRequestBuilder: at plb.a(:com.google.android.gms@16091023@16.0.91 (040800-244116403):189)
04-29 05:37:46.237 2271 3042 W CheckinRequestBuilder: at plc.a(:com.google.android.gms@16091023@16.0.91 (040800-244116403):331)
04-29 05:37:46.237 2271 3042 W CheckinRequestBuilder: at com.google.android.gms.checkin.CheckinChimeraService.a(:com.google.android.gms@16091023@16.0.91 (040800-244116403):131)
04-29 05:37:46.237 2271 3042 W CheckinRequestBuilder: at pkx.run(Unknown Source:4)
04-29 05:37:46.237 2271 3042 W CheckinRequestBuilder: at rrt.b(:com.google.android.gms@16091023@16.0.91 (040800-244116403):32)
04-29 05:37:46.237 2271 3042 W CheckinRequestBuilder: at rrt.run(:com.google.android.gms@16091023@16.0.91 (040800-244116403):21)
04-29 05:37:46.237 2271 3042 W CheckinRequestBuilder: at java.util.concurrent.ThreadPoolExecutor.runWorker(ThreadPoolExecutor.java:1162)
04-29 05:37:46.237 2271 3042 W CheckinRequestBuilder: at java.util.concurrent.ThreadPoolExecutor$Worker.run(ThreadPoolExecutor.java:636)
04-29 05:37:46.237 2271 3042 W CheckinRequestBuilder: at rxx.run(Unknown Source:7)
04-29 05:37:46.237 2271 3042 W CheckinRequestBuilder: at java.lang.Thread.run(Thread.java:764)
04-29 05:37:46.263 3164 3164 W DynamiteModule: Local module descriptor class for providerinstaller not found.
04-29 05:37:46.270 3164 3164 W ProviderHelper: Unknown dynamite feature providerinstaller
04-29 05:37:46.276 3164 3164 I DynamiteModule: Considering local module providerinstaller:0 and remote module providerinstaller:0
04-29 05:37:46.276 3164 3164 W ProviderInstaller: Failed to load providerinstaller module: No acceptable module found. Local version is 0 and remote version is 0.
04-29 05:37:46.280 3164 3164 V NativeCrypto: Registering com/google/android/gms/org/conscrypt/NativeCrypto's 284 native methods...
04-29 05:37:46.300 3164 3164 D NetworkSecurityConfig: Using Network Security Config from resource network_security_config debugBuild: false
04-29 05:37:46.301 3164 3164 I ProviderInstaller: Installed default security provider GmsCore_OpenSSL
04-29 05:37:46.303 2212 2218 I zygote64: Compiler allocated 6MB to compile void brdn.a(java.lang.Object, brfv)
04-29 05:37:46.316 2212 3189 W bwwl : [{0}] Failed to resolve name. status={1}
04-29 05:37:46.339 3164 3164 W Primes : Primes not initialized, returning default (no-op) Primes instance which will ignore all calls. Please call Primes.initialize(...) before using any Primes API.
04-29 05:37:46.391 2212 2478 E InstantApps: DomainFilterImpl: Error while reading domain filter from WHAPI
04-29 05:37:46.391 2212 2478 E InstantApps: java.util.concurrent.ExecutionException: bwoq: UNAVAILABLE: Unable to resolve host playatoms-pa.googleapis.com
04-29 05:37:46.391 2212 2478 E InstantApps: at java.util.concurrent.FutureTask.report(FutureTask.java:123)
04-29 05:37:46.391 2212 2478 E InstantApps: at java.util.concurrent.FutureTask.get(FutureTask.java:193)
04-29 05:37:46.391 2212 2478 E InstantApps: at acty.get(:com.google.android.gms@16091023@16.0.91 (040800-244116403):2)
04-29 05:37:46.391 2212 2478 E InstantApps: at adbo.a(:com.google.android.gms@16091023@16.0.91 (040800-244116403):6)
04-29 05:37:46.391 2212 2478 E InstantApps: at adbo.a(:com.google.android.gms@16091023@16.0.91 (040800-244116403):5)
04-29 05:37:46.391 2212 2478 E InstantApps: at adbo.a(:com.google.android.gms@16091023@16.0.91 (040800-244116403):368)
04-29 05:37:46.391 2212 2478 E InstantApps: at adbi.a(:com.google.android.gms@16091023@16.0.91 (040800-244116403):2)
04-29 05:37:46.391 2212 2478 E InstantApps: at com.google.android.gms.instantapps.routing.DomainFilterUpdateChimeraService.a(:com.google.android.gms@16091023@16.0.91 (040800-244116403):1)
04-29 05:37:46.391 2212 2478 E InstantApps: at com.google.android.gms.instantapps.routing.DomainFilterUpdateChimeraService.a(:com.google.android.gms@16091023@16.0.91 (040800-244116403):27)
04-29 05:37:46.391 2212 2478 E InstantApps: at adbr.run(Unknown Source:9)
04-29 05:37:46.391 2212 2478 E InstantApps: at rrt.b(:com.google.android.gms@16091023@16.0.91 (040800-244116403):32)
04-29 05:37:46.391 2212 2478 E InstantApps: at rrt.run(:com.google.android.gms@16091023@16.0.91 (040800-244116403):21)
04-29 05:37:46.391 2212 2478 E InstantApps: at java.util.concurrent.ThreadPoolExecutor.runWorker(ThreadPoolExecutor.java:1162)
04-29 05:37:46.391 2212 2478 E InstantApps: at java.util.concurrent.ThreadPoolExecutor$Worker.run(ThreadPoolExecutor.java:636)
04-29 05:37:46.391 2212 2478 E InstantApps: at rxx.run(Unknown Source:7)
04-29 05:37:46.391 2212 2478 E InstantApps: at java.lang.Thread.run(Thread.java:764)
04-29 05:37:46.391 2212 2478 E InstantApps: Caused by: bwoq: UNAVAILABLE: Unable to resolve host playatoms-pa.googleapis.com
04-29 05:37:46.391 2212 2478 E InstantApps: at bwom.c(:com.google.android.gms@16091023@16.0.91 (040800-244116403):3)
04-29 05:37:46.391 2212 2478 E InstantApps: at rke.a(:com.google.android.gms@16091023@16.0.91 (040800-244116403):86)
04-29 05:37:46.391 2212 2478 E InstantApps: at actr.b(:com.google.android.gms@16091023@16.0.91 (040800-244116403):133)
04-29 05:37:46.391 2212 2478 E InstantApps: at actr.a(Unknown Source:0)
04-29 05:37:46.391 2212 2478 E InstantApps: at actz.call(:com.google.android.gms@16091023@16.0.91 (040800-244116403):2)
04-29 05:37:46.391 2212 2478 E InstantApps: at java.util.concurrent.FutureTask.run(FutureTask.java:266)
04-29 05:37:46.391 2212 2478 E InstantApps: ... 6 more
04-29 05:37:46.391 2212 2478 E InstantApps: Caused by: java.lang.RuntimeException: java.net.UnknownHostException: Unable to resolve host "playatoms-pa.googleapis.com": No address associated with hostname
04-29 05:37:46.391 2212 2478 E InstantApps: at bwud.a(:com.google.android.gms@16091023@16.0.91 (040800-244116403):19)
04-29 05:37:46.391 2212 2478 E InstantApps: at bwuh.run(:com.google.android.gms@16091023@16.0.91 (040800-244116403):24)
04-29 05:37:46.391 2212 2478 E InstantApps: at java.util.concurrent.ThreadPoolExecutor.runWorker(ThreadPoolExecutor.java:1162)
04-29 05:37:46.391 2212 2478 E InstantApps: at java.util.concurrent.ThreadPoolExecutor$Worker.run(ThreadPoolExecutor.java:636)
04-29 05:37:46.391 2212 2478 E InstantApps: ... 1 more
04-29 05:37:46.391 2212 2478 E InstantApps: Caused by: java.net.UnknownHostException: Unable to resolve host "playatoms-pa.googleapis.com": No address associated with hostname
04-29 05:37:46.391 2212 2478 E InstantApps: at java.net.Inet6AddressImpl.lookupHostByName(Inet6AddressImpl.java:141)
04-29 05:37:46.391 2212 2478 E InstantApps: at java.net.Inet6AddressImpl.lookupAllHostAddr(Inet6AddressImpl.java:90)
04-29 05:37:46.391 2212 2478 E InstantApps: at java.net.InetAddress.getAllByName(InetAddress.java:787)
04-29 05:37:46.391 2212 2478 E InstantApps: at bwuf.a(Unknown Source:0)
04-29 05:37:46.391 2212 2478 E InstantApps: at bwud.a(:com.google.android.gms@16091023@16.0.91 (040800-244116403):14)
04-29 05:37:46.391 2212 2478 E InstantApps: ... 4 more
04-29 05:37:46.391 2212 2478 E InstantApps: Caused by: android.system.GaiException: android_getaddrinfo failed: EAI_NODATA (No address associated with hostname)
04-29 05:37:46.391 2212 2478 E InstantApps: at libcore.io.Linux.android_getaddrinfo(Native Method)
04-29 05:37:46.391 2212 2478 E InstantApps: at libcore.io.ForwardingOs.android_getaddrinfo(ForwardingOs.java:59)
04-29 05:37:46.391 2212 2478 E InstantApps: at java.net.Inet6AddressImpl.lookupHostByName(Inet6AddressImpl.java:122)
04-29 05:37:46.391 2212 2478 E InstantApps: ... 8 more
04-29 05:37:46.392 2212 2478 W InstantApps: DomainFilterUpdateChimeraService: Retry later
04-29 05:37:46.422 3198 3198 W zygote64: Unexpected CPU variant for X86 using defaults: x86_64
04-29 05:37:46.423 1592 2494 I chatty : uid=1000(system) Binder:1592_9 expire 101 lines
04-29 05:37:46.453 3198 3198 I zygote64: The ClassLoaderContext is a special shared library.
04-29 05:37:46.454 3198 3198 I zygote64: The ClassLoaderContext is a special shared library.
04-29 05:37:46.481 3198 3198 W DynamiteModule: Local module descriptor class for providerinstaller not found.
04-29 05:37:46.485 3198 3198 W ProviderHelper: Unknown dynamite feature providerinstaller
04-29 05:37:46.486 3198 3198 I DynamiteModule: Considering local module providerinstaller:0 and remote module providerinstaller:0
04-29 05:37:46.486 3198 3198 W ProviderInstaller: Failed to load providerinstaller module: No acceptable module found. Local version is 0 and remote version is 0.
04-29 05:37:46.490 3198 3198 V NativeCrypto: Registering com/google/android/gms/org/conscrypt/NativeCrypto's 284 native methods...
04-29 05:37:46.499 3198 3198 D NetworkSecurityConfig: Using Network Security Config from resource network_security_config debugBuild: false
04-29 05:37:46.500 3198 3198 I ProviderInstaller: Installed default security provider GmsCore_OpenSSL
04-29 05:37:46.531 3198 3198 W Primes : Primes not initialized, returning default (no-op) Primes instance which will ignore all calls. Please call Primes.initialize(...) before using any Primes API.
04-29 05:37:46.542 2212 3032 E Auth : [GoogleAccountDataServiceImpl] getToken() -> NETWORK_ERROR. Account: , App: com.google.android.gms, Service: oauth2:https://www.googleapis.com/auth/cryptauth
04-29 05:37:46.543 2212 3032 W Auth : [GetToken] GetToken failed with status code: NetworkError
04-29 05:37:46.592 1592 1603 I chatty : uid=1000(system) Binder:1592_1 expire 114 lines
04-29 05:37:46.672 2271 2555 I MobileDataPlan: [93] MobileDataPlanModuleInitIntentOperation.a: Periodic service false update false CPID management false
04-29 05:37:46.679 2271 2555 W ChimeraUtils: Non Chimera context
04-29 05:37:46.679 2271 2555 W ChimeraUtils: Non Chimera context
04-29 05:37:46.682 2271 2555 I MobileDataPlan: [93] MobileDataPlanModuleInitIntentOperation.a: Periodic service will not be started.
04-29 05:37:46.686 2271 2555 I MobileDataPlan: [93] MobileDataPlanModuleInitIntentOperation.a: Periodic Gcore Registration will not be started.
04-29 05:37:46.688 2271 2555 I MobileDataPlan: [93] MobileDataPlanModuleInitIntentOperation.a: Module is initialized with flag 10.
04-29 05:37:46.699 2212 2447 W GCoreFlp: No location to return for getLastLocation()
04-29 05:37:46.701 2212 2478 I MagicTether: [HostValidator] InvalidHost. MobileData: false, Tethering: true, whitelist: false, ble: true
04-29 05:37:46.717 2271 3025 I Authzen : [SyncManager] avoiding sync because the last sync was too recent
04-29 05:37:46.717 2271 3025 I Authzen : [TransactionCache] Clearing transaction cache
04-29 05:37:46.753 1592 1603 I WifiService: getWifiApConfiguration uid=10015
04-29 05:37:46.756 2212 2212 W ChimeraUtils: Non Chimera context
04-29 05:37:46.756 2212 2212 W ChimeraUtils: Non Chimera context
04-29 05:37:46.765 2212 2663 I NetRec : [121] BootCompletedOrAppUpdatedIntentOperation.onHandleIntent: onBootCompleted()
04-29 05:37:46.774 1592 1803 I chatty : uid=1000(system) Binder:1592_4 expire 20 lines
04-29 05:37:46.785 1592 1735 I chatty : uid=1000(system) Binder:1592_3 expire 20 lines
04-29 05:37:46.799 3198 3214 I zygote64: Deoptimizing java.lang.Object zz.put(java.lang.Object, java.lang.Object) due to JIT inline cache
04-29 05:37:46.825 2004 2004 I Binder:2004_2: type=1400 audit(0.0:682): avc: denied { use } for path="/dev/ashmem" dev="tmpfs" ino=7190 ioctlcmd=0x7704 scontext=u:r:zygote:s0 tcontext=u:r:system_server:s0 tclass=fd permissive=1
04-29 05:37:46.875 1592 1603 I chatty : uid=1000(system) Binder:1592_1 expire 1 line
04-29 05:37:46.877 1592 2494 I chatty : uid=1000(system) Binder:1592_9 expire 20 lines
04-29 05:37:46.984 2271 2283 I zygote64: Background concurrent copying GC freed 18901(1399KB) AllocSpace objects, 30(856KB) LOS objects, 50% free, 5MB/11MB, paused 82.347ms total 397.855ms
04-29 05:37:46.994 1592 1803 I chatty : uid=1000(system) Binder:1592_4 expire 55 lines
04-29 05:37:47.007 2271 3004 I PeopleInitIntentOp: Not initializing debuggability
04-29 05:37:47.007 2271 3004 I PeopleInitIntentOp: Clean up Google+ contacts from CP2.
04-29 05:37:47.181 2212 2212 W ChimeraUtils: Non Chimera context
04-29 05:37:47.181 2212 2212 W ChimeraUtils: Non Chimera context
04-29 05:37:47.305 3248 3248 W dex2oat : Unexpected CPU variant for X86 using defaults: x86_64
04-29 05:37:47.305 3248 3248 I dex2oat : The ClassLoaderContext is a special shared library.
04-29 05:37:47.305 3248 3248 I dex2oat : /system/bin/dex2oat --dex-file=/data/data/com.google.android.gms/app_fb/f.apk --output-vdex-fd=41 --oat-fd=42 --oat-location=/data/data/com.google.android.gms/app_fb/oat/x86_64/f.odex --compiler-filter=quicken --class-loader-context=&
04-29 05:37:47.387 2271 3004 W zygote64: Long monitor contention with owner [dxm] processing ppm for action com.google.android.gms.people.sync.focus.contacts_sync_action (2555) at boolean android.os.BinderProxy.transactNative(int, android.os.Parcel, android.os.Parcel, int)(Binder.java:-2) waiters=0 in java.util.Map baas.a() for 368ms
04-29 05:37:47.387 2271 3004 W PeopleContactsSync: CP2 sync disabled by gservices.
04-29 05:37:47.387 2271 3004 I GplusCp2ContactsCleaner: Disable Google+ sync to CP2 for account: pcartne1@gmail.com
04-29 05:37:47.391 2212 2212 W ChimeraUtils: Non Chimera context
04-29 05:37:47.391 2212 2212 W ChimeraUtils: Non Chimera context
04-29 05:37:47.436 2271 3005 W MDM : [132] afnj.c: Device admin action is a no-op. Action: true
04-29 05:37:47.438 2271 3005 V SmartDevice: [service,SmartDeviceIntentHandlers] OnUpgradeOrBootOperation got intent: Intent { act=android.intent.action.BOOT_COMPLETED flg=0x9000010 cmp=com.google.android.gms/.chimera.GmsIntentOperationService (has extras) } with flag 2
04-29 05:37:47.438 2271 3005 W ChimeraUtils: Non Chimera context
04-29 05:37:47.438 2271 3005 W ChimeraUtils: Non Chimera context
04-29 05:37:47.472 2212 3192 W bwwl : [{0}] Failed to resolve name. status={1}
04-29 05:37:47.515 2212 2663 I NetRec : [121] BootCompletedOrAppUpdatedIntentOperation.onHandleIntent: Scheduling CleanupDatabaseTask
04-29 05:37:47.520 2212 2663 I NetRec : [121] aisw.b: onConfigChanged()
04-29 05:37:47.523 2212 2663 I NetRec : [121] aisw.b: Cancelling all NetRec GCM tasks
04-29 05:37:47.553 2271 3005 I SubscribedFeeds: Collected 10 certs in 37ms
04-29 05:37:47.633 2271 3005 I TelephonySpam: TelephonySpamInit - On boot completed TelephonySpam module initialized
04-29 05:37:47.633 2271 3005 I TelephonySpam: TelephonySpamInit - onModuleUpdated TelephonySpam module initialized
04-29 05:37:47.633 2271 3005 I TelephonySpam: TelephonySpamInit - onModuleUpdated calling setComponentEnabled for com.google.android.gms.telephonyspam.sync.SpamListSyncTaskService
04-29 05:37:47.634 2271 3005 I TelephonySpam: TelephonySpamInit - onModuleUpdated completed setComponentEnabled for com.google.android.gms.telephonyspam.sync.SpamListSyncTaskService
04-29 05:37:47.634 2271 3005 I TelephonySpam: SpamListSync - scheduleSyncTasks
04-29 05:37:47.634 2271 3005 I TelephonySpam: SpamListSync - schedulePeriodicTask
04-29 05:37:47.694 2212 2663 I zygote64: Rejecting re-init on previously-failed class java.lang.Class: java.lang.NoClassDefFoundError: Failed resolution of: Landroid/provider/DeviceConfig$OnPropertyChangedListener;
04-29 05:37:47.694 2212 2663 I zygote64: at void alji.a(android.content.Context) (:com.google.android.gms@16091023@16.0.91 (040800-244116403):3)
04-29 05:37:47.694 2212 2663 I zygote64: at void com.google.android.gms.phenotype.platform.PhenotypeBootCompleteIntentOperation.onHandleIntent(android.content.Intent) (:com.google.android.gms@16091023@16.0.91 (040800-244116403):4)
04-29 05:37:47.694 2212 2663 I zygote64: at void com.google.android.chimera.IntentOperation.onHandleIntent(android.content.Intent, boolean) (:com.google.android.gms@16091023@16.0.91 (040800-244116403):2)
04-29 05:37:47.694 2212 2663 I zygote64: at void ppm.onHandleIntent(android.content.Intent, boolean) (:com.google.android.gms@16091023@16.0.91 (040800-244116403):4)
04-29 05:37:47.694 2212 2663 I zygote64: at void dxp.run() (:com.google.android.gms@16091023@16.0.91 (040800-244116403):12)
04-29 05:37:47.694 2212 2663 I zygote64: at void dxm.run() (:com.google.android.gms@16091023@16.0.91 (040800-244116403):9)
04-29 05:37:47.694 2212 2663 I zygote64: at void java.util.concurrent.ThreadPoolExecutor.runWorker(java.util.concurrent.ThreadPoolExecutor$Worker) (ThreadPoolExecutor.java:1162)
04-29 05:37:47.694 2212 2663 I zygote64: at void java.util.concurrent.ThreadPoolExecutor$Worker.run() (ThreadPoolExecutor.java:636)
04-29 05:37:47.694 2212 2663 I zygote64: at void java.lang.Thread.run() (Thread.java:764)
04-29 05:37:47.694 2212 2663 I zygote64: Caused by: java.lang.ClassNotFoundException: Didn't find class "android.provider.DeviceConfig$OnPropertyChangedListener" on path: DexPathList[[zip file "/system/framework/com.android.media.remotedisplay.jar", zip file "/system/framework/com.android.location.provider.jar", zip file "/data/app/com.google.android.gms-Q0_lbwHlKemdMRgs_DUNvw==/base.apk"],nativeLibraryDirectories=[/data/app/com.google.android.gms-Q0_lbwHlKemdMRgs_DUNvw==/lib/x86_64, /data/app/com.google.android.gms-Q0_lbwHlKemdMRgs_DUNvw==/base.apk!/lib/x86_64, /system/lib64, /system/vendor/lib64]]
04-29 05:37:47.694 2212 2663 I zygote64: at java.lang.Class dalvik.system.BaseDexClassLoader.findClass(java.lang.String) (BaseDexClassLoader.java:125)
04-29 05:37:47.694 2212 2663 I zygote64: at java.lang.Class java.lang.ClassLoader.loadClass(java.lang.String, boolean) (ClassLoader.java:379)
04-29 05:37:47.694 2212 2663 I zygote64: at java.lang.Class java.lang.ClassLoader.loadClass(java.lang.String) (ClassLoader.java:312)
04-29 05:37:47.694 2212 2663 I zygote64: at void alji.a(android.content.Context) (:com.google.android.gms@16091023@16.0.91 (040800-244116403):3)
04-29 05:37:47.694 2212 2663 I zygote64: at void com.google.android.gms.phenotype.platform.PhenotypeBootCompleteIntentOperation.onHandleIntent(android.content.Intent) (:com.google.android.gms@16091023@16.0.91 (040800-244116403):4)
04-29 05:37:47.694 2212 2663 I zygote64: at void com.google.android.chimera.IntentOperation.onHandleIntent(android.content.Intent, boolean) (:com.google.android.gms@16091023@16.0.91 (040800-244116403):2)
04-29 05:37:47.694 2212 2663 I zygote64: at void ppm.onHandleIntent(android.content.Intent, boolean) (:com.google.android.gms@16091023@16.0.91 (040800-244116403):4)
04-29 05:37:47.694 2212 2663 I zygote64: at void dxp.run() (:com.google.android.gms@16091023@16.0.91 (040800-244116403):12)
04-29 05:37:47.694 2212 2663 I zygote64: at void dxm.run() (:com.google.android.gms@16091023@16.0.91 (040800-244116403):9)
04-29 05:37:47.694 2212 2663 I zygote64: at void java.util.concurrent.ThreadPoolExecutor.runWorker(java.util.concurrent.ThreadPoolExecutor$Worker) (ThreadPoolExecutor.java:1162)
04-29 05:37:47.694 2212 2663 I zygote64: at void java.util.concurrent.ThreadPoolExecutor$Worker.run() (ThreadPoolExecutor.java:636)
04-29 05:37:47.694 2212 2663 I zygote64: at void java.lang.Thread.run() (Thread.java:764)
04-29 05:37:47.694 2212 2663 I zygote64:
04-29 05:37:47.694 2212 2663 I zygote64: Rejecting re-init on previously-failed class java.lang.Class: java.lang.NoClassDefFoundError: Failed resolution of: Landroid/provider/DeviceConfig$OnPropertyChangedListener;
04-29 05:37:47.694 2212 2663 I zygote64: at void alji.a(android.content.Context) (:com.google.android.gms@16091023@16.0.91 (040800-244116403):3)
04-29 05:37:47.694 2212 2663 I zygote64: at void com.google.android.gms.phenotype.platform.PhenotypeBootCompleteIntentOperation.onHandleIntent(android.content.Intent) (:com.google.android.gms@16091023@16.0.91 (040800-244116403):4)
04-29 05:37:47.694 2212 2663 I zygote64: at void com.google.android.chimera.IntentOperation.onHandleIntent(android.content.Intent, boolean) (:com.google.android.gms@16091023@16.0.91 (040800-244116403):2)
04-29 05:37:47.694 2212 2663 I zygote64: at void ppm.onHandleIntent(android.content.Intent, boolean) (:com.google.android.gms@16091023@16.0.91 (040800-244116403):4)
04-29 05:37:47.694 2212 2663 I zygote64: at void dxp.run() (:com.google.android.gms@16091023@16.0.91 (040800-244116403):12)
04-29 05:37:47.694 2212 2663 I zygote64: at void dxm.run() (:com.google.android.gms@16091023@16.0.91 (040800-244116403):9)
04-29 05:37:47.694 2212 2663 I zygote64: at void java.util.concurrent.ThreadPoolExecutor.runWorker(java.util.concurrent.ThreadPoolExecutor$Worker) (ThreadPoolExecutor.java:1162)
04-29 05:37:47.694 2212 2663 I zygote64: at void java.util.concurrent.ThreadPoolExecutor$Worker.run() (ThreadPoolExecutor.java:636)
04-29 05:37:47.694 2212 2663 I zygote64: at void java.lang.Thread.run() (Thread.java:764)
04-29 05:37:47.694 2212 2663 I zygote64: Caused by: java.lang.ClassNotFoundException: Didn't find class "android.provider.DeviceConfig$OnPropertyChangedListener" on path: DexPathList[[zip file "/system/framework/com.android.media.remotedisplay.jar", zip file "/system/framework/com.android.location.provider.jar", zip file "/data/app/com.google.android.gms-Q0_lbwHlKemdMRgs_DUNvw==/base.apk"],nativeLibraryDirectories=[/data/app/com.google.android.gms-Q0_lbwHlKemdMRgs_DUNvw==/lib/x86_64, /data/app/com.google.android.gms-Q0_lbwHlKemdMRgs_DUNvw==/base.apk!/lib/x86_64, /system/lib64, /system/vendor/lib64]]
04-29 05:37:47.694 2212 2663 I zygote64: at java.lang.Class dalvik.system.BaseDexClassLoader.findClass(java.lang.String) (BaseDexClassLoader.java:125)
04-29 05:37:47.694 2212 2663 I zygote64: at java.lang.Class java.lang.ClassLoader.loadClass(java.lang.String, boolean) (ClassLoader.java:379)
04-29 05:37:47.694 2212 2663 I zygote64: at java.lang.Class java.lang.ClassLoader.loadClass(java.lang.String) (ClassLoader.java:312)
04-29 05:37:47.694 2212 2663 I zygote64: at void alji.a(android.content.Context) (:com.google.android.gms@16091023@16.0.91 (040800-244116403):3)
04-29 05:37:47.694 2212 2663 I zygote64: at void com.google.android.gms.phenotype.platform.PhenotypeBootCompleteIntentOperation.onHandleIntent(android.content.Intent) (:com.google.android.gms@16091023@16.0.91 (040800-244116403):4)
04-29 05:37:47.694 2212 2663 I zygote64: at void com.google.android.chimera.IntentOperation.onHandleIntent(android.content.Intent, boolean) (:com.google.android.gms@16091023@16.0.91 (040800-244116403):2)
04-29 05:37:47.694 2212 2663 I zygote64: at void ppm.onHandleIntent(android.content.Intent, boolean) (:com.google.android.gms@16091023@16.0.91 (040800-244116403):4)
04-29 05:37:47.694 2212 2663 I zygote64: at void dxp.run() (:com.google.android.gms@16091023@16.0.91 (040800-244116403):12)
04-29 05:37:47.694 2212 2663 I zygote64: at void dxm.run() (:com.google.android.gms@16091023@16.0.91 (040800-244116403):9)
04-29 05:37:47.694 2212 2663 I zygote64: at void java.util.concurrent.ThreadPoolExecutor.runWorker(java.util.concurrent.ThreadPoolExecutor$Worker) (ThreadPoolExecutor.java:1162)
04-29 05:37:47.694 2212 2663 I zygote64: at void java.util.concurrent.ThreadPoolExecutor$Worker.run() (ThreadPoolExecutor.java:636)
04-29 05:37:47.694 2212 2663 I zygote64: at void java.lang.Thread.run() (Thread.java:764)
04-29 05:37:47.694 2212 2663 I zygote64:
04-29 05:37:47.694 2212 2663 I zygote64: Rejecting re-init on previously-failed class java.lang.Class: java.lang.NoClassDefFoundError: Failed resolution of: Landroid/provider/DeviceConfig$OnPropertyChangedListener;
04-29 05:37:47.694 2212 2663 I zygote64: at void alji.a(android.content.Context) (:com.google.android.gms@16091023@16.0.91 (040800-244116403):3)
04-29 05:37:47.694 2212 2663 I zygote64: at void com.google.android.gms.phenotype.platform.PhenotypeBootCompleteIntentOperation.onHandleIntent(android.content.Intent) (:com.google.android.gms@16091023@16.0.91 (040800-244116403):4)
04-29 05:37:47.694 2212 2663 I zygote64: at void com.google.android.chimera.IntentOperation.onHandleIntent(android.content.Intent, boolean) (:com.google.android.gms@16091023@16.0.91 (040800-244116403):2)
04-29 05:37:47.694 2212 2663 I zygote64: at void ppm.onHandleIntent(android.content.Intent, boolean) (:com.google.android.gms@16091023@16.0.91 (040800-244116403):4)
04-29 05:37:47.694 2212 2663 I zygote64: at void dxp.run() (:com.google.android.gms@16091023@16.0.91 (040800-244116403):12)
04-29 05:37:47.694 2212 2663 I zygote64: at void dxm.run() (:com.google.android.gms@16091023@16.0.91 (040800-244116403):9)
04-29 05:37:47.694 2212 2663 I zygote64: at void java.util.concurrent.ThreadPoolExecutor.runWorker(java.util.concurrent.ThreadPoolExecutor$Worker) (ThreadPoolExecutor.java:1162)
04-29 05:37:47.694 2212 2663 I zygote64: at void java.util.concurrent.ThreadPoolExecutor$Worker.run() (ThreadPoolExecutor.java:636)
04-29 05:37:47.694 2212 2663 I zygote64: at void java.lang.Thread.run() (Thread.java:764)
04-29 05:37:47.694 2212 2663 I zygote64: Caused by: java.lang.ClassNotFoundException: Didn't find class "android.provider.DeviceConfig$OnPropertyChangedListener" on path: DexPathList[[zip file "/system/framework/com.android.media.remotedisplay.jar", zip file "/system/framework/com.android.location.provider.jar", zip file "/data/app/com.google.android.gms-Q0_lbwHlKemdMRgs_DUNvw==/base.apk"],nativeLibraryDirectories=[/data/app/com.google.android.gms-Q0_lbwHlKemdMRgs_DUNvw==/lib/x86_64, /data/app/com.google.android.gms-Q0_lbwHlKemdMRgs_DUNvw==/base.apk!/lib/x86_64, /system/lib64, /system/vendor/lib64]]
04-29 05:37:47.694 2212 2663 I zygote64: at java.lang.Class dalvik.system.BaseDexClassLoader.findClass(java.lang.String) (BaseDexClassLoader.java:125)
04-29 05:37:47.694 2212 2663 I zygote64: at java.lang.Class java.lang.ClassLoader.loadClass(java.lang.String, boolean) (ClassLoader.java:379)
04-29 05:37:47.694 2212 2663 I zygote64: at java.lang.Class java.lang.ClassLoader.loadClass(java.lang.String) (ClassLoader.java:312)
04-29 05:37:47.694 2212 2663 I zygote64: at void alji.a(android.content.Context) (:com.google.android.gms@16091023@16.0.91 (040800-244116403):3)
04-29 05:37:47.694 2212 2663 I zygote64: at void com.google.android.gms.phenotype.platform.PhenotypeBootCompleteIntentOperation.onHandleIntent(android.content.Intent) (:com.google.android.gms@16091023@16.0.91 (040800-244116403):4)
04-29 05:37:47.694 2212 2663 I zygote64: at void com.google.android.chimera.IntentOperation.onHandleIntent(android.content.Intent, boolean) (:com.google.android.gms@16091023@16.0.91 (040800-244116403):2)
04-29 05:37:47.694 2212 2663 I zygote64: at void ppm.onHandleIntent(android.content.Intent, boolean) (:com.google.android.gms@16091023@16.0.91 (040800-244116403):4)
04-29 05:37:47.694 2212 2663 I zygote64: at void dxp.run() (:com.google.android.gms@16091023@16.0.91 (040800-244116403):12)
04-29 05:37:47.694 2212 2663 I zygote64: at void dxm.run() (:com.google.android.gms@16091023@16.0.91 (040800-244116403):9)
04-29 05:37:47.694 2212 2663 I zygote64: at void java.util.concurrent.ThreadPoolExecutor.runWorker(java.util.concurrent.ThreadPoolExecutor$Worker) (ThreadPoolExecutor.java:1162)
04-29 05:37:47.694 2212 2663 I zygote64: at void java.util.concurrent.ThreadPoolExecutor$Worker.run() (ThreadPoolExecutor.java:636)
04-29 05:37:47.694 2212 2663 I zygote64: at void java.lang.Thread.run() (Thread.java:764)
04-29 05:37:47.694 2212 2663 I zygote64:
04-29 05:37:47.696 2212 2212 I rcs : [RcsBindingManager] Checking if we should rebind to previous service. Attempt 0
04-29 05:37:47.696 2212 2212 I rcs : [RcsBindingManager] No valid settings for binding.
