04-29 05:37:03.203 1727 1732 I zygote64: Do partial code cache collection, code=61KB, data=47KB
04-29 05:37:03.203 1727 1732 I zygote64: After code cache collection, code=61KB, data=47KB
04-29 05:37:03.203 1727 1732 I zygote64: Increasing code cache capacity to 256KB
04-29 05:37:06.067 1979 1979 I enable_nativebr: type=1400 audit(0.0:326): avc: denied { getattr } for path="/system/bin/toybox" dev="loop0" ino=565 scontext=u:r:zygote:s0 tcontext=u:object_r:toolbox_exec:s0 tclass=file permissive=1
04-29 05:37:06.067 1979 1979 I enable_nativebr: type=1400 audit(0.0:327): avc: denied { execute } for name="toybox" dev="loop0" ino=565 scontext=u:r:zygote:s0 tcontext=u:object_r:toolbox_exec:s0 tclass=file permissive=1
04-29 05:37:06.067 1979 1979 I enable_nativebr: type=1400 audit(0.0:328): avc: denied { read open } for path="/system/bin/toybox" dev="loop0" ino=565 scontext=u:r:zygote:s0 tcontext=u:object_r:toolbox_exec:s0 tclass=file permissive=1
04-29 05:37:06.067 1979 1979 I enable_nativebr: type=1400 audit(0.0:329): avc: denied { execute_no_trans } for path="/system/bin/toybox" dev="loop0" ino=565 scontext=u:r:zygote:s0 tcontext=u:object_r:toolbox_exec:s0 tclass=file permissive=1
04-29 05:37:06.068 1979 1979 I getprop : type=1400 audit(0.0:330): avc: denied { getattr } for path="/vendor" dev="tmpfs" ino=600 scontext=u:r:zygote:s0 tcontext=u:object_r:tmpfs:s0 tclass=lnk_file permissive=1
04-29 05:37:06.076 1979 1979 I getprop : type=1400 audit(0.0:331): avc: denied { read } for name="u:object_r:net_dns_prop:s0" dev="tmpfs" ino=5088 scontext=u:r:zygote:s0 tcontext=u:object_r:net_dns_prop:s0 tclass=file permissive=1
04-29 05:37:06.076 1979 1979 I getprop : type=1400 audit(0.0:332): avc: denied { open } for path="/dev/__properties__/u:object_r:net_dns_prop:s0" dev="tmpfs" ino=5088 scontext=u:r:zygote:s0 tcontext=u:object_r:net_dns_prop:s0 tclass=file permissive=1
04-29 05:37:06.076 1979 1979 I getprop : type=1400 audit(0.0:333): avc: denied { getattr } for path="/dev/__properties__/u:object_r:net_dns_prop:s0" dev="tmpfs" ino=5088 scontext=u:r:zygote:s0 tcontext=u:object_r:net_dns_prop:s0 tclass=file permissive=1
04-29 05:37:06.077 1980 1980 I sleep : type=1400 audit(0.0:334): avc: denied { getattr } for path="/vendor" dev="tmpfs" ino=600 scontext=u:r:zygote:s0 tcontext=u:object_r:tmpfs:s0 tclass=lnk_file permissive=1
04-29 05:37:06.077 1980 1980 I sleep : type=1400 audit(0.0:335): avc: denied { read } for name="vendor" dev="tmpfs" ino=600 scontext=u:r:zygote:s0 tcontext=u:object_r:tmpfs:s0 tclass=lnk_file permissive=1
04-29 05:37:13.925 1592 1607 I chatty : uid=1000(system) ActivityManager expire 10 lines
04-29 05:37:13.942 1727 1727 I RenderThread: type=1400 audit(0.0:336): avc: denied { ioctl } for path="/dev/dri/card1" dev="tmpfs" ino=6911 ioctlcmd=0x6446 scontext=u:r:priv_app:s0:c512,c768 tcontext=u:object_r:device:s0 tclass=chr_file permissive=1
04-29 05:37:16.082 1982 1982 I enable_nativebr: type=1400 audit(0.0:337): avc: denied { getattr } for path="/system/bin/toybox" dev="loop0" ino=565 scontext=u:r:zygote:s0 tcontext=u:object_r:toolbox_exec:s0 tclass=file permissive=1
04-29 05:37:16.083 1982 1982 I enable_nativebr: type=1400 audit(0.0:338): avc: denied { execute } for name="toybox" dev="loop0" ino=565 scontext=u:r:zygote:s0 tcontext=u:object_r:toolbox_exec:s0 tclass=file permissive=1
04-29 05:37:16.083 1982 1982 I enable_nativebr: type=1400 audit(0.0:339): avc: denied { read open } for path="/system/bin/toybox" dev="loop0" ino=565 scontext=u:r:zygote:s0 tcontext=u:object_r:toolbox_exec:s0 tclass=file permissive=1
04-29 05:37:16.083 1982 1982 I enable_nativebr: type=1400 audit(0.0:340): avc: denied { execute_no_trans } for path="/system/bin/toybox" dev="loop0" ino=565 scontext=u:r:zygote:s0 tcontext=u:object_r:toolbox_exec:s0 tclass=file permissive=1
04-29 05:37:29.417 1986 1986 I main : type=1400 audit(0.0:341): avc: denied { mounton } for path="/storage" dev="tmpfs" ino=595 scontext=u:r:zygote:s0 tcontext=u:object_r:tmpfs:s0 tclass=dir permissive=1
04-29 05:37:29.418 1986 1986 I main : type=1400 audit(0.0:342): avc: denied { create } for name="cgroup.procs" scontext=u:r:zygote:s0 tcontext=u:object_r:cgroup:s0 tclass=file permissive=1
04-29 05:37:29.421 1986 1986 W zygote64: Unexpected CPU variant for X86 using defaults: x86_64
04-29 05:37:29.426 1592 1606 I chatty : uid=1000(system) android.bg expire 29 lines
04-29 05:37:29.949 1986 1986 I zygote64: The ClassLoaderContext is a special shared library.
04-29 05:37:30.116 1592 1592 I chatty : uid=1000 system_server expire 85 lines
04-29 05:37:30.161 1400 1400 W /system/bin/hwservicemanager: getTransport: Cannot find entry android.hardware.gnss@1.0::IGnss/default in either framework or device manifest.
04-29 05:37:30.170 1592 1687 I chatty : uid=1000(system) EthernetService expire 1 line
04-29 05:37:30.181 2004 2004 I m.android.phon: type=1400 audit(0.0:344): avc: denied { execute } for path="/dev/ashmem" dev="tmpfs" ino=7190 scontext=u:r:zygote:s0 tcontext=u:object_r:ashmem_device:s0 tclass=chr_file permissive=1
04-29 05:37:30.181 2004 2004 I m.android.phon: type=1400 audit(0.0:345): avc: denied { execute } for path=2F6465762F6173686D656D2F64616C76696B2D6A69742D636F64652D6361636865202864656C6574656429 dev="tmpfs" ino=14203 scontext=u:r:zygote:s0 tcontext=u:object_r:zygote_tmpfs:s0 tclass=file permissive=1
04-29 05:37:30.182 2004 2004 I JDWP : type=1400 audit(0.0:346): avc: denied { connectto } for path=006A6477702D636F6E74726F6C scontext=u:r:zygote:s0 tcontext=u:r:adbd:s0 tclass=unix_stream_socket permissive=1
04-29 05:37:30.182 2004 2004 E SELinux : seapp_context_lookup: No match for app with uid 1001, seinfo default, name com.android.phone
04-29 05:37:30.182 2004 2004 W zygote64: Unexpected CPU variant for X86 using defaults: x86_64
04-29 05:37:30.184 1399 1399 I servicemanager: type=1400 audit(0.0:347): avc: denied { search } for name="2004" dev="proc" ino=14195 scontext=u:r:servicemanager:s0 tcontext=u:r:zygote:s0 tclass=dir permissive=1
04-29 05:37:30.184 1399 1399 I servicemanager: type=1400 audit(0.0:348): avc: denied { read } for name="current" dev="proc" ino=13295 scontext=u:r:servicemanager:s0 tcontext=u:r:zygote:s0 tclass=file permissive=1
04-29 05:37:30.184 1399 1399 I servicemanager: type=1400 audit(0.0:349): avc: denied { open } for path="/proc/2004/attr/current" dev="proc" ino=13295 scontext=u:r:servicemanager:s0 tcontext=u:r:zygote:s0 tclass=file permissive=1
04-29 05:37:30.184 2004 2004 I re-initialized>: type=1400 audit(0.0:350): avc: denied { call } for scontext=u:r:zygote:s0 tcontext=u:r:system_server:s0 tclass=binder permissive=1
04-29 05:37:30.184 2004 2004 I re-initialized>: type=1400 audit(0.0:351): avc: denied { transfer } for scontext=u:r:zygote:s0 tcontext=u:r:system_server:s0 tclass=binder permissive=1
04-29 05:37:30.249 2018 2018 E SELinux : seapp_context_lookup: No match for app with uid 1000, seinfo default, name com.android.settings
04-29 05:37:30.249 2018 2018 W zygote64: Unexpected CPU variant for X86 using defaults: x86_64
04-29 05:37:30.254 1472 1472 I lmkd : type=1400 audit(0.0:354): avc: denied { search } for name="2004" dev="proc" ino=14195 scontext=u:r:lmkd:s0 tcontext=u:r:zygote:s0 tclass=dir permissive=1
04-29 05:37:30.254 1472 1472 I lmkd : type=1400 audit(0.0:355): avc: denied { write } for name="oom_score_adj" dev="proc" ino=13309 scontext=u:r:lmkd:s0 tcontext=u:r:zygote:s0 tclass=file permissive=1
04-29 05:37:30.254 1472 1472 I lmkd : type=1400 audit(0.0:356): avc: denied { open } for path="/proc/2004/oom_score_adj" dev="proc" ino=13309 scontext=u:r:lmkd:s0 tcontext=u:r:zygote:s0 tclass=file permissive=1
04-29 05:37:30.257 1592 1592 I chatty : uid=1000 system_server expire 17 lines
04-29 05:37:30.258 1592 1735 I chatty : uid=1000(system) Binder:1592_3 expire 12 lines
04-29 05:37:30.266 1592 1606 I chatty : uid=1000(system) android.bg expire 6 lines
04-29 05:37:30.268 1592 1667 I chatty : uid=1000(system) WifiScanningSer expire 1 line
04-29 05:37:30.269 1592 1668 I chatty : uid=1000(system) WifiRttService expire 1 line
04-29 05:37:30.275 1727 1952 E ActivityThread: Failed to find provider info for com.android.contacts
04-29 05:37:30.281 1727 1727 V StatusBar: userId 0 is in the house
04-29 05:37:30.289 1573 1573 I BootAnimation: type=1400 audit(0.0:359): avc: denied { ioctl } for path="/dev/dri/card1" dev="tmpfs" ino=6911 ioctlcmd=0x6446 scontext=u:r:bootanim:s0 tcontext=u:object_r:device:s0 tclass=chr_file permissive=1
04-29 05:37:30.343 1482 1482 D installd: Found storage mount /data/media at /mnt/runtime/default/emulated
04-29 05:37:30.343 1482 1482 D installd: Found storage mount /mnt/media_rw/AFEE-BB90 at /mnt/runtime/default/AFEE-BB90
04-29 05:37:30.351 2004 2004 I zygote64: The ClassLoaderContext is a special shared library.
04-29 05:37:30.366 2004 2004 I m.android.phone: type=1400 audit(0.0:360): avc: denied { getattr } for path="/mnt/expand" dev="tmpfs" ino=7260 scontext=u:r:zygote:s0 tcontext=u:object_r:mnt_expand_file:s0 tclass=dir permissive=1
04-29 05:37:30.367 2004 2004 I m.android.phone: type=1400 audit(0.0:361): avc: denied { getattr } for path="/data/misc/profiles/cur/0/com.android.phone/primary.prof" dev="sdb2" ino=559043 scontext=u:r:zygote:s0 tcontext=u:object_r:user_profile_data_file:s0 tclass=file permissive=1
04-29 05:37:30.384 2018 2018 I zygote64: The ClassLoaderContext is a special shared library.
04-29 05:37:30.389 1696 1696 D BluetoothAdapterService: onUnbind() - calling cleanup
04-29 05:37:30.389 1696 1696 D BluetoothAdapterService: cleanup()
04-29 05:37:30.390 1696 1696 W BluetoothSdpJni: Cleaning up Bluetooth SDP Interface...
04-29 05:37:30.390 1696 1696 W BluetoothSdpJni: Cleaning up Bluetooth SDP object
04-29 05:37:30.390 1696 1696 D BluetoothAdapterService: cleanup() - Cleaning up adapter native
04-29 05:37:30.390 1696 1799 I bt_stack_manager: event_clean_up_stack is cleaning up the stack
04-29 05:37:30.390 1696 1799 I bt_btif_core: btif_cleanup_bluetooth entered
04-29 05:37:30.399 1696 1696 I stack_manager: type=1400 audit(0.0:363): avc: denied { write } for name="bluedroid" dev="sdb2" ino=558637 scontext=u:r:zygote:s0 tcontext=u:object_r:bluetooth_data_file:s0 tclass=dir permissive=1
04-29 05:37:30.400 1696 1799 E BluetoothServiceJni: Callback: 'callback_thread_event' is not called on the correct thread
04-29 05:37:30.400 1696 1799 I bt_btif_queue: btif_queue_release
04-29 05:37:30.400 1696 1850 I bt_btif_core: run_message_loop finished
04-29 05:37:30.400 1696 1850 W bt_osi_thread: run_thread: thread id 1850, thread name bt_jni_workqueue exited
04-29 05:37:30.400 1696 1799 I bt_core_module: module_clean_up Cleaning up module "stack_config_module"
04-29 05:37:30.401 1696 1799 I bt_core_module: module_clean_up Cleanup of module "stack_config_module" completed
04-29 05:37:30.401 1696 1799 I bt_core_module: module_clean_up Cleaning up module "interop_module"
04-29 05:37:30.401 1696 1799 I bt_core_module: module_clean_up Cleanup of module "interop_module" completed
04-29 05:37:30.401 1696 1799 I bt_btif_core: btif_cleanup_bluetooth finished
04-29 05:37:30.401 1696 1799 I bt_core_module: module_clean_up Cleaning up module "btif_config_module"
04-29 05:37:30.454 1461 1461 W DeviceHAL: Device 0xe6103000 set_mic_mute: Function not implemented
04-29 05:37:30.466 1592 1676 I chatty : uid=1000(system) onProviders.ECP expire 2 lines
04-29 05:37:30.471 2004 2004 I zygote64: The ClassLoaderContext is a special shared library.
04-29 05:37:30.518 1399 1399 E SELinux : avc: denied { find } for service=accessibility pid=2018 uid=1000 scontext=u:r:zygote:s0 tcontext=u:object_r:accessibility_service:s0 tclass=service_manager permissive=1
04-29 05:37:30.523 1399 1399 E SELinux : avc: denied { find } for service=input_method pid=2018 uid=1000 scontext=u:r:zygote:s0 tcontext=u:object_r:input_method_service:s0 tclass=service_manager permissive=1
04-29 05:37:30.524 1399 1399 E SELinux : avc: denied { find } for service=SurfaceFlinger pid=2018 uid=1000 scontext=u:r:zygote:s0 tcontext=u:object_r:surfaceflinger_service:s0 tclass=service_manager permissive=1
04-29 05:37:30.526 2018 2043 D OpenGLRenderer: HWUI GL Pipeline
04-29 05:37:30.526 1399 1399 E SELinux : avc: denied { find } for service=graphicsstats pid=2018 uid=1000 scontext=u:r:zygote:s0 tcontext=u:object_r:graphicsstats_service:s0 tclass=service_manager permissive=1
04-29 05:37:30.545 2018 2043 D vndksupport: Loading /vendor/lib64/hw/gralloc.drm.so from current namespace instead of sphal namespace.
04-29 05:37:30.599 2018 2043 D libdrm : /vendor/etc/hwdata/amdgpu.ids version: 1.0.0
04-29 05:37:30.612 2018 2043 I GRALLOC-DRM: create pipe for driver amdgpu
04-29 05:37:30.614 2018 2043 I EGL-MAIN: found extension DRI_Core version 2
04-29 05:37:30.614 2018 2043 I EGL-MAIN: found extension DRI_DRI2 version 4
04-29 05:37:30.622 2018 2043 I EGL-MAIN: found extension DRI_TexBuffer version 2
04-29 05:37:30.622 2018 2043 I EGL-MAIN: found extension DRI2_Flush version 4
04-29 05:37:30.622 2018 2043 I EGL-MAIN: found extension DRI_IMAGE version 17
04-29 05:37:30.622 2018 2043 I EGL-MAIN: found extension DRI_IMAGE version 17
04-29 05:37:30.622 2018 2043 I EGL-MAIN: found extension DRI_RENDERER_QUERY version 1
04-29 05:37:30.622 2018 2043 I EGL-MAIN: found extension DRI_CONFIG_QUERY version 1
04-29 05:37:30.622 2018 2043 I EGL-MAIN: found extension DRI2_Fence version 2
04-29 05:37:30.622 2018 2043 I EGL-MAIN: found extension DRI2_Interop version 1
04-29 05:37:30.622 2018 2043 I EGL-MAIN: found extension DRI_Robustness version 1
04-29 05:37:30.622 2018 2043 I EGL-MAIN: found extension DRI_NoError version 1
04-29 05:37:30.625 1400 1400 E SELinux : avc: denied { find } for interface=android.hardware.configstore::ISurfaceFlingerConfigs pid=2018 scontext=u:r:zygote:s0 tcontext=u:object_r:hal_configstore_ISurfaceFlingerConfigs:s0 tclass=hwservice_manager permissive=1
04-29 05:37:30.626 2018 2043 I com.android.settings: android::hardware::configstore::V1_0::ISurfaceFlingerConfigs::hasWideColorDisplay retrieved: 0
04-29 05:37:30.626 2018 2043 I OpenGLRenderer: Initialized EGL, version 1.4
04-29 05:37:30.626 2018 2043 D OpenGLRenderer: Swap behavior 2
04-29 05:37:30.626 2018 2043 E OpenGLRenderer: Device claims wide gamut support, cannot find matching config, error = EGL_SUCCESS
04-29 05:37:30.627 1592 1603 I chatty : uid=1000(system) Binder:1592_1 expire 11 lines
04-29 05:37:30.636 1400 1400 E SELinux : avc: denied { find } for interface=android.hardware.graphics.mapper::IMapper pid=2018 scontext=u:r:zygote:s0 tcontext=u:object_r:hal_graphics_mapper_hwservice:s0 tclass=hwservice_manager permissive=1
04-29 05:37:30.636 2018 2043 D vndksupport: Loading /vendor/lib64/hw/android.hardware.graphics.mapper@2.0-impl.so from current namespace instead of sphal namespace.
04-29 05:37:30.637 2018 2043 D vndksupport: Loading /vendor/lib64/hw/gralloc.drm.so from current namespace instead of sphal namespace.
04-29 05:37:30.644 1592 1614 I chatty : uid=1000(system) android.display expire 2 lines
04-29 05:37:30.646 1592 1607 I chatty : uid=1000(system) ActivityManager expire 6 lines
04-29 05:37:30.719 2004 2004 D TelephonyProvider: dbh.onOpen: ok, queried table=siminfo
04-29 05:37:30.719 2004 2004 D TelephonyProvider: dbh.onOpen: ok, queried table=carriers
04-29 05:37:30.725 2004 2004 D CarrierProvider: onCreate
04-29 05:37:30.825 1727 1727 W StaticLayout: maxLineHeight should not be -1. maxLines:1 lineCount:1
04-29 05:37:30.825 1727 1727 W StaticLayout: maxLineHeight should not be -1. maxLines:1 lineCount:1
04-29 05:37:30.865 1696 1799 I bt_core_module: module_clean_up Cleanup of module "btif_config_module" completed
04-29 05:37:30.865 1696 1799 I bt_core_module: module_clean_up Cleaning up module "bt_utils_module"
04-29 05:37:30.865 1696 1799 I bt_core_module: module_clean_up Cleanup of module "bt_utils_module" completed
04-29 05:37:30.865 1696 1799 I bt_core_module: module_clean_up Cleaning up module "osi_module"
04-29 05:37:30.865 1696 1848 D bt_osi_alarm: callback_dispatch Callback thread exited
04-29 05:37:30.865 1696 1848 W bt_osi_thread: run_thread: thread id 1848, thread name alarm_dispatcher exited
04-29 05:37:30.865 1696 1847 W bt_osi_thread: run_thread: thread id 1847, thread name alarm_default_ca exited
04-29 05:37:30.865 1696 1799 I bt_core_module: module_clean_up Cleanup of module "osi_module" completed
04-29 05:37:30.865 1696 1799 I bt_stack_manager: event_clean_up_stack finished
04-29 05:37:30.865 1696 1696 I BluetoothServiceJni: cleanupNative: return from cleanup
04-29 05:37:30.866 1696 1696 D BluetoothAdapterService: onDestroy()
04-29 05:37:30.866 1696 1696 I BluetoothAdapterService: Force exit to cleanup internal state in Bluetooth stack
04-29 05:37:30.868 1696 1696 I com.android.bluetooth: System.exit called, status: 0
04-29 05:37:30.868 1696 1696 I AndroidRuntime: VM exiting with result code 0, cleanup skipped.
04-29 05:37:30.880 1592 1604 I chatty : uid=1000(system) Binder:1592_2 expire 10 lines
04-29 05:37:30.881 1592 1609 I chatty : uid=1000(system) ActivityManager expire 2 lines
04-29 05:37:30.916 1727 1732 I zygote64: Do full code cache collection, code=125KB, data=89KB
04-29 05:37:30.916 1727 1732 I zygote64: After code cache collection, code=83KB, data=51KB
04-29 05:37:30.920 1592 1674 I chatty : uid=1000(system) notification-sq expire 1 line
04-29 05:37:31.089 1592 1614 I chatty : uid=1000(system) android.display expire 12 lines
04-29 05:37:31.089 1473 1590 I SurfaceFlinger: Boot is finished (40253 ms)
04-29 05:37:31.090 1482 1482 E installd: Failed to unlink /data//dalvik-cache/arm/.booting: No such file or directory
04-29 05:37:31.097 1449 1453 D vold : e4crypt_prepare_user_storage for volume null, user 0, serial 0, flags 2
04-29 05:37:31.097 1449 1453 D vold : Preparing: /data/system_ce/0
04-29 05:37:31.097 1449 1453 D vold : Preparing: /data/misc_ce/0
04-29 05:37:31.097 1449 1453 D vold : Preparing: /data/media/0
04-29 05:37:31.097 1449 1453 D vold : Preparing: /data/data
04-29 05:37:31.097 1592 1659 I chatty : uid=1000(system) CryptdConnector expire 1 line
04-29 05:37:31.101 1482 1482 W cutils : Expected path /data/data/com.oasisfeng.greenify with mode 700 but found 751
04-29 05:37:31.110 1482 1505 W cutils : Expected path /data/data/com.keramidas.TitaniumBackup with mode 751 but found 755
04-29 05:37:31.122 1399 1399 E SELinux : avc: denied { find } for service=telephony.registry pid=2004 uid=1001 scontext=u:r:zygote:s0 tcontext=u:object_r:registry_service:s0 tclass=service_manager permissive=1
04-29 05:37:31.131 1482 1645 W cutils : Expected path /data/data/com.google.android.gms with mode 700 but found 711
04-29 05:37:31.155 1592 1613 I chatty : uid=1000(system) android.io expire 1 line
04-29 05:37:31.155 1449 1452 D vold : Linking /storage/emulated/0 to /mnt/user/0/primary
04-29 05:37:31.155 1592 1658 I chatty : uid=1000(system) VoldConnector expire 1 line
04-29 05:37:31.173 2075 2075 W zygote64: Unexpected CPU variant for X86 using defaults: x86_64
04-29 05:37:31.196 1592 1665 I chatty : uid=1000(system) WifiStateMachin expire 14 lines
04-29 05:37:31.198 1592 1669 I chatty : uid=1000(system) ConnectivitySer expire 2 lines
04-29 05:37:31.198 1592 1607 I chatty : uid=1000(system) ActivityManager expire 17 lines
04-29 05:37:31.221 1473 1473 I Binder:1473_3: type=1400 audit(0.0:421): avc: denied { sys_admin } for capability=21 scontext=u:r:surfaceflinger:s0 tcontext=u:r:surfaceflinger:s0 tclass=capability permissive=1
04-29 05:37:31.287 1711 1711 I putmethod.latin: type=1400 audit(0.0:423): avc: denied { call } for scontext=u:r:untrusted_app_25:s0:c512,c768 tcontext=u:r:zygote:s0 tclass=binder permissive=1
04-29 05:37:31.287 1711 1711 I putmethod.latin: type=1400 audit(0.0:424): avc: denied { transfer } for scontext=u:r:untrusted_app_25:s0:c512,c768 tcontext=u:r:zygote:s0 tclass=binder permissive=1
04-29 05:37:31.288 2018 2018 I ndroid.settings: type=1400 audit(0.0:425): avc: denied { call } for scontext=u:r:zygote:s0 tcontext=u:r:untrusted_app_25:s0:c512,c768 tclass=binder permissive=1
04-29 05:37:31.292 1711 1711 I InputAttributes: InputType.TYPE_NULL is specified
04-29 05:37:31.298 2094 2094 W zygote : Unexpected CPU variant for X86 using defaults: x86_64
04-29 05:37:31.302 2081 2081 I hciconfig: type=1400 audit(0.0:426): avc: denied { create } for scontext=u:r:init:s0 tcontext=u:r:init:s0 tclass=socket permissive=1
04-29 05:37:31.302 2081 2081 I hciconfig: type=1400 audit(0.0:427): avc: denied { ioctl } for path="socket:[14584]" dev="sockfs" ino=14584 ioctlcmd=0x48d2 scontext=u:r:init:s0 tcontext=u:r:init:s0 tclass=socket permissive=1
04-29 05:37:31.302 2075 2075 I zygote64: The ClassLoaderContext is a special shared library.
04-29 05:37:31.310 2109 2109 I getprop : type=1400 audit(0.0:428): avc: denied { getattr } for path="pipe:[15475]" dev="pipefs" ino=15475 scontext=u:r:toolbox:s0 tcontext=u:r:init:s0 tclass=fifo_file permissive=1
04-29 05:37:31.317 2004 2004 I ImsResolver: Initializing cache and binding.
04-29 05:37:31.330 2112 2112 I lsmod : type=1400 audit(0.0:429): avc: denied { read } for name="modules" dev="proc" ino=4026532031 scontext=u:r:toolbox:s0 tcontext=u:object_r:proc_modules:s0 tclass=file permissive=1
04-29 05:37:31.330 2112 2112 I lsmod : type=1400 audit(0.0:430): avc: denied { open } for path="/proc/modules" dev="proc" ino=4026532031 scontext=u:r:toolbox:s0 tcontext=u:object_r:proc_modules:s0 tclass=file permissive=1
04-29 05:37:31.330 2112 2112 I lsmod : type=1400 audit(0.0:431): avc: denied { getattr } for path="/proc/modules" dev="proc" ino=4026532031 scontext=u:r:toolbox:s0 tcontext=u:object_r:proc_modules:s0 tclass=file permissive=1
04-29 05:37:31.336 2114 2114 I setprop : type=1400 audit(0.0:432): avc: denied { write } for name="property_service" dev="tmpfs" ino=5115 scontext=u:r:toolbox:s0 tcontext=u:object_r:property_socket:s0 tclass=sock_file permissive=1
04-29 05:37:31.336 2114 2114 I setprop : type=1400 audit(0.0:433): avc: denied { connectto } for path="/dev/socket/property_service" scontext=u:r:toolbox:s0 tcontext=u:r:init:s0 tclass=unix_stream_socket permissive=1
04-29 05:37:31.354 1399 1399 I servicemanager: type=1400 audit(0.0:434): avc: denied { search } for name="2004" dev="proc" ino=14195 scontext=u:r:servicemanager:s0 tcontext=u:r:zygote:s0 tclass=dir permissive=1
04-29 05:37:31.354 1399 1399 I servicemanager: type=1400 audit(0.0:435): avc: denied { read } for name="current" dev="proc" ino=13295 scontext=u:r:servicemanager:s0 tcontext=u:r:zygote:s0 tclass=file permissive=1
04-29 05:37:31.354 1399 1399 I servicemanager: type=1400 audit(0.0:436): avc: denied { open } for path="/proc/2004/attr/current" dev="proc" ino=13295 scontext=u:r:servicemanager:s0 tcontext=u:r:zygote:s0 tclass=file permissive=1
04-29 05:37:31.368 2004 2004 I m.android.phone: type=1400 audit(0.0:437): avc: denied { transfer } for scontext=u:r:zygote:s0 tcontext=u:r:servicemanager:s0 tclass=binder permissive=1
04-29 05:37:31.369 1399 1399 E SELinux : avc: denied { add } for service=isub pid=2004 uid=1001 scontext=u:r:zygote:s0 tcontext=u:object_r:radio_service:s0 tclass=service_manager permissive=1
04-29 05:37:31.397 2004 2004 I m.android.phone: type=1400 audit(0.0:438): avc: denied { use } for path="/dev/ashmem" dev="tmpfs" ino=7190 ioctlcmd=0x7704 scontext=u:r:zygote:s0 tcontext=u:r:system_server:s0 tclass=fd permissive=1
04-29 05:37:31.406 2119 2119 W alsa_ctl: type=1400 audit(0.0:439): avc: granted { read } for name="controlC0" dev="tmpfs" ino=6030 scontext=u:r:init:s0 tcontext=u:object_r:audio_device:s0 tclass=chr_file
04-29 05:37:31.408 1399 1399 E SELinux : avc: denied { find } for service=deviceidle pid=2004 uid=1001 scontext=u:r:zygote:s0 tcontext=u:object_r:deviceidle_service:s0 tclass=service_manager permissive=1
04-29 05:37:31.411 2094 2094 I zygote : The ClassLoaderContext is a special shared library.
04-29 05:37:31.413 2075 2075 I AlarmClock: AlarmInitReceiver android.intent.action.LOCKED_BOOT_COMPLETED
04-29 05:37:31.418 2075 2128 I AlarmClock: Fixing alarm instances
04-29 05:37:31.427 1399 1399 E SELinux : avc: denied { find } for service=isub pid=2004 uid=1001 scontext=u:r:zygote:s0 tcontext=u:object_r:radio_service:s0 tclass=service_manager permissive=1
04-29 05:37:31.478 2075 2128 V AlarmClock: AlarmInitReceiver finished
04-29 05:37:31.491 1592 2091 I chatty : uid=1000(system) backup expire 1 line
04-29 05:37:31.501 2130 2130 W zygote : Unexpected CPU variant for X86 using defaults: x86_64
04-29 05:37:31.506 1592 1608 I chatty : uid=1000(system) android.ui expire 1 line
04-29 05:37:31.622 1592 2144 I chatty : uid=1000 system_server expire 2 lines
04-29 05:37:31.656 1592 2060 I chatty : uid=1000(system) Binder:1592_7 expire 1 line
04-29 05:37:31.663 2164 2164 W zygote64: Unexpected CPU variant for X86 using defaults: x86_64
04-29 05:37:31.670 2018 2018 D FallbackHome: User unlocked and real home found; let's go!
04-29 05:37:31.681 2182 2182 W zygote64: Unexpected CPU variant for X86 using defaults: x86_64
04-29 05:37:31.682 2130 2130 I zygote : The ClassLoaderContext is a special shared library.
04-29 05:37:31.695 2198 2198 W zygote64: Unexpected CPU variant for X86 using defaults: x86_64
04-29 05:37:31.706 2212 2212 I chatty : uid=10015 com.google.android.gms.persistent expire 23 lines
04-29 05:37:31.710 1592 1956 I chatty : uid=1000(system) Binder:1592_6 expire 2 lines
04-29 05:37:31.714 2164 2164 I zygote64: The ClassLoaderContext is a special shared library.
04-29 05:37:31.718 2227 2227 W zygote64: Unexpected CPU variant for X86 using defaults: x86_64
04-29 05:37:31.725 1592 2180 I chatty : uid=1000(system) Binder:1592_8 expire 17 lines
04-29 05:37:31.730 1592 2060 I chatty : uid=1000(system) Binder:1592_7 expire 67 lines
04-29 05:37:31.734 1592 1604 I chatty : uid=1000(system) Binder:1592_2 expire 58 lines
04-29 05:37:31.736 1592 1612 I chatty : uid=1000(system) android.fg expire 1 line
04-29 05:37:31.774 1399 1399 E SELinux : avc: denied { find } for service=batteryproperties pid=2004 uid=1001 scontext=u:r:zygote:s0 tcontext=u:object_r:batteryproperties_service:s0 tclass=service_manager permissive=1
04-29 05:37:31.802 2004 2004 D PhoneSwitcherNetworkRequstListener: Registering NetworkFactory
04-29 05:37:31.802 1592 1669 I chatty : uid=1000(system) ConnectivitySer expire 2 lines
04-29 05:37:31.805 1399 1399 E SELinux : avc: denied { find } for service=notification pid=2004 uid=1001 scontext=u:r:zygote:s0 tcontext=u:object_r:notification_service:s0 tclass=service_manager permissive=1
04-29 05:37:31.810 1399 1399 E SELinux : avc: denied { find } for service=trust pid=2004 uid=1001 scontext=u:r:zygote:s0 tcontext=u:object_r:trust_service:s0 tclass=service_manager permissive=1
04-29 05:37:31.965 2227 2227 I zygote64: The ClassLoaderContext is a special shared library.
04-29 05:37:31.969 2252 2252 I bootstat: Service started: /system/bin/bootstat --record_boot_complete
04-29 05:37:31.969 2252 2252 E bootstat: Failed to read /data/misc/bootstat/post_decrypt_time_elapsed: No such file or directory
04-29 05:37:31.970 2252 2252 E bootstat: Failed to parse boot time record: /data/misc/bootstat/post_decrypt_time_elapsed
04-29 05:37:31.976 2268 2268 I bootstat: Service started: /system/bin/bootstat --record_boot_reason
04-29 05:37:31.977 2268 2268 I bootstat: Unknown boot reason:
04-29 05:37:31.983 2269 2269 I bootstat: Service started: /system/bin/bootstat --record_time_since_factory_reset
04-29 05:37:31.988 2270 2270 I bootstat: Service started: /system/bin/bootstat -l
04-29 05:37:32.083 2271 2271 I chatty : uid=10015(com.google.android.gms) expire 18 lines
04-29 05:37:32.085 1592 2180 I chatty : uid=1000(system) Binder:1592_8 expire 40 lines
04-29 05:37:32.230 2287 2287 I ndroid.keychai: type=1400 audit(0.0:607): avc: denied { execute } for path="/dev/ashmem" dev="tmpfs" ino=7190 scontext=u:r:zygote:s0 tcontext=u:object_r:ashmem_device:s0 tclass=chr_file permissive=1
04-29 05:37:32.230 2287 2287 E SELinux : seapp_context_lookup: No match for app with uid 1000, seinfo default, name com.android.keychain
04-29 05:37:32.231 2287 2287 I JDWP : type=1400 audit(0.0:608): avc: denied { connectto } for path=006A6477702D636F6E74726F6C scontext=u:r:zygote:s0 tcontext=u:r:adbd:s0 tclass=unix_stream_socket permissive=1
04-29 05:37:32.231 2287 2287 W zygote64: Unexpected CPU variant for X86 using defaults: x86_64
04-29 05:37:32.242 2182 2182 I zygote64: The ClassLoaderContext is a special shared library.
04-29 05:37:32.258 1592 1614 I chatty : uid=1000(system) android.display expire 1 line
04-29 05:37:32.332 2306 2306 W zygote64: Unexpected CPU variant for X86 using defaults: x86_64
04-29 05:37:32.339 2004 2004 D CarrierConfigLoader: CarrierConfigLoader has started
04-29 05:37:32.340 1592 1803 I chatty : uid=1000(system) Binder:1592_4 expire 27 lines
04-29 05:37:32.367 1592 2091 I chatty : uid=1000(system) backup expire 1 line
04-29 05:37:32.389 2198 2260 D NetworkSecurityConfig: No Network Security Config specified, using platform default
04-29 05:37:32.391 2198 2209 I zygote64: Background concurrent copying GC freed 9205(1573KB) AllocSpace objects, 10(200KB) LOS objects, 52% free, 1409KB/2MB, paused 23.543ms total 264.789ms
04-29 05:37:32.397 2287 2287 I ndroid.keychain: type=1400 audit(0.0:609): avc: denied { getattr } for path="/data/misc/profiles/cur/0/com.android.keychain/primary.prof" dev="sdb2" ino=566757 scontext=u:r:zygote:s0 tcontext=u:object_r:user_profile_data_file:s0 tclass=file permissive=1
04-29 05:37:32.397 2287 2287 I zygote64: The ClassLoaderContext is a special shared library.
04-29 05:37:32.407 1472 1472 I lmkd : type=1400 audit(0.0:610): avc: denied { search } for name="2287" dev="proc" ino=21559 scontext=u:r:lmkd:s0 tcontext=u:r:zygote:s0 tclass=dir permissive=1
04-29 05:37:32.407 1727 1727 I com.android.systemui: type=1400 audit(0.0:611): avc: denied { call } for comm=4173796E635461736B202332 scontext=u:r:priv_app:s0:c512,c768 tcontext=u:r:zygote:s0 tclass=binder permissive=1
04-29 05:37:32.407 1399 1399 E SELinux : avc: denied { find } for service=android.security.keystore pid=2287 uid=1000 scontext=u:r:zygote:s0 tcontext=u:object_r:keystore_service:s0 tclass=service_manager permissive=1
04-29 05:37:32.473 2306 2306 I zygote64: The ClassLoaderContext is a special shared library.
04-29 05:37:32.613 1592 1606 I chatty : uid=1000(system) android.bg expire 28 lines
04-29 05:37:32.614 2004 2004 W TelecomManager: Telecom Service not found.
04-29 05:37:32.615 2004 2004 I TelecomFramework: TtyManager: updateUiTtyMode -1 -> 0
04-29 05:37:32.627 2004 2004 D ImsResolver: maybeAddedImsService, packageName: null
04-29 05:37:32.638 1727 1727 W KeyguardUpdateMonitor: invalid subId in handleServiceStateChange()
04-29 05:37:32.649 2004 2004 D ServiceStateProvider: subId=-2
04-29 05:37:32.665 1592 1607 I chatty : uid=1000(system) ActivityManager expire 2 lines
04-29 05:37:32.685 2004 2004 I Thread-4: type=1400 audit(0.0:614): avc: denied { write } for name="mmssms.db" dev="sdb2" ino=567196 scontext=u:r:zygote:s0 tcontext=u:object_r:system_data_file:s0 tclass=file permissive=1
04-29 05:37:32.701 2004 2004 D PhoneSwitcherNetworkRequstListener: got request NetworkRequest [ TRACK_DEFAULT id=3, [ Capabilities: INTERNET&NOT_RESTRICTED&TRUSTED&NOT_VPN] ] with score 0
04-29 05:37:32.701 2004 2004 D PhoneSwitcherNetworkRequstListener: got request NetworkRequest [ REQUEST id=1, [ Capabilities: INTERNET&NOT_RESTRICTED&TRUSTED&NOT_VPN] ] with score 0
04-29 05:37:32.701 2004 2004 D PhoneSwitcherNetworkRequstListener: got request NetworkRequest [ BACKGROUND_REQUEST id=2, [ Transports: CELLULAR Capabilities: INTERNET&NOT_RESTRICTED&TRUSTED&NOT_VPN] ] with score 0
04-29 05:37:32.701 2004 2004 D PhoneSwitcherNetworkRequstListener: got request NetworkRequest [ TRACK_DEFAULT id=5, [ Capabilities: INTERNET&NOT_RESTRICTED&TRUSTED&NOT_VPN] ] with score 0
04-29 05:37:32.701 2004 2004 D TelephonyDebugService: TelephonyDebugService()
04-29 05:37:32.705 1399 1399 E SELinux : avc: denied { find } for service=wifi pid=2004 uid=1001 scontext=u:r:zygote:s0 tcontext=u:object_r:wifi_service:s0 tclass=service_manager permissive=1
04-29 05:37:32.707 2004 2004 D CarrierConfigLoader: mHandler: 12 phoneId: 0
04-29 05:37:32.709 2004 2004 E PhoneInterfaceManager: [PhoneIntfMgr] getIccId: No UICC
04-29 05:37:32.713 2004 2004 D OpenGLRenderer: HWUI GL Pipeline
04-29 05:37:32.717 2004 2004 W TelecomManager: Telecom Service not found.
04-29 05:37:32.717 2004 2004 I TelecomFramework: AccountEntry: Registered phoneAccount: [[ ] PhoneAccount: ComponentInfo{com.android.phone/com.android.services.telephony.TelephonyConnectionService}, [e0184adedf913b076626646d3f52c3b49c39ad6d], UserHandle{0} Capabilities: CallProvider MultiUser PlaceEmerg SimSub Audio Routes: BESW Schemes: tel voicemail Extras: Bundle[{android.telecom.extra.SUPPORTS_VIDEO_CALLING_FALLBACK=false}] GroupId: [da39a3ee5e6b4b0d3255bfef95601890afd80709]] with handle: ComponentInfo{com.android.phone/com.android.services.telephony.TelephonyConnectionService}, [e0184adedf913b076626646d3f52c3b49c39ad6d], UserHandle{0}
04-29 05:37:32.725 2004 2004 I TelecomFramework: PstnIncomingCallNotifier: Registering: Handler (com.android.internal.telephony.GsmCdmaPhone) {3663219}
04-29 05:37:32.732 2004 2004 I chatty : uid=1001(radio) com.android.phone identical 1 line
04-29 05:37:32.733 2004 2004 W TelecomManager: Telecom Service not found.
04-29 05:37:32.737 2306 2306 I ContactsPerf: VoicemailContentProvider.onCreate start
04-29 05:37:32.739 2004 2004 W TelecomManager: Telecom Service not found.
04-29 05:37:32.740 2004 2004 I TelecomFramework: PstnPhoneCapabilitiesNotifier: handleVideoCapabilitesChanged. Video capability - false
04-29 05:37:32.740 2004 2004 E PhoneInterfaceManager: [PhoneIntfMgr] getIccId: No UICC
04-29 05:37:32.744 2004 2348 D SIP : [SipPreferences] isReceivingCallsEnabled, option not set; use default value, exception: android.provider.Settings$SettingNotFoundException: sip_receive_calls
04-29 05:37:32.744 2306 2306 I ContactsPerf: VoicemailContentProvider.onCreate finish
04-29 05:37:32.745 2004 2004 W TelecomManager: Telecom Service not found.
04-29 05:37:32.751 2004 2004 I Thread-4: type=1400 audit(0.0:615): avc: denied { setattr } for name="mmssms.db" dev="sdb2" ino=567196 scontext=u:r:zygote:s0 tcontext=u:object_r:system_data_file:s0 tclass=file permissive=1
04-29 05:37:32.786 2306 2345 D ContactsDatabaseHelper: WAL enabled for contacts2.db: true
04-29 05:37:32.849 2130 2130 I InteractorInitializer: Initialized process com.google.android.googlequicksearchbox:interactor
04-29 05:37:32.878 1592 1934 I chatty : uid=1000(system) Binder:1592_5 expire 1 line
04-29 05:37:32.879 2227 2227 V Launcher: LauncherAppState initiated
04-29 05:37:32.967 2306 2306 I zygote64: The ClassLoaderContext is a special shared library.
04-29 05:37:33.092 2306 2306 I zygote64: The ClassLoaderContext is a special shared library.
04-29 05:37:33.098 2004 2004 I com.android.phone: type=1400 audit(0.0:616): avc: denied { call } for comm=4173796E635461736B202332 scontext=u:r:zygote:s0 tcontext=u:r:priv_app:s0:c512,c768 tclass=binder permissive=1
04-29 05:37:33.098 2004 2004 I com.android.phone: type=1400 audit(0.0:617): avc: denied { transfer } for comm=4173796E635461736B202332 scontext=u:r:zygote:s0 tcontext=u:r:priv_app:s0:c512,c768 tclass=binder permissive=1
04-29 05:37:33.104 2306 2345 I ContactLocale: AddressBook Labels [[fr_FR]]: […, A, B, C, D, E, F, G, H, I, J, K, L, M, N, O, P, Q, R, S, T, U, V, W, X, Y, Z, Α, Β, Γ, Δ, Ε, Ζ, Η, Θ, Ι, Κ, Λ, Μ, Ν, Ξ, Ο, Π, Ρ, Σ, Τ, Υ, Φ, Χ, Ψ, Ω, …, А, Б, В, Г, Д, Ђ, Е, Є, Ж, З, И, І, Й, Ј, К, Л, Љ, М, Н, Њ, О, П, Р, С, Т, Ћ, У, Ф, Х, Ц, Ч, Џ, Ш, Щ, Ю, Я, …, א, ב, ג, ד, ה, ו, ז, ח, ט, י, כ, ל, מ, נ, ס, ע, פ, צ, ק, ר, ש, ת, …, ا, ب, ت, ث, ج, ح, خ, د, ذ, ر, ز, س, ش, ص, ض, ط, ظ, ع, غ, ف, ق, ك, ل, م, ن, ه, و, ي, …, ก, ข, ฃ, ค, ฅ, ฆ, ง, จ, ฉ, ช, ซ, ฌ, ญ, ฎ, ฏ, ฐ, ฑ, ฒ, ณ, ด, ต, ถ, ท, ธ, น, บ, ป, ผ, ฝ, พ, ฟ, ภ, ม, ย, ร, ฤ, ล, ฦ, ว, ศ, ษ, ส, ห, ฬ, อ, ฮ, …, ㄱ, ㄴ, ㄷ, ㄹ, ㅁ, ㅂ, ㅅ, ㅇ, ㅈ, ㅊ, ㅋ, ㅌ, ㅍ, ㅎ, …, あ, か, さ, た, な, は, ま, や, ら, わ, #, …]
04-29 05:37:33.121 2227 2227 W System : ClassLoader referenced unknown path:
04-29 05:37:33.199 2306 2345 D ContactsDatabaseHelper: WAL enabled for profile.db: false
04-29 05:37:33.334 1711 1711 I LatinIME: Timeout waiting for dictionary load
04-29 05:37:33.338 2306 2306 I Binder:2306_2: type=1400 audit(0.0:618): avc: denied { transfer } for scontext=u:r:priv_app:s0:c512,c768 tcontext=u:r:zygote:s0 tclass=binder permissive=1
04-29 05:37:33.338 2306 2306 I Binder:2306_2: type=1400 audit(0.0:619): avc: denied { use } for path="/dev/ashmem" dev="tmpfs" ino=7190 scontext=u:r:zygote:s0 tcontext=u:r:priv_app:s0:c512,c768 tclass=fd permissive=1
04-29 05:37:33.448 2227 2352 D LoaderTask: loadWorkspace: loading default favorites
04-29 05:37:33.449 2227 2357 D OpenGLRenderer: HWUI GL Pipeline
04-29 05:37:33.540 1473 1473 I surfaceflinger: type=1400 audit(0.0:620): avc: denied { ioctl } for path="/dev/dri/card1" dev="tmpfs" ino=6911 ioctlcmd=0x6446 scontext=u:r:surfaceflinger:s0 tcontext=u:object_r:device:s0 tclass=chr_file permissive=1
04-29 05:37:33.543 2227 2227 I RenderThread: type=1400 audit(0.0:621): avc: denied { read write } for name="card1" dev="tmpfs" ino=6911 scontext=u:r:priv_app:s0:c512,c768 tcontext=u:object_r:device:s0 tclass=chr_file permissive=1
04-29 05:37:33.543 2227 2227 I RenderThread: type=1400 audit(0.0:622): avc: denied { open } for path="/dev/dri/card1" dev="tmpfs" ino=6911 scontext=u:r:priv_app:s0:c512,c768 tcontext=u:object_r:device:s0 tclass=chr_file permissive=1
04-29 05:37:33.544 2227 2227 I RenderThread: type=1400 audit(0.0:623): avc: denied { ioctl } for path="/dev/dri/card1" dev="tmpfs" ino=6911 ioctlcmd=0x6400 scontext=u:r:priv_app:s0:c512,c768 tcontext=u:object_r:device:s0 tclass=chr_file permissive=1
04-29 05:37:33.544 2227 2357 D vndksupport: Loading /vendor/lib64/hw/gralloc.drm.so from current namespace instead of sphal namespace.
04-29 05:37:33.555 2227 2227 W View : requestLayout() improperly called by com.android.launcher3.graphics.GradientView{d7288dc V.ED..... ......I. 0,0-0,0 #7f0b0033 app:id/gradient_bg} during layout: running second layout pass
04-29 05:37:33.588 2227 2227 I RenderThread: type=1400 audit(0.0:624): avc: denied { getattr } for path="/dev/dri/card1" dev="tmpfs" ino=6911 scontext=u:r:priv_app:s0:c512,c768 tcontext=u:object_r:device:s0 tclass=chr_file permissive=1
04-29 05:37:33.591 2227 2357 D libdrm : /vendor/etc/hwdata/amdgpu.ids version: 1.0.0
04-29 05:37:33.607 2227 2357 I GRALLOC-DRM: create pipe for driver amdgpu
04-29 05:37:33.609 2227 2357 I EGL-MAIN: found extension DRI_Core version 2
04-29 05:37:33.609 2227 2357 I EGL-MAIN: found extension DRI_DRI2 version 4
04-29 05:37:33.613 2227 2357 I EGL-MAIN: found extension DRI_TexBuffer version 2
04-29 05:37:33.613 2227 2357 I EGL-MAIN: found extension DRI2_Flush version 4
04-29 05:37:33.613 2227 2357 I EGL-MAIN: found extension DRI_IMAGE version 17
04-29 05:37:33.613 2227 2357 I EGL-MAIN: found extension DRI_IMAGE version 17
04-29 05:37:33.613 2227 2357 I EGL-MAIN: found extension DRI_RENDERER_QUERY version 1
04-29 05:37:33.613 2227 2357 I EGL-MAIN: found extension DRI_CONFIG_QUERY version 1
04-29 05:37:33.613 2227 2357 I EGL-MAIN: found extension DRI2_Fence version 2
04-29 05:37:33.613 2227 2357 I EGL-MAIN: found extension DRI2_Interop version 1
04-29 05:37:33.613 2227 2357 I EGL-MAIN: found extension DRI_Robustness version 1
04-29 05:37:33.613 2227 2357 I EGL-MAIN: found extension DRI_NoError version 1
04-29 05:37:33.616 2227 2357 I com.android.launcher3: android::hardware::configstore::V1_0::ISurfaceFlingerConfigs::hasWideColorDisplay retrieved: 0
04-29 05:37:33.616 2227 2357 I OpenGLRenderer: Initialized EGL, version 1.4
04-29 05:37:33.616 2227 2357 D OpenGLRenderer: Swap behavior 2
04-29 05:37:33.616 2227 2357 E OpenGLRenderer: Device claims wide gamut support, cannot find matching config, error = EGL_SUCCESS
04-29 05:37:33.619 2130 2130 I CameraManagerGlobal: Connecting to camera service
04-29 05:37:33.627 2362 2362 I main : type=1400 audit(0.0:625): avc: denied { mounton } for path="/storage" dev="tmpfs" ino=595 scontext=u:r:zygote:s0 tcontext=u:object_r:tmpfs:s0 tclass=dir permissive=1
04-29 05:37:33.631 2362 2362 I chatty : uid=10015(com.google.android.gms) com.google.process.gservices identical 3 lines
04-29 05:37:33.637 2227 2357 D vndksupport: Loading /vendor/lib64/hw/android.hardware.graphics.mapper@2.0-impl.so from current namespace instead of sphal namespace.
04-29 05:37:33.638 2227 2357 D vndksupport: Loading /vendor/lib64/hw/gralloc.drm.so from current namespace instead of sphal namespace.
04-29 05:37:33.654 2018 2018 I ndroid.settings: type=1400 audit(0.0:626): avc: denied { read } for scontext=u:r:zygote:s0 tcontext=u:r:surfaceflinger:s0 tclass=unix_stream_socket permissive=1
04-29 05:37:33.654 2018 2018 I ndroid.settings: type=1400 audit(0.0:627): avc: denied { call } for scontext=u:r:zygote:s0 tcontext=u:r:surfaceflinger:s0 tclass=binder permissive=1
04-29 05:37:33.664 1472 1472 I lmkd : type=1400 audit(0.0:628): avc: denied { write } for name="oom_score_adj" dev="proc" ino=13311 scontext=u:r:lmkd:s0 tcontext=u:r:zygote:s0 tclass=file permissive=1
04-29 05:37:33.664 1472 1472 I lmkd : type=1400 audit(0.0:629): avc: denied { open } for path="/proc/2018/oom_score_adj" dev="proc" ino=13311 scontext=u:r:lmkd:s0 tcontext=u:r:zygote:s0 tclass=file permissive=1
04-29 05:37:33.674 2018 2018 I ndroid.settings: type=1400 audit(0.0:630): avc: denied { read } for scontext=u:r:zygote:s0 tcontext=u:r:system_server:s0 tclass=unix_stream_socket permissive=1
04-29 05:37:33.674 2018 2018 I RenderThread: type=1400 audit(0.0:631): avc: denied { ioctl } for path="/dev/dri/card1" dev="tmpfs" ino=6911 ioctlcmd=0x6448 scontext=u:r:zygote:s0 tcontext=u:object_r:device:s0 tclass=chr_file permissive=1
04-29 05:37:33.920 2227 2233 I zygote64: Do partial code cache collection, code=28KB, data=29KB
04-29 05:37:33.925 2227 2233 I zygote64: After code cache collection, code=28KB, data=29KB
04-29 05:37:33.925 2227 2233 I zygote64: Increasing code cache capacity to 128KB
04-29 05:37:34.043 2227 2227 E SchedPolicy: set_timerslack_ns write failed: Operation not permitted
04-29 05:37:34.130 2227 2227 I chatty : uid=10022(com.android.launcher3) identical 1 line
04-29 05:37:34.409 2271 2283 I chatty : uid=10015(com.google.android.gms) HeapTaskDaemon expire 1 line
04-29 05:37:34.437 2227 2227 E SchedPolicy: set_timerslack_ns write failed: Operation not permitted
04-29 05:37:34.498 2227 2233 I zygote64: Do partial code cache collection, code=56KB, data=55KB
04-29 05:37:34.498 2227 2233 I zygote64: After code cache collection, code=56KB, data=55KB
04-29 05:37:34.498 2227 2233 I zygote64: Increasing code cache capacity to 256KB
04-29 05:37:34.616 2212 2224 I chatty : uid=10015(com.google.android.gms) HeapTaskDaemon expire 1 line
04-29 05:37:34.618 2212 2246 I chatty : uid=10015(com.google.android.gms) Binder:2212_3 expire 2 lines
04-29 05:37:34.762 2403 2403 I main : type=1400 audit(0.0:632): avc: denied { create } for name="cgroup.procs" scontext=u:r:zygote:s0 tcontext=u:object_r:cgroup:s0 tclass=file permissive=1
04-29 05:37:34.766 2403 2403 W zygote64: Unexpected CPU variant for X86 using defaults: x86_64
04-29 05:37:34.817 2094 2100 I zygote : Compiler allocated 8MB to compile void com.google.android.apps.gsa.shared.config.a.n.ame()
04-29 05:37:34.958 2094 2100 I zygote : Do partial code cache collection, code=31KB, data=18KB
04-29 05:37:34.959 2212 2218 I chatty : uid=10015(com.google.android.gms) Jit thread pool expire 12 lines
04-29 05:37:35.012 2094 2100 I zygote : After code cache collection, code=28KB, data=17KB
04-29 05:37:35.012 2094 2100 I zygote : Increasing code cache capacity to 128KB
04-29 05:37:35.097 2130 2130 W KeyphraseEnrollmentInfo: No enrollment application supports the given keyphrase/locale: 'Ok Google'/fr_FR
04-29 05:37:35.143 2403 2403 I zygote64: The ClassLoaderContext is a special shared library.
04-29 05:37:35.213 2094 2094 I zygote : Deoptimizing int[] com.google.common.collect.gx.b(java.lang.Object[], int, int, int) due to JIT inline cache
04-29 05:37:35.223 2432 2432 W zygote64: Unexpected CPU variant for X86 using defaults: x86_64
04-29 05:37:35.278 2432 2432 I zygote64: The ClassLoaderContext is a special shared library.
04-29 05:37:35.359 2094 2094 I MicroDetectionWorker: #initializeDataManager [recognitionLocale: fr-FR, isForced: false, initGHRecognizer: false]
04-29 05:37:35.386 1592 1592 I chatty : uid=1000 system_server expire 37 lines
04-29 05:37:35.388 1592 1604 I chatty : uid=1000(system) Binder:1592_2 expire 12 lines
04-29 05:37:35.399 1592 2180 I chatty : uid=1000(system) Binder:1592_8 expire 12 lines
04-29 05:37:35.401 2212 2447 I chatty : uid=10015(com.google.android.gms) FlpThread expire 1 line
04-29 05:37:35.417 2198 2305 I FA : App measurement is starting up, version: 13001
04-29 05:37:35.417 2198 2305 I FA : To enable debug logging run: adb shell setprop log.tag.FA VERBOSE
04-29 05:37:35.417 2198 2305 I FA : To enable faster debug mode event logging run:
04-29 05:37:35.417 2198 2305 I FA : adb shell setprop debug.firebase.analytics.app com.oasisfeng.greenify
04-29 05:37:35.417 2456 2456 I chatty : uid=10015(com.google.android.gms) com.google.process.gapps expire 3 lines
04-29 05:37:35.468 2198 2305 W FA : Failed to retrieve Firebase Instance Id
04-29 05:37:35.504 2271 2284 I chatty : uid=10015(com.google.android.gms) Binder:2271_1 expire 1 line
04-29 05:37:35.509 1592 1803 I chatty : uid=1000(system) Binder:1592_4 expire 36 lines
04-29 05:37:35.523 2094 2100 I zygote : Do partial code cache collection, code=60KB, data=32KB
04-29 05:37:35.523 2094 2100 I zygote : After code cache collection, code=57KB, data=31KB
04-29 05:37:35.523 2094 2100 I zygote : Increasing code cache capacity to 256KB
04-29 05:37:35.530 2198 2305 W FA : Failed to retrieve Firebase Instance Id
04-29 05:37:35.674 1449 1449 I vold : type=1400 audit(0.0:635): avc: denied { read } for name="033e8fc7-4cfe-9454-bc59-df7329ca862d" dev="tmpfs" ino=22325 scontext=u:r:vold:s0 tcontext=u:object_r:storage_stub_file:s0 tclass=dir permissive=1
04-29 05:37:35.674 1449 1449 I vold : type=1400 audit(0.0:636): avc: denied { open } for path="/storage/033e8fc7-4cfe-9454-bc59-df7329ca862d" dev="tmpfs" ino=22325 scontext=u:r:vold:s0 tcontext=u:object_r:storage_stub_file:s0 tclass=dir permissive=1
04-29 05:37:35.674 1449 1449 I vold : type=1400 audit(0.0:637): avc: denied { write } for name="033e8fc7-4cfe-9454-bc59-df7329ca862d" dev="tmpfs" ino=22325 scontext=u:r:vold:s0 tcontext=u:object_r:storage_stub_file:s0 tclass=dir permissive=1
04-29 05:37:35.674 1449 1449 I vold : type=1400 audit(0.0:638): avc: denied { add_name } for name="Android" scontext=u:r:vold:s0 tcontext=u:object_r:storage_stub_file:s0 tclass=dir permissive=1
04-29 05:37:35.677 1592 1658 I chatty : uid=1000(system) VoldConnector expire 2 lines
04-29 05:37:35.690 2271 2285 I chatty : uid=10015(com.google.android.gms) Binder:2271_2 expire 2 lines
04-29 05:37:35.710 1592 2180 I chatty : uid=1000(system) Binder:1592_8 expire 2 lines
04-29 05:37:35.806 2271 2277 I chatty : uid=10015(com.google.android.gms) Jit thread pool expire 6 lines
04-29 05:37:35.812 2271 2492 I chatty : uid=10015(com.google.android.gms) expire 1 line
04-29 05:37:35.902 2403 2505 W YouTube : Fetching the Gservices key 'failsafe_maxnumbercrash_12_15' before the end of the bulk initialization
04-29 05:37:35.902 1592 2494 I chatty : uid=1000(system) Binder:1592_9 expire 2 lines
04-29 05:37:35.920 2403 2498 I zygote64: The ClassLoaderContext is a special shared library.
04-29 05:37:35.921 2403 2498 I zygote64: The ClassLoaderContext is a special shared library.
04-29 05:37:35.930 2403 2498 V NativeCrypto: Registering com/google/android/gms/org/conscrypt/NativeCrypto's 284 native methods...
04-29 05:37:35.943 2403 2498 D NetworkSecurityConfig: No Network Security Config specified, using platform default
04-29 05:37:35.943 2403 2498 I ProviderInstaller: Installed default security provider GmsCore_OpenSSL
04-29 05:37:36.002 1592 2494 I chatty : uid=1000(system) Binder:1592_9 expire 132 lines
04-29 05:37:36.006 1592 1735 I chatty : uid=1000(system) Binder:1592_3 expire 30 lines
04-29 05:37:36.017 2403 2403 E YouTube : flushBinderConnectionCallbacks is unverified on SDK 27
04-29 05:37:36.023 2403 2502 W DynamiteModule: Failed to load module via V2: java.lang.ClassNotFoundException: Didn't find class "com.google.android.gms.dynamite.DynamiteModule$DynamiteLoaderClassLoader" on path: DexPathList[[zip file "/system/app/YouTube/YouTube.apk"],nativeLibraryDirectories=[/system/app/YouTube/lib/x86_64, /system/app/YouTube/YouTube.apk!/lib/x86_64, /system/lib64, /system/vendor/lib64, /system/lib64, /system/vendor/lib64]]
04-29 05:37:36.028 2403 2502 I DynamiteModule: Considering local module com.google.android.gms.ads.dynamite:0 and remote module com.google.android.gms.ads.dynamite:11220
04-29 05:37:36.028 2403 2502 I DynamiteModule: Selected remote version of com.google.android.gms.ads.dynamite, version >= 11220
04-29 05:37:36.036 2403 2502 W zygote64: Unsupported class loader
04-29 05:37:36.113 2519 2519 I enable_nativebr: type=1400 audit(0.0:639): avc: denied { getattr } for path="/system/bin/toybox" dev="loop0" ino=565 scontext=u:r:zygote:s0 tcontext=u:object_r:toolbox_exec:s0 tclass=file permissive=1
04-29 05:37:36.113 2519 2519 I enable_nativebr: type=1400 audit(0.0:640): avc: denied { execute } for name="toybox" dev="loop0" ino=565 scontext=u:r:zygote:s0 tcontext=u:object_r:toolbox_exec:s0 tclass=file permissive=1
04-29 05:37:36.113 2519 2519 I enable_nativebr: type=1400 audit(0.0:641): avc: denied { read open } for path="/system/bin/toybox" dev="loop0" ino=565 scontext=u:r:zygote:s0 tcontext=u:object_r:toolbox_exec:s0 tclass=file permissive=1
