04-29 05:37:55.967 1592 2060 W SchedPolicy: add_tid_to_cgroup failed to write '2900' (No space left on device); fd=25
04-29 05:37:55.968 1592 2060 W SchedPolicy: add_tid_to_cgroup failed to write '2902' (No space left on device); fd=25
04-29 05:37:55.968 1592 2060 W SchedPolicy: add_tid_to_cgroup failed to write '2903' (No space left on device); fd=25
04-29 05:37:55.968 1592 2060 W SchedPolicy: add_tid_to_cgroup failed to write '2907' (No space left on device); fd=25
04-29 05:37:55.968 1592 2060 W SchedPolicy: add_tid_to_cgroup failed to write '2908' (No space left on device); fd=25
04-29 05:37:55.968 1592 2060 W SchedPolicy: add_tid_to_cgroup failed to write '2909' (No space left on device); fd=25
04-29 05:37:55.968 1592 2060 W SchedPolicy: add_tid_to_cgroup failed to write '2919' (No space left on device); fd=25
04-29 05:37:55.968 1592 2060 W SchedPolicy: add_tid_to_cgroup failed to write '2981' (No space left on device); fd=25
04-29 05:37:55.968 1592 2060 W SchedPolicy: add_tid_to_cgroup failed to write '2992' (No space left on device); fd=25
04-29 05:37:55.968 1592 2060 W SchedPolicy: add_tid_to_cgroup failed to write '2993' (No space left on device); fd=25
04-29 05:37:55.968 1592 2060 W SchedPolicy: add_tid_to_cgroup failed to write '2994' (No space left on device); fd=25
04-29 05:37:55.968 1592 2060 W SchedPolicy: add_tid_to_cgroup failed to write '3035' (No space left on device); fd=25
04-29 05:37:55.968 1592 2060 W SchedPolicy: add_tid_to_cgroup failed to write '3036' (No space left on device); fd=25
04-29 05:37:55.968 1592 2060 W SchedPolicy: add_tid_to_cgroup failed to write '3072' (No space left on device); fd=25
04-29 05:37:55.968 1592 2060 W SchedPolicy: add_tid_to_cgroup failed to write '3103' (No space left on device); fd=25
04-29 05:37:55.968 1592 2060 W SchedPolicy: add_tid_to_cgroup failed to write '3150' (No space left on device); fd=25
04-29 05:37:55.968 1592 2060 W SchedPolicy: add_tid_to_cgroup failed to write '3274' (No space left on device); fd=25
04-29 05:37:55.987 2212 3346 E WakeLock: GCM_HB_ALARM release without a matched acquire!
04-29 05:37:55.987 2212 3346 W WakeLock: GCM_HB_ALARM counter does not exist
04-29 05:37:56.003 1592 1956 W SchedPolicy: add_tid_to_cgroup failed to write '2362' (No space left on device); fd=3
04-29 05:37:56.003 1592 1956 W SchedPolicy: add_tid_to_cgroup failed to write '2367' (No space left on device); fd=3
04-29 05:37:56.003 1592 1956 W SchedPolicy: add_tid_to_cgroup failed to write '2368' (No space left on device); fd=3
04-29 05:37:56.003 1592 1956 W SchedPolicy: add_tid_to_cgroup failed to write '2369' (No space left on device); fd=3
04-29 05:37:56.003 1592 1956 W SchedPolicy: add_tid_to_cgroup failed to write '2370' (No space left on device); fd=3
04-29 05:37:56.003 1592 1956 W SchedPolicy: add_tid_to_cgroup failed to write '2371' (No space left on device); fd=3
04-29 05:37:56.003 1592 1956 W SchedPolicy: add_tid_to_cgroup failed to write '2372' (No space left on device); fd=3
04-29 05:37:56.003 1592 1956 W SchedPolicy: add_tid_to_cgroup failed to write '2373' (No space left on device); fd=3
04-29 05:37:56.003 1592 1956 W SchedPolicy: add_tid_to_cgroup failed to write '2374' (No space left on device); fd=3
04-29 05:37:56.003 1592 1956 W SchedPolicy: add_tid_to_cgroup failed to write '2375' (No space left on device); fd=3
04-29 05:37:56.003 1592 1956 W SchedPolicy: add_tid_to_cgroup failed to write '2378' (No space left on device); fd=3
04-29 05:37:56.003 1592 1956 W SchedPolicy: add_tid_to_cgroup failed to write '2380' (No space left on device); fd=3
04-29 05:37:56.003 1592 1956 W SchedPolicy: add_tid_to_cgroup failed to write '2394' (No space left on device); fd=3
04-29 05:37:56.003 1592 1956 W SchedPolicy: add_tid_to_cgroup failed to write '2401' (No space left on device); fd=3
04-29 05:37:56.003 1592 1956 W SchedPolicy: add_tid_to_cgroup failed to write '2482' (No space left on device); fd=3
04-29 05:37:56.003 1592 1956 W SchedPolicy: add_tid_to_cgroup failed to write '2495' (No space left on device); fd=3
04-29 05:37:56.003 1592 1956 W SchedPolicy: add_tid_to_cgroup failed to write '2500' (No space left on device); fd=3
04-29 05:37:56.003 1592 1956 W SchedPolicy: add_tid_to_cgroup failed to write '2620' (No space left on device); fd=3
04-29 05:37:56.003 1592 1956 W SchedPolicy: add_tid_to_cgroup failed to write '2985' (No space left on device); fd=3
04-29 05:37:56.003 1592 1956 W SchedPolicy: add_tid_to_cgroup failed to write '3224' (No space left on device); fd=3
04-29 05:37:56.003 1592 1956 W SchedPolicy: add_tid_to_cgroup failed to write '3242' (No space left on device); fd=3
04-29 05:37:56.003 1592 1956 W SchedPolicy: add_tid_to_cgroup failed to write '3283' (No space left on device); fd=3
04-29 05:37:56.010 1592 2494 W SchedPolicy: add_tid_to_cgroup failed to write '2362' (No space left on device); fd=25
04-29 05:37:56.010 1592 2494 W SchedPolicy: add_tid_to_cgroup failed to write '2367' (No space left on device); fd=25
04-29 05:37:56.010 1592 2494 W SchedPolicy: add_tid_to_cgroup failed to write '2368' (No space left on device); fd=25
04-29 05:37:56.010 1592 2494 W SchedPolicy: add_tid_to_cgroup failed to write '2369' (No space left on device); fd=25
04-29 05:37:56.010 1592 2494 W SchedPolicy: add_tid_to_cgroup failed to write '2370' (No space left on device); fd=25
04-29 05:37:56.010 1592 2494 W SchedPolicy: add_tid_to_cgroup failed to write '2371' (No space left on device); fd=25
04-29 05:37:56.010 1592 2494 W SchedPolicy: add_tid_to_cgroup failed to write '2372' (No space left on device); fd=25
04-29 05:37:56.010 1592 2494 W SchedPolicy: add_tid_to_cgroup failed to write '2373' (No space left on device); fd=25
04-29 05:37:56.010 1592 2494 W SchedPolicy: add_tid_to_cgroup failed to write '2374' (No space left on device); fd=25
04-29 05:37:56.010 1592 2494 W SchedPolicy: add_tid_to_cgroup failed to write '2375' (No space left on device); fd=25
04-29 05:37:56.010 1592 2494 W SchedPolicy: add_tid_to_cgroup failed to write '2378' (No space left on device); fd=25
04-29 05:37:56.010 1592 2494 W SchedPolicy: add_tid_to_cgroup failed to write '2380' (No space left on device); fd=25
04-29 05:37:56.010 1592 2494 W SchedPolicy: add_tid_to_cgroup failed to write '2394' (No space left on device); fd=25
04-29 05:37:56.010 1592 2494 W SchedPolicy: add_tid_to_cgroup failed to write '2401' (No space left on device); fd=25
04-29 05:37:56.010 1592 2494 W SchedPolicy: add_tid_to_cgroup failed to write '2482' (No space left on device); fd=25
04-29 05:37:56.010 1592 2494 W SchedPolicy: add_tid_to_cgroup failed to write '2495' (No space left on device); fd=25
04-29 05:37:56.010 1592 2494 W SchedPolicy: add_tid_to_cgroup failed to write '2500' (No space left on device); fd=25
04-29 05:37:56.010 1592 2494 W SchedPolicy: add_tid_to_cgroup failed to write '2620' (No space left on device); fd=25
04-29 05:37:56.010 1592 2494 W SchedPolicy: add_tid_to_cgroup failed to write '2985' (No space left on device); fd=25
04-29 05:37:56.010 1592 2494 W SchedPolicy: add_tid_to_cgroup failed to write '3224' (No space left on device); fd=25
04-29 05:37:56.010 1592 2494 W SchedPolicy: add_tid_to_cgroup failed to write '3242' (No space left on device); fd=25
04-29 05:37:56.010 1592 2494 W SchedPolicy: add_tid_to_cgroup failed to write '3283' (No space left on device); fd=25
04-29 05:37:56.019 1592 2060 W BroadcastQueue: Background execution not allowed: receiving Intent { act=com.google.android.checkin.CHECKIN_COMPLETE flg=0x10 (has extras) } to com.google.android.gms/.gcm.ServiceAutoStarter
04-29 05:37:56.019 1592 1607 W BroadcastQueue: Background execution not allowed: receiving Intent { act=com.google.android.checkin.CHECKIN_COMPLETE flg=0x10 (has extras) } to com.google.android.gms/.chimera.GmsIntentOperationService$PersistentInternalReceiver
04-29 05:37:56.020 1592 1607 W BroadcastQueue: Background execution not allowed: receiving Intent { act=com.google.android.checkin.CHECKIN_COMPLETE flg=0x10 (has extras) } to com.google.android.gsf/.settings.GoogleLocationSettings$LocationSettingsChangedListener
04-29 05:37:56.028 3348 3348 W zygote64: Unexpected CPU variant for X86 using defaults: x86_64
04-29 05:37:56.031 1592 3282 I ActivityManager: Start proc 3348:com.android.gallery3d/u0a53 for broadcast com.android.gallery3d/.app.PackagesMonitor
04-29 05:37:56.032 2271 2271 I services.SITREP: type=1400 audit(0.0:694): avc: denied { call } for scontext=u:r:priv_app:s0:c512,c768 tcontext=u:r:zygote:s0 tclass=binder permissive=1
04-29 05:37:56.035 1592 2494 W SchedPolicy: add_tid_to_cgroup failed to write '2362' (No space left on device); fd=3
04-29 05:37:56.035 1592 2494 W SchedPolicy: add_tid_to_cgroup failed to write '2367' (No space left on device); fd=3
04-29 05:37:56.035 1592 2494 W SchedPolicy: add_tid_to_cgroup failed to write '2368' (No space left on device); fd=3
04-29 05:37:56.035 1592 2494 W SchedPolicy: add_tid_to_cgroup failed to write '2369' (No space left on device); fd=3
04-29 05:37:56.035 1592 2494 W SchedPolicy: add_tid_to_cgroup failed to write '2370' (No space left on device); fd=3
04-29 05:37:56.035 1592 2494 W SchedPolicy: add_tid_to_cgroup failed to write '2371' (No space left on device); fd=3
04-29 05:37:56.035 1592 2494 W SchedPolicy: add_tid_to_cgroup failed to write '2372' (No space left on device); fd=3
04-29 05:37:56.035 1592 2494 W SchedPolicy: add_tid_to_cgroup failed to write '2373' (No space left on device); fd=3
04-29 05:37:56.035 1592 2494 W SchedPolicy: add_tid_to_cgroup failed to write '2374' (No space left on device); fd=3
04-29 05:37:56.035 1592 2494 W SchedPolicy: add_tid_to_cgroup failed to write '2375' (No space left on device); fd=3
04-29 05:37:56.035 1592 2494 W SchedPolicy: add_tid_to_cgroup failed to write '2378' (No space left on device); fd=3
04-29 05:37:56.035 1592 2494 W SchedPolicy: add_tid_to_cgroup failed to write '2380' (No space left on device); fd=3
04-29 05:37:56.035 1592 2494 W SchedPolicy: add_tid_to_cgroup failed to write '2394' (No space left on device); fd=3
04-29 05:37:56.035 1592 2494 W SchedPolicy: add_tid_to_cgroup failed to write '2401' (No space left on device); fd=3
04-29 05:37:56.035 1592 2494 W SchedPolicy: add_tid_to_cgroup failed to write '2482' (No space left on device); fd=3
04-29 05:37:56.035 1592 2494 W SchedPolicy: add_tid_to_cgroup failed to write '2495' (No space left on device); fd=3
04-29 05:37:56.035 1592 2494 W SchedPolicy: add_tid_to_cgroup failed to write '2500' (No space left on device); fd=3
04-29 05:37:56.035 1592 2494 W SchedPolicy: add_tid_to_cgroup failed to write '2620' (No space left on device); fd=3
04-29 05:37:56.035 1592 2494 W SchedPolicy: add_tid_to_cgroup failed to write '2985' (No space left on device); fd=3
04-29 05:37:56.035 1592 2494 W SchedPolicy: add_tid_to_cgroup failed to write '3224' (No space left on device); fd=3
04-29 05:37:56.035 1592 2494 W SchedPolicy: add_tid_to_cgroup failed to write '3242' (No space left on device); fd=3
04-29 05:37:56.036 1592 2494 W SchedPolicy: add_tid_to_cgroup failed to write '3283' (No space left on device); fd=3
04-29 05:37:56.038 2271 3332 I MDM : [222] afnj.b: sending sitrep: [ACCOUNTS_CHANGED, RETRY_AFTER_SERVER_DELAY, [nsODLLsuu9gzR8pDiCIzfybFqm4], 16091023, [_x4KK0AJr_uIJvJ6yJG3VmyqW5g], true, ABFEt1XtMmw2TS4aJRaCQxHxeP4yGEyrIcy_ol1hSatGdUtN0ogVvFUCJcex3LL0vl3k49HM6OtwtYT4TuaQYAM1COZp49oMaPZLtV-EygL4b4BLpIbwouJT5_3WlFgXtKz-Anujl8KPXHpXbtYacGRf3cjH9HxoJRCsrPKb5X5ZPWZvMPoewTdrkMjl3VQzN8FfNbQT1NNq1vSGYriygOv4UiGb8-CfxekJ-M-Hc3ioXU4K0Q1Debkg5dH-2ZpQTFX0f6ScizHic-5V1p8C9cclkyfBseRfQ59jRiBoWBgMZMXzVDP-lSKMb78JTEOXI8fqBPTmp3MnEqvfWUf4lmcP8BkY7bZgW7NxBGL193foVXXlwiC4GG_oEn1A0new7SMd3k_AsR9mUVgbkJZQ-xM5HNjnCmEKnqL6bgLN9L0dlFi0KDLVJKc, 1, false]
04-29 05:37:56.040 1592 2060 W SchedPolicy: add_tid_to_cgroup failed to write '3348' (No space left on device); fd=25
04-29 05:37:56.040 1592 2060 W SchedPolicy: add_tid_to_cgroup failed to write '3353' (No space left on device); fd=25
04-29 05:37:56.040 1592 2060 W SchedPolicy: add_tid_to_cgroup failed to write '3354' (No space left on device); fd=25
04-29 05:37:56.040 1592 2060 W SchedPolicy: add_tid_to_cgroup failed to write '3355' (No space left on device); fd=25
04-29 05:37:56.040 1592 2060 W SchedPolicy: add_tid_to_cgroup failed to write '3356' (No space left on device); fd=25
04-29 05:37:56.040 1592 2060 W SchedPolicy: add_tid_to_cgroup failed to write '3357' (No space left on device); fd=25
04-29 05:37:56.040 1592 2060 W SchedPolicy: add_tid_to_cgroup failed to write '3358' (No space left on device); fd=25
04-29 05:37:56.040 1592 2060 W SchedPolicy: add_tid_to_cgroup failed to write '3359' (No space left on device); fd=25
04-29 05:37:56.040 1592 2060 W SchedPolicy: add_tid_to_cgroup failed to write '3360' (No space left on device); fd=25
04-29 05:37:56.040 1592 2060 W SchedPolicy: add_tid_to_cgroup failed to write '3361' (No space left on device); fd=25
04-29 05:37:56.042 1592 3282 W SchedPolicy: add_tid_to_cgroup failed to write '2362' (No space left on device); fd=25
04-29 05:37:56.042 1592 3282 W SchedPolicy: add_tid_to_cgroup failed to write '2367' (No space left on device); fd=25
04-29 05:37:56.042 1592 3282 W SchedPolicy: add_tid_to_cgroup failed to write '2368' (No space left on device); fd=25
04-29 05:37:56.042 1592 3282 W SchedPolicy: add_tid_to_cgroup failed to write '2369' (No space left on device); fd=25
04-29 05:37:56.042 1592 3282 W SchedPolicy: add_tid_to_cgroup failed to write '2370' (No space left on device); fd=25
04-29 05:37:56.042 1592 3282 W SchedPolicy: add_tid_to_cgroup failed to write '2371' (No space left on device); fd=25
04-29 05:37:56.042 1592 3282 W SchedPolicy: add_tid_to_cgroup failed to write '2372' (No space left on device); fd=25
04-29 05:37:56.042 1592 3282 W SchedPolicy: add_tid_to_cgroup failed to write '2373' (No space left on device); fd=25
04-29 05:37:56.042 1592 3282 W SchedPolicy: add_tid_to_cgroup failed to write '2374' (No space left on device); fd=25
04-29 05:37:56.042 1592 3282 W SchedPolicy: add_tid_to_cgroup failed to write '2375' (No space left on device); fd=25
04-29 05:37:56.042 1592 3282 W SchedPolicy: add_tid_to_cgroup failed to write '2378' (No space left on device); fd=25
04-29 05:37:56.042 1592 3282 W SchedPolicy: add_tid_to_cgroup failed to write '2380' (No space left on device); fd=25
04-29 05:37:56.042 1592 3282 W SchedPolicy: add_tid_to_cgroup failed to write '2394' (No space left on device); fd=25
04-29 05:37:56.042 1592 3282 W SchedPolicy: add_tid_to_cgroup failed to write '2401' (No space left on device); fd=25
04-29 05:37:56.042 1592 3282 W SchedPolicy: add_tid_to_cgroup failed to write '2482' (No space left on device); fd=25
04-29 05:37:56.042 1592 3282 W SchedPolicy: add_tid_to_cgroup failed to write '2495' (No space left on device); fd=25
04-29 05:37:56.042 1592 3282 W SchedPolicy: add_tid_to_cgroup failed to write '2500' (No space left on device); fd=25
04-29 05:37:56.042 1592 3282 W SchedPolicy: add_tid_to_cgroup failed to write '2620' (No space left on device); fd=25
04-29 05:37:56.042 1592 3282 W SchedPolicy: add_tid_to_cgroup failed to write '2985' (No space left on device); fd=25
04-29 05:37:56.042 1592 3282 W SchedPolicy: add_tid_to_cgroup failed to write '3224' (No space left on device); fd=25
04-29 05:37:56.042 1592 3282 W SchedPolicy: add_tid_to_cgroup failed to write '3242' (No space left on device); fd=25
04-29 05:37:56.042 1592 3282 W SchedPolicy: add_tid_to_cgroup failed to write '3283' (No space left on device); fd=25
04-29 05:37:56.043 1592 3282 W SchedPolicy: add_tid_to_cgroup failed to write '2362' (No space left on device); fd=3
04-29 05:37:56.043 1592 3282 W SchedPolicy: add_tid_to_cgroup failed to write '2367' (No space left on device); fd=3
04-29 05:37:56.043 1592 3282 W SchedPolicy: add_tid_to_cgroup failed to write '2368' (No space left on device); fd=3
04-29 05:37:56.043 1592 3282 W SchedPolicy: add_tid_to_cgroup failed to write '2369' (No space left on device); fd=3
04-29 05:37:56.044 1592 3282 W SchedPolicy: add_tid_to_cgroup failed to write '2370' (No space left on device); fd=3
04-29 05:37:56.044 1592 3282 W SchedPolicy: add_tid_to_cgroup failed to write '2371' (No space left on device); fd=3
04-29 05:37:56.044 1592 3282 W SchedPolicy: add_tid_to_cgroup failed to write '2372' (No space left on device); fd=3
04-29 05:37:56.044 1592 3282 W SchedPolicy: add_tid_to_cgroup failed to write '2373' (No space left on device); fd=3
04-29 05:37:56.044 1592 3282 W SchedPolicy: add_tid_to_cgroup failed to write '2374' (No space left on device); fd=3
04-29 05:37:56.044 1592 3282 W SchedPolicy: add_tid_to_cgroup failed to write '2375' (No space left on device); fd=3
04-29 05:37:56.044 1592 3282 W SchedPolicy: add_tid_to_cgroup failed to write '2378' (No space left on device); fd=3
04-29 05:37:56.044 1592 3282 W SchedPolicy: add_tid_to_cgroup failed to write '2380' (No space left on device); fd=3
04-29 05:37:56.044 1592 3282 W SchedPolicy: add_tid_to_cgroup failed to write '2394' (No space left on device); fd=3
04-29 05:37:56.044 1592 3282 W SchedPolicy: add_tid_to_cgroup failed to write '2401' (No space left on device); fd=3
04-29 05:37:56.044 1592 3282 W SchedPolicy: add_tid_to_cgroup failed to write '2482' (No space left on device); fd=3
04-29 05:37:56.044 1592 3282 W SchedPolicy: add_tid_to_cgroup failed to write '2495' (No space left on device); fd=3
04-29 05:37:56.044 1592 3282 W SchedPolicy: add_tid_to_cgroup failed to write '2500' (No space left on device); fd=3
04-29 05:37:56.044 1592 3282 W SchedPolicy: add_tid_to_cgroup failed to write '2620' (No space left on device); fd=3
04-29 05:37:56.044 1592 3282 W SchedPolicy: add_tid_to_cgroup failed to write '2985' (No space left on device); fd=3
04-29 05:37:56.044 1592 3282 W SchedPolicy: add_tid_to_cgroup failed to write '3224' (No space left on device); fd=3
04-29 05:37:56.044 1592 3282 W SchedPolicy: add_tid_to_cgroup failed to write '3242' (No space left on device); fd=3
04-29 05:37:56.044 1592 3282 W SchedPolicy: add_tid_to_cgroup failed to write '3283' (No space left on device); fd=3
04-29 05:37:56.047 1592 2060 W SchedPolicy: add_tid_to_cgroup failed to write '2362' (No space left on device); fd=25
04-29 05:37:56.048 1592 2060 W SchedPolicy: add_tid_to_cgroup failed to write '2367' (No space left on device); fd=25
04-29 05:37:56.048 1592 2060 W SchedPolicy: add_tid_to_cgroup failed to write '2368' (No space left on device); fd=25
04-29 05:37:56.048 1592 2060 W SchedPolicy: add_tid_to_cgroup failed to write '2369' (No space left on device); fd=25
04-29 05:37:56.048 1592 2060 W SchedPolicy: add_tid_to_cgroup failed to write '2370' (No space left on device); fd=25
04-29 05:37:56.048 1592 2060 W SchedPolicy: add_tid_to_cgroup failed to write '2371' (No space left on device); fd=25
04-29 05:37:56.048 1592 2060 W SchedPolicy: add_tid_to_cgroup failed to write '2372' (No space left on device); fd=25
04-29 05:37:56.048 1592 2060 W SchedPolicy: add_tid_to_cgroup failed to write '2373' (No space left on device); fd=25
04-29 05:37:56.048 1592 2060 W SchedPolicy: add_tid_to_cgroup failed to write '2374' (No space left on device); fd=25
04-29 05:37:56.048 1592 2060 W SchedPolicy: add_tid_to_cgroup failed to write '2375' (No space left on device); fd=25
04-29 05:37:56.048 1592 2060 W SchedPolicy: add_tid_to_cgroup failed to write '2378' (No space left on device); fd=25
04-29 05:37:56.048 1592 2060 W SchedPolicy: add_tid_to_cgroup failed to write '2380' (No space left on device); fd=25
04-29 05:37:56.048 1592 2060 W SchedPolicy: add_tid_to_cgroup failed to write '2394' (No space left on device); fd=25
04-29 05:37:56.048 1592 2060 W SchedPolicy: add_tid_to_cgroup failed to write '2401' (No space left on device); fd=25
04-29 05:37:56.048 1592 2060 W SchedPolicy: add_tid_to_cgroup failed to write '2482' (No space left on device); fd=25
04-29 05:37:56.048 1592 2060 W SchedPolicy: add_tid_to_cgroup failed to write '2495' (No space left on device); fd=25
04-29 05:37:56.048 1592 2060 W SchedPolicy: add_tid_to_cgroup failed to write '2500' (No space left on device); fd=25
04-29 05:37:56.048 1592 2060 W SchedPolicy: add_tid_to_cgroup failed to write '2620' (No space left on device); fd=25
04-29 05:37:56.048 1592 2060 W SchedPolicy: add_tid_to_cgroup failed to write '2985' (No space left on device); fd=25
04-29 05:37:56.048 1592 2060 W SchedPolicy: add_tid_to_cgroup failed to write '3224' (No space left on device); fd=25
04-29 05:37:56.048 1592 2060 W SchedPolicy: add_tid_to_cgroup failed to write '3242' (No space left on device); fd=25
04-29 05:37:56.048 1592 2060 W SchedPolicy: add_tid_to_cgroup failed to write '3283' (No space left on device); fd=25
04-29 05:37:56.051 2212 2212 W ChimeraUtils: Non Chimera context
04-29 05:37:56.051 2212 2212 W ChimeraUtils: Non Chimera context
04-29 05:37:56.072 2212 2788 E Auth : [GoogleAccountDataServiceImpl] getToken() -> NETWORK_ERROR. Account: , App: com.google.android.gms, Service: oauth2:https://www.googleapis.com/auth/android_device_manager
04-29 05:37:56.072 2212 2788 W Auth : [GetToken] GetToken failed with status code: NetworkError
04-29 05:37:56.074 2271 3028 I zygote64: Deoptimizing bgoi bgpb.a(bgoi, boolean) due to JIT inline cache
04-29 05:37:56.074 2271 3332 E MDM : [222] afnj.a: Error sending sitrep.
04-29 05:37:56.077 3348 3348 I zygote64: The ClassLoaderContext is a special shared library.
04-29 05:37:56.146 3364 3364 I getprop : type=1400 audit(0.0:695): avc: denied { getattr } for path="/vendor" dev="tmpfs" ino=600 scontext=u:r:zygote:s0 tcontext=u:object_r:tmpfs:s0 tclass=lnk_file permissive=1
04-29 05:37:56.146 3364 3364 I getprop : type=1400 audit(0.0:696): avc: denied { read } for name="vendor" dev="tmpfs" ino=600 scontext=u:r:zygote:s0 tcontext=u:object_r:tmpfs:s0 tclass=lnk_file permissive=1
04-29 05:37:56.208 2766 2766 I Finsky : [2] com.google.android.finsky.packagemanager.impl.PackageMonitorReceiverImpl.a(4): PackageMonitor received: android.intent.action.PACKAGE_CHANGED
04-29 05:37:56.352 1592 1803 I ActivityManager: Killing 2686:com.android.cellbroadcastreceiver/u0a8 (adj 906): empty #17
04-29 05:37:56.352 1592 1609 W system_server: kill(-2686, 9) failed: No such process
04-29 05:37:56.359 2271 2782 I Icing : IndexChimeraService.getServiceInterface callingPackage=com.google.android.gms componentName=AppsCorpus serviceId=SEARCH_CORPORA
04-29 05:37:56.360 2271 2781 I Icing : IndexChimeraService.getServiceInterface callingPackage=com.google.android.gms componentName=AppsCorpus serviceId=SEARCH_QUERIES
04-29 05:37:56.389 2766 3370 I Finsky : [185] mvz.run(16): Wrote row to frosting DB: 131
04-29 05:37:56.389 2271 3331 I Icing : Usage reports ok 0, Failed Usage reports 0, indexed 0, rejected 0, imm upload false
04-29 05:37:56.397 1592 1609 W system_server: kill(-2686, 9) failed: No such process
04-29 05:37:56.397 1592 1609 I system_server: Successfully killed process cgroup uid 10008 pid 2686 in 45ms
04-29 05:37:56.490 2271 3331 I Icing : Usage reports ok 0, Failed Usage reports 0, indexed 0, rejected 0, imm upload false
04-29 05:37:56.926 2212 3192 W bwwl : [{0}] Failed to resolve name. status={1}
04-29 05:37:57.497 2271 3331 I Icing : Indexing com.google.android.gms-apps from com.google.android.gms
04-29 05:37:57.510 2271 3331 I Icing : Indexing com.google.android.gms-internal.3p:MobileApplication from com.google.android.gms
04-29 05:37:57.521 2271 3331 I Icing : Indexing done com.google.android.gms-apps
04-29 05:37:57.524 2271 3331 I Icing : Indexing done com.google.android.gms-internal.3p:MobileApplication
04-29 05:37:57.525 2271 3331 I Icing : Indexing com.google.android.gms-internal.3p:Event from com.google.android.gms
04-29 05:37:57.532 2271 3331 I Icing : Indexing done com.google.android.gms-internal.3p:Event
04-29 05:37:57.926 1592 2984 I WifiService: getWifiEnabledState uid=10015
04-29 05:37:59.171 1592 2984 W SchedPolicy: add_tid_to_cgroup failed to write '2362' (No space left on device); fd=3
04-29 05:37:59.171 1592 2984 W SchedPolicy: add_tid_to_cgroup failed to write '2367' (No space left on device); fd=3
04-29 05:37:59.171 1592 2984 W SchedPolicy: add_tid_to_cgroup failed to write '2368' (No space left on device); fd=3
04-29 05:37:59.171 1592 2984 W SchedPolicy: add_tid_to_cgroup failed to write '2369' (No space left on device); fd=3
04-29 05:37:59.171 1592 2984 W SchedPolicy: add_tid_to_cgroup failed to write '2370' (No space left on device); fd=3
04-29 05:37:59.171 1592 2984 W SchedPolicy: add_tid_to_cgroup failed to write '2371' (No space left on device); fd=3
04-29 05:37:59.171 1592 2984 W SchedPolicy: add_tid_to_cgroup failed to write '2372' (No space left on device); fd=3
04-29 05:37:59.171 1592 2984 W SchedPolicy: add_tid_to_cgroup failed to write '2373' (No space left on device); fd=3
04-29 05:37:59.171 1592 2984 W SchedPolicy: add_tid_to_cgroup failed to write '2374' (No space left on device); fd=3
04-29 05:37:59.171 1592 2984 W SchedPolicy: add_tid_to_cgroup failed to write '2375' (No space left on device); fd=3
04-29 05:37:59.171 1592 2984 W SchedPolicy: add_tid_to_cgroup failed to write '2378' (No space left on device); fd=3
04-29 05:37:59.171 1592 2984 W SchedPolicy: add_tid_to_cgroup failed to write '2380' (No space left on device); fd=3
04-29 05:37:59.171 1592 2984 W SchedPolicy: add_tid_to_cgroup failed to write '2394' (No space left on device); fd=3
04-29 05:37:59.171 1592 2984 W SchedPolicy: add_tid_to_cgroup failed to write '2401' (No space left on device); fd=3
04-29 05:37:59.171 1592 2984 W SchedPolicy: add_tid_to_cgroup failed to write '2482' (No space left on device); fd=3
04-29 05:37:59.171 1592 2984 W SchedPolicy: add_tid_to_cgroup failed to write '2495' (No space left on device); fd=3
04-29 05:37:59.171 1592 2984 W SchedPolicy: add_tid_to_cgroup failed to write '2500' (No space left on device); fd=3
04-29 05:37:59.171 1592 2984 W SchedPolicy: add_tid_to_cgroup failed to write '2620' (No space left on device); fd=3
04-29 05:37:59.171 1592 2984 W SchedPolicy: add_tid_to_cgroup failed to write '2985' (No space left on device); fd=3
04-29 05:37:59.171 1592 2984 W SchedPolicy: add_tid_to_cgroup failed to write '3224' (No space left on device); fd=3
04-29 05:37:59.172 1592 2984 W SchedPolicy: add_tid_to_cgroup failed to write '3242' (No space left on device); fd=3
04-29 05:37:59.172 1592 2984 W SchedPolicy: add_tid_to_cgroup failed to write '3283' (No space left on device); fd=3
04-29 05:37:59.198 1592 2494 W SchedPolicy: add_tid_to_cgroup failed to write '2362' (No space left on device); fd=25
04-29 05:37:59.198 1592 2494 W SchedPolicy: add_tid_to_cgroup failed to write '2367' (No space left on device); fd=25
04-29 05:37:59.198 1592 2494 W SchedPolicy: add_tid_to_cgroup failed to write '2368' (No space left on device); fd=25
04-29 05:37:59.198 1592 2494 W SchedPolicy: add_tid_to_cgroup failed to write '2369' (No space left on device); fd=25
04-29 05:37:59.198 1592 2494 W SchedPolicy: add_tid_to_cgroup failed to write '2370' (No space left on device); fd=25
04-29 05:37:59.198 1592 2494 W SchedPolicy: add_tid_to_cgroup failed to write '2371' (No space left on device); fd=25
04-29 05:37:59.198 1592 2494 W SchedPolicy: add_tid_to_cgroup failed to write '2372' (No space left on device); fd=25
04-29 05:37:59.198 1592 2494 W SchedPolicy: add_tid_to_cgroup failed to write '2373' (No space left on device); fd=25
04-29 05:37:59.198 1592 2494 W SchedPolicy: add_tid_to_cgroup failed to write '2374' (No space left on device); fd=25
04-29 05:37:59.199 1592 2494 W SchedPolicy: add_tid_to_cgroup failed to write '2375' (No space left on device); fd=25
04-29 05:37:59.199 1592 2494 W SchedPolicy: add_tid_to_cgroup failed to write '2378' (No space left on device); fd=25
04-29 05:37:59.199 1592 2494 W SchedPolicy: add_tid_to_cgroup failed to write '2380' (No space left on device); fd=25
04-29 05:37:59.199 1592 2494 W SchedPolicy: add_tid_to_cgroup failed to write '2394' (No space left on device); fd=25
04-29 05:37:59.199 1592 2494 W SchedPolicy: add_tid_to_cgroup failed to write '2401' (No space left on device); fd=25
04-29 05:37:59.199 1592 2494 W SchedPolicy: add_tid_to_cgroup failed to write '2482' (No space left on device); fd=25
04-29 05:37:59.199 1592 2494 W SchedPolicy: add_tid_to_cgroup failed to write '2495' (No space left on device); fd=25
04-29 05:37:59.199 1592 2494 W SchedPolicy: add_tid_to_cgroup failed to write '2500' (No space left on device); fd=25
04-29 05:37:59.199 1592 2494 W SchedPolicy: add_tid_to_cgroup failed to write '2620' (No space left on device); fd=25
04-29 05:37:59.199 1592 2494 W SchedPolicy: add_tid_to_cgroup failed to write '2985' (No space left on device); fd=25
04-29 05:37:59.199 1592 2494 W SchedPolicy: add_tid_to_cgroup failed to write '3224' (No space left on device); fd=25
04-29 05:37:59.199 1592 2494 W SchedPolicy: add_tid_to_cgroup failed to write '3242' (No space left on device); fd=25
04-29 05:37:59.199 1592 2494 W SchedPolicy: add_tid_to_cgroup failed to write '3283' (No space left on device); fd=25
04-29 05:37:59.802 1592 1606 E memtrack: Couldn't load memtrack module
04-29 05:37:59.802 1592 1606 W android.os.Debug: failed to get memory consumption info: -1
04-29 05:38:00.002 1592 1592 I ActivityManager: Killing 2723:com.android.contacts/u0a10 (adj 906): empty #17
04-29 05:38:00.003 1592 1609 W system_server: kill(-2723, 9) failed: No such process
04-29 05:38:00.008 1727 1727 I RenderThread: type=1400 audit(0.0:697): avc: denied { ioctl } for path="/dev/dri/card1" dev="tmpfs" ino=6911 ioctlcmd=0x6440 scontext=u:r:priv_app:s0:c512,c768 tcontext=u:object_r:device:s0 tclass=chr_file permissive=1
04-29 05:38:00.008 1727 1727 I RenderThread: type=1400 audit(0.0:698): avc: denied { read write } for path="/dev/dri/card1" dev="tmpfs" ino=6911 scontext=u:r:priv_app:s0:c512,c768 tcontext=u:object_r:device:s0 tclass=chr_file permissive=1
04-29 05:38:00.048 1592 1609 W system_server: kill(-2723, 9) failed: No such process
04-29 05:38:00.048 1592 1609 I system_server: Successfully killed process cgroup uid 10010 pid 2723 in 45ms
04-29 05:38:00.416 1592 3374 I BackgroundDexOptService: Pinning optimized code {}
04-29 05:38:00.416 1592 1592 I ActivityManager: Killing 2075:com.android.deskclock/u0a50 (adj 906): empty #17
04-29 05:38:00.417 1592 1609 W system_server: kill(-2075, 9) failed: No such process
04-29 05:38:00.419 1592 1606 E memtrack: Couldn't load memtrack module
04-29 05:38:00.419 1592 1606 W android.os.Debug: failed to get memory consumption info: -1
04-29 05:38:00.461 1592 1609 W system_server: kill(-2075, 9) failed: No such process
04-29 05:38:00.461 1592 1609 I system_server: Successfully killed process cgroup uid 10050 pid 2075 in 44ms
04-29 05:38:03.707 2212 3192 W bwwl : [{0}] Failed to resolve name. status={1}
04-29 05:38:04.949 2271 2627 I CheckinCompat: No service .update.SystemUpdateService to disable
04-29 05:38:04.949 2271 2627 I CheckinCompat: No service .checkin.EventLogService to disable
04-29 05:38:04.949 2271 2627 I CheckinCompat: No service .checkin.EventLogService$Receiver to disable
04-29 05:38:04.949 2271 2627 I CheckinCompat: Done disabling old GoogleServicesFramework version
04-29 05:38:05.982 1592 1606 I ActivityManager: Killing 2641:com.android.dialer/u0a18 (adj 906): empty #17
04-29 05:38:05.982 1592 1609 W system_server: kill(-2641, 9) failed: No such process
04-29 05:38:05.982 1592 1606 E memtrack: Couldn't load memtrack module
04-29 05:38:05.982 1592 1606 W android.os.Debug: failed to get memory consumption info: -1
04-29 05:38:06.004 1592 1606 E memtrack: Couldn't load memtrack module
04-29 05:38:06.004 1592 1606 W android.os.Debug: failed to get memory consumption info: -1
04-29 05:38:06.024 1592 1609 W system_server: kill(-2641, 9) failed: No such process
04-29 05:38:06.024 1592 1609 I system_server: Successfully killed process cgroup uid 10018 pid 2641 in 42ms
04-29 05:38:06.161 3376 3376 I enable_nativebr: type=1400 audit(0.0:699): avc: denied { getattr } for path="/system/bin/toybox" dev="loop0" ino=565 scontext=u:r:zygote:s0 tcontext=u:object_r:toolbox_exec:s0 tclass=file permissive=1
04-29 05:38:06.161 3376 3376 I enable_nativebr: type=1400 audit(0.0:700): avc: denied { execute } for name="toybox" dev="loop0" ino=565 scontext=u:r:zygote:s0 tcontext=u:object_r:toolbox_exec:s0 tclass=file permissive=1
04-29 05:38:06.161 3376 3376 I enable_nativebr: type=1400 audit(0.0:701): avc: denied { read open } for path="/system/bin/toybox" dev="loop0" ino=565 scontext=u:r:zygote:s0 tcontext=u:object_r:toolbox_exec:s0 tclass=file permissive=1
04-29 05:38:06.161 3376 3376 I enable_nativebr: type=1400 audit(0.0:702): avc: denied { execute_no_trans } for path="/system/bin/toybox" dev="loop0" ino=565 scontext=u:r:zygote:s0 tcontext=u:object_r:toolbox_exec:s0 tclass=file permissive=1
04-29 05:38:07.171 1592 2984 I ActivityManager: Killing 2748:com.android.managedprovisioning/u0a23 (adj 906): empty #17
04-29 05:38:07.173 1592 1609 W system_server: kill(-2748, 9) failed: No such process
04-29 05:38:07.191 1592 1609 W system_server: kill(-2748, 9) failed: No such process
04-29 05:38:07.191 1592 1609 I system_server: Successfully killed process cgroup uid 10023 pid 2748 in 18ms
04-29 05:38:09.765 2664 2701 D InitAlarmsService: Clearing and rescheduling alarms.
04-29 05:38:12.673 1592 1606 E memtrack: Couldn't load memtrack module
04-29 05:38:12.673 1592 1606 W android.os.Debug: failed to get memory consumption info: -1
04-29 05:38:12.676 2212 3378 E WakeLock: GCM_HB_ALARM release without a matched acquire!
04-29 05:38:12.676 2212 3378 W WakeLock: GCM_HB_ALARM counter does not exist
04-29 05:38:14.768 1592 1607 I ActivityManager: Killing 2593:android.process.media/u0a9 (adj 906): empty #17
04-29 05:38:14.768 1592 1607 I ActivityManager: Killing 2664:com.android.calendar/u0a42 (adj 906): empty #18
04-29 05:38:14.769 1592 1609 W system_server: kill(-2593, 9) failed: No such process
04-29 05:38:14.773 1592 1606 E memtrack: Couldn't load memtrack module
04-29 05:38:14.773 1592 1606 W android.os.Debug: failed to get memory consumption info: -1
04-29 05:38:14.790 1592 1606 E memtrack: Couldn't load memtrack module
04-29 05:38:14.790 1592 1606 W android.os.Debug: failed to get memory consumption info: -1
04-29 05:38:14.801 1592 1606 E memtrack: Couldn't load memtrack module
04-29 05:38:14.801 1592 1606 W android.os.Debug: failed to get memory consumption info: -1
04-29 05:38:14.813 1592 1609 W system_server: kill(-2593, 9) failed: No such process
04-29 05:38:14.813 1592 1609 I system_server: Successfully killed process cgroup uid 10009 pid 2593 in 44ms
04-29 05:38:14.814 1592 1609 W system_server: kill(-2664, 9) failed: No such process
04-29 05:38:14.814 1592 1609 I system_server: Successfully killed process cgroup uid 10042 pid 2664 in 0ms
04-29 05:38:15.845 2212 3192 W bwwl : [{0}] Failed to resolve name. status={1}
04-29 05:38:17.637 2271 2332 W zygote64: Couldn't lock the profile file /data/misc/profiles/cur/0/com.google.android.gms/primary.prof: Failed to lock file '/data/misc/profiles/cur/0/com.google.android.gms/primary.prof': Try again
04-29 05:38:17.637 2271 2332 W zygote64: Could not forcefully load profile /data/misc/profiles/cur/0/com.google.android.gms/primary.prof
04-29 05:38:17.926 1592 1803 I WifiService: getWifiEnabledState uid=10015
04-29 05:38:22.715 1592 1606 I ActivityManager: Killing 2841:com.farmerbb.taskbar.androidx86/u0a31 (adj 906): empty #17
04-29 05:38:22.715 1592 1609 W system_server: kill(-2841, 9) failed: No such process
04-29 05:38:22.719 1592 1606 E memtrack: Couldn't load memtrack module
04-29 05:38:22.719 1592 1606 W android.os.Debug: failed to get memory consumption info: -1
04-29 05:38:22.737 1592 1606 E memtrack: Couldn't load memtrack module
04-29 05:38:22.737 1592 1606 W android.os.Debug: failed to get memory consumption info: -1
04-29 05:38:22.748 1592 1606 E memtrack: Couldn't load memtrack module
04-29 05:38:22.748 1592 1606 W android.os.Debug: failed to get memory consumption info: -1
04-29 05:38:22.759 1592 1609 W system_server: kill(-2841, 9) failed: No such process
04-29 05:38:22.759 1592 1609 I system_server: Successfully killed process cgroup uid 10031 pid 2841 in 44ms
04-29 05:38:22.759 1592 1606 E memtrack: Couldn't load memtrack module
04-29 05:38:22.759 1592 1606 W android.os.Debug: failed to get memory consumption info: -1
04-29 05:38:22.770 1592 1606 E memtrack: Couldn't load memtrack module
04-29 05:38:22.770 1592 1606 W android.os.Debug: failed to get memory consumption info: -1
04-29 05:38:29.757 1592 1651 W ActivityManager: Unable to start service Intent { act=com.google.android.gms.drive.ApiService.RESET_AFTER_BOOT flg=0x4 cmp=com.google.android.gms/.drive.api.ApiService (has extras) } U=0: not found
04-29 05:38:33.862 2212 3192 W bwwl : [{0}] Failed to resolve name. status={1}
04-29 05:38:37.926 1592 1803 I WifiService: getWifiEnabledState uid=10015
04-29 05:38:40.918 2766 2791 I Finsky : [132] iet.run(3): Stats for Executor: BlockingExecutor iga@1cb4081[Running, pool size = 2, active threads = 0, queued tasks = 0, completed tasks = 8]
04-29 05:38:41.014 2766 2791 I Finsky : [132] iet.run(3): Stats for Executor: LightweightExecutor iga@5f7f526[Running, pool size = 2, active threads = 0, queued tasks = 0, completed tasks = 61]
04-29 05:38:41.406 2766 2791 I Finsky : [132] iet.run(3): Stats for Executor: bgExecutor iga@8a92567[Running, pool size = 4, active threads = 0, queued tasks = 0, completed tasks = 26]
04-29 05:38:44.577 2860 2860 W whf : Already started: whf@261b25d
04-29 05:38:44.926 1592 1803 D PackageManager: [b2252e6c-0e5e-481f-9433-01f8fdc3312f] Phase1; resolving
04-29 05:38:44.927 2212 3297 V PackageManager: [b2252e6c-0e5e-481f-9433-01f8fdc3312f] Phase1 called; posting
04-29 05:38:44.927 2212 2212 D PackageManager: [b2252e6c-0e5e-481f-9433-01f8fdc3312f] Phase1 request; prefix: [-474955776]
04-29 05:38:44.928 1592 1803 D PackageManager: [b2252e6c-0e5e-481f-9433-01f8fdc3312f] Phase1; No results matched
04-29 05:38:44.929 1592 1803 D PackageManager: [8c1c6cb3-d36d-4693-b1df-a3921f5bcb64] Phase1; resolving
04-29 05:38:44.929 2212 3297 V PackageManager: [8c1c6cb3-d36d-4693-b1df-a3921f5bcb64] Phase1 called; posting
04-29 05:38:44.929 2212 2212 D PackageManager: [8c1c6cb3-d36d-4693-b1df-a3921f5bcb64] Phase1 request; prefix: [-474955776]
04-29 05:38:44.929 1592 1803 D PackageManager: [8c1c6cb3-d36d-4693-b1df-a3921f5bcb64] Phase1; No results matched
04-29 05:38:44.934 1592 1803 D PackageManager: [e904cae5-e876-4181-8ea1-3d9c8e4c47a2] Phase1; resolving
04-29 05:38:44.934 2212 3297 V PackageManager: [e904cae5-e876-4181-8ea1-3d9c8e4c47a2] Phase1 called; posting
04-29 05:38:44.934 2212 2212 D PackageManager: [e904cae5-e876-4181-8ea1-3d9c8e4c47a2] Phase1 request; prefix: [-474955776]
04-29 05:38:44.935 1592 1803 D PackageManager: [e904cae5-e876-4181-8ea1-3d9c8e4c47a2] Phase1; No results matched
04-29 05:38:44.936 1592 1803 D PackageManager: [2592e4e7-e8e1-4bd7-8ff6-b928b5b27492] Phase1; resolving
04-29 05:38:44.936 2212 3297 V PackageManager: [2592e4e7-e8e1-4bd7-8ff6-b928b5b27492] Phase1 called; posting
04-29 05:38:44.936 2212 2212 D PackageManager: [2592e4e7-e8e1-4bd7-8ff6-b928b5b27492] Phase1 request; prefix: [-474955776]
04-29 05:38:44.936 1592 1803 D PackageManager: [2592e4e7-e8e1-4bd7-8ff6-b928b5b27492] Phase1; No results matched
04-29 05:38:44.937 1592 1803 D PackageManager: [f24d3a90-484c-4ae8-bc9c-3293927c0e97] Phase1; resolving
04-29 05:38:44.937 2212 3297 V PackageManager: [f24d3a90-484c-4ae8-bc9c-3293927c0e97] Phase1 called; posting
04-29 05:38:44.937 2212 2212 D PackageManager: [f24d3a90-484c-4ae8-bc9c-3293927c0e97] Phase1 request; prefix: [-474955776]
04-29 05:38:44.938 1592 1803 D PackageManager: [f24d3a90-484c-4ae8-bc9c-3293927c0e97] Phase1; No results matched
04-29 05:38:44.938 1592 1803 D PackageManager: [bf01a450-a60d-49bd-a39a-497ec75d761d] Phase1; resolving
04-29 05:38:44.938 2212 3297 V PackageManager: [bf01a450-a60d-49bd-a39a-497ec75d761d] Phase1 called; posting
04-29 05:38:44.939 2212 2212 D PackageManager: [bf01a450-a60d-49bd-a39a-497ec75d761d] Phase1 request; prefix: [-474955776]
04-29 05:38:44.939 1592 1803 D PackageManager: [bf01a450-a60d-49bd-a39a-497ec75d761d] Phase1; No results matched
04-29 05:38:44.946 1592 1803 I ActivityManager: Killing 2945:com.google.android.onetimeinitializer/u0a20 (adj 906): empty #17
04-29 05:38:44.947 2212 2212 W ChimeraUtils: Non Chimera context
04-29 05:38:44.947 2212 2212 W ChimeraUtils: Non Chimera context
04-29 05:38:44.948 1592 1606 E memtrack: Couldn't load memtrack module
04-29 05:38:44.948 1592 1606 W android.os.Debug: failed to get memory consumption info: -1
04-29 05:38:44.949 1592 1609 W system_server: kill(-2945, 9) failed: No such process
04-29 05:38:44.971 1592 1606 E memtrack: Couldn't load memtrack module
04-29 05:38:44.971 1592 1606 W android.os.Debug: failed to get memory consumption info: -1
04-29 05:38:44.982 1592 1606 E memtrack: Couldn't load memtrack module
04-29 05:38:44.982 1592 1606 W android.os.Debug: failed to get memory consumption info: -1
04-29 05:38:44.991 1592 1609 W system_server: kill(-2945, 9) failed: No such process
04-29 05:38:44.991 1592 1609 I system_server: Successfully killed process cgroup uid 10020 pid 2945 in 41ms
04-29 05:38:44.996 1592 1606 E memtrack: Couldn't load memtrack module
04-29 05:38:44.996 1592 1606 W android.os.Debug: failed to get memory consumption info: -1
04-29 05:38:45.009 1592 1606 E memtrack: Couldn't load memtrack module
04-29 05:38:45.009 1592 1606 W android.os.Debug: failed to get memory consumption info: -1
04-29 05:38:45.020 1592 1606 E memtrack: Couldn't load memtrack module
04-29 05:38:45.020 1592 1606 W android.os.Debug: failed to get memory consumption info: -1
04-29 05:38:46.048 2212 3399 E WakeLock: GCM_HB_ALARM release without a matched acquire!
04-29 05:38:46.048 2212 3399 W WakeLock: GCM_HB_ALARM counter does not exist
04-29 05:38:49.398 1473 1473 I Binder:1473_1: type=1400 audit(0.0:703): avc: denied { sys_admin } for capability=21 scontext=u:r:surfaceflinger:s0 tcontext=u:r:surfaceflinger:s0 tclass=capability permissive=1
04-29 05:38:49.399 1592 1592 I android.display: type=1400 audit(0.0:704): avc: denied { read } for name="vendor" dev="tmpfs" ino=600 scontext=u:r:system_server:s0 tcontext=u:object_r:tmpfs:s0 tclass=lnk_file permissive=1
04-29 05:38:49.401 1592 1614 D vndksupport: Loading /vendor/lib64/hw/android.hardware.graphics.mapper@2.0-impl.so from current namespace instead of sphal namespace.
04-29 05:38:49.402 1592 1592 I android.display: type=1400 audit(0.0:705): avc: denied { read write } for name="card1" dev="tmpfs" ino=6911 scontext=u:r:system_server:s0 tcontext=u:object_r:device:s0 tclass=chr_file permissive=1
04-29 05:38:49.402 1592 1592 I android.display: type=1400 audit(0.0:706): avc: denied { open } for path="/dev/dri/card1" dev="tmpfs" ino=6911 scontext=u:r:system_server:s0 tcontext=u:object_r:device:s0 tclass=chr_file permissive=1
04-29 05:38:49.402 1592 1614 D vndksupport: Loading /vendor/lib64/hw/gralloc.drm.so from current namespace instead of sphal namespace.
04-29 05:38:49.403 1592 1592 I android.display: type=1400 audit(0.0:707): avc: denied { ioctl } for path="/dev/dri/card1" dev="tmpfs" ino=6911 ioctlcmd=0x6400 scontext=u:r:system_server:s0 tcontext=u:object_r:device:s0 tclass=chr_file permissive=1
04-29 05:38:49.453 1592 1592 I android.display: type=1400 audit(0.0:708): avc: denied { getattr } for path="/dev/dri/card1" dev="tmpfs" ino=6911 scontext=u:r:system_server:s0 tcontext=u:object_r:device:s0 tclass=chr_file permissive=1
04-29 05:38:49.457 1592 1614 D libdrm : /vendor/etc/hwdata/amdgpu.ids version: 1.0.0
04-29 05:38:49.473 1592 1614 I GRALLOC-DRM: create pipe for driver amdgpu
04-29 05:38:51.124 1473 1473 I surfaceflinger: type=1400 audit(0.0:709): avc: denied { read write } for path="/dev/dri/card1" dev="tmpfs" ino=6911 scontext=u:r:surfaceflinger:s0 tcontext=u:object_r:device:s0 tclass=chr_file permissive=1
04-29 05:38:54.296 1473 1473 I ConsoleManagerT: type=1400 audit(0.0:710): avc: denied { read } for name="vendor" dev="tmpfs" ino=600 scontext=u:r:surfaceflinger:s0 tcontext=u:object_r:tmpfs:s0 tclass=lnk_file permissive=1
04-29 05:38:54.296 1473 1473 I surfaceflinger: type=1400 audit(0.0:711): avc: denied { ioctl } for path="/dev/tty0" dev="tmpfs" ino=6121 ioctlcmd=0x5605 scontext=u:r:surfaceflinger:s0 tcontext=u:object_r:tty_device:s0 tclass=chr_file permissive=1
04-29 05:38:54.296 1473 1473 I surfaceflinger: type=1400 audit(0.0:712): avc: denied { sys_tty_config } for capability=26 scontext=u:r:surfaceflinger:s0 tcontext=u:r:surfaceflinger:s0 tclass=capability permissive=1
04-29 05:38:54.297 1473 1568 D vndksupport: Loading /vendor/lib64/hw/gralloc.drm.so from current namespace instead of sphal namespace.
04-29 05:38:54.297 1473 1473 D SurfaceFlinger: Set power mode=0, type=0 flinger=0x710b29700800
04-29 05:38:57.926 1592 2494 I WifiService: getWifiEnabledState uid=10015
04-29 05:38:58.537 2212 3192 W bwwl : [{0}] Failed to resolve name. status={1}
04-29 05:39:00.000 1592 1606 E memtrack: Couldn't load memtrack module
04-29 05:39:00.000 1592 1606 W android.os.Debug: failed to get memory consumption info: -1
04-29 05:39:05.036 1473 1568 D vndksupport: Loading /vendor/lib64/hw/gralloc.drm.so from current namespace instead of sphal namespace.
04-29 05:39:05.036 1473 1473 D SurfaceFlinger: Set power mode=2, type=0 flinger=0x710b29700800
04-29 05:39:05.036 1473 1568 D GRALLOC-DRM: set master
04-29 05:39:06.227 2227 2227 I zygote64: Deoptimizing int android.support.v4.util.SimpleArrayMap.indexOfKey(java.lang.Object) due to JIT inline cache
04-29 05:39:06.280 2227 2233 I zygote64: Do full code cache collection, code=125KB, data=92KB
04-29 05:39:06.280 2227 2233 I zygote64: After code cache collection, code=93KB, data=53KB
04-29 05:39:08.703 1473 1568 D vndksupport: Loading /vendor/lib64/hw/gralloc.drm.so from current namespace instead of sphal namespace.
04-29 05:39:08.703 1473 1473 D SurfaceFlinger: Set power mode=0, type=0 flinger=0x710b29700800
04-29 05:39:10.837 1473 1568 D vndksupport: Loading /vendor/lib64/hw/gralloc.drm.so from current namespace instead of sphal namespace.
04-29 05:39:10.838 1473 1473 D SurfaceFlinger: Set power mode=2, type=0 flinger=0x710b29700800
04-29 05:39:10.838 1473 1568 D GRALLOC-DRM: set master
04-29 05:39:13.656 1592 1678 W AudioTrack: AUDIO_OUTPUT_FLAG_FAST denied, rates do not match 44100 Hz, require 48000 Hz
04-29 05:39:13.657 1592 1803 D AutofillManagerServiceImpl: Reset component for user 0
04-29 05:39:13.660 1461 1461 W DeviceHAL: Device 0xe694b000 set_voice_volume: Function not implemented
04-29 05:39:13.662 2227 2227 I zygote64: Deoptimizing void com.android.launcher3.ShortcutAndWidgetContainer.measureChild(android.view.View) due to JIT inline cache
04-29 05:39:13.787 1592 1592 I Binder:1592_1: type=1400 audit(0.0:713): avc: denied { write } for name="timerslack_ns" dev="proc" ino=34480 scontext=u:r:system_server:s0 tcontext=u:r:hal_audio_default:s0 tclass=file permissive=1
04-29 05:39:13.789 1461 3416 I audio_hw_primary: choose pcmC1D0p for 0
04-29 05:39:14.634 2860 3389 W zws : Job 'AdsStartupJob' did not complete within 00:30.0000 (mm:ss.ms).
04-29 05:39:14.634 2860 3389 W zws : aazj: Job 'AdsStartupJob' did not complete within 00:30.0000 (mm:ss.ms).
04-29 05:39:14.634 2860 3389 W zws : at aayo.call(Unknown Source:3)
04-29 05:39:14.634 2860 3389 W zws : at aaxm.a(Unknown Source:2)
04-29 05:39:14.634 2860 3389 W zws : at aaxl.a(SourceFile:2)
04-29 05:39:14.634 2860 3389 W zws : at aawt.run(Unknown Source:8)
04-29 05:39:14.634 2860 3389 W zws : at zmu.run(Unknown Source:3)
04-29 05:39:14.634 2860 3389 W zws : at aaua.call(Unknown Source:2)
04-29 05:39:14.634 2860 3389 W zws : at aaxd.a(Unknown Source:2)
04-29 05:39:14.634 2860 3389 W zws : at adag.a(SourceFile:2)
04-29 05:39:14.634 2860 3389 W zws : at adaf.run(SourceFile:6)
04-29 05:39:14.634 2860 3389 W zws : at adbw.run(Unknown Source:7)
04-29 05:39:14.634 2860 3389 W zws : at java.util.concurrent.Executors$RunnableAdapter.call(Executors.java:457)
04-29 05:39:14.634 2860 3389 W zws : at java.util.concurrent.FutureTask.run(FutureTask.java:266)
04-29 05:39:14.634 2860 3389 W zws : at java.util.concurrent.ScheduledThreadPoolExecutor$ScheduledFutureTask.run(ScheduledThreadPoolExecutor.java:301)
04-29 05:39:14.634 2860 3389 W zws : at java.util.concurrent.ThreadPoolExecutor.runWorker(ThreadPoolExecutor.java:1162)
04-29 05:39:14.634 2860 3389 W zws : at java.util.concurrent.ThreadPoolExecutor$Worker.run(ThreadPoolExecutor.java:636)
04-29 05:39:14.634 2860 3389 W zws : at java.lang.Thread.run(Thread.java:764)
04-29 05:39:14.799 1592 2984 I ActivityManager: START u0 {act=android.intent.action.MAIN cat=[android.intent.category.LAUNCHER] flg=0x10200000 cmp=jackpal.androidterm/.Term bnds=[1032,236][1140,358]} from uid 10022
04-29 05:39:14.804 1592 1642 W System : ClassLoader referenced unknown path:
04-29 05:39:14.821 3422 3422 W zygote : Unexpected CPU variant for X86 using defaults: x86_64
04-29 05:39:14.824 1592 2984 I ActivityManager: Start proc 3422:jackpal.androidterm/u0a36 for activity jackpal.androidterm/.Term
04-29 05:39:14.828 1592 1592 I Binder:1592_1: type=1400 audit(0.0:714): avc: denied { write } for name="timerslack_ns" dev="proc" ino=34491 scontext=u:r:system_server:s0 tcontext=u:r:untrusted_app_25:s0:c512,c768 tclass=file permissive=1
04-29 05:39:14.830 1592 1592 I Binder:1592_1: type=1400 audit(0.0:715): avc: denied { write } for name="timerslack_ns" dev="proc" ino=14817 scontext=u:r:system_server:s0 tcontext=u:r:priv_app:s0:c512,c768 tclass=file permissive=1
04-29 05:39:14.830 1592 1603 W SchedPolicy: add_tid_to_cgroup failed to write '3422' (No space left on device); fd=27
04-29 05:39:14.830 1592 1603 W SchedPolicy: add_tid_to_cgroup failed to write '3427' (No space left on device); fd=27
04-29 05:39:14.830 1592 1603 W SchedPolicy: add_tid_to_cgroup failed to write '3428' (No space left on device); fd=27
