04-29 05:39:14.830 1592 1603 W SchedPolicy: add_tid_to_cgroup failed to write '3429' (No space left on device); fd=27
04-29 05:39:14.830 1592 1603 W SchedPolicy: add_tid_to_cgroup failed to write '3430' (No space left on device); fd=27
04-29 05:39:14.830 1592 1603 W SchedPolicy: add_tid_to_cgroup failed to write '3431' (No space left on device); fd=27
04-29 05:39:14.830 1592 1603 W SchedPolicy: add_tid_to_cgroup failed to write '3432' (No space left on device); fd=27
04-29 05:39:14.830 1592 1603 W SchedPolicy: add_tid_to_cgroup failed to write '3433' (No space left on device); fd=27
04-29 05:39:14.830 1592 1603 W SchedPolicy: add_tid_to_cgroup failed to write '3434' (No space left on device); fd=27
04-29 05:39:14.830 1592 1603 W SchedPolicy: add_tid_to_cgroup failed to write '3435' (No space left on device); fd=27
04-29 05:39:14.831 1592 1603 W SchedPolicy: add_tid_to_cgroup failed to write '2227' (No space left on device); fd=3
04-29 05:39:14.831 1592 1603 W SchedPolicy: add_tid_to_cgroup failed to write '2233' (No space left on device); fd=3
04-29 05:39:14.831 1592 1603 W SchedPolicy: add_tid_to_cgroup failed to write '2235' (No space left on device); fd=3
04-29 05:39:14.831 1592 1603 W SchedPolicy: add_tid_to_cgroup failed to write '2238' (No space left on device); fd=3
04-29 05:39:14.831 1592 1603 W SchedPolicy: add_tid_to_cgroup failed to write '2239' (No space left on device); fd=3
04-29 05:39:14.831 1592 1603 W SchedPolicy: add_tid_to_cgroup failed to write '2240' (No space left on device); fd=3
04-29 05:39:14.832 1592 1603 W SchedPolicy: add_tid_to_cgroup failed to write '2242' (No space left on device); fd=3
04-29 05:39:14.832 1592 1603 W SchedPolicy: add_tid_to_cgroup failed to write '2243' (No space left on device); fd=3
04-29 05:39:14.832 1592 1603 W SchedPolicy: add_tid_to_cgroup failed to write '2244' (No space left on device); fd=3
04-29 05:39:14.832 1592 1603 W SchedPolicy: add_tid_to_cgroup failed to write '2247' (No space left on device); fd=3
04-29 05:39:14.832 1592 1603 W SchedPolicy: add_tid_to_cgroup failed to write '2248' (No space left on device); fd=3
04-29 05:39:14.832 1592 1603 W SchedPolicy: add_tid_to_cgroup failed to write '2303' (No space left on device); fd=3
04-29 05:39:14.832 1592 1603 W SchedPolicy: add_tid_to_cgroup failed to write '2352' (No space left on device); fd=3
04-29 05:39:14.832 1592 1603 W SchedPolicy: add_tid_to_cgroup failed to write '2353' (No space left on device); fd=3
04-29 05:39:14.832 1592 1603 W SchedPolicy: add_tid_to_cgroup failed to write '2357' (No space left on device); fd=3
04-29 05:39:14.832 1592 1603 W SchedPolicy: add_tid_to_cgroup failed to write '2358' (No space left on device); fd=3
04-29 05:39:14.832 1592 1603 W SchedPolicy: add_tid_to_cgroup failed to write '2359' (No space left on device); fd=3
04-29 05:39:14.832 1592 1603 W SchedPolicy: add_tid_to_cgroup failed to write '2360' (No space left on device); fd=3
04-29 05:39:14.832 1592 1603 W SchedPolicy: add_tid_to_cgroup failed to write '2361' (No space left on device); fd=3
04-29 05:39:14.832 1592 1603 W SchedPolicy: add_tid_to_cgroup failed to write '2376' (No space left on device); fd=3
04-29 05:39:14.832 1592 1603 W SchedPolicy: add_tid_to_cgroup failed to write '2383' (No space left on device); fd=3
04-29 05:39:14.832 1592 1603 W SchedPolicy: add_tid_to_cgroup failed to write '2395' (No space left on device); fd=3
04-29 05:39:14.832 1592 1603 W SchedPolicy: add_tid_to_cgroup failed to write '3143' (No space left on device); fd=3
04-29 05:39:14.838 1592 1606 E memtrack: Couldn't load memtrack module
04-29 05:39:14.838 1592 1606 W android.os.Debug: failed to get memory consumption info: -1
04-29 05:39:14.842 1592 1592 I android.anim: type=1400 audit(0.0:716): avc: denied { ioctl } for path="/dev/dri/card1" dev="tmpfs" ino=6911 ioctlcmd=0x640b scontext=u:r:system_server:s0 tcontext=u:object_r:device:s0 tclass=chr_file permissive=1
04-29 05:39:14.846 1592 1592 I android.anim: type=1400 audit(0.0:717): avc: denied { read write } for path="/dev/dri/card1" dev="tmpfs" ino=6911 scontext=u:r:system_server:s0 tcontext=u:object_r:device:s0 tclass=chr_file permissive=1
04-29 05:39:14.878 3422 3422 V Term : onCreate
04-29 05:39:15.135 3422 3441 D OpenGLRenderer: HWUI GL Pipeline
04-29 05:39:15.141 1473 1473 I surfaceflinger: type=1400 audit(0.0:718): avc: denied { ioctl } for path="/dev/dri/card1" dev="tmpfs" ino=6911 ioctlcmd=0x6446 scontext=u:r:surfaceflinger:s0 tcontext=u:object_r:device:s0 tclass=chr_file permissive=1
04-29 05:39:15.189 1592 1592 I RenderThread: type=1400 audit(0.0:719): avc: denied { getattr } for path="/dev/dri/card1" dev="tmpfs" ino=6911 scontext=u:r:system_server:s0 tcontext=u:object_r:device:s0 tclass=chr_file permissive=1
04-29 05:39:15.190 1592 3445 D OpenGLRenderer: HWUI GL Pipeline
04-29 05:39:15.190 1592 3445 D vndksupport: Loading /vendor/lib64/hw/gralloc.drm.so from current namespace instead of sphal namespace.
04-29 05:39:15.194 1592 3445 I EGL-MAIN: found extension DRI_Core version 2
04-29 05:39:15.194 1592 3445 I EGL-MAIN: found extension DRI_DRI2 version 4
04-29 05:39:15.198 1592 3445 I EGL-MAIN: found extension DRI_TexBuffer version 2
04-29 05:39:15.198 1592 3445 I EGL-MAIN: found extension DRI2_Flush version 4
04-29 05:39:15.198 1592 3445 I EGL-MAIN: found extension DRI_IMAGE version 17
04-29 05:39:15.198 1592 3445 I EGL-MAIN: found extension DRI_IMAGE version 17
04-29 05:39:15.198 1592 3445 I EGL-MAIN: found extension DRI_RENDERER_QUERY version 1
04-29 05:39:15.198 1592 3445 I EGL-MAIN: found extension DRI_CONFIG_QUERY version 1
04-29 05:39:15.198 1592 3445 I EGL-MAIN: found extension DRI2_Fence version 2
04-29 05:39:15.198 1592 3445 I EGL-MAIN: found extension DRI2_Interop version 1
04-29 05:39:15.198 1592 3445 I EGL-MAIN: found extension DRI_Robustness version 1
04-29 05:39:15.198 1592 3445 I EGL-MAIN: found extension DRI_NoError version 1
04-29 05:39:15.201 1592 3445 I system_server: android::hardware::configstore::V1_0::ISurfaceFlingerConfigs::hasWideColorDisplay retrieved: 0
04-29 05:39:15.201 1592 3445 I OpenGLRenderer: Initialized EGL, version 1.4
04-29 05:39:15.201 1592 3445 D OpenGLRenderer: Swap behavior 2
04-29 05:39:15.201 1592 3445 E OpenGLRenderer: Device claims wide gamut support, cannot find matching config, error = EGL_SUCCESS
04-29 05:39:15.212 1592 3445 D vndksupport: Loading /vendor/lib64/hw/android.hardware.graphics.allocator@2.0-impl.so from current namespace instead of sphal namespace.
04-29 05:39:15.213 1592 3445 D vndksupport: Loading /vendor/lib64/hw/gralloc.drm.so from current namespace instead of sphal namespace.
04-29 05:39:15.370 3422 3422 D Term : TermService started
04-29 05:39:15.371 1592 1607 W TelecomManager: Telecom Service not found.
04-29 05:39:15.371 1592 1607 E NotificationService: Suppressing notification from package by user request.
04-29 05:39:15.371 1592 1607 W TelecomManager: Telecom Service not found.
04-29 05:39:15.373 3422 3422 I TermService: Activity called onBind()
04-29 05:39:15.386 1727 3451 W System : ClassLoader referenced unknown path:
04-29 05:39:15.387 3422 3441 D vndksupport: Loading /vendor/lib/hw/gralloc.drm.so from current namespace instead of sphal namespace.
04-29 05:39:15.389 3422 3422 I Term : Bound to TermService
04-29 05:39:15.389 3422 3422 I TermService: Activity binding to service
04-29 05:39:15.394 3422 3422 I RenderThread: type=1400 audit(0.0:720): avc: denied { read } for name="drm" dev="sysfs" ino=7313 scontext=u:r:untrusted_app_25:s0:c512,c768 tcontext=u:object_r:sysfs:s0 tclass=dir permissive=1
04-29 05:39:15.394 3422 3422 I RenderThread: type=1400 audit(0.0:721): avc: denied { open } for path="/sys/devices/pci0000:00/0000:00:01.0/drm" dev="sysfs" ino=7313 scontext=u:r:untrusted_app_25:s0:c512,c768 tcontext=u:object_r:sysfs:s0 tclass=dir permissive=1
04-29 05:39:15.394 3422 3422 I RenderThread: type=1400 audit(0.0:722): avc: denied { read write } for name="card1" dev="tmpfs" ino=6911 scontext=u:r:untrusted_app_25:s0:c512,c768 tcontext=u:object_r:device:s0 tclass=chr_file permissive=1
04-29 05:39:15.394 3422 3422 I RenderThread: type=1400 audit(0.0:723): avc: denied { open } for path="/dev/dri/card1" dev="tmpfs" ino=6911 scontext=u:r:untrusted_app_25:s0:c512,c768 tcontext=u:object_r:device:s0 tclass=chr_file permissive=1
04-29 05:39:15.394 3422 3422 I RenderThread: type=1400 audit(0.0:724): avc: denied { ioctl } for path="/dev/dri/card1" dev="tmpfs" ino=6911 ioctlcmd=0x6400 scontext=u:r:untrusted_app_25:s0:c512,c768 tcontext=u:object_r:device:s0 tclass=chr_file permissive=1
04-29 05:39:15.990 3422 3422 I RenderThread: type=1400 audit(0.0:725): avc: denied { getattr } for path="/dev/dri/card1" dev="tmpfs" ino=6911 scontext=u:r:untrusted_app_25:s0:c512,c768 tcontext=u:object_r:device:s0 tclass=chr_file permissive=1
04-29 05:39:15.990 3422 3422 I RenderThread: type=1400 audit(0.0:726): avc: denied { read } for name="dri" dev="tmpfs" ino=6071 scontext=u:r:untrusted_app_25:s0:c512,c768 tcontext=u:object_r:device:s0 tclass=dir permissive=1
04-29 05:39:15.990 3422 3422 I RenderThread: type=1400 audit(0.0:727): avc: denied { open } for path="/dev/dri" dev="tmpfs" ino=6071 scontext=u:r:untrusted_app_25:s0:c512,c768 tcontext=u:object_r:device:s0 tclass=dir permissive=1
04-29 05:39:15.990 3422 3422 I RenderThread: type=1400 audit(0.0:728): avc: denied { read } for name="uevent" dev="sysfs" ino=3597 scontext=u:r:untrusted_app_25:s0:c512,c768 tcontext=u:object_r:sysfs:s0 tclass=file permissive=1
04-29 05:39:15.990 3422 3422 I RenderThread: type=1400 audit(0.0:729): avc: denied { open } for path="/sys/devices/pci0000:00/0000:00:02.1/0000:01:00.0/uevent" dev="sysfs" ino=3597 scontext=u:r:untrusted_app_25:s0:c512,c768 tcontext=u:object_r:sysfs:s0 tclass=file permissive=1
04-29 05:39:15.990 3422 3422 I RenderThread: type=1400 audit(0.0:730): avc: denied { getattr } for path="/sys/devices/pci0000:00/0000:00:02.1/0000:01:00.0/uevent" dev="sysfs" ino=3597 scontext=u:r:untrusted_app_25:s0:c512,c768 tcontext=u:object_r:sysfs:s0 tclass=file permissive=1
04-29 05:39:16.024 3422 3441 D libdrm : /vendor/etc/hwdata/amdgpu.ids version: 1.0.0
04-29 05:39:16.057 3422 3422 I Choreographer: Skipped 39 frames! The application may be doing too much work on its main thread.
04-29 05:39:16.062 3422 3422 I libjackpal-androidterm: JNI_OnLoad
04-29 05:39:16.078 3422 3459 I Term : waiting for: 3452
04-29 05:39:16.135 3422 3441 I GRALLOC-DRM: create pipe for driver amdgpu
04-29 05:39:16.137 3422 3441 I EGL-MAIN: found extension DRI_Core version 2
04-29 05:39:16.137 3422 3441 I EGL-MAIN: found extension DRI_DRI2 version 4
04-29 05:39:16.178 3422 3441 I EGL-MAIN: found extension DRI_TexBuffer version 2
04-29 05:39:16.178 3422 3441 I EGL-MAIN: found extension DRI2_Flush version 4
04-29 05:39:16.178 3422 3441 I EGL-MAIN: found extension DRI_IMAGE version 17
04-29 05:39:16.178 3422 3441 I EGL-MAIN: found extension DRI_IMAGE version 17
04-29 05:39:16.178 3422 3441 I EGL-MAIN: found extension DRI_RENDERER_QUERY version 1
04-29 05:39:16.178 3422 3441 I EGL-MAIN: found extension DRI_CONFIG_QUERY version 1
04-29 05:39:16.178 3422 3441 I EGL-MAIN: found extension DRI2_Fence version 2
04-29 05:39:16.178 3422 3441 I EGL-MAIN: found extension DRI2_Interop version 1
04-29 05:39:16.178 3422 3441 I EGL-MAIN: found extension DRI_Robustness version 1
04-29 05:39:16.179 3422 3441 I EGL-MAIN: found extension DRI_NoError version 1
04-29 05:39:16.184 3422 3441 I jackpal.androidterm: android::hardware::configstore::V1_0::ISurfaceFlingerConfigs::hasWideColorDisplay retrieved: 0
04-29 05:39:16.184 3422 3441 I OpenGLRenderer: Initialized EGL, version 1.4
04-29 05:39:16.185 3422 3441 D OpenGLRenderer: Swap behavior 2
04-29 05:39:16.185 3422 3441 E OpenGLRenderer: Device claims wide gamut support, cannot find matching config, error = EGL_SUCCESS
04-29 05:39:16.308 3422 3441 D vndksupport: Loading /vendor/lib/hw/android.hardware.graphics.mapper@2.0-impl.so from current namespace instead of sphal namespace.
04-29 05:39:16.308 3422 3441 D vndksupport: Loading /vendor/lib/hw/gralloc.drm.so from current namespace instead of sphal namespace.
04-29 05:39:16.433 1592 1614 I ActivityManager: Displayed jackpal.androidterm/.Term: +1s615ms
04-29 05:39:16.438 1592 1803 W SchedPolicy: add_tid_to_cgroup failed to write '1711' (No space left on device); fd=3
04-29 05:39:16.438 1592 1803 W SchedPolicy: add_tid_to_cgroup failed to write '1716' (No space left on device); fd=3
04-29 05:39:16.438 1592 1803 W SchedPolicy: add_tid_to_cgroup failed to write '1718' (No space left on device); fd=3
04-29 05:39:16.438 1592 1803 W SchedPolicy: add_tid_to_cgroup failed to write '1719' (No space left on device); fd=3
04-29 05:39:16.438 1592 1803 W SchedPolicy: add_tid_to_cgroup failed to write '1720' (No space left on device); fd=3
04-29 05:39:16.438 1592 1803 W SchedPolicy: add_tid_to_cgroup failed to write '1721' (No space left on device); fd=3
04-29 05:39:16.438 1592 1803 W SchedPolicy: add_tid_to_cgroup failed to write '1722' (No space left on device); fd=3
04-29 05:39:16.439 1592 1803 W SchedPolicy: add_tid_to_cgroup failed to write '1723' (No space left on device); fd=3
04-29 05:39:16.439 1592 1803 W SchedPolicy: add_tid_to_cgroup failed to write '1724' (No space left on device); fd=3
04-29 05:39:16.439 1592 1803 W SchedPolicy: add_tid_to_cgroup failed to write '1725' (No space left on device); fd=3
04-29 05:39:16.439 1592 1803 W SchedPolicy: add_tid_to_cgroup failed to write '1733' (No space left on device); fd=3
04-29 05:39:16.439 1592 1803 W SchedPolicy: add_tid_to_cgroup failed to write '1751' (No space left on device); fd=3
04-29 05:39:16.439 1592 1803 W SchedPolicy: add_tid_to_cgroup failed to write '1796' (No space left on device); fd=3
04-29 05:39:16.439 1592 1803 W SchedPolicy: add_tid_to_cgroup failed to write '2053' (No space left on device); fd=3
04-29 05:39:16.439 1592 1803 W SchedPolicy: add_tid_to_cgroup failed to write '2093' (No space left on device); fd=3
04-29 05:39:16.451 1711 1711 I LatinIME: Starting input. Cursor position = -1,-1
04-29 05:39:16.465 1711 3466 D OpenGLRenderer: HWUI GL Pipeline
04-29 05:39:16.474 1711 1711 I LatinIME: Starting input. Cursor position = -1,-1
04-29 05:39:16.475 2227 2227 I zygote64: Deoptimizing int android.support.v7.widget.RecyclerView$5.getChildCount() due to JIT inline cache
04-29 05:39:16.478 2227 2227 I zygote64: Deoptimizing int android.view.ViewGroup$ViewLocationHolder.compareTo(android.view.ViewGroup$ViewLocationHolder) due to JIT inline cache
04-29 05:39:16.487 1711 3466 D vndksupport: Loading /vendor/lib64/hw/gralloc.drm.so from current namespace instead of sphal namespace.
04-29 05:39:16.546 1711 3466 D libdrm : /vendor/etc/hwdata/amdgpu.ids version: 1.0.0
04-29 05:39:16.560 1711 3466 I GRALLOC-DRM: create pipe for driver amdgpu
04-29 05:39:16.562 1711 3466 I EGL-MAIN: found extension DRI_Core version 2
04-29 05:39:16.562 1711 3466 I EGL-MAIN: found extension DRI_DRI2 version 4
04-29 05:39:16.566 1711 3466 I EGL-MAIN: found extension DRI_TexBuffer version 2
04-29 05:39:16.566 1711 3466 I EGL-MAIN: found extension DRI2_Flush version 4
04-29 05:39:16.566 1711 3466 I EGL-MAIN: found extension DRI_IMAGE version 17
04-29 05:39:16.566 1711 3466 I EGL-MAIN: found extension DRI_IMAGE version 17
04-29 05:39:16.566 1711 3466 I EGL-MAIN: found extension DRI_RENDERER_QUERY version 1
04-29 05:39:16.566 1711 3466 I EGL-MAIN: found extension DRI_CONFIG_QUERY version 1
04-29 05:39:16.566 1711 3466 I EGL-MAIN: found extension DRI2_Fence version 2
04-29 05:39:16.566 1711 3466 I EGL-MAIN: found extension DRI2_Interop version 1
04-29 05:39:16.566 1711 3466 I EGL-MAIN: found extension DRI_Robustness version 1
04-29 05:39:16.566 1711 3466 I EGL-MAIN: found extension DRI_NoError version 1
04-29 05:39:16.569 1711 3466 I com.android.inputmethod.latin: android::hardware::configstore::V1_0::ISurfaceFlingerConfigs::hasWideColorDisplay retrieved: 0
04-29 05:39:16.569 1711 3466 I OpenGLRenderer: Initialized EGL, version 1.4
04-29 05:39:16.569 1711 3466 D OpenGLRenderer: Swap behavior 2
04-29 05:39:16.569 1711 3466 E OpenGLRenderer: Device claims wide gamut support, cannot find matching config, error = EGL_SUCCESS
04-29 05:39:16.579 1711 3466 D vndksupport: Loading /vendor/lib64/hw/android.hardware.graphics.mapper@2.0-impl.so from current namespace instead of sphal namespace.
04-29 05:39:16.579 1711 3466 D vndksupport: Loading /vendor/lib64/hw/gralloc.drm.so from current namespace instead of sphal namespace.
04-29 05:39:17.926 1592 2984 I WifiService: getWifiEnabledState uid=10015
04-29 05:39:37.926 1592 2984 I WifiService: getWifiEnabledState uid=10015
04-29 05:39:39.486 3422 3427 I zygote : Do partial code cache collection, code=28KB, data=19KB
04-29 05:39:39.486 3422 3427 I zygote : After code cache collection, code=23KB, data=17KB
04-29 05:39:39.486 3422 3427 I zygote : Increasing code cache capacity to 128KB
04-29 05:39:39.917 3452 3452 I sh : type=1400 audit(0.0:731): avc: denied { getattr } for path="/system/xbin/su" dev="loop0" ino=7859 scontext=u:r:untrusted_app_25:s0:c512,c768 tcontext=u:object_r:su_exec:s0 tclass=file permissive=1
04-29 05:39:39.917 3452 3452 I sh : type=1400 audit(0.0:732): avc: denied { execute } for name="su" dev="loop0" ino=7859 scontext=u:r:untrusted_app_25:s0:c512,c768 tcontext=u:object_r:su_exec:s0 tclass=file permissive=1
04-29 05:39:39.918 3476 3476 I sh : type=1400 audit(0.0:733): avc: denied { read open } for path="/system/xbin/su" dev="loop0" ino=7859 scontext=u:r:untrusted_app_25:s0:c512,c768 tcontext=u:object_r:su_exec:s0 tclass=file permissive=1
04-29 05:39:39.918 3476 3476 I sh : type=1400 audit(0.0:734): avc: denied { execute_no_trans } for path="/system/xbin/su" dev="loop0" ino=7859 scontext=u:r:untrusted_app_25:s0:c512,c768 tcontext=u:object_r:su_exec:s0 tclass=file permissive=1
04-29 05:39:39.930 3478 3478 D su : su invoked.
04-29 05:39:39.944 3479 3479 D su : starting daemon client 10036 0
04-29 05:39:39.951 3480 3480 D su : connecting client 3477
04-29 05:39:39.956 3484 3484 D su : remote pid: 3477
04-29 05:39:39.961 3485 3485 D su : remote pts_slave: /dev/pts/1
04-29 05:39:39.965 3486 3486 D su : remote uid: 10036
04-29 05:39:39.970 3487 3487 D su : remote req pid: 3452
04-29 05:39:39.974 3477 3477 I su : type=1400 audit(0.0:735): avc: denied { ioctl } for path="/dev/pts/0" dev="devpts" ino=3 ioctlcmd=0x5404 scontext=u:r:untrusted_app_25:s0:c512,c768 tcontext=u:object_r:untrusted_app_25_devpts:s0:c512,c768 tclass=chr_file permissive=1
04-29 05:39:39.975 3488 3488 D su : remote args: 1
04-29 05:39:39.981 3492 3492 D su : daemon: stdin using PTY
04-29 05:39:39.981 3491 3491 D su : waiting for child exit
04-29 05:39:39.985 3493 3493 D su : daemon: stdout using PTY
04-29 05:39:39.990 3494 3494 D su : daemon: stderr using PTY
04-29 05:39:39.995 3496 3496 D su : su invoked.
04-29 05:39:40.020 3497 3497 D su : db allowed
04-29 05:39:40.027 3499 3499 D su : 10036 /system/bin/sh executing 0 /system/bin/sh using binary /system/bin/sh : sh
04-29 05:39:40.191 3498 3498 D AndroidRuntime: >>>>>> START com.android.internal.os.RuntimeInit uid 0 <<<<<<
04-29 05:39:40.223 3498 3498 E libnb : Unable to open /system/lib64/libhoudini.so
04-29 05:39:40.242 3498 3498 W /system/bin/app_process: Unexpected CPU variant for X86 using defaults: x86_64
04-29 05:39:40.270 3498 3498 I /system/bin/app_process: The ClassLoaderContext is a special shared library.
04-29 05:39:40.270 3498 3498 W nativebridge: Failed to bind-mount /system/lib64/x86_64/cpuinfo as /proc/cpuinfo: No such file or directory
04-29 05:39:40.287 3498 3498 D AndroidRuntime: Calling main entry com.android.commands.am.Am
04-29 05:39:40.291 3509 3509 I main : type=1400 audit(0.0:736): avc: denied { mounton } for path="/storage" dev="tmpfs" ino=595 scontext=u:r:zygote:s0 tcontext=u:object_r:tmpfs:s0 tclass=dir permissive=1
04-29 05:39:40.292 3509 3509 I main : type=1400 audit(0.0:737): avc: denied { create } for name="cgroup.procs" scontext=u:r:zygote:s0 tcontext=u:object_r:cgroup:s0 tclass=file permissive=1
04-29 05:39:40.293 3509 3509 I ndroid.setting: type=1400 audit(0.0:738): avc: denied { execute } for path="/dev/ashmem" dev="tmpfs" ino=7190 scontext=u:r:zygote:s0 tcontext=u:object_r:ashmem_device:s0 tclass=chr_file permissive=1
04-29 05:39:40.293 3509 3509 I ndroid.setting: type=1400 audit(0.0:739): avc: denied { execute } for path=2F6465762F6173686D656D2F64616C76696B2D6A69742D636F64652D6361636865202864656C6574656429 dev="tmpfs" ino=35976 scontext=u:r:zygote:s0 tcontext=u:object_r:zygote_tmpfs:s0 tclass=file permissive=1
04-29 05:39:40.294 3509 3509 I JDWP : type=1400 audit(0.0:740): avc: denied { connectto } for path=006A6477702D636F6E74726F6C scontext=u:r:zygote:s0 tcontext=u:r:adbd:s0 tclass=unix_stream_socket permissive=1
04-29 05:39:40.294 3509 3509 E SELinux : seapp_context_lookup: No match for app with uid 1000, seinfo default, name com.android.settings
04-29 05:39:40.295 3509 3509 W zygote64: Unexpected CPU variant for X86 using defaults: x86_64
04-29 05:39:40.297 3509 3509 I re-initialized>: type=1400 audit(0.0:741): avc: denied { call } for scontext=u:r:zygote:s0 tcontext=u:r:servicemanager:s0 tclass=binder permissive=1
04-29 05:39:40.297 1399 1399 I servicemanager: type=1400 audit(0.0:742): avc: denied { getattr } for scontext=u:r:servicemanager:s0 tcontext=u:r:zygote:s0 tclass=process permissive=1
04-29 05:39:40.297 3509 3509 I re-initialized>: type=1400 audit(0.0:743): avc: denied { call } for scontext=u:r:zygote:s0 tcontext=u:r:system_server:s0 tclass=binder permissive=1
04-29 05:39:40.297 3509 3509 I re-initialized>: type=1400 audit(0.0:744): avc: denied { transfer } for scontext=u:r:zygote:s0 tcontext=u:r:system_server:s0 tclass=binder permissive=1
04-29 05:39:40.299 1592 1592 I Binder:1592_4: type=1400 audit(0.0:745): avc: denied { call } for scontext=u:r:system_server:s0 tcontext=u:r:zygote:s0 tclass=binder permissive=1
04-29 05:39:40.299 1592 1592 I Binder:1592_4: type=1400 audit(0.0:746): avc: denied { transfer } for scontext=u:r:system_server:s0 tcontext=u:r:zygote:s0 tclass=binder permissive=1
04-29 05:39:40.299 1472 1472 I lmkd : type=1400 audit(0.0:747): avc: denied { search } for name="3509" dev="proc" ino=37298 scontext=u:r:lmkd:s0 tcontext=u:r:zygote:s0 tclass=dir permissive=1
04-29 05:39:40.299 1472 1472 I lmkd : type=1400 audit(0.0:748): avc: denied { write } for name="oom_score_adj" dev="proc" ino=37310 scontext=u:r:lmkd:s0 tcontext=u:r:zygote:s0 tclass=file permissive=1
04-29 05:39:40.299 1472 1472 I lmkd : type=1400 audit(0.0:749): avc: denied { open } for path="/proc/3509/oom_score_adj" dev="proc" ino=37310 scontext=u:r:lmkd:s0 tcontext=u:r:zygote:s0 tclass=file permissive=1
04-29 05:39:40.299 1592 1592 I Binder:1592_4: type=1400 audit(0.0:750): avc: denied { write } for name="timerslack_ns" dev="proc" ino=35969 scontext=u:r:system_server:s0 tcontext=u:r:zygote:s0 tclass=file permissive=1
04-29 05:39:40.299 1592 1592 I Binder:1592_4: type=1400 audit(0.0:751): avc: denied { setsched } for scontext=u:r:system_server:s0 tcontext=u:r:zygote:s0 tclass=process permissive=1
04-29 05:39:40.300 1592 1607 I ActivityManager: Start proc 3509:com.android.settings/1000 for broadcast com.android.settings/.cyanogenmod.superuser.SuReceiver
04-29 05:39:40.301 1592 1803 W SchedPolicy: add_tid_to_cgroup failed to write '3509' (No space left on device); fd=25
04-29 05:39:40.301 1592 1803 W SchedPolicy: add_tid_to_cgroup failed to write '3514' (No space left on device); fd=25
04-29 05:39:40.301 1592 1803 W SchedPolicy: add_tid_to_cgroup failed to write '3515' (No space left on device); fd=25
04-29 05:39:40.301 1592 1803 W SchedPolicy: add_tid_to_cgroup failed to write '3516' (No space left on device); fd=25
04-29 05:39:40.301 1592 1803 W SchedPolicy: add_tid_to_cgroup failed to write '3517' (No space left on device); fd=25
04-29 05:39:40.301 1592 1803 W SchedPolicy: add_tid_to_cgroup failed to write '3518' (No space left on device); fd=25
04-29 05:39:40.301 1592 1803 W SchedPolicy: add_tid_to_cgroup failed to write '3519' (No space left on device); fd=25
04-29 05:39:40.301 1592 1803 W SchedPolicy: add_tid_to_cgroup failed to write '3520' (No space left on device); fd=25
04-29 05:39:40.301 1592 1803 W SchedPolicy: add_tid_to_cgroup failed to write '3521' (No space left on device); fd=25
04-29 05:39:40.301 1592 1803 W SchedPolicy: add_tid_to_cgroup failed to write '3522' (No space left on device); fd=25
04-29 05:39:40.302 1592 1606 E memtrack: Couldn't load memtrack module
04-29 05:39:40.302 1592 1606 W android.os.Debug: failed to get memory consumption info: -1
04-29 05:39:40.306 3509 3509 I ndroid.settings: type=1400 audit(0.0:752): avc: denied { getattr } for path="/mnt/expand" dev="tmpfs" ino=7260 scontext=u:r:zygote:s0 tcontext=u:object_r:mnt_expand_file:s0 tclass=dir permissive=1
04-29 05:39:40.307 3509 3509 I ndroid.settings: type=1400 audit(0.0:753): avc: denied { getattr } for path="/data/misc/profiles/cur/0/com.android.settings/primary.prof" dev="sdb2" ino=559035 scontext=u:r:zygote:s0 tcontext=u:object_r:user_profile_data_file:s0 tclass=file permissive=1
04-29 05:39:40.307 3509 3509 I zygote64: The ClassLoaderContext is a special shared library.
04-29 05:39:40.310 1399 1399 I servicemanager: type=1400 audit(0.0:754): avc: denied { read } for name="current" dev="proc" ino=35988 scontext=u:r:servicemanager:s0 tcontext=u:r:zygote:s0 tclass=file permissive=1
04-29 05:39:40.310 1399 1399 I servicemanager: type=1400 audit(0.0:755): avc: denied { open } for path="/proc/3509/attr/current" dev="proc" ino=35988 scontext=u:r:servicemanager:s0 tcontext=u:r:zygote:s0 tclass=file permissive=1
04-29 05:39:40.318 1592 1606 E memtrack: Couldn't load memtrack module
04-29 05:39:40.318 1592 1606 W android.os.Debug: failed to get memory consumption info: -1
04-29 05:39:40.331 1592 1606 E memtrack: Couldn't load memtrack module
04-29 05:39:40.331 1592 1606 W android.os.Debug: failed to get memory consumption info: -1
04-29 05:39:40.342 1592 1606 E memtrack: Couldn't load memtrack module
04-29 05:39:40.342 1592 1606 W android.os.Debug: failed to get memory consumption info: -1
04-29 05:39:40.352 3509 3509 I ndroid.settings: type=1400 audit(0.0:756): avc: denied { write } for name="su.sqlite" dev="sdb2" ino=574941 scontext=u:r:zygote:s0 tcontext=u:object_r:system_data_file:s0 tclass=file permissive=1
04-29 05:39:40.353 3509 3509 I ndroid.settings: type=1400 audit(0.0:757): avc: denied { setattr } for name="su.sqlite" dev="sdb2" ino=574941 scontext=u:r:zygote:s0 tcontext=u:object_r:system_data_file:s0 tclass=file permissive=1
04-29 05:39:40.367 3498 3498 D AndroidRuntime: Shutting down VM
04-29 05:39:40.368 1592 1803 I ActivityManager: Killing 2965:com.google.android.packageinstaller/u0a19 (adj 906): empty #17
04-29 05:39:40.368 1592 1609 W system_server: kill(-2965, 9) failed: No such process
04-29 05:39:40.401 1592 1609 W system_server: kill(-2965, 9) failed: No such process
04-29 05:39:40.401 1592 1609 I system_server: Successfully killed process cgroup uid 10019 pid 2965 in 33ms
04-29 05:39:40.698 2212 3192 W bwwl : [{0}] Failed to resolve name. status={1}
04-29 05:39:45.342 3509 3523 I zygote64: Waiting for a blocking GC ProfileSaver
04-29 05:39:52.788 2212 3532 E WakeLock: GCM_HB_ALARM release without a matched acquire!
04-29 05:39:52.788 2212 3532 W WakeLock: GCM_HB_ALARM counter does not exist
04-29 05:39:57.926 1592 1803 I WifiService: getWifiEnabledState uid=10015
04-29 05:40:01.059 1592 2984 W SchedPolicy: add_tid_to_cgroup failed to write '2362' (No space left on device); fd=3
04-29 05:40:01.059 1592 2984 W SchedPolicy: add_tid_to_cgroup failed to write '2367' (No space left on device); fd=3
04-29 05:40:01.059 1592 2984 W SchedPolicy: add_tid_to_cgroup failed to write '2368' (No space left on device); fd=3
04-29 05:40:01.060 1592 2984 W SchedPolicy: add_tid_to_cgroup failed to write '2369' (No space left on device); fd=3
04-29 05:40:01.060 1592 2984 W SchedPolicy: add_tid_to_cgroup failed to write '2370' (No space left on device); fd=3
04-29 05:40:01.060 1592 2984 W SchedPolicy: add_tid_to_cgroup failed to write '2371' (No space left on device); fd=3
04-29 05:40:01.060 1592 2984 W SchedPolicy: add_tid_to_cgroup failed to write '2372' (No space left on device); fd=3
04-29 05:40:01.060 1592 2984 W SchedPolicy: add_tid_to_cgroup failed to write '2373' (No space left on device); fd=3
04-29 05:40:01.060 1592 2984 W SchedPolicy: add_tid_to_cgroup failed to write '2374' (No space left on device); fd=3
04-29 05:40:01.060 1592 2984 W SchedPolicy: add_tid_to_cgroup failed to write '2375' (No space left on device); fd=3
04-29 05:40:01.060 1592 2984 W SchedPolicy: add_tid_to_cgroup failed to write '2378' (No space left on device); fd=3
04-29 05:40:01.060 1592 2984 W SchedPolicy: add_tid_to_cgroup failed to write '2380' (No space left on device); fd=3
04-29 05:40:01.060 1592 2984 W SchedPolicy: add_tid_to_cgroup failed to write '2394' (No space left on device); fd=3
04-29 05:40:01.060 1592 2984 W SchedPolicy: add_tid_to_cgroup failed to write '2401' (No space left on device); fd=3
04-29 05:40:01.060 1592 2984 W SchedPolicy: add_tid_to_cgroup failed to write '2482' (No space left on device); fd=3
04-29 05:40:01.060 1592 2984 W SchedPolicy: add_tid_to_cgroup failed to write '2495' (No space left on device); fd=3
04-29 05:40:01.060 1592 2984 W SchedPolicy: add_tid_to_cgroup failed to write '2500' (No space left on device); fd=3
04-29 05:40:01.060 1592 2984 W SchedPolicy: add_tid_to_cgroup failed to write '2620' (No space left on device); fd=3
04-29 05:40:01.060 1592 2984 W SchedPolicy: add_tid_to_cgroup failed to write '2985' (No space left on device); fd=3
04-29 05:40:01.060 1592 2984 W SchedPolicy: add_tid_to_cgroup failed to write '3224' (No space left on device); fd=3
04-29 05:40:01.060 1592 2984 W SchedPolicy: add_tid_to_cgroup failed to write '3242' (No space left on device); fd=3
04-29 05:40:01.060 1592 2984 W SchedPolicy: add_tid_to_cgroup failed to write '3283' (No space left on device); fd=3
04-29 05:40:01.062 1592 1803 W SchedPolicy: add_tid_to_cgroup failed to write '2362' (No space left on device); fd=25
04-29 05:40:01.062 1592 1803 W SchedPolicy: add_tid_to_cgroup failed to write '2367' (No space left on device); fd=25
04-29 05:40:01.062 1592 1803 W SchedPolicy: add_tid_to_cgroup failed to write '2368' (No space left on device); fd=25
04-29 05:40:01.062 1592 1803 W SchedPolicy: add_tid_to_cgroup failed to write '2369' (No space left on device); fd=25
04-29 05:40:01.062 1592 1803 W SchedPolicy: add_tid_to_cgroup failed to write '2370' (No space left on device); fd=25
04-29 05:40:01.062 1592 1803 W SchedPolicy: add_tid_to_cgroup failed to write '2371' (No space left on device); fd=25
04-29 05:40:01.062 1592 1803 W SchedPolicy: add_tid_to_cgroup failed to write '2372' (No space left on device); fd=25
04-29 05:40:01.062 1592 1803 W SchedPolicy: add_tid_to_cgroup failed to write '2373' (No space left on device); fd=25
04-29 05:40:01.062 1592 1803 W SchedPolicy: add_tid_to_cgroup failed to write '2374' (No space left on device); fd=25
04-29 05:40:01.062 1592 1803 W SchedPolicy: add_tid_to_cgroup failed to write '2375' (No space left on device); fd=25
04-29 05:40:01.062 1592 1803 W SchedPolicy: add_tid_to_cgroup failed to write '2378' (No space left on device); fd=25
04-29 05:40:01.062 1592 1803 W SchedPolicy: add_tid_to_cgroup failed to write '2380' (No space left on device); fd=25
04-29 05:40:01.062 1592 1803 W SchedPolicy: add_tid_to_cgroup failed to write '2394' (No space left on device); fd=25
04-29 05:40:01.062 1592 1803 W SchedPolicy: add_tid_to_cgroup failed to write '2401' (No space left on device); fd=25
04-29 05:40:01.062 1592 1803 W SchedPolicy: add_tid_to_cgroup failed to write '2482' (No space left on device); fd=25
04-29 05:40:01.062 1592 1803 W SchedPolicy: add_tid_to_cgroup failed to write '2495' (No space left on device); fd=25
04-29 05:40:01.062 1592 1803 W SchedPolicy: add_tid_to_cgroup failed to write '2500' (No space left on device); fd=25
04-29 05:40:01.062 1592 1803 W SchedPolicy: add_tid_to_cgroup failed to write '2620' (No space left on device); fd=25
04-29 05:40:01.062 1592 1803 W SchedPolicy: add_tid_to_cgroup failed to write '2985' (No space left on device); fd=25
04-29 05:40:01.062 1592 1803 W SchedPolicy: add_tid_to_cgroup failed to write '3224' (No space left on device); fd=25
04-29 05:40:01.062 1592 1803 W SchedPolicy: add_tid_to_cgroup failed to write '3242' (No space left on device); fd=25
04-29 05:40:01.062 1592 1803 W SchedPolicy: add_tid_to_cgroup failed to write '3283' (No space left on device); fd=25
04-29 05:40:01.065 2212 2212 W ChimeraUtils: Non Chimera context
04-29 05:40:01.065 2212 2212 W ChimeraUtils: Non Chimera context
04-29 05:40:01.073 2271 2627 I UdcContextInitChimeraSe: Registering with contextmanager
04-29 05:40:01.074 1592 2984 W SchedPolicy: add_tid_to_cgroup failed to write '2362' (No space left on device); fd=3
04-29 05:40:01.074 1592 2984 W SchedPolicy: add_tid_to_cgroup failed to write '2367' (No space left on device); fd=3
04-29 05:40:01.074 1592 2984 W SchedPolicy: add_tid_to_cgroup failed to write '2368' (No space left on device); fd=3
04-29 05:40:01.074 1592 2984 W SchedPolicy: add_tid_to_cgroup failed to write '2369' (No space left on device); fd=3
04-29 05:40:01.074 1592 2984 W SchedPolicy: add_tid_to_cgroup failed to write '2370' (No space left on device); fd=3
04-29 05:40:01.074 1592 2984 W SchedPolicy: add_tid_to_cgroup failed to write '2371' (No space left on device); fd=3
04-29 05:40:01.074 1592 2984 W SchedPolicy: add_tid_to_cgroup failed to write '2372' (No space left on device); fd=3
04-29 05:40:01.074 1592 2984 W SchedPolicy: add_tid_to_cgroup failed to write '2373' (No space left on device); fd=3
04-29 05:40:01.074 1592 2984 W SchedPolicy: add_tid_to_cgroup failed to write '2374' (No space left on device); fd=3
04-29 05:40:01.074 1592 2984 W SchedPolicy: add_tid_to_cgroup failed to write '2375' (No space left on device); fd=3
04-29 05:40:01.074 1592 2984 W SchedPolicy: add_tid_to_cgroup failed to write '2378' (No space left on device); fd=3
04-29 05:40:01.074 1592 2984 W SchedPolicy: add_tid_to_cgroup failed to write '2380' (No space left on device); fd=3
04-29 05:40:01.074 1592 2984 W SchedPolicy: add_tid_to_cgroup failed to write '2394' (No space left on device); fd=3
04-29 05:40:01.074 1592 2984 W SchedPolicy: add_tid_to_cgroup failed to write '2401' (No space left on device); fd=3
04-29 05:40:01.074 1592 2984 W SchedPolicy: add_tid_to_cgroup failed to write '2482' (No space left on device); fd=3
04-29 05:40:01.074 1592 2984 W SchedPolicy: add_tid_to_cgroup failed to write '2495' (No space left on device); fd=3
04-29 05:40:01.074 1592 2984 W SchedPolicy: add_tid_to_cgroup failed to write '2500' (No space left on device); fd=3
04-29 05:40:01.074 1592 2984 W SchedPolicy: add_tid_to_cgroup failed to write '2620' (No space left on device); fd=3
04-29 05:40:01.074 1592 2984 W SchedPolicy: add_tid_to_cgroup failed to write '2985' (No space left on device); fd=3
04-29 05:40:01.074 1592 2984 W SchedPolicy: add_tid_to_cgroup failed to write '3224' (No space left on device); fd=3
04-29 05:40:01.074 1592 2984 W SchedPolicy: add_tid_to_cgroup failed to write '3242' (No space left on device); fd=3
04-29 05:40:01.074 1592 2984 W SchedPolicy: add_tid_to_cgroup failed to write '3283' (No space left on device); fd=3
04-29 05:40:01.077 1592 1803 W SchedPolicy: add_tid_to_cgroup failed to write '2362' (No space left on device); fd=25
04-29 05:40:01.077 1592 1803 W SchedPolicy: add_tid_to_cgroup failed to write '2367' (No space left on device); fd=25
04-29 05:40:01.077 1592 1803 W SchedPolicy: add_tid_to_cgroup failed to write '2368' (No space left on device); fd=25
04-29 05:40:01.077 1592 1803 W SchedPolicy: add_tid_to_cgroup failed to write '2369' (No space left on device); fd=25
04-29 05:40:01.077 1592 1803 W SchedPolicy: add_tid_to_cgroup failed to write '2370' (No space left on device); fd=25
04-29 05:40:01.077 1592 1803 W SchedPolicy: add_tid_to_cgroup failed to write '2371' (No space left on device); fd=25
04-29 05:40:01.077 1592 1803 W SchedPolicy: add_tid_to_cgroup failed to write '2372' (No space left on device); fd=25
04-29 05:40:01.077 1592 1803 W SchedPolicy: add_tid_to_cgroup failed to write '2373' (No space left on device); fd=25
04-29 05:40:01.077 1592 1803 W SchedPolicy: add_tid_to_cgroup failed to write '2374' (No space left on device); fd=25
04-29 05:40:01.077 1592 1803 W SchedPolicy: add_tid_to_cgroup failed to write '2375' (No space left on device); fd=25
04-29 05:40:01.077 1592 1803 W SchedPolicy: add_tid_to_cgroup failed to write '2378' (No space left on device); fd=25
04-29 05:40:01.077 1592 1803 W SchedPolicy: add_tid_to_cgroup failed to write '2380' (No space left on device); fd=25
04-29 05:40:01.077 1592 1803 W SchedPolicy: add_tid_to_cgroup failed to write '2394' (No space left on device); fd=25
04-29 05:40:01.077 1592 1803 W SchedPolicy: add_tid_to_cgroup failed to write '2401' (No space left on device); fd=25
04-29 05:40:01.077 1592 1803 W SchedPolicy: add_tid_to_cgroup failed to write '2482' (No space left on device); fd=25
04-29 05:40:01.077 1592 1803 W SchedPolicy: add_tid_to_cgroup failed to write '2495' (No space left on device); fd=25
04-29 05:40:01.077 1592 1803 W SchedPolicy: add_tid_to_cgroup failed to write '2500' (No space left on device); fd=25
04-29 05:40:01.077 1592 1803 W SchedPolicy: add_tid_to_cgroup failed to write '2620' (No space left on device); fd=25
04-29 05:40:01.077 1592 1803 W SchedPolicy: add_tid_to_cgroup failed to write '2985' (No space left on device); fd=25
04-29 05:40:01.077 1592 1803 W SchedPolicy: add_tid_to_cgroup failed to write '3224' (No space left on device); fd=25
04-29 05:40:01.077 1592 1803 W SchedPolicy: add_tid_to_cgroup failed to write '3242' (No space left on device); fd=25
04-29 05:40:01.077 1592 1803 W SchedPolicy: add_tid_to_cgroup failed to write '3283' (No space left on device); fd=25
04-29 05:40:01.107 1592 1803 W SchedPolicy: add_tid_to_cgroup failed to write '2362' (No space left on device); fd=3
04-29 05:40:01.107 1592 1803 W SchedPolicy: add_tid_to_cgroup failed to write '2367' (No space left on device); fd=3
04-29 05:40:01.107 1592 1803 W SchedPolicy: add_tid_to_cgroup failed to write '2368' (No space left on device); fd=3
04-29 05:40:01.107 1592 1803 W SchedPolicy: add_tid_to_cgroup failed to write '2369' (No space left on device); fd=3
04-29 05:40:01.107 1592 1803 W SchedPolicy: add_tid_to_cgroup failed to write '2370' (No space left on device); fd=3
04-29 05:40:01.107 1592 1803 W SchedPolicy: add_tid_to_cgroup failed to write '2371' (No space left on device); fd=3
04-29 05:40:01.107 1592 1803 W SchedPolicy: add_tid_to_cgroup failed to write '2372' (No space left on device); fd=3
04-29 05:40:01.107 1592 1803 W SchedPolicy: add_tid_to_cgroup failed to write '2373' (No space left on device); fd=3
04-29 05:40:01.107 1592 1803 W SchedPolicy: add_tid_to_cgroup failed to write '2374' (No space left on device); fd=3
04-29 05:40:01.107 1592 1803 W SchedPolicy: add_tid_to_cgroup failed to write '2375' (No space left on device); fd=3
04-29 05:40:01.108 1592 1803 W SchedPolicy: add_tid_to_cgroup failed to write '2378' (No space left on device); fd=3
04-29 05:40:01.108 1592 1803 W SchedPolicy: add_tid_to_cgroup failed to write '2380' (No space left on device); fd=3
04-29 05:40:01.108 1592 1803 W SchedPolicy: add_tid_to_cgroup failed to write '2394' (No space left on device); fd=3
04-29 05:40:01.108 1592 1803 W SchedPolicy: add_tid_to_cgroup failed to write '2401' (No space left on device); fd=3
04-29 05:40:01.108 1592 1803 W SchedPolicy: add_tid_to_cgroup failed to write '2482' (No space left on device); fd=3
04-29 05:40:01.108 1592 1803 W SchedPolicy: add_tid_to_cgroup failed to write '2495' (No space left on device); fd=3
04-29 05:40:01.108 1592 1803 W SchedPolicy: add_tid_to_cgroup failed to write '2500' (No space left on device); fd=3
04-29 05:40:01.108 1592 1803 W SchedPolicy: add_tid_to_cgroup failed to write '2620' (No space left on device); fd=3
04-29 05:40:01.108 1592 1803 W SchedPolicy: add_tid_to_cgroup failed to write '2985' (No space left on device); fd=3
04-29 05:40:01.108 1592 1803 W SchedPolicy: add_tid_to_cgroup failed to write '3224' (No space left on device); fd=3
04-29 05:40:01.108 1592 1803 W SchedPolicy: add_tid_to_cgroup failed to write '3242' (No space left on device); fd=3
04-29 05:40:01.108 1592 1803 W SchedPolicy: add_tid_to_cgroup failed to write '3283' (No space left on device); fd=3
04-29 05:40:01.110 1592 1803 W SchedPolicy: add_tid_to_cgroup failed to write '2362' (No space left on device); fd=25
04-29 05:40:01.110 1592 1803 W SchedPolicy: add_tid_to_cgroup failed to write '2367' (No space left on device); fd=25
04-29 05:40:01.110 1592 1803 W SchedPolicy: add_tid_to_cgroup failed to write '2368' (No space left on device); fd=25
04-29 05:40:01.110 1592 1803 W SchedPolicy: add_tid_to_cgroup failed to write '2369' (No space left on device); fd=25
04-29 05:40:01.110 1592 1803 W SchedPolicy: add_tid_to_cgroup failed to write '2370' (No space left on device); fd=25
04-29 05:40:01.110 1592 1803 W SchedPolicy: add_tid_to_cgroup failed to write '2371' (No space left on device); fd=25
04-29 05:40:01.110 1592 1803 W SchedPolicy: add_tid_to_cgroup failed to write '2372' (No space left on device); fd=25
04-29 05:40:01.110 1592 1803 W SchedPolicy: add_tid_to_cgroup failed to write '2373' (No space left on device); fd=25
04-29 05:40:01.110 1592 1803 W SchedPolicy: add_tid_to_cgroup failed to write '2374' (No space left on device); fd=25
04-29 05:40:01.110 1592 1803 W SchedPolicy: add_tid_to_cgroup failed to write '2375' (No space left on device); fd=25
04-29 05:40:01.110 1592 1803 W SchedPolicy: add_tid_to_cgroup failed to write '2378' (No space left on device); fd=25
04-29 05:40:01.110 1592 1803 W SchedPolicy: add_tid_to_cgroup failed to write '2380' (No space left on device); fd=25
04-29 05:40:01.110 1592 1803 W SchedPolicy: add_tid_to_cgroup failed to write '2394' (No space left on device); fd=25
04-29 05:40:01.110 1592 1803 W SchedPolicy: add_tid_to_cgroup failed to write '2401' (No space left on device); fd=25
04-29 05:40:01.110 1592 1803 W SchedPolicy: add_tid_to_cgroup failed to write '2482' (No space left on device); fd=25
04-29 05:40:01.110 1592 1803 W SchedPolicy: add_tid_to_cgroup failed to write '2495' (No space left on device); fd=25
04-29 05:40:01.110 1592 1803 W SchedPolicy: add_tid_to_cgroup failed to write '2500' (No space left on device); fd=25
04-29 05:40:01.110 1592 1803 W SchedPolicy: add_tid_to_cgroup failed to write '2620' (No space left on device); fd=25
04-29 05:40:01.110 1592 1803 W SchedPolicy: add_tid_to_cgroup failed to write '2985' (No space left on device); fd=25
04-29 05:40:01.110 1592 1803 W SchedPolicy: add_tid_to_cgroup failed to write '3224' (No space left on device); fd=25
04-29 05:40:01.110 1592 1803 W SchedPolicy: add_tid_to_cgroup failed to write '3242' (No space left on device); fd=25
04-29 05:40:01.110 1592 1803 W SchedPolicy: add_tid_to_cgroup failed to write '3283' (No space left on device); fd=25
04-29 05:40:01.136 1592 2984 W SchedPolicy: add_tid_to_cgroup failed to write '2362' (No space left on device); fd=3
04-29 05:40:01.136 1592 2984 W SchedPolicy: add_tid_to_cgroup failed to write '2367' (No space left on device); fd=3
04-29 05:40:01.136 1592 2984 W SchedPolicy: add_tid_to_cgroup failed to write '2368' (No space left on device); fd=3
04-29 05:40:01.136 1592 2984 W SchedPolicy: add_tid_to_cgroup failed to write '2369' (No space left on device); fd=3
04-29 05:40:01.136 1592 2984 W SchedPolicy: add_tid_to_cgroup failed to write '2370' (No space left on device); fd=3
04-29 05:40:01.136 1592 2984 W SchedPolicy: add_tid_to_cgroup failed to write '2371' (No space left on device); fd=3
04-29 05:40:01.136 1592 2984 W SchedPolicy: add_tid_to_cgroup failed to write '2372' (No space left on device); fd=3
04-29 05:40:01.136 1592 2984 W SchedPolicy: add_tid_to_cgroup failed to write '2373' (No space left on device); fd=3
04-29 05:40:01.136 1592 2984 W SchedPolicy: add_tid_to_cgroup failed to write '2374' (No space left on device); fd=3
04-29 05:40:01.136 1592 2984 W SchedPolicy: add_tid_to_cgroup failed to write '2375' (No space left on device); fd=3
04-29 05:40:01.136 1592 2984 W SchedPolicy: add_tid_to_cgroup failed to write '2378' (No space left on device); fd=3
04-29 05:40:01.136 1592 2984 W SchedPolicy: add_tid_to_cgroup failed to write '2380' (No space left on device); fd=3
04-29 05:40:01.137 1592 2984 W SchedPolicy: add_tid_to_cgroup failed to write '2394' (No space left on device); fd=3
04-29 05:40:01.137 1592 2984 W SchedPolicy: add_tid_to_cgroup failed to write '2401' (No space left on device); fd=3
04-29 05:40:01.137 1592 2984 W SchedPolicy: add_tid_to_cgroup failed to write '2482' (No space left on device); fd=3
04-29 05:40:01.137 1592 2984 W SchedPolicy: add_tid_to_cgroup failed to write '2495' (No space left on device); fd=3
04-29 05:40:01.137 1592 2984 W SchedPolicy: add_tid_to_cgroup failed to write '2500' (No space left on device); fd=3
04-29 05:40:01.137 1592 2984 W SchedPolicy: add_tid_to_cgroup failed to write '2620' (No space left on device); fd=3
04-29 05:40:01.137 1592 2984 W SchedPolicy: add_tid_to_cgroup failed to write '2985' (No space left on device); fd=3
04-29 05:40:01.137 1592 2984 W SchedPolicy: add_tid_to_cgroup failed to write '3224' (No space left on device); fd=3
04-29 05:40:01.137 1592 2984 W SchedPolicy: add_tid_to_cgroup failed to write '3242' (No space left on device); fd=3
04-29 05:40:01.137 1592 2984 W SchedPolicy: add_tid_to_cgroup failed to write '3283' (No space left on device); fd=3
04-29 05:40:01.140 1592 2984 W SchedPolicy: add_tid_to_cgroup failed to write '2362' (No space left on device); fd=25
04-29 05:40:01.140 1592 2984 W SchedPolicy: add_tid_to_cgroup failed to write '2367' (No space left on device); fd=25
04-29 05:40:01.140 1592 2984 W SchedPolicy: add_tid_to_cgroup failed to write '2368' (No space left on device); fd=25
04-29 05:40:01.140 1592 2984 W SchedPolicy: add_tid_to_cgroup failed to write '2369' (No space left on device); fd=25
04-29 05:40:01.140 1592 2984 W SchedPolicy: add_tid_to_cgroup failed to write '2370' (No space left on device); fd=25
04-29 05:40:01.140 1592 2984 W SchedPolicy: add_tid_to_cgroup failed to write '2371' (No space left on device); fd=25
04-29 05:40:01.140 1592 2984 W SchedPolicy: add_tid_to_cgroup failed to write '2372' (No space left on device); fd=25
04-29 05:40:01.140 1592 2984 W SchedPolicy: add_tid_to_cgroup failed to write '2373' (No space left on device); fd=25
04-29 05:40:01.140 1592 2984 W SchedPolicy: add_tid_to_cgroup failed to write '2374' (No space left on device); fd=25
04-29 05:40:01.140 1592 2984 W SchedPolicy: add_tid_to_cgroup failed to write '2375' (No space left on device); fd=25
04-29 05:40:01.140 1592 2984 W SchedPolicy: add_tid_to_cgroup failed to write '2378' (No space left on device); fd=25
04-29 05:40:01.140 1592 2984 W SchedPolicy: add_tid_to_cgroup failed to write '2380' (No space left on device); fd=25
04-29 05:40:01.140 1592 2984 W SchedPolicy: add_tid_to_cgroup failed to write '2394' (No space left on device); fd=25
04-29 05:40:01.140 1592 2984 W SchedPolicy: add_tid_to_cgroup failed to write '2401' (No space left on device); fd=25
04-29 05:40:01.140 1592 2984 W SchedPolicy: add_tid_to_cgroup failed to write '2482' (No space left on device); fd=25
04-29 05:40:01.140 1592 2984 W SchedPolicy: add_tid_to_cgroup failed to write '2495' (No space left on device); fd=25
04-29 05:40:01.141 1592 2984 W SchedPolicy: add_tid_to_cgroup failed to write '2500' (No space left on device); fd=25
04-29 05:40:01.141 1592 2984 W SchedPolicy: add_tid_to_cgroup failed to write '2620' (No space left on device); fd=25
04-29 05:40:01.141 1592 2984 W SchedPolicy: add_tid_to_cgroup failed to write '2985' (No space left on device); fd=25
04-29 05:40:01.141 1592 2984 W SchedPolicy: add_tid_to_cgroup failed to write '3224' (No space left on device); fd=25
04-29 05:40:01.141 1592 2984 W SchedPolicy: add_tid_to_cgroup failed to write '3242' (No space left on device); fd=25
04-29 05:40:01.141 1592 2984 W SchedPolicy: add_tid_to_cgroup failed to write '3283' (No space left on device); fd=25
04-29 05:40:01.141 1592 1803 W SchedPolicy: add_tid_to_cgroup failed to write '2362' (No space left on device); fd=3
04-29 05:40:01.142 1592 1803 W SchedPolicy: add_tid_to_cgroup failed to write '2367' (No space left on device); fd=3
04-29 05:40:01.142 1592 1803 W SchedPolicy: add_tid_to_cgroup failed to write '2368' (No space left on device); fd=3
04-29 05:40:01.142 1592 1803 W SchedPolicy: add_tid_to_cgroup failed to write '2369' (No space left on device); fd=3
04-29 05:40:01.142 1592 1803 W SchedPolicy: add_tid_to_cgroup failed to write '2370' (No space left on device); fd=3
04-29 05:40:01.142 1592 1803 W SchedPolicy: add_tid_to_cgroup failed to write '2371' (No space left on device); fd=3
04-29 05:40:01.142 1592 1803 W SchedPolicy: add_tid_to_cgroup failed to write '2372' (No space left on device); fd=3
04-29 05:40:01.142 1592 1803 W SchedPolicy: add_tid_to_cgroup failed to write '2373' (No space left on device); fd=3
04-29 05:40:01.142 1592 1803 W SchedPolicy: add_tid_to_cgroup failed to write '2374' (No space left on device); fd=3
04-29 05:40:01.142 1592 1803 W SchedPolicy: add_tid_to_cgroup failed to write '2375' (No space left on device); fd=3
04-29 05:40:01.142 1592 1803 W SchedPolicy: add_tid_to_cgroup failed to write '2378' (No space left on device); fd=3
04-29 05:40:01.142 1592 1803 W SchedPolicy: add_tid_to_cgroup failed to write '2380' (No space left on device); fd=3
04-29 05:40:01.142 1592 1803 W SchedPolicy: add_tid_to_cgroup failed to write '2394' (No space left on device); fd=3
04-29 05:40:01.142 1592 1803 W SchedPolicy: add_tid_to_cgroup failed to write '2401' (No space left on device); fd=3
