04-29 05:37:53.287 1592 1956 W SchedPolicy: add_tid_to_cgroup failed to write '2373' (No space left on device); fd=3
04-29 05:37:53.287 1592 1956 W SchedPolicy: add_tid_to_cgroup failed to write '2374' (No space left on device); fd=3
04-29 05:37:53.287 1592 1956 W SchedPolicy: add_tid_to_cgroup failed to write '2375' (No space left on device); fd=3
04-29 05:37:53.287 1592 1956 W SchedPolicy: add_tid_to_cgroup failed to write '2378' (No space left on device); fd=3
04-29 05:37:53.287 1592 1956 W SchedPolicy: add_tid_to_cgroup failed to write '2380' (No space left on device); fd=3
04-29 05:37:53.287 1592 1956 W SchedPolicy: add_tid_to_cgroup failed to write '2394' (No space left on device); fd=3
04-29 05:37:53.287 1592 1956 W SchedPolicy: add_tid_to_cgroup failed to write '2401' (No space left on device); fd=3
04-29 05:37:53.287 1592 1956 W SchedPolicy: add_tid_to_cgroup failed to write '2482' (No space left on device); fd=3
04-29 05:37:53.287 1592 1956 W SchedPolicy: add_tid_to_cgroup failed to write '2495' (No space left on device); fd=3
04-29 05:37:53.287 1592 1956 W SchedPolicy: add_tid_to_cgroup failed to write '2500' (No space left on device); fd=3
04-29 05:37:53.287 1592 1956 W SchedPolicy: add_tid_to_cgroup failed to write '2620' (No space left on device); fd=3
04-29 05:37:53.287 1592 1956 W SchedPolicy: add_tid_to_cgroup failed to write '2985' (No space left on device); fd=3
04-29 05:37:53.287 1592 1956 W SchedPolicy: add_tid_to_cgroup failed to write '3224' (No space left on device); fd=3
04-29 05:37:53.287 1592 1956 W SchedPolicy: add_tid_to_cgroup failed to write '3242' (No space left on device); fd=3
04-29 05:37:53.287 1592 1956 W SchedPolicy: add_tid_to_cgroup failed to write '3283' (No space left on device); fd=3
04-29 05:37:53.289 1592 1956 W SchedPolicy: add_tid_to_cgroup failed to write '2362' (No space left on device); fd=25
04-29 05:37:53.289 1592 1956 W SchedPolicy: add_tid_to_cgroup failed to write '2367' (No space left on device); fd=25
04-29 05:37:53.289 1592 1956 W SchedPolicy: add_tid_to_cgroup failed to write '2368' (No space left on device); fd=25
04-29 05:37:53.289 1592 1956 W SchedPolicy: add_tid_to_cgroup failed to write '2369' (No space left on device); fd=25
04-29 05:37:53.289 1592 1956 W SchedPolicy: add_tid_to_cgroup failed to write '2370' (No space left on device); fd=25
04-29 05:37:53.289 1592 1956 W SchedPolicy: add_tid_to_cgroup failed to write '2371' (No space left on device); fd=25
04-29 05:37:53.289 1592 1956 W SchedPolicy: add_tid_to_cgroup failed to write '2372' (No space left on device); fd=25
04-29 05:37:53.289 1592 1956 W SchedPolicy: add_tid_to_cgroup failed to write '2373' (No space left on device); fd=25
04-29 05:37:53.289 1592 1956 W SchedPolicy: add_tid_to_cgroup failed to write '2374' (No space left on device); fd=25
04-29 05:37:53.289 1592 1956 W SchedPolicy: add_tid_to_cgroup failed to write '2375' (No space left on device); fd=25
04-29 05:37:53.289 1592 1956 W SchedPolicy: add_tid_to_cgroup failed to write '2378' (No space left on device); fd=25
04-29 05:37:53.289 1592 1956 W SchedPolicy: add_tid_to_cgroup failed to write '2380' (No space left on device); fd=25
04-29 05:37:53.289 1592 1956 W SchedPolicy: add_tid_to_cgroup failed to write '2394' (No space left on device); fd=25
04-29 05:37:53.289 1592 1956 W SchedPolicy: add_tid_to_cgroup failed to write '2401' (No space left on device); fd=25
04-29 05:37:53.289 1592 1956 W SchedPolicy: add_tid_to_cgroup failed to write '2482' (No space left on device); fd=25
04-29 05:37:53.289 1592 1956 W SchedPolicy: add_tid_to_cgroup failed to write '2495' (No space left on device); fd=25
04-29 05:37:53.289 1592 1956 W SchedPolicy: add_tid_to_cgroup failed to write '2500' (No space left on device); fd=25
04-29 05:37:53.289 1592 1956 W SchedPolicy: add_tid_to_cgroup failed to write '2620' (No space left on device); fd=25
04-29 05:37:53.289 1592 1956 W SchedPolicy: add_tid_to_cgroup failed to write '2985' (No space left on device); fd=25
04-29 05:37:53.290 1592 1956 W SchedPolicy: add_tid_to_cgroup failed to write '3224' (No space left on device); fd=25
04-29 05:37:53.290 1592 1956 W SchedPolicy: add_tid_to_cgroup failed to write '3242' (No space left on device); fd=25
04-29 05:37:53.290 1592 1956 W SchedPolicy: add_tid_to_cgroup failed to write '3283' (No space left on device); fd=25
04-29 05:37:53.307 2271 2590 I Icing : Indexing com.google.android.apps.docs-internal.3p:SpreadsheetDigitalDocument from com.google.android.apps.docs
04-29 05:37:53.326 2271 2590 I Icing : Indexing done com.google.android.apps.docs-internal.3p:SpreadsheetDigitalDocument
04-29 05:37:53.328 2271 2590 I Icing : Indexing com.google.android.gms-internal.3p:Event from com.google.android.gms
04-29 05:37:53.335 2271 2590 I Icing : Indexing com.android.chrome-omnibox from com.android.chrome
04-29 05:37:53.335 1592 1956 W SchedPolicy: add_tid_to_cgroup failed to write '2929' (No space left on device); fd=3
04-29 05:37:53.335 1592 1956 W SchedPolicy: add_tid_to_cgroup failed to write '2934' (No space left on device); fd=3
04-29 05:37:53.335 1592 1956 W SchedPolicy: add_tid_to_cgroup failed to write '2935' (No space left on device); fd=3
04-29 05:37:53.335 1592 1956 W SchedPolicy: add_tid_to_cgroup failed to write '2936' (No space left on device); fd=3
04-29 05:37:53.335 1592 1956 W SchedPolicy: add_tid_to_cgroup failed to write '2937' (No space left on device); fd=3
04-29 05:37:53.335 1592 1956 W SchedPolicy: add_tid_to_cgroup failed to write '2938' (No space left on device); fd=3
04-29 05:37:53.335 1592 1956 W SchedPolicy: add_tid_to_cgroup failed to write '2939' (No space left on device); fd=3
04-29 05:37:53.336 1592 1956 W SchedPolicy: add_tid_to_cgroup failed to write '2940' (No space left on device); fd=3
04-29 05:37:53.336 1592 1956 W SchedPolicy: add_tid_to_cgroup failed to write '2941' (No space left on device); fd=3
04-29 05:37:53.336 1592 1956 W SchedPolicy: add_tid_to_cgroup failed to write '2942' (No space left on device); fd=3
04-29 05:37:53.336 1592 1956 W SchedPolicy: add_tid_to_cgroup failed to write '2964' (No space left on device); fd=3
04-29 05:37:53.336 1592 1956 W SchedPolicy: add_tid_to_cgroup failed to write '2998' (No space left on device); fd=3
04-29 05:37:53.336 1592 1956 W SchedPolicy: add_tid_to_cgroup failed to write '3039' (No space left on device); fd=3
04-29 05:37:53.336 1592 1956 W SchedPolicy: add_tid_to_cgroup failed to write '3040' (No space left on device); fd=3
04-29 05:37:53.336 1592 1956 W SchedPolicy: add_tid_to_cgroup failed to write '3041' (No space left on device); fd=3
04-29 05:37:53.338 1592 1956 W SchedPolicy: add_tid_to_cgroup failed to write '2929' (No space left on device); fd=25
04-29 05:37:53.338 1592 1956 W SchedPolicy: add_tid_to_cgroup failed to write '2934' (No space left on device); fd=25
04-29 05:37:53.338 1592 1956 W SchedPolicy: add_tid_to_cgroup failed to write '2935' (No space left on device); fd=25
04-29 05:37:53.338 1592 1956 W SchedPolicy: add_tid_to_cgroup failed to write '2936' (No space left on device); fd=25
04-29 05:37:53.338 1592 1956 W SchedPolicy: add_tid_to_cgroup failed to write '2937' (No space left on device); fd=25
04-29 05:37:53.338 1592 1956 W SchedPolicy: add_tid_to_cgroup failed to write '2938' (No space left on device); fd=25
04-29 05:37:53.338 1592 1956 W SchedPolicy: add_tid_to_cgroup failed to write '2939' (No space left on device); fd=25
04-29 05:37:53.338 1592 1956 W SchedPolicy: add_tid_to_cgroup failed to write '2940' (No space left on device); fd=25
04-29 05:37:53.338 1592 1956 W SchedPolicy: add_tid_to_cgroup failed to write '2941' (No space left on device); fd=25
04-29 05:37:53.338 1592 1956 W SchedPolicy: add_tid_to_cgroup failed to write '2942' (No space left on device); fd=25
04-29 05:37:53.338 1592 1956 W SchedPolicy: add_tid_to_cgroup failed to write '2964' (No space left on device); fd=25
04-29 05:37:53.338 1592 1956 W SchedPolicy: add_tid_to_cgroup failed to write '2998' (No space left on device); fd=25
04-29 05:37:53.338 1592 1956 W SchedPolicy: add_tid_to_cgroup failed to write '3039' (No space left on device); fd=25
04-29 05:37:53.338 1592 1956 W SchedPolicy: add_tid_to_cgroup failed to write '3040' (No space left on device); fd=25
04-29 05:37:53.338 1592 1956 W SchedPolicy: add_tid_to_cgroup failed to write '3041' (No space left on device); fd=25
04-29 05:37:53.339 1592 1956 W SchedPolicy: add_tid_to_cgroup failed to write '2929' (No space left on device); fd=3
04-29 05:37:53.339 1592 1956 W SchedPolicy: add_tid_to_cgroup failed to write '2934' (No space left on device); fd=3
04-29 05:37:53.339 1592 1956 W SchedPolicy: add_tid_to_cgroup failed to write '2935' (No space left on device); fd=3
04-29 05:37:53.339 1592 1956 W SchedPolicy: add_tid_to_cgroup failed to write '2936' (No space left on device); fd=3
04-29 05:37:53.339 1592 1956 W SchedPolicy: add_tid_to_cgroup failed to write '2937' (No space left on device); fd=3
04-29 05:37:53.339 1592 1956 W SchedPolicy: add_tid_to_cgroup failed to write '2938' (No space left on device); fd=3
04-29 05:37:53.339 1592 1956 W SchedPolicy: add_tid_to_cgroup failed to write '2939' (No space left on device); fd=3
04-29 05:37:53.339 1592 1956 W SchedPolicy: add_tid_to_cgroup failed to write '2940' (No space left on device); fd=3
04-29 05:37:53.339 1592 1956 W SchedPolicy: add_tid_to_cgroup failed to write '2941' (No space left on device); fd=3
04-29 05:37:53.339 1592 1956 W SchedPolicy: add_tid_to_cgroup failed to write '2942' (No space left on device); fd=3
04-29 05:37:53.339 1592 1956 W SchedPolicy: add_tid_to_cgroup failed to write '2964' (No space left on device); fd=3
04-29 05:37:53.339 1592 1956 W SchedPolicy: add_tid_to_cgroup failed to write '2998' (No space left on device); fd=3
04-29 05:37:53.339 1592 1956 W SchedPolicy: add_tid_to_cgroup failed to write '3039' (No space left on device); fd=3
04-29 05:37:53.339 1592 1956 W SchedPolicy: add_tid_to_cgroup failed to write '3040' (No space left on device); fd=3
04-29 05:37:53.339 1592 1956 W SchedPolicy: add_tid_to_cgroup failed to write '3041' (No space left on device); fd=3
04-29 05:37:53.341 1592 1956 W SchedPolicy: add_tid_to_cgroup failed to write '2929' (No space left on device); fd=25
04-29 05:37:53.341 1592 1956 W SchedPolicy: add_tid_to_cgroup failed to write '2934' (No space left on device); fd=25
04-29 05:37:53.341 1592 1956 W SchedPolicy: add_tid_to_cgroup failed to write '2935' (No space left on device); fd=25
04-29 05:37:53.341 1592 1956 W SchedPolicy: add_tid_to_cgroup failed to write '2936' (No space left on device); fd=25
04-29 05:37:53.341 1592 1956 W SchedPolicy: add_tid_to_cgroup failed to write '2937' (No space left on device); fd=25
04-29 05:37:53.341 1592 1956 W SchedPolicy: add_tid_to_cgroup failed to write '2938' (No space left on device); fd=25
04-29 05:37:53.341 1592 1956 W SchedPolicy: add_tid_to_cgroup failed to write '2939' (No space left on device); fd=25
04-29 05:37:53.341 1592 1956 W SchedPolicy: add_tid_to_cgroup failed to write '2940' (No space left on device); fd=25
04-29 05:37:53.341 1592 1956 W SchedPolicy: add_tid_to_cgroup failed to write '2941' (No space left on device); fd=25
04-29 05:37:53.341 1592 1956 W SchedPolicy: add_tid_to_cgroup failed to write '2942' (No space left on device); fd=25
04-29 05:37:53.341 1592 1956 W SchedPolicy: add_tid_to_cgroup failed to write '2964' (No space left on device); fd=25
04-29 05:37:53.341 1592 1956 W SchedPolicy: add_tid_to_cgroup failed to write '2998' (No space left on device); fd=25
04-29 05:37:53.341 1592 1956 W SchedPolicy: add_tid_to_cgroup failed to write '3039' (No space left on device); fd=25
04-29 05:37:53.341 1592 1956 W SchedPolicy: add_tid_to_cgroup failed to write '3040' (No space left on device); fd=25
04-29 05:37:53.341 1592 1956 W SchedPolicy: add_tid_to_cgroup failed to write '3041' (No space left on device); fd=25
04-29 05:37:53.342 2271 2590 I Icing : Indexing done com.android.chrome-omnibox
04-29 05:37:53.343 2271 2590 I Icing : Indexing com.google.android.gms-emails_data_id from com.google.android.gms
04-29 05:37:53.362 2271 2590 I Icing : Indexing done com.google.android.gms-emails_data_id
04-29 05:37:53.363 2271 2590 I Icing : Indexing com.google.android.gms-apps from com.google.android.gms
04-29 05:37:53.454 2271 2590 I zygote64: Deoptimizing void brar.a(java.lang.String) due to JIT inline cache
04-29 05:37:53.474 1592 1956 W SchedPolicy: add_tid_to_cgroup failed to write '2362' (No space left on device); fd=3
04-29 05:37:53.474 1592 1956 W SchedPolicy: add_tid_to_cgroup failed to write '2367' (No space left on device); fd=3
04-29 05:37:53.474 1592 1956 W SchedPolicy: add_tid_to_cgroup failed to write '2368' (No space left on device); fd=3
04-29 05:37:53.474 1592 1956 W SchedPolicy: add_tid_to_cgroup failed to write '2369' (No space left on device); fd=3
04-29 05:37:53.474 1592 1956 W SchedPolicy: add_tid_to_cgroup failed to write '2370' (No space left on device); fd=3
04-29 05:37:53.474 1592 1956 W SchedPolicy: add_tid_to_cgroup failed to write '2371' (No space left on device); fd=3
04-29 05:37:53.475 1592 1956 W SchedPolicy: add_tid_to_cgroup failed to write '2372' (No space left on device); fd=3
04-29 05:37:53.475 1592 1956 W SchedPolicy: add_tid_to_cgroup failed to write '2373' (No space left on device); fd=3
04-29 05:37:53.475 1592 1956 W SchedPolicy: add_tid_to_cgroup failed to write '2374' (No space left on device); fd=3
04-29 05:37:53.475 1592 1956 W SchedPolicy: add_tid_to_cgroup failed to write '2375' (No space left on device); fd=3
04-29 05:37:53.475 1592 1956 W SchedPolicy: add_tid_to_cgroup failed to write '2378' (No space left on device); fd=3
04-29 05:37:53.475 1592 1956 W SchedPolicy: add_tid_to_cgroup failed to write '2380' (No space left on device); fd=3
04-29 05:37:53.475 1592 1956 W SchedPolicy: add_tid_to_cgroup failed to write '2394' (No space left on device); fd=3
04-29 05:37:53.475 1592 1956 W SchedPolicy: add_tid_to_cgroup failed to write '2401' (No space left on device); fd=3
04-29 05:37:53.475 1592 1956 W SchedPolicy: add_tid_to_cgroup failed to write '2482' (No space left on device); fd=3
04-29 05:37:53.475 1592 1956 W SchedPolicy: add_tid_to_cgroup failed to write '2495' (No space left on device); fd=3
04-29 05:37:53.475 1592 1956 W SchedPolicy: add_tid_to_cgroup failed to write '2500' (No space left on device); fd=3
04-29 05:37:53.475 1592 1956 W SchedPolicy: add_tid_to_cgroup failed to write '2620' (No space left on device); fd=3
04-29 05:37:53.475 1592 1956 W SchedPolicy: add_tid_to_cgroup failed to write '2985' (No space left on device); fd=3
04-29 05:37:53.475 1592 1956 W SchedPolicy: add_tid_to_cgroup failed to write '3224' (No space left on device); fd=3
04-29 05:37:53.475 1592 1956 W SchedPolicy: add_tid_to_cgroup failed to write '3242' (No space left on device); fd=3
04-29 05:37:53.475 1592 1956 W SchedPolicy: add_tid_to_cgroup failed to write '3283' (No space left on device); fd=3
04-29 05:37:53.477 1592 1956 W SchedPolicy: add_tid_to_cgroup failed to write '2362' (No space left on device); fd=25
04-29 05:37:53.477 1592 1956 W SchedPolicy: add_tid_to_cgroup failed to write '2367' (No space left on device); fd=25
04-29 05:37:53.477 1592 1956 W SchedPolicy: add_tid_to_cgroup failed to write '2368' (No space left on device); fd=25
04-29 05:37:53.477 1592 1956 W SchedPolicy: add_tid_to_cgroup failed to write '2369' (No space left on device); fd=25
04-29 05:37:53.477 1592 1956 W SchedPolicy: add_tid_to_cgroup failed to write '2370' (No space left on device); fd=25
04-29 05:37:53.477 1592 1956 W SchedPolicy: add_tid_to_cgroup failed to write '2371' (No space left on device); fd=25
04-29 05:37:53.477 1592 1956 W SchedPolicy: add_tid_to_cgroup failed to write '2372' (No space left on device); fd=25
04-29 05:37:53.477 1592 1956 W SchedPolicy: add_tid_to_cgroup failed to write '2373' (No space left on device); fd=25
04-29 05:37:53.477 1592 1956 W SchedPolicy: add_tid_to_cgroup failed to write '2374' (No space left on device); fd=25
04-29 05:37:53.477 1592 1956 W SchedPolicy: add_tid_to_cgroup failed to write '2375' (No space left on device); fd=25
04-29 05:37:53.477 1592 1956 W SchedPolicy: add_tid_to_cgroup failed to write '2378' (No space left on device); fd=25
04-29 05:37:53.477 1592 1956 W SchedPolicy: add_tid_to_cgroup failed to write '2380' (No space left on device); fd=25
04-29 05:37:53.478 1592 1956 W SchedPolicy: add_tid_to_cgroup failed to write '2394' (No space left on device); fd=25
04-29 05:37:53.478 1592 1956 W SchedPolicy: add_tid_to_cgroup failed to write '2401' (No space left on device); fd=25
04-29 05:37:53.478 1592 1956 W SchedPolicy: add_tid_to_cgroup failed to write '2482' (No space left on device); fd=25
04-29 05:37:53.478 1592 1956 W SchedPolicy: add_tid_to_cgroup failed to write '2495' (No space left on device); fd=25
04-29 05:37:53.478 1592 1956 W SchedPolicy: add_tid_to_cgroup failed to write '2500' (No space left on device); fd=25
04-29 05:37:53.478 1592 1956 W SchedPolicy: add_tid_to_cgroup failed to write '2620' (No space left on device); fd=25
04-29 05:37:53.478 1592 1956 W SchedPolicy: add_tid_to_cgroup failed to write '2985' (No space left on device); fd=25
04-29 05:37:53.478 1592 1956 W SchedPolicy: add_tid_to_cgroup failed to write '3224' (No space left on device); fd=25
04-29 05:37:53.478 1592 1956 W SchedPolicy: add_tid_to_cgroup failed to write '3242' (No space left on device); fd=25
04-29 05:37:53.478 1592 1956 W SchedPolicy: add_tid_to_cgroup failed to write '3283' (No space left on device); fd=25
04-29 05:37:53.497 2271 2590 I Icing : Indexing com.google.android.gms-sms from com.google.android.gms
04-29 05:37:53.505 2271 2277 I zygote64: Compiler allocated 4MB to compile boolean abrb.a(acdb, acor, abra, acon)
04-29 05:37:53.529 2271 2590 I Icing : Indexing done com.google.android.gms-sms
04-29 05:37:53.530 2271 2590 I Icing : Indexing com.google.android.gms-postals_data_id from com.google.android.gms
04-29 05:37:53.533 2271 2590 I Icing : Indexing done com.google.android.gms-postals_data_id
04-29 05:37:53.535 2271 2590 I Icing : Indexing com.google.android.gm-internal.3p:EmailMessage from com.google.android.gm
04-29 05:37:53.577 2271 2590 E native : light-goldmine.cc:95 Requested annotator not loaded
04-29 05:37:53.588 2271 2590 E native : light-goldmine.cc:95 Requested annotator not loaded
04-29 05:37:53.593 2271 2590 I Icing : Indexing com.google.android.gm-messages/com.google/pcartne1%40gmail.com from com.google.android.gm
04-29 05:37:53.594 1592 1956 W SchedPolicy: add_tid_to_cgroup failed to write '2860' (No space left on device); fd=3
04-29 05:37:53.594 1592 1956 W SchedPolicy: add_tid_to_cgroup failed to write '2865' (No space left on device); fd=3
04-29 05:37:53.594 1592 1956 W SchedPolicy: add_tid_to_cgroup failed to write '2866' (No space left on device); fd=3
04-29 05:37:53.594 1592 1956 W SchedPolicy: add_tid_to_cgroup failed to write '2867' (No space left on device); fd=3
04-29 05:37:53.594 1592 1956 W SchedPolicy: add_tid_to_cgroup failed to write '2868' (No space left on device); fd=3
04-29 05:37:53.594 1592 1956 W SchedPolicy: add_tid_to_cgroup failed to write '2869' (No space left on device); fd=3
04-29 05:37:53.594 1592 1956 W SchedPolicy: add_tid_to_cgroup failed to write '2870' (No space left on device); fd=3
04-29 05:37:53.594 1592 1956 W SchedPolicy: add_tid_to_cgroup failed to write '2871' (No space left on device); fd=3
04-29 05:37:53.594 1592 1956 W SchedPolicy: add_tid_to_cgroup failed to write '2872' (No space left on device); fd=3
04-29 05:37:53.594 1592 1956 W SchedPolicy: add_tid_to_cgroup failed to write '2873' (No space left on device); fd=3
04-29 05:37:53.594 1592 1956 W SchedPolicy: add_tid_to_cgroup failed to write '2874' (No space left on device); fd=3
04-29 05:37:53.594 1592 1956 W SchedPolicy: add_tid_to_cgroup failed to write '2877' (No space left on device); fd=3
04-29 05:37:53.594 1592 1956 W SchedPolicy: add_tid_to_cgroup failed to write '2880' (No space left on device); fd=3
04-29 05:37:53.594 1592 1956 W SchedPolicy: add_tid_to_cgroup failed to write '2883' (No space left on device); fd=3
04-29 05:37:53.594 1592 1956 W SchedPolicy: add_tid_to_cgroup failed to write '2884' (No space left on device); fd=3
04-29 05:37:53.594 1592 1956 W SchedPolicy: add_tid_to_cgroup failed to write '2888' (No space left on device); fd=3
04-29 05:37:53.594 1592 1956 W SchedPolicy: add_tid_to_cgroup failed to write '2890' (No space left on device); fd=3
04-29 05:37:53.594 1592 1956 W SchedPolicy: add_tid_to_cgroup failed to write '2893' (No space left on device); fd=3
04-29 05:37:53.594 1592 1956 W SchedPolicy: add_tid_to_cgroup failed to write '2897' (No space left on device); fd=3
04-29 05:37:53.594 1592 1956 W SchedPolicy: add_tid_to_cgroup failed to write '2898' (No space left on device); fd=3
04-29 05:37:53.594 1592 1956 W SchedPolicy: add_tid_to_cgroup failed to write '2900' (No space left on device); fd=3
04-29 05:37:53.594 1592 1956 W SchedPolicy: add_tid_to_cgroup failed to write '2902' (No space left on device); fd=3
04-29 05:37:53.594 1592 1956 W SchedPolicy: add_tid_to_cgroup failed to write '2903' (No space left on device); fd=3
04-29 05:37:53.594 1592 1956 W SchedPolicy: add_tid_to_cgroup failed to write '2907' (No space left on device); fd=3
04-29 05:37:53.594 1592 1956 W SchedPolicy: add_tid_to_cgroup failed to write '2908' (No space left on device); fd=3
04-29 05:37:53.594 1592 1956 W SchedPolicy: add_tid_to_cgroup failed to write '2909' (No space left on device); fd=3
04-29 05:37:53.594 1592 1956 W SchedPolicy: add_tid_to_cgroup failed to write '2919' (No space left on device); fd=3
04-29 05:37:53.594 1592 1956 W SchedPolicy: add_tid_to_cgroup failed to write '2981' (No space left on device); fd=3
04-29 05:37:53.594 1592 1956 W SchedPolicy: add_tid_to_cgroup failed to write '2987' (No space left on device); fd=3
04-29 05:37:53.594 1592 1956 W SchedPolicy: add_tid_to_cgroup failed to write '2988' (No space left on device); fd=3
04-29 05:37:53.594 1592 1956 W SchedPolicy: add_tid_to_cgroup failed to write '2989' (No space left on device); fd=3
04-29 05:37:53.594 1592 1956 W SchedPolicy: add_tid_to_cgroup failed to write '2990' (No space left on device); fd=3
04-29 05:37:53.595 1592 1956 W SchedPolicy: add_tid_to_cgroup failed to write '2992' (No space left on device); fd=3
04-29 05:37:53.595 1592 1956 W SchedPolicy: add_tid_to_cgroup failed to write '2993' (No space left on device); fd=3
04-29 05:37:53.595 1592 1956 W SchedPolicy: add_tid_to_cgroup failed to write '2994' (No space left on device); fd=3
04-29 05:37:53.595 1592 1956 W SchedPolicy: add_tid_to_cgroup failed to write '3035' (No space left on device); fd=3
04-29 05:37:53.595 1592 1956 W SchedPolicy: add_tid_to_cgroup failed to write '3036' (No space left on device); fd=3
04-29 05:37:53.595 1592 1956 W SchedPolicy: add_tid_to_cgroup failed to write '3072' (No space left on device); fd=3
04-29 05:37:53.595 1592 1956 W SchedPolicy: add_tid_to_cgroup failed to write '3103' (No space left on device); fd=3
04-29 05:37:53.595 1592 1956 W SchedPolicy: add_tid_to_cgroup failed to write '3150' (No space left on device); fd=3
04-29 05:37:53.595 1592 1956 W SchedPolicy: add_tid_to_cgroup failed to write '3274' (No space left on device); fd=3
04-29 05:37:53.598 1592 1956 W SchedPolicy: add_tid_to_cgroup failed to write '2860' (No space left on device); fd=25
04-29 05:37:53.598 1592 1956 W SchedPolicy: add_tid_to_cgroup failed to write '2865' (No space left on device); fd=25
04-29 05:37:53.598 1592 1956 W SchedPolicy: add_tid_to_cgroup failed to write '2866' (No space left on device); fd=25
04-29 05:37:53.598 1592 1956 W SchedPolicy: add_tid_to_cgroup failed to write '2867' (No space left on device); fd=25
04-29 05:37:53.598 1592 1956 W SchedPolicy: add_tid_to_cgroup failed to write '2868' (No space left on device); fd=25
04-29 05:37:53.598 1592 1956 W SchedPolicy: add_tid_to_cgroup failed to write '2869' (No space left on device); fd=25
04-29 05:37:53.598 1592 1956 W SchedPolicy: add_tid_to_cgroup failed to write '2870' (No space left on device); fd=25
04-29 05:37:53.598 1592 1956 W SchedPolicy: add_tid_to_cgroup failed to write '2871' (No space left on device); fd=25
04-29 05:37:53.598 1592 1956 W SchedPolicy: add_tid_to_cgroup failed to write '2872' (No space left on device); fd=25
04-29 05:37:53.598 1592 1956 W SchedPolicy: add_tid_to_cgroup failed to write '2873' (No space left on device); fd=25
04-29 05:37:53.598 1592 1956 W SchedPolicy: add_tid_to_cgroup failed to write '2874' (No space left on device); fd=25
04-29 05:37:53.598 1592 1956 W SchedPolicy: add_tid_to_cgroup failed to write '2877' (No space left on device); fd=25
04-29 05:37:53.598 1592 1956 W SchedPolicy: add_tid_to_cgroup failed to write '2880' (No space left on device); fd=25
04-29 05:37:53.598 1592 1956 W SchedPolicy: add_tid_to_cgroup failed to write '2883' (No space left on device); fd=25
04-29 05:37:53.598 1592 1956 W SchedPolicy: add_tid_to_cgroup failed to write '2884' (No space left on device); fd=25
04-29 05:37:53.598 1592 1956 W SchedPolicy: add_tid_to_cgroup failed to write '2888' (No space left on device); fd=25
04-29 05:37:53.598 1592 1956 W SchedPolicy: add_tid_to_cgroup failed to write '2890' (No space left on device); fd=25
04-29 05:37:53.598 1592 1956 W SchedPolicy: add_tid_to_cgroup failed to write '2893' (No space left on device); fd=25
04-29 05:37:53.598 1592 1956 W SchedPolicy: add_tid_to_cgroup failed to write '2897' (No space left on device); fd=25
04-29 05:37:53.598 1592 1956 W SchedPolicy: add_tid_to_cgroup failed to write '2898' (No space left on device); fd=25
04-29 05:37:53.598 1592 1956 W SchedPolicy: add_tid_to_cgroup failed to write '2900' (No space left on device); fd=25
04-29 05:37:53.598 1592 1956 W SchedPolicy: add_tid_to_cgroup failed to write '2902' (No space left on device); fd=25
04-29 05:37:53.598 1592 1956 W SchedPolicy: add_tid_to_cgroup failed to write '2903' (No space left on device); fd=25
04-29 05:37:53.598 1592 1956 W SchedPolicy: add_tid_to_cgroup failed to write '2907' (No space left on device); fd=25
04-29 05:37:53.598 1592 1956 W SchedPolicy: add_tid_to_cgroup failed to write '2908' (No space left on device); fd=25
04-29 05:37:53.598 1592 1956 W SchedPolicy: add_tid_to_cgroup failed to write '2909' (No space left on device); fd=25
04-29 05:37:53.598 1592 1956 W SchedPolicy: add_tid_to_cgroup failed to write '2919' (No space left on device); fd=25
04-29 05:37:53.598 1592 1956 W SchedPolicy: add_tid_to_cgroup failed to write '2981' (No space left on device); fd=25
04-29 05:37:53.598 1592 1956 W SchedPolicy: add_tid_to_cgroup failed to write '2987' (No space left on device); fd=25
04-29 05:37:53.598 1592 1956 W SchedPolicy: add_tid_to_cgroup failed to write '2988' (No space left on device); fd=25
04-29 05:37:53.598 1592 1956 W SchedPolicy: add_tid_to_cgroup failed to write '2989' (No space left on device); fd=25
04-29 05:37:53.598 1592 1956 W SchedPolicy: add_tid_to_cgroup failed to write '2990' (No space left on device); fd=25
04-29 05:37:53.598 1592 1956 W SchedPolicy: add_tid_to_cgroup failed to write '2992' (No space left on device); fd=25
04-29 05:37:53.598 1592 1956 W SchedPolicy: add_tid_to_cgroup failed to write '2993' (No space left on device); fd=25
04-29 05:37:53.598 1592 1956 W SchedPolicy: add_tid_to_cgroup failed to write '2994' (No space left on device); fd=25
04-29 05:37:53.598 1592 1956 W SchedPolicy: add_tid_to_cgroup failed to write '3035' (No space left on device); fd=25
04-29 05:37:53.598 1592 1956 W SchedPolicy: add_tid_to_cgroup failed to write '3036' (No space left on device); fd=25
04-29 05:37:53.598 1592 1956 W SchedPolicy: add_tid_to_cgroup failed to write '3072' (No space left on device); fd=25
04-29 05:37:53.598 1592 1956 W SchedPolicy: add_tid_to_cgroup failed to write '3103' (No space left on device); fd=25
04-29 05:37:53.599 1592 1956 W SchedPolicy: add_tid_to_cgroup failed to write '3150' (No space left on device); fd=25
04-29 05:37:53.599 1592 1956 W SchedPolicy: add_tid_to_cgroup failed to write '3274' (No space left on device); fd=25
04-29 05:37:53.599 1592 1956 W SchedPolicy: add_tid_to_cgroup failed to write '2860' (No space left on device); fd=3
04-29 05:37:53.599 1592 1956 W SchedPolicy: add_tid_to_cgroup failed to write '2865' (No space left on device); fd=3
04-29 05:37:53.599 1592 1956 W SchedPolicy: add_tid_to_cgroup failed to write '2866' (No space left on device); fd=3
04-29 05:37:53.599 1592 1956 W SchedPolicy: add_tid_to_cgroup failed to write '2867' (No space left on device); fd=3
04-29 05:37:53.599 1592 1956 W SchedPolicy: add_tid_to_cgroup failed to write '2868' (No space left on device); fd=3
04-29 05:37:53.599 1592 1956 W SchedPolicy: add_tid_to_cgroup failed to write '2869' (No space left on device); fd=3
04-29 05:37:53.599 1592 1956 W SchedPolicy: add_tid_to_cgroup failed to write '2870' (No space left on device); fd=3
04-29 05:37:53.599 1592 1956 W SchedPolicy: add_tid_to_cgroup failed to write '2871' (No space left on device); fd=3
04-29 05:37:53.599 1592 1956 W SchedPolicy: add_tid_to_cgroup failed to write '2872' (No space left on device); fd=3
04-29 05:37:53.599 1592 1956 W SchedPolicy: add_tid_to_cgroup failed to write '2873' (No space left on device); fd=3
04-29 05:37:53.599 1592 1956 W SchedPolicy: add_tid_to_cgroup failed to write '2874' (No space left on device); fd=3
04-29 05:37:53.599 1592 1956 W SchedPolicy: add_tid_to_cgroup failed to write '2877' (No space left on device); fd=3
04-29 05:37:53.600 1592 1956 W SchedPolicy: add_tid_to_cgroup failed to write '2880' (No space left on device); fd=3
04-29 05:37:53.600 1592 1956 W SchedPolicy: add_tid_to_cgroup failed to write '2883' (No space left on device); fd=3
04-29 05:37:53.600 1592 1956 W SchedPolicy: add_tid_to_cgroup failed to write '2884' (No space left on device); fd=3
04-29 05:37:53.600 1592 1956 W SchedPolicy: add_tid_to_cgroup failed to write '2888' (No space left on device); fd=3
04-29 05:37:53.600 1592 1956 W SchedPolicy: add_tid_to_cgroup failed to write '2890' (No space left on device); fd=3
04-29 05:37:53.600 1592 1956 W SchedPolicy: add_tid_to_cgroup failed to write '2893' (No space left on device); fd=3
04-29 05:37:53.600 1592 1956 W SchedPolicy: add_tid_to_cgroup failed to write '2897' (No space left on device); fd=3
04-29 05:37:53.600 1592 1956 W SchedPolicy: add_tid_to_cgroup failed to write '2898' (No space left on device); fd=3
04-29 05:37:53.600 1592 1956 W SchedPolicy: add_tid_to_cgroup failed to write '2900' (No space left on device); fd=3
04-29 05:37:53.600 1592 1956 W SchedPolicy: add_tid_to_cgroup failed to write '2902' (No space left on device); fd=3
04-29 05:37:53.600 1592 1956 W SchedPolicy: add_tid_to_cgroup failed to write '2903' (No space left on device); fd=3
04-29 05:37:53.600 1592 1956 W SchedPolicy: add_tid_to_cgroup failed to write '2907' (No space left on device); fd=3
04-29 05:37:53.600 1592 1956 W SchedPolicy: add_tid_to_cgroup failed to write '2908' (No space left on device); fd=3
04-29 05:37:53.600 1592 1956 W SchedPolicy: add_tid_to_cgroup failed to write '2909' (No space left on device); fd=3
04-29 05:37:53.600 1592 1956 W SchedPolicy: add_tid_to_cgroup failed to write '2919' (No space left on device); fd=3
04-29 05:37:53.600 1592 1956 W SchedPolicy: add_tid_to_cgroup failed to write '2981' (No space left on device); fd=3
04-29 05:37:53.600 1592 1956 W SchedPolicy: add_tid_to_cgroup failed to write '2987' (No space left on device); fd=3
04-29 05:37:53.600 1592 1956 W SchedPolicy: add_tid_to_cgroup failed to write '2988' (No space left on device); fd=3
04-29 05:37:53.600 1592 1956 W SchedPolicy: add_tid_to_cgroup failed to write '2989' (No space left on device); fd=3
04-29 05:37:53.600 1592 1956 W SchedPolicy: add_tid_to_cgroup failed to write '2990' (No space left on device); fd=3
04-29 05:37:53.600 1592 1956 W SchedPolicy: add_tid_to_cgroup failed to write '2992' (No space left on device); fd=3
04-29 05:37:53.600 1592 1956 W SchedPolicy: add_tid_to_cgroup failed to write '2993' (No space left on device); fd=3
04-29 05:37:53.600 1592 1956 W SchedPolicy: add_tid_to_cgroup failed to write '2994' (No space left on device); fd=3
04-29 05:37:53.600 1592 1956 W SchedPolicy: add_tid_to_cgroup failed to write '3035' (No space left on device); fd=3
04-29 05:37:53.600 1592 1956 W SchedPolicy: add_tid_to_cgroup failed to write '3036' (No space left on device); fd=3
04-29 05:37:53.600 1592 1956 W SchedPolicy: add_tid_to_cgroup failed to write '3072' (No space left on device); fd=3
04-29 05:37:53.600 1592 1956 W SchedPolicy: add_tid_to_cgroup failed to write '3103' (No space left on device); fd=3
04-29 05:37:53.600 1592 1956 W SchedPolicy: add_tid_to_cgroup failed to write '3150' (No space left on device); fd=3
04-29 05:37:53.600 1592 1956 W SchedPolicy: add_tid_to_cgroup failed to write '3274' (No space left on device); fd=3
04-29 05:37:53.602 1592 1956 W SchedPolicy: add_tid_to_cgroup failed to write '2860' (No space left on device); fd=25
04-29 05:37:53.602 1592 1956 W SchedPolicy: add_tid_to_cgroup failed to write '2865' (No space left on device); fd=25
04-29 05:37:53.602 1592 1956 W SchedPolicy: add_tid_to_cgroup failed to write '2866' (No space left on device); fd=25
04-29 05:37:53.602 1592 1956 W SchedPolicy: add_tid_to_cgroup failed to write '2867' (No space left on device); fd=25
04-29 05:37:53.602 1592 1956 W SchedPolicy: add_tid_to_cgroup failed to write '2868' (No space left on device); fd=25
04-29 05:37:53.602 1592 1956 W SchedPolicy: add_tid_to_cgroup failed to write '2869' (No space left on device); fd=25
04-29 05:37:53.602 1592 1956 W SchedPolicy: add_tid_to_cgroup failed to write '2870' (No space left on device); fd=25
04-29 05:37:53.602 1592 1956 W SchedPolicy: add_tid_to_cgroup failed to write '2871' (No space left on device); fd=25
04-29 05:37:53.602 1592 1956 W SchedPolicy: add_tid_to_cgroup failed to write '2872' (No space left on device); fd=25
04-29 05:37:53.602 1592 1956 W SchedPolicy: add_tid_to_cgroup failed to write '2873' (No space left on device); fd=25
04-29 05:37:53.602 1592 1956 W SchedPolicy: add_tid_to_cgroup failed to write '2874' (No space left on device); fd=25
04-29 05:37:53.602 1592 1956 W SchedPolicy: add_tid_to_cgroup failed to write '2877' (No space left on device); fd=25
04-29 05:37:53.602 1592 1956 W SchedPolicy: add_tid_to_cgroup failed to write '2880' (No space left on device); fd=25
04-29 05:37:53.602 1592 1956 W SchedPolicy: add_tid_to_cgroup failed to write '2883' (No space left on device); fd=25
04-29 05:37:53.602 1592 1956 W SchedPolicy: add_tid_to_cgroup failed to write '2884' (No space left on device); fd=25
04-29 05:37:53.602 1592 1956 W SchedPolicy: add_tid_to_cgroup failed to write '2888' (No space left on device); fd=25
04-29 05:37:53.602 1592 1956 W SchedPolicy: add_tid_to_cgroup failed to write '2890' (No space left on device); fd=25
04-29 05:37:53.602 1592 1956 W SchedPolicy: add_tid_to_cgroup failed to write '2893' (No space left on device); fd=25
04-29 05:37:53.602 1592 1956 W SchedPolicy: add_tid_to_cgroup failed to write '2897' (No space left on device); fd=25
04-29 05:37:53.602 1592 1956 W SchedPolicy: add_tid_to_cgroup failed to write '2898' (No space left on device); fd=25
04-29 05:37:53.602 1592 1956 W SchedPolicy: add_tid_to_cgroup failed to write '2900' (No space left on device); fd=25
04-29 05:37:53.602 1592 1956 W SchedPolicy: add_tid_to_cgroup failed to write '2902' (No space left on device); fd=25
04-29 05:37:53.602 1592 1956 W SchedPolicy: add_tid_to_cgroup failed to write '2903' (No space left on device); fd=25
04-29 05:37:53.602 1592 1956 W SchedPolicy: add_tid_to_cgroup failed to write '2907' (No space left on device); fd=25
04-29 05:37:53.602 1592 1956 W SchedPolicy: add_tid_to_cgroup failed to write '2908' (No space left on device); fd=25
04-29 05:37:53.602 1592 1956 W SchedPolicy: add_tid_to_cgroup failed to write '2909' (No space left on device); fd=25
04-29 05:37:53.602 1592 1956 W SchedPolicy: add_tid_to_cgroup failed to write '2919' (No space left on device); fd=25
04-29 05:37:53.602 1592 1956 W SchedPolicy: add_tid_to_cgroup failed to write '2981' (No space left on device); fd=25
04-29 05:37:53.602 1592 1956 W SchedPolicy: add_tid_to_cgroup failed to write '2987' (No space left on device); fd=25
04-29 05:37:53.602 1592 1956 W SchedPolicy: add_tid_to_cgroup failed to write '2988' (No space left on device); fd=25
04-29 05:37:53.603 1592 1956 W SchedPolicy: add_tid_to_cgroup failed to write '2989' (No space left on device); fd=25
04-29 05:37:53.603 1592 1956 W SchedPolicy: add_tid_to_cgroup failed to write '2990' (No space left on device); fd=25
04-29 05:37:53.603 1592 1956 W SchedPolicy: add_tid_to_cgroup failed to write '2992' (No space left on device); fd=25
04-29 05:37:53.603 1592 1956 W SchedPolicy: add_tid_to_cgroup failed to write '2993' (No space left on device); fd=25
04-29 05:37:53.603 1592 1956 W SchedPolicy: add_tid_to_cgroup failed to write '2994' (No space left on device); fd=25
04-29 05:37:53.603 1592 1956 W SchedPolicy: add_tid_to_cgroup failed to write '3035' (No space left on device); fd=25
04-29 05:37:53.603 1592 1956 W SchedPolicy: add_tid_to_cgroup failed to write '3036' (No space left on device); fd=25
04-29 05:37:53.603 1592 1956 W SchedPolicy: add_tid_to_cgroup failed to write '3072' (No space left on device); fd=25
04-29 05:37:53.603 1592 1956 W SchedPolicy: add_tid_to_cgroup failed to write '3103' (No space left on device); fd=25
04-29 05:37:53.603 1592 1956 W SchedPolicy: add_tid_to_cgroup failed to write '3150' (No space left on device); fd=25
04-29 05:37:53.603 1592 1956 W SchedPolicy: add_tid_to_cgroup failed to write '3274' (No space left on device); fd=25
04-29 05:37:53.603 2271 2590 I Icing : Indexing done com.google.android.gm-messages/com.google/pcartne1%40gmail.com
04-29 05:37:53.604 2271 2590 I Icing : Indexing com.google.android.gms-contacts_contact_id from com.google.android.gms
04-29 05:37:53.606 2271 2590 I Icing : Indexing done com.google.android.gms-contacts_contact_id
04-29 05:37:53.607 2271 2590 I Icing : Not indexing corpus from package com.google.android.googlequicksearchbox as it has never connected
04-29 05:37:53.607 2271 2590 E Icing : Aborting indexing of corpus suggest_query
04-29 05:37:53.608 2271 2590 I Icing : Indexing com.google.android.apps.docs-internal.3p:DigitalDocument from com.google.android.apps.docs
04-29 05:37:53.610 2271 2590 I Icing : Indexing done com.google.android.apps.docs-internal.3p:DigitalDocument
04-29 05:37:53.611 2271 2590 I Icing : Indexing com.google.android.gms-phones_data_id from com.google.android.gms
04-29 05:37:53.613 2271 2590 I Icing : Indexing done com.google.android.gms-phones_data_id
04-29 05:37:53.647 2271 2590 I Icing : Usage reports ok 0, Failed Usage reports 0, indexed 0, rejected 0, imm upload false
04-29 05:37:53.696 2271 2590 I Icing : Usage reports ok 0, Failed Usage reports 0, indexed 0, rejected 0, imm upload false
04-29 05:37:53.701 2271 2590 I Icing : Indexing done com.google.android.gms-internal.3p:MobileApplication
04-29 05:37:53.704 2271 2590 I Icing : Indexing done com.google.android.gms-internal.3p:Event
04-29 05:37:53.706 2271 2590 I Icing : Indexing done com.google.android.gms-apps
04-29 05:37:53.710 2271 2590 I Icing : Indexing done com.google.android.gm-internal.3p:EmailMessage
04-29 05:37:53.747 1592 2494 W SchedPolicy: add_tid_to_cgroup failed to write '2362' (No space left on device); fd=3
04-29 05:37:53.747 1592 2494 W SchedPolicy: add_tid_to_cgroup failed to write '2367' (No space left on device); fd=3
04-29 05:37:53.747 1592 2494 W SchedPolicy: add_tid_to_cgroup failed to write '2368' (No space left on device); fd=3
04-29 05:37:53.747 1592 2494 W SchedPolicy: add_tid_to_cgroup failed to write '2369' (No space left on device); fd=3
04-29 05:37:53.747 1592 2494 W SchedPolicy: add_tid_to_cgroup failed to write '2370' (No space left on device); fd=3
04-29 05:37:53.747 1592 2494 W SchedPolicy: add_tid_to_cgroup failed to write '2371' (No space left on device); fd=3
04-29 05:37:53.747 1592 2494 W SchedPolicy: add_tid_to_cgroup failed to write '2372' (No space left on device); fd=3
04-29 05:37:53.747 1592 2494 W SchedPolicy: add_tid_to_cgroup failed to write '2373' (No space left on device); fd=3
04-29 05:37:53.747 1592 2494 W SchedPolicy: add_tid_to_cgroup failed to write '2374' (No space left on device); fd=3
04-29 05:37:53.747 1592 2494 W SchedPolicy: add_tid_to_cgroup failed to write '2375' (No space left on device); fd=3
04-29 05:37:53.747 1592 2494 W SchedPolicy: add_tid_to_cgroup failed to write '2378' (No space left on device); fd=3
04-29 05:37:53.747 1592 2494 W SchedPolicy: add_tid_to_cgroup failed to write '2380' (No space left on device); fd=3
04-29 05:37:53.747 1592 2494 W SchedPolicy: add_tid_to_cgroup failed to write '2394' (No space left on device); fd=3
04-29 05:37:53.747 1592 2494 W SchedPolicy: add_tid_to_cgroup failed to write '2401' (No space left on device); fd=3
04-29 05:37:53.747 1592 2494 W SchedPolicy: add_tid_to_cgroup failed to write '2482' (No space left on device); fd=3
04-29 05:37:53.747 1592 2494 W SchedPolicy: add_tid_to_cgroup failed to write '2495' (No space left on device); fd=3
04-29 05:37:53.747 1592 2494 W SchedPolicy: add_tid_to_cgroup failed to write '2500' (No space left on device); fd=3
04-29 05:37:53.747 1592 2494 W SchedPolicy: add_tid_to_cgroup failed to write '2620' (No space left on device); fd=3
04-29 05:37:53.747 1592 2494 W SchedPolicy: add_tid_to_cgroup failed to write '2985' (No space left on device); fd=3
04-29 05:37:53.747 1592 2494 W SchedPolicy: add_tid_to_cgroup failed to write '3224' (No space left on device); fd=3
04-29 05:37:53.747 1592 2494 W SchedPolicy: add_tid_to_cgroup failed to write '3242' (No space left on device); fd=3
04-29 05:37:53.747 1592 2494 W SchedPolicy: add_tid_to_cgroup failed to write '3283' (No space left on device); fd=3
04-29 05:37:53.749 1592 2494 W SchedPolicy: add_tid_to_cgroup failed to write '2362' (No space left on device); fd=25
04-29 05:37:53.749 1592 2494 W SchedPolicy: add_tid_to_cgroup failed to write '2367' (No space left on device); fd=25
04-29 05:37:53.749 1592 2494 W SchedPolicy: add_tid_to_cgroup failed to write '2368' (No space left on device); fd=25
04-29 05:37:53.749 1592 2494 W SchedPolicy: add_tid_to_cgroup failed to write '2369' (No space left on device); fd=25
04-29 05:37:53.749 1592 2494 W SchedPolicy: add_tid_to_cgroup failed to write '2370' (No space left on device); fd=25
04-29 05:37:53.749 1592 2494 W SchedPolicy: add_tid_to_cgroup failed to write '2371' (No space left on device); fd=25
04-29 05:37:53.749 1592 2494 W SchedPolicy: add_tid_to_cgroup failed to write '2372' (No space left on device); fd=25
04-29 05:37:53.749 1592 2494 W SchedPolicy: add_tid_to_cgroup failed to write '2373' (No space left on device); fd=25
04-29 05:37:53.749 1592 2494 W SchedPolicy: add_tid_to_cgroup failed to write '2374' (No space left on device); fd=25
04-29 05:37:53.749 1592 2494 W SchedPolicy: add_tid_to_cgroup failed to write '2375' (No space left on device); fd=25
04-29 05:37:53.749 1592 2494 W SchedPolicy: add_tid_to_cgroup failed to write '2378' (No space left on device); fd=25
04-29 05:37:53.749 1592 2494 W SchedPolicy: add_tid_to_cgroup failed to write '2380' (No space left on device); fd=25
04-29 05:37:53.749 1592 2494 W SchedPolicy: add_tid_to_cgroup failed to write '2394' (No space left on device); fd=25
04-29 05:37:53.749 1592 2494 W SchedPolicy: add_tid_to_cgroup failed to write '2401' (No space left on device); fd=25
04-29 05:37:53.749 1592 2494 W SchedPolicy: add_tid_to_cgroup failed to write '2482' (No space left on device); fd=25
04-29 05:37:53.749 1592 2494 W SchedPolicy: add_tid_to_cgroup failed to write '2495' (No space left on device); fd=25
04-29 05:37:53.749 1592 2494 W SchedPolicy: add_tid_to_cgroup failed to write '2500' (No space left on device); fd=25
04-29 05:37:53.749 1592 2494 W SchedPolicy: add_tid_to_cgroup failed to write '2620' (No space left on device); fd=25
04-29 05:37:53.749 1592 2494 W SchedPolicy: add_tid_to_cgroup failed to write '2985' (No space left on device); fd=25
04-29 05:37:53.749 1592 2494 W SchedPolicy: add_tid_to_cgroup failed to write '3224' (No space left on device); fd=25
04-29 05:37:53.749 1592 2494 W SchedPolicy: add_tid_to_cgroup failed to write '3242' (No space left on device); fd=25
04-29 05:37:53.749 1592 2494 W SchedPolicy: add_tid_to_cgroup failed to write '3283' (No space left on device); fd=25
04-29 05:37:53.750 1592 1956 W SchedPolicy: add_tid_to_cgroup failed to write '2362' (No space left on device); fd=3
04-29 05:37:53.750 1592 1956 W SchedPolicy: add_tid_to_cgroup failed to write '2367' (No space left on device); fd=3
04-29 05:37:53.750 1592 1956 W SchedPolicy: add_tid_to_cgroup failed to write '2368' (No space left on device); fd=3
04-29 05:37:53.750 1592 1956 W SchedPolicy: add_tid_to_cgroup failed to write '2369' (No space left on device); fd=3
04-29 05:37:53.750 1592 1956 W SchedPolicy: add_tid_to_cgroup failed to write '2370' (No space left on device); fd=3
04-29 05:37:53.750 1592 1956 W SchedPolicy: add_tid_to_cgroup failed to write '2371' (No space left on device); fd=3
04-29 05:37:53.750 1592 1956 W SchedPolicy: add_tid_to_cgroup failed to write '2372' (No space left on device); fd=3
04-29 05:37:53.750 1592 1956 W SchedPolicy: add_tid_to_cgroup failed to write '2373' (No space left on device); fd=3
04-29 05:37:53.750 1592 1956 W SchedPolicy: add_tid_to_cgroup failed to write '2374' (No space left on device); fd=3
04-29 05:37:53.750 1592 1956 W SchedPolicy: add_tid_to_cgroup failed to write '2375' (No space left on device); fd=3
04-29 05:37:53.750 1592 1956 W SchedPolicy: add_tid_to_cgroup failed to write '2378' (No space left on device); fd=3
04-29 05:37:53.750 1592 1956 W SchedPolicy: add_tid_to_cgroup failed to write '2380' (No space left on device); fd=3
04-29 05:37:53.750 1592 1956 W SchedPolicy: add_tid_to_cgroup failed to write '2394' (No space left on device); fd=3
04-29 05:37:53.750 1592 1956 W SchedPolicy: add_tid_to_cgroup failed to write '2401' (No space left on device); fd=3
04-29 05:37:53.750 1592 1956 W SchedPolicy: add_tid_to_cgroup failed to write '2482' (No space left on device); fd=3
04-29 05:37:53.750 1592 1956 W SchedPolicy: add_tid_to_cgroup failed to write '2495' (No space left on device); fd=3
04-29 05:37:53.750 1592 1956 W SchedPolicy: add_tid_to_cgroup failed to write '2500' (No space left on device); fd=3
04-29 05:37:53.750 1592 1956 W SchedPolicy: add_tid_to_cgroup failed to write '2620' (No space left on device); fd=3
04-29 05:37:53.750 1592 1956 W SchedPolicy: add_tid_to_cgroup failed to write '2985' (No space left on device); fd=3
04-29 05:37:53.750 1592 1956 W SchedPolicy: add_tid_to_cgroup failed to write '3224' (No space left on device); fd=3
04-29 05:37:53.750 1592 1956 W SchedPolicy: add_tid_to_cgroup failed to write '3242' (No space left on device); fd=3
04-29 05:37:53.750 1592 1956 W SchedPolicy: add_tid_to_cgroup failed to write '3283' (No space left on device); fd=3
04-29 05:37:53.752 1592 2494 W SchedPolicy: add_tid_to_cgroup failed to write '2362' (No space left on device); fd=25
04-29 05:37:53.752 1592 2494 W SchedPolicy: add_tid_to_cgroup failed to write '2367' (No space left on device); fd=25
04-29 05:37:53.752 1592 2494 W SchedPolicy: add_tid_to_cgroup failed to write '2368' (No space left on device); fd=25
04-29 05:37:53.752 1592 2494 W SchedPolicy: add_tid_to_cgroup failed to write '2369' (No space left on device); fd=25
04-29 05:37:53.752 1592 2494 W SchedPolicy: add_tid_to_cgroup failed to write '2370' (No space left on device); fd=25
04-29 05:37:53.752 1592 2494 W SchedPolicy: add_tid_to_cgroup failed to write '2371' (No space left on device); fd=25
04-29 05:37:53.752 1592 2494 W SchedPolicy: add_tid_to_cgroup failed to write '2372' (No space left on device); fd=25
04-29 05:37:53.752 1592 2494 W SchedPolicy: add_tid_to_cgroup failed to write '2373' (No space left on device); fd=25
04-29 05:37:53.752 1592 2494 W SchedPolicy: add_tid_to_cgroup failed to write '2374' (No space left on device); fd=25
04-29 05:37:53.752 1592 2494 W SchedPolicy: add_tid_to_cgroup failed to write '2375' (No space left on device); fd=25
04-29 05:37:53.752 1592 2494 W SchedPolicy: add_tid_to_cgroup failed to write '2378' (No space left on device); fd=25
04-29 05:37:53.752 1592 2494 W SchedPolicy: add_tid_to_cgroup failed to write '2380' (No space left on device); fd=25
04-29 05:37:53.752 1592 2494 W SchedPolicy: add_tid_to_cgroup failed to write '2394' (No space left on device); fd=25
04-29 05:37:53.752 1592 2494 W SchedPolicy: add_tid_to_cgroup failed to write '2401' (No space left on device); fd=25
04-29 05:37:53.752 1592 2494 W SchedPolicy: add_tid_to_cgroup failed to write '2482' (No space left on device); fd=25
04-29 05:37:53.752 1592 2494 W SchedPolicy: add_tid_to_cgroup failed to write '2495' (No space left on device); fd=25
04-29 05:37:53.752 1592 2494 W SchedPolicy: add_tid_to_cgroup failed to write '2500' (No space left on device); fd=25
04-29 05:37:53.752 1592 2494 W SchedPolicy: add_tid_to_cgroup failed to write '2620' (No space left on device); fd=25
04-29 05:37:53.752 1592 2494 W SchedPolicy: add_tid_to_cgroup failed to write '2985' (No space left on device); fd=25
04-29 05:37:53.752 1592 2494 W SchedPolicy: add_tid_to_cgroup failed to write '3224' (No space left on device); fd=25
04-29 05:37:53.752 1592 2494 W SchedPolicy: add_tid_to_cgroup failed to write '3242' (No space left on device); fd=25
04-29 05:37:53.752 1592 2494 W SchedPolicy: add_tid_to_cgroup failed to write '3283' (No space left on device); fd=25
04-29 05:37:53.753 1592 1956 W SchedPolicy: add_tid_to_cgroup failed to write '2362' (No space left on device); fd=3
04-29 05:37:53.753 1592 1956 W SchedPolicy: add_tid_to_cgroup failed to write '2367' (No space left on device); fd=3
