04-29 05:37:52.809 2271 2277 I zygote64: Increasing code cache capacity to 1024KB
04-29 05:37:52.810 2271 2277 I zygote64: Compiler allocated 5MB to compile int brdn.b(java.lang.Object)
04-29 05:37:53.039 2271 2590 I Icing : Internal init done: storage state 0
04-29 05:37:53.043 1592 1956 W SchedPolicy: add_tid_to_cgroup failed to write '2362' (No space left on device); fd=3
04-29 05:37:53.043 1592 1956 W SchedPolicy: add_tid_to_cgroup failed to write '2367' (No space left on device); fd=3
04-29 05:37:53.043 1592 1956 W SchedPolicy: add_tid_to_cgroup failed to write '2368' (No space left on device); fd=3
04-29 05:37:53.043 1592 1956 W SchedPolicy: add_tid_to_cgroup failed to write '2369' (No space left on device); fd=3
04-29 05:37:53.043 1592 1956 W SchedPolicy: add_tid_to_cgroup failed to write '2370' (No space left on device); fd=3
04-29 05:37:53.043 1592 1956 W SchedPolicy: add_tid_to_cgroup failed to write '2371' (No space left on device); fd=3
04-29 05:37:53.043 1592 1956 W SchedPolicy: add_tid_to_cgroup failed to write '2372' (No space left on device); fd=3
04-29 05:37:53.043 1592 1956 W SchedPolicy: add_tid_to_cgroup failed to write '2373' (No space left on device); fd=3
04-29 05:37:53.043 1592 1956 W SchedPolicy: add_tid_to_cgroup failed to write '2374' (No space left on device); fd=3
04-29 05:37:53.043 1592 1956 W SchedPolicy: add_tid_to_cgroup failed to write '2375' (No space left on device); fd=3
04-29 05:37:53.043 1592 1956 W SchedPolicy: add_tid_to_cgroup failed to write '2378' (No space left on device); fd=3
04-29 05:37:53.043 1592 1956 W SchedPolicy: add_tid_to_cgroup failed to write '2380' (No space left on device); fd=3
04-29 05:37:53.043 1592 1956 W SchedPolicy: add_tid_to_cgroup failed to write '2394' (No space left on device); fd=3
04-29 05:37:53.043 1592 1956 W SchedPolicy: add_tid_to_cgroup failed to write '2401' (No space left on device); fd=3
04-29 05:37:53.043 1592 1956 W SchedPolicy: add_tid_to_cgroup failed to write '2482' (No space left on device); fd=3
04-29 05:37:53.043 1592 1956 W SchedPolicy: add_tid_to_cgroup failed to write '2495' (No space left on device); fd=3
04-29 05:37:53.043 1592 1956 W SchedPolicy: add_tid_to_cgroup failed to write '2500' (No space left on device); fd=3
04-29 05:37:53.043 1592 1956 W SchedPolicy: add_tid_to_cgroup failed to write '2620' (No space left on device); fd=3
04-29 05:37:53.043 1592 1956 W SchedPolicy: add_tid_to_cgroup failed to write '2985' (No space left on device); fd=3
04-29 05:37:53.043 1592 1956 W SchedPolicy: add_tid_to_cgroup failed to write '3224' (No space left on device); fd=3
04-29 05:37:53.043 1592 1956 W SchedPolicy: add_tid_to_cgroup failed to write '3242' (No space left on device); fd=3
04-29 05:37:53.043 1592 1956 W SchedPolicy: add_tid_to_cgroup failed to write '3283' (No space left on device); fd=3
04-29 05:37:53.045 2271 2782 I Icing : IndexChimeraService.getServiceInterface callingPackage=com.google.android.gms componentName=AppsCorpus serviceId=SEARCH_QUERIES
04-29 05:37:53.058 1592 2494 W SchedPolicy: add_tid_to_cgroup failed to write '2362' (No space left on device); fd=25
04-29 05:37:53.058 1592 2494 W SchedPolicy: add_tid_to_cgroup failed to write '2367' (No space left on device); fd=25
04-29 05:37:53.058 1592 2494 W SchedPolicy: add_tid_to_cgroup failed to write '2368' (No space left on device); fd=25
04-29 05:37:53.058 1592 2494 W SchedPolicy: add_tid_to_cgroup failed to write '2369' (No space left on device); fd=25
04-29 05:37:53.058 1592 2494 W SchedPolicy: add_tid_to_cgroup failed to write '2370' (No space left on device); fd=25
04-29 05:37:53.058 1592 2494 W SchedPolicy: add_tid_to_cgroup failed to write '2371' (No space left on device); fd=25
04-29 05:37:53.058 1592 2494 W SchedPolicy: add_tid_to_cgroup failed to write '2372' (No space left on device); fd=25
04-29 05:37:53.058 1592 2494 W SchedPolicy: add_tid_to_cgroup failed to write '2373' (No space left on device); fd=25
04-29 05:37:53.058 1592 2494 W SchedPolicy: add_tid_to_cgroup failed to write '2374' (No space left on device); fd=25
04-29 05:37:53.058 1592 2494 W SchedPolicy: add_tid_to_cgroup failed to write '2375' (No space left on device); fd=25
04-29 05:37:53.058 1592 2494 W SchedPolicy: add_tid_to_cgroup failed to write '2378' (No space left on device); fd=25
04-29 05:37:53.058 1592 2494 W SchedPolicy: add_tid_to_cgroup failed to write '2380' (No space left on device); fd=25
04-29 05:37:53.058 1592 2494 W SchedPolicy: add_tid_to_cgroup failed to write '2394' (No space left on device); fd=25
04-29 05:37:53.058 1592 2494 W SchedPolicy: add_tid_to_cgroup failed to write '2401' (No space left on device); fd=25
04-29 05:37:53.058 1592 2494 W SchedPolicy: add_tid_to_cgroup failed to write '2482' (No space left on device); fd=25
04-29 05:37:53.058 1592 2494 W SchedPolicy: add_tid_to_cgroup failed to write '2495' (No space left on device); fd=25
04-29 05:37:53.058 1592 2494 W SchedPolicy: add_tid_to_cgroup failed to write '2500' (No space left on device); fd=25
04-29 05:37:53.058 1592 2494 W SchedPolicy: add_tid_to_cgroup failed to write '2620' (No space left on device); fd=25
04-29 05:37:53.059 1592 2494 W SchedPolicy: add_tid_to_cgroup failed to write '2985' (No space left on device); fd=25
04-29 05:37:53.059 1592 2494 W SchedPolicy: add_tid_to_cgroup failed to write '3224' (No space left on device); fd=25
04-29 05:37:53.059 1592 2494 W SchedPolicy: add_tid_to_cgroup failed to write '3242' (No space left on device); fd=25
04-29 05:37:53.059 1592 2494 W SchedPolicy: add_tid_to_cgroup failed to write '3283' (No space left on device); fd=25
04-29 05:37:53.059 1592 1956 W SchedPolicy: add_tid_to_cgroup failed to write '2362' (No space left on device); fd=3
04-29 05:37:53.059 1592 1956 W SchedPolicy: add_tid_to_cgroup failed to write '2367' (No space left on device); fd=3
04-29 05:37:53.059 1592 1956 W SchedPolicy: add_tid_to_cgroup failed to write '2368' (No space left on device); fd=3
04-29 05:37:53.059 1592 1956 W SchedPolicy: add_tid_to_cgroup failed to write '2369' (No space left on device); fd=3
04-29 05:37:53.059 1592 1956 W SchedPolicy: add_tid_to_cgroup failed to write '2370' (No space left on device); fd=3
04-29 05:37:53.059 1592 1956 W SchedPolicy: add_tid_to_cgroup failed to write '2371' (No space left on device); fd=3
04-29 05:37:53.059 1592 1956 W SchedPolicy: add_tid_to_cgroup failed to write '2372' (No space left on device); fd=3
04-29 05:37:53.059 1592 1956 W SchedPolicy: add_tid_to_cgroup failed to write '2373' (No space left on device); fd=3
04-29 05:37:53.059 1592 1956 W SchedPolicy: add_tid_to_cgroup failed to write '2374' (No space left on device); fd=3
04-29 05:37:53.059 1592 1956 W SchedPolicy: add_tid_to_cgroup failed to write '2375' (No space left on device); fd=3
04-29 05:37:53.059 1592 1956 W SchedPolicy: add_tid_to_cgroup failed to write '2378' (No space left on device); fd=3
04-29 05:37:53.059 1592 1956 W SchedPolicy: add_tid_to_cgroup failed to write '2380' (No space left on device); fd=3
04-29 05:37:53.059 1592 1956 W SchedPolicy: add_tid_to_cgroup failed to write '2394' (No space left on device); fd=3
04-29 05:37:53.060 1592 1956 W SchedPolicy: add_tid_to_cgroup failed to write '2401' (No space left on device); fd=3
04-29 05:37:53.060 1592 1956 W SchedPolicy: add_tid_to_cgroup failed to write '2482' (No space left on device); fd=3
04-29 05:37:53.060 1592 1956 W SchedPolicy: add_tid_to_cgroup failed to write '2495' (No space left on device); fd=3
04-29 05:37:53.060 1592 1956 W SchedPolicy: add_tid_to_cgroup failed to write '2500' (No space left on device); fd=3
04-29 05:37:53.060 1592 1956 W SchedPolicy: add_tid_to_cgroup failed to write '2620' (No space left on device); fd=3
04-29 05:37:53.060 1592 1956 W SchedPolicy: add_tid_to_cgroup failed to write '2985' (No space left on device); fd=3
04-29 05:37:53.060 1592 1956 W SchedPolicy: add_tid_to_cgroup failed to write '3224' (No space left on device); fd=3
04-29 05:37:53.060 1592 1956 W SchedPolicy: add_tid_to_cgroup failed to write '3242' (No space left on device); fd=3
04-29 05:37:53.060 1592 1956 W SchedPolicy: add_tid_to_cgroup failed to write '3283' (No space left on device); fd=3
04-29 05:37:53.062 2271 2590 I zygote64: Deoptimizing void brar.a(int, brdj, bree) due to JIT inline cache
04-29 05:37:53.062 2271 2590 I zygote64: Deoptimizing void brar.c(int) due to JIT inline cache
04-29 05:37:53.062 2271 2590 I zygote64: Deoptimizing void brar.a(int, java.lang.String) due to JIT inline cache
04-29 05:37:53.062 2271 2590 I zygote64: Deoptimizing void brar.a(java.lang.String) due to JIT inline cache
04-29 05:37:53.063 1592 2494 W SchedPolicy: add_tid_to_cgroup failed to write '2362' (No space left on device); fd=25
04-29 05:37:53.063 1592 2494 W SchedPolicy: add_tid_to_cgroup failed to write '2367' (No space left on device); fd=25
04-29 05:37:53.063 1592 2494 W SchedPolicy: add_tid_to_cgroup failed to write '2368' (No space left on device); fd=25
04-29 05:37:53.063 1592 2494 W SchedPolicy: add_tid_to_cgroup failed to write '2369' (No space left on device); fd=25
04-29 05:37:53.063 1592 2494 W SchedPolicy: add_tid_to_cgroup failed to write '2370' (No space left on device); fd=25
04-29 05:37:53.063 1592 2494 W SchedPolicy: add_tid_to_cgroup failed to write '2371' (No space left on device); fd=25
04-29 05:37:53.063 1592 2494 W SchedPolicy: add_tid_to_cgroup failed to write '2372' (No space left on device); fd=25
04-29 05:37:53.063 1592 2494 W SchedPolicy: add_tid_to_cgroup failed to write '2373' (No space left on device); fd=25
04-29 05:37:53.063 1592 2494 W SchedPolicy: add_tid_to_cgroup failed to write '2374' (No space left on device); fd=25
04-29 05:37:53.063 1592 2494 W SchedPolicy: add_tid_to_cgroup failed to write '2375' (No space left on device); fd=25
04-29 05:37:53.063 1592 2494 W SchedPolicy: add_tid_to_cgroup failed to write '2378' (No space left on device); fd=25
04-29 05:37:53.063 1592 2494 W SchedPolicy: add_tid_to_cgroup failed to write '2380' (No space left on device); fd=25
04-29 05:37:53.063 1592 2494 W SchedPolicy: add_tid_to_cgroup failed to write '2394' (No space left on device); fd=25
04-29 05:37:53.064 1592 2494 W SchedPolicy: add_tid_to_cgroup failed to write '2401' (No space left on device); fd=25
04-29 05:37:53.064 2271 2590 I Icing : 14 corpora need re-polling
04-29 05:37:53.064 1592 2494 W SchedPolicy: add_tid_to_cgroup failed to write '2482' (No space left on device); fd=25
04-29 05:37:53.064 1592 2494 W SchedPolicy: add_tid_to_cgroup failed to write '2495' (No space left on device); fd=25
04-29 05:37:53.064 1592 2494 W SchedPolicy: add_tid_to_cgroup failed to write '2500' (No space left on device); fd=25
04-29 05:37:53.064 1592 2494 W SchedPolicy: add_tid_to_cgroup failed to write '2620' (No space left on device); fd=25
04-29 05:37:53.064 1592 2494 W SchedPolicy: add_tid_to_cgroup failed to write '2985' (No space left on device); fd=25
04-29 05:37:53.064 1592 2494 W SchedPolicy: add_tid_to_cgroup failed to write '3224' (No space left on device); fd=25
04-29 05:37:53.064 1592 2494 W SchedPolicy: add_tid_to_cgroup failed to write '3242' (No space left on device); fd=25
04-29 05:37:53.064 1592 2494 W SchedPolicy: add_tid_to_cgroup failed to write '3283' (No space left on device); fd=25
04-29 05:37:53.101 1592 2494 W SchedPolicy: add_tid_to_cgroup failed to write '2362' (No space left on device); fd=3
04-29 05:37:53.102 1592 2494 W SchedPolicy: add_tid_to_cgroup failed to write '2367' (No space left on device); fd=3
04-29 05:37:53.102 1592 2494 W SchedPolicy: add_tid_to_cgroup failed to write '2368' (No space left on device); fd=3
04-29 05:37:53.102 1592 2494 W SchedPolicy: add_tid_to_cgroup failed to write '2369' (No space left on device); fd=3
04-29 05:37:53.102 1592 2494 W SchedPolicy: add_tid_to_cgroup failed to write '2370' (No space left on device); fd=3
04-29 05:37:53.102 1592 2494 W SchedPolicy: add_tid_to_cgroup failed to write '2371' (No space left on device); fd=3
04-29 05:37:53.102 1592 2494 W SchedPolicy: add_tid_to_cgroup failed to write '2372' (No space left on device); fd=3
04-29 05:37:53.102 1592 2494 W SchedPolicy: add_tid_to_cgroup failed to write '2373' (No space left on device); fd=3
04-29 05:37:53.102 1592 2494 W SchedPolicy: add_tid_to_cgroup failed to write '2374' (No space left on device); fd=3
04-29 05:37:53.102 1592 2494 W SchedPolicy: add_tid_to_cgroup failed to write '2375' (No space left on device); fd=3
04-29 05:37:53.102 1592 2494 W SchedPolicy: add_tid_to_cgroup failed to write '2378' (No space left on device); fd=3
04-29 05:37:53.102 1592 2494 W SchedPolicy: add_tid_to_cgroup failed to write '2380' (No space left on device); fd=3
04-29 05:37:53.102 1592 2494 W SchedPolicy: add_tid_to_cgroup failed to write '2394' (No space left on device); fd=3
04-29 05:37:53.102 1592 2494 W SchedPolicy: add_tid_to_cgroup failed to write '2401' (No space left on device); fd=3
04-29 05:37:53.102 1592 2494 W SchedPolicy: add_tid_to_cgroup failed to write '2482' (No space left on device); fd=3
04-29 05:37:53.102 1592 2494 W SchedPolicy: add_tid_to_cgroup failed to write '2495' (No space left on device); fd=3
04-29 05:37:53.102 1592 2494 W SchedPolicy: add_tid_to_cgroup failed to write '2500' (No space left on device); fd=3
04-29 05:37:53.102 1592 2494 W SchedPolicy: add_tid_to_cgroup failed to write '2620' (No space left on device); fd=3
04-29 05:37:53.102 1592 2494 W SchedPolicy: add_tid_to_cgroup failed to write '2985' (No space left on device); fd=3
04-29 05:37:53.102 1592 2494 W SchedPolicy: add_tid_to_cgroup failed to write '3224' (No space left on device); fd=3
04-29 05:37:53.102 1592 2494 W SchedPolicy: add_tid_to_cgroup failed to write '3242' (No space left on device); fd=3
04-29 05:37:53.102 1592 2494 W SchedPolicy: add_tid_to_cgroup failed to write '3283' (No space left on device); fd=3
04-29 05:37:53.109 2271 2590 I Icing : Post-init done
04-29 05:37:53.110 1592 2494 W SchedPolicy: add_tid_to_cgroup failed to write '2362' (No space left on device); fd=25
04-29 05:37:53.110 1592 2494 W SchedPolicy: add_tid_to_cgroup failed to write '2367' (No space left on device); fd=25
04-29 05:37:53.110 1592 2494 W SchedPolicy: add_tid_to_cgroup failed to write '2368' (No space left on device); fd=25
04-29 05:37:53.110 1592 2494 W SchedPolicy: add_tid_to_cgroup failed to write '2369' (No space left on device); fd=25
04-29 05:37:53.110 1592 2494 W SchedPolicy: add_tid_to_cgroup failed to write '2370' (No space left on device); fd=25
04-29 05:37:53.110 1592 2494 W SchedPolicy: add_tid_to_cgroup failed to write '2371' (No space left on device); fd=25
04-29 05:37:53.110 1592 2494 W SchedPolicy: add_tid_to_cgroup failed to write '2372' (No space left on device); fd=25
04-29 05:37:53.110 1592 2494 W SchedPolicy: add_tid_to_cgroup failed to write '2373' (No space left on device); fd=25
04-29 05:37:53.110 1592 2494 W SchedPolicy: add_tid_to_cgroup failed to write '2374' (No space left on device); fd=25
04-29 05:37:53.110 1592 2494 W SchedPolicy: add_tid_to_cgroup failed to write '2375' (No space left on device); fd=25
04-29 05:37:53.110 1592 2494 W SchedPolicy: add_tid_to_cgroup failed to write '2378' (No space left on device); fd=25
04-29 05:37:53.110 1592 2494 W SchedPolicy: add_tid_to_cgroup failed to write '2380' (No space left on device); fd=25
04-29 05:37:53.110 1592 2494 W SchedPolicy: add_tid_to_cgroup failed to write '2394' (No space left on device); fd=25
04-29 05:37:53.110 1592 2494 W SchedPolicy: add_tid_to_cgroup failed to write '2401' (No space left on device); fd=25
04-29 05:37:53.110 1592 2494 W SchedPolicy: add_tid_to_cgroup failed to write '2482' (No space left on device); fd=25
04-29 05:37:53.110 1592 2494 W SchedPolicy: add_tid_to_cgroup failed to write '2495' (No space left on device); fd=25
04-29 05:37:53.110 1592 2494 W SchedPolicy: add_tid_to_cgroup failed to write '2500' (No space left on device); fd=25
04-29 05:37:53.110 1592 2494 W SchedPolicy: add_tid_to_cgroup failed to write '2620' (No space left on device); fd=25
04-29 05:37:53.110 1592 2494 W SchedPolicy: add_tid_to_cgroup failed to write '2985' (No space left on device); fd=25
04-29 05:37:53.110 1592 2494 W SchedPolicy: add_tid_to_cgroup failed to write '3224' (No space left on device); fd=25
04-29 05:37:53.110 1592 2494 W SchedPolicy: add_tid_to_cgroup failed to write '3242' (No space left on device); fd=25
04-29 05:37:53.110 1592 2494 W SchedPolicy: add_tid_to_cgroup failed to write '3283' (No space left on device); fd=25
04-29 05:37:53.112 2271 2590 I Icing : updateResources: need to parse abpu{com.google.android.gms}
04-29 05:37:53.162 1592 2494 W SchedPolicy: add_tid_to_cgroup failed to write '2362' (No space left on device); fd=3
04-29 05:37:53.162 1592 2494 W SchedPolicy: add_tid_to_cgroup failed to write '2367' (No space left on device); fd=3
04-29 05:37:53.162 1592 2494 W SchedPolicy: add_tid_to_cgroup failed to write '2368' (No space left on device); fd=3
04-29 05:37:53.162 1592 2494 W SchedPolicy: add_tid_to_cgroup failed to write '2369' (No space left on device); fd=3
04-29 05:37:53.162 1592 2494 W SchedPolicy: add_tid_to_cgroup failed to write '2370' (No space left on device); fd=3
04-29 05:37:53.162 1592 2494 W SchedPolicy: add_tid_to_cgroup failed to write '2371' (No space left on device); fd=3
04-29 05:37:53.162 1592 2494 W SchedPolicy: add_tid_to_cgroup failed to write '2372' (No space left on device); fd=3
04-29 05:37:53.162 1592 2494 W SchedPolicy: add_tid_to_cgroup failed to write '2373' (No space left on device); fd=3
04-29 05:37:53.162 1592 2494 W SchedPolicy: add_tid_to_cgroup failed to write '2374' (No space left on device); fd=3
04-29 05:37:53.162 1592 2494 W SchedPolicy: add_tid_to_cgroup failed to write '2375' (No space left on device); fd=3
04-29 05:37:53.162 1592 2494 W SchedPolicy: add_tid_to_cgroup failed to write '2378' (No space left on device); fd=3
04-29 05:37:53.162 1592 2494 W SchedPolicy: add_tid_to_cgroup failed to write '2380' (No space left on device); fd=3
04-29 05:37:53.162 1592 2494 W SchedPolicy: add_tid_to_cgroup failed to write '2394' (No space left on device); fd=3
04-29 05:37:53.162 1592 2494 W SchedPolicy: add_tid_to_cgroup failed to write '2401' (No space left on device); fd=3
04-29 05:37:53.162 1592 2494 W SchedPolicy: add_tid_to_cgroup failed to write '2482' (No space left on device); fd=3
04-29 05:37:53.162 1592 2494 W SchedPolicy: add_tid_to_cgroup failed to write '2495' (No space left on device); fd=3
04-29 05:37:53.162 1592 2494 W SchedPolicy: add_tid_to_cgroup failed to write '2500' (No space left on device); fd=3
04-29 05:37:53.162 1592 2494 W SchedPolicy: add_tid_to_cgroup failed to write '2620' (No space left on device); fd=3
04-29 05:37:53.162 1592 2494 W SchedPolicy: add_tid_to_cgroup failed to write '2985' (No space left on device); fd=3
04-29 05:37:53.162 1592 2494 W SchedPolicy: add_tid_to_cgroup failed to write '3224' (No space left on device); fd=3
04-29 05:37:53.162 1592 2494 W SchedPolicy: add_tid_to_cgroup failed to write '3242' (No space left on device); fd=3
04-29 05:37:53.162 1592 2494 W SchedPolicy: add_tid_to_cgroup failed to write '3283' (No space left on device); fd=3
04-29 05:37:53.164 1592 2494 W SchedPolicy: add_tid_to_cgroup failed to write '2362' (No space left on device); fd=25
04-29 05:37:53.164 1592 2494 W SchedPolicy: add_tid_to_cgroup failed to write '2367' (No space left on device); fd=25
04-29 05:37:53.164 1592 2494 W SchedPolicy: add_tid_to_cgroup failed to write '2368' (No space left on device); fd=25
04-29 05:37:53.164 1592 2494 W SchedPolicy: add_tid_to_cgroup failed to write '2369' (No space left on device); fd=25
04-29 05:37:53.164 1592 2494 W SchedPolicy: add_tid_to_cgroup failed to write '2370' (No space left on device); fd=25
04-29 05:37:53.164 1592 2494 W SchedPolicy: add_tid_to_cgroup failed to write '2371' (No space left on device); fd=25
04-29 05:37:53.164 1592 2494 W SchedPolicy: add_tid_to_cgroup failed to write '2372' (No space left on device); fd=25
04-29 05:37:53.165 1592 2494 W SchedPolicy: add_tid_to_cgroup failed to write '2373' (No space left on device); fd=25
04-29 05:37:53.165 1592 2494 W SchedPolicy: add_tid_to_cgroup failed to write '2374' (No space left on device); fd=25
04-29 05:37:53.165 1592 2494 W SchedPolicy: add_tid_to_cgroup failed to write '2375' (No space left on device); fd=25
04-29 05:37:53.165 1592 2494 W SchedPolicy: add_tid_to_cgroup failed to write '2378' (No space left on device); fd=25
04-29 05:37:53.165 1592 2494 W SchedPolicy: add_tid_to_cgroup failed to write '2380' (No space left on device); fd=25
04-29 05:37:53.165 1592 2494 W SchedPolicy: add_tid_to_cgroup failed to write '2394' (No space left on device); fd=25
04-29 05:37:53.165 1592 2494 W SchedPolicy: add_tid_to_cgroup failed to write '2401' (No space left on device); fd=25
04-29 05:37:53.165 1592 2494 W SchedPolicy: add_tid_to_cgroup failed to write '2482' (No space left on device); fd=25
04-29 05:37:53.165 1592 2494 W SchedPolicy: add_tid_to_cgroup failed to write '2495' (No space left on device); fd=25
04-29 05:37:53.165 1592 2494 W SchedPolicy: add_tid_to_cgroup failed to write '2500' (No space left on device); fd=25
04-29 05:37:53.165 1592 2494 W SchedPolicy: add_tid_to_cgroup failed to write '2620' (No space left on device); fd=25
04-29 05:37:53.165 1592 2494 W SchedPolicy: add_tid_to_cgroup failed to write '2985' (No space left on device); fd=25
04-29 05:37:53.165 1592 2494 W SchedPolicy: add_tid_to_cgroup failed to write '3224' (No space left on device); fd=25
04-29 05:37:53.165 1592 2494 W SchedPolicy: add_tid_to_cgroup failed to write '3242' (No space left on device); fd=25
04-29 05:37:53.165 1592 2494 W SchedPolicy: add_tid_to_cgroup failed to write '3283' (No space left on device); fd=25
04-29 05:37:53.174 1592 2494 W SchedPolicy: add_tid_to_cgroup failed to write '2362' (No space left on device); fd=3
04-29 05:37:53.174 1592 2494 W SchedPolicy: add_tid_to_cgroup failed to write '2367' (No space left on device); fd=3
04-29 05:37:53.174 1592 2494 W SchedPolicy: add_tid_to_cgroup failed to write '2368' (No space left on device); fd=3
04-29 05:37:53.174 1592 2494 W SchedPolicy: add_tid_to_cgroup failed to write '2369' (No space left on device); fd=3
04-29 05:37:53.174 1592 2494 W SchedPolicy: add_tid_to_cgroup failed to write '2370' (No space left on device); fd=3
04-29 05:37:53.174 1592 2494 W SchedPolicy: add_tid_to_cgroup failed to write '2371' (No space left on device); fd=3
04-29 05:37:53.174 1592 2494 W SchedPolicy: add_tid_to_cgroup failed to write '2372' (No space left on device); fd=3
04-29 05:37:53.174 1592 2494 W SchedPolicy: add_tid_to_cgroup failed to write '2373' (No space left on device); fd=3
04-29 05:37:53.175 1592 2494 W SchedPolicy: add_tid_to_cgroup failed to write '2374' (No space left on device); fd=3
04-29 05:37:53.175 1592 2494 W SchedPolicy: add_tid_to_cgroup failed to write '2375' (No space left on device); fd=3
04-29 05:37:53.175 1592 2494 W SchedPolicy: add_tid_to_cgroup failed to write '2378' (No space left on device); fd=3
04-29 05:37:53.175 1592 2494 W SchedPolicy: add_tid_to_cgroup failed to write '2380' (No space left on device); fd=3
04-29 05:37:53.175 1592 2494 W SchedPolicy: add_tid_to_cgroup failed to write '2394' (No space left on device); fd=3
04-29 05:37:53.175 1592 2494 W SchedPolicy: add_tid_to_cgroup failed to write '2401' (No space left on device); fd=3
04-29 05:37:53.175 1592 2494 W SchedPolicy: add_tid_to_cgroup failed to write '2482' (No space left on device); fd=3
04-29 05:37:53.175 1592 2494 W SchedPolicy: add_tid_to_cgroup failed to write '2495' (No space left on device); fd=3
04-29 05:37:53.175 1592 2494 W SchedPolicy: add_tid_to_cgroup failed to write '2500' (No space left on device); fd=3
04-29 05:37:53.175 1592 2494 W SchedPolicy: add_tid_to_cgroup failed to write '2620' (No space left on device); fd=3
04-29 05:37:53.175 1592 2494 W SchedPolicy: add_tid_to_cgroup failed to write '2985' (No space left on device); fd=3
04-29 05:37:53.175 1592 2494 W SchedPolicy: add_tid_to_cgroup failed to write '3224' (No space left on device); fd=3
04-29 05:37:53.175 1592 2494 W SchedPolicy: add_tid_to_cgroup failed to write '3242' (No space left on device); fd=3
04-29 05:37:53.175 1592 2494 W SchedPolicy: add_tid_to_cgroup failed to write '3283' (No space left on device); fd=3
04-29 05:37:53.177 1592 2494 W SchedPolicy: add_tid_to_cgroup failed to write '2362' (No space left on device); fd=25
04-29 05:37:53.177 1592 2494 W SchedPolicy: add_tid_to_cgroup failed to write '2367' (No space left on device); fd=25
04-29 05:37:53.177 1592 2494 W SchedPolicy: add_tid_to_cgroup failed to write '2368' (No space left on device); fd=25
04-29 05:37:53.177 1592 2494 W SchedPolicy: add_tid_to_cgroup failed to write '2369' (No space left on device); fd=25
04-29 05:37:53.177 1592 2494 W SchedPolicy: add_tid_to_cgroup failed to write '2370' (No space left on device); fd=25
04-29 05:37:53.177 1592 2494 W SchedPolicy: add_tid_to_cgroup failed to write '2371' (No space left on device); fd=25
04-29 05:37:53.177 1592 2494 W SchedPolicy: add_tid_to_cgroup failed to write '2372' (No space left on device); fd=25
04-29 05:37:53.177 1592 2494 W SchedPolicy: add_tid_to_cgroup failed to write '2373' (No space left on device); fd=25
04-29 05:37:53.177 1592 2494 W SchedPolicy: add_tid_to_cgroup failed to write '2374' (No space left on device); fd=25
04-29 05:37:53.177 1592 2494 W SchedPolicy: add_tid_to_cgroup failed to write '2375' (No space left on device); fd=25
04-29 05:37:53.177 1592 2494 W SchedPolicy: add_tid_to_cgroup failed to write '2378' (No space left on device); fd=25
04-29 05:37:53.177 1592 2494 W SchedPolicy: add_tid_to_cgroup failed to write '2380' (No space left on device); fd=25
04-29 05:37:53.177 1592 2494 W SchedPolicy: add_tid_to_cgroup failed to write '2394' (No space left on device); fd=25
04-29 05:37:53.177 1592 2494 W SchedPolicy: add_tid_to_cgroup failed to write '2401' (No space left on device); fd=25
04-29 05:37:53.177 1592 2494 W SchedPolicy: add_tid_to_cgroup failed to write '2482' (No space left on device); fd=25
04-29 05:37:53.177 1592 2494 W SchedPolicy: add_tid_to_cgroup failed to write '2495' (No space left on device); fd=25
04-29 05:37:53.177 1592 2494 W SchedPolicy: add_tid_to_cgroup failed to write '2500' (No space left on device); fd=25
04-29 05:37:53.177 1592 2494 W SchedPolicy: add_tid_to_cgroup failed to write '2620' (No space left on device); fd=25
04-29 05:37:53.177 1592 2494 W SchedPolicy: add_tid_to_cgroup failed to write '2985' (No space left on device); fd=25
04-29 05:37:53.177 1592 2494 W SchedPolicy: add_tid_to_cgroup failed to write '3224' (No space left on device); fd=25
04-29 05:37:53.177 1592 2494 W SchedPolicy: add_tid_to_cgroup failed to write '3242' (No space left on device); fd=25
04-29 05:37:53.177 1592 2494 W SchedPolicy: add_tid_to_cgroup failed to write '3283' (No space left on device); fd=25
04-29 05:37:53.182 2271 2277 I zygote64: Compiler allocated 4MB to compile void brdn.a(java.lang.Object, brdy, brbd)
04-29 05:37:53.203 1592 2494 W SchedPolicy: add_tid_to_cgroup failed to write '2362' (No space left on device); fd=3
04-29 05:37:53.203 1592 2494 W SchedPolicy: add_tid_to_cgroup failed to write '2367' (No space left on device); fd=3
04-29 05:37:53.203 1592 2494 W SchedPolicy: add_tid_to_cgroup failed to write '2368' (No space left on device); fd=3
04-29 05:37:53.203 1592 2494 W SchedPolicy: add_tid_to_cgroup failed to write '2369' (No space left on device); fd=3
04-29 05:37:53.203 1592 2494 W SchedPolicy: add_tid_to_cgroup failed to write '2370' (No space left on device); fd=3
04-29 05:37:53.203 1592 2494 W SchedPolicy: add_tid_to_cgroup failed to write '2371' (No space left on device); fd=3
04-29 05:37:53.203 1592 2494 W SchedPolicy: add_tid_to_cgroup failed to write '2372' (No space left on device); fd=3
04-29 05:37:53.203 1592 2494 W SchedPolicy: add_tid_to_cgroup failed to write '2373' (No space left on device); fd=3
04-29 05:37:53.203 1592 2494 W SchedPolicy: add_tid_to_cgroup failed to write '2374' (No space left on device); fd=3
04-29 05:37:53.203 1592 2494 W SchedPolicy: add_tid_to_cgroup failed to write '2375' (No space left on device); fd=3
04-29 05:37:53.203 1592 2494 W SchedPolicy: add_tid_to_cgroup failed to write '2378' (No space left on device); fd=3
04-29 05:37:53.203 1592 2494 W SchedPolicy: add_tid_to_cgroup failed to write '2380' (No space left on device); fd=3
04-29 05:37:53.203 1592 2494 W SchedPolicy: add_tid_to_cgroup failed to write '2394' (No space left on device); fd=3
04-29 05:37:53.203 1592 2494 W SchedPolicy: add_tid_to_cgroup failed to write '2401' (No space left on device); fd=3
04-29 05:37:53.203 1592 2494 W SchedPolicy: add_tid_to_cgroup failed to write '2482' (No space left on device); fd=3
04-29 05:37:53.203 1592 2494 W SchedPolicy: add_tid_to_cgroup failed to write '2495' (No space left on device); fd=3
04-29 05:37:53.203 1592 2494 W SchedPolicy: add_tid_to_cgroup failed to write '2500' (No space left on device); fd=3
04-29 05:37:53.203 1592 2494 W SchedPolicy: add_tid_to_cgroup failed to write '2620' (No space left on device); fd=3
04-29 05:37:53.203 1592 2494 W SchedPolicy: add_tid_to_cgroup failed to write '2985' (No space left on device); fd=3
04-29 05:37:53.203 1592 2494 W SchedPolicy: add_tid_to_cgroup failed to write '3224' (No space left on device); fd=3
04-29 05:37:53.203 1592 2494 W SchedPolicy: add_tid_to_cgroup failed to write '3242' (No space left on device); fd=3
04-29 05:37:53.203 1592 2494 W SchedPolicy: add_tid_to_cgroup failed to write '3283' (No space left on device); fd=3
04-29 05:37:53.205 1592 2494 W SchedPolicy: add_tid_to_cgroup failed to write '2362' (No space left on device); fd=25
04-29 05:37:53.205 1592 2494 W SchedPolicy: add_tid_to_cgroup failed to write '2367' (No space left on device); fd=25
04-29 05:37:53.205 1592 2494 W SchedPolicy: add_tid_to_cgroup failed to write '2368' (No space left on device); fd=25
04-29 05:37:53.205 1592 2494 W SchedPolicy: add_tid_to_cgroup failed to write '2369' (No space left on device); fd=25
04-29 05:37:53.205 1592 2494 W SchedPolicy: add_tid_to_cgroup failed to write '2370' (No space left on device); fd=25
04-29 05:37:53.205 1592 2494 W SchedPolicy: add_tid_to_cgroup failed to write '2371' (No space left on device); fd=25
04-29 05:37:53.205 1592 2494 W SchedPolicy: add_tid_to_cgroup failed to write '2372' (No space left on device); fd=25
04-29 05:37:53.205 1592 2494 W SchedPolicy: add_tid_to_cgroup failed to write '2373' (No space left on device); fd=25
04-29 05:37:53.205 1592 2494 W SchedPolicy: add_tid_to_cgroup failed to write '2374' (No space left on device); fd=25
04-29 05:37:53.205 1592 2494 W SchedPolicy: add_tid_to_cgroup failed to write '2375' (No space left on device); fd=25
04-29 05:37:53.205 1592 2494 W SchedPolicy: add_tid_to_cgroup failed to write '2378' (No space left on device); fd=25
04-29 05:37:53.205 1592 2494 W SchedPolicy: add_tid_to_cgroup failed to write '2380' (No space left on device); fd=25
04-29 05:37:53.205 1592 2494 W SchedPolicy: add_tid_to_cgroup failed to write '2394' (No space left on device); fd=25
04-29 05:37:53.205 1592 2494 W SchedPolicy: add_tid_to_cgroup failed to write '2401' (No space left on device); fd=25
04-29 05:37:53.205 1592 2494 W SchedPolicy: add_tid_to_cgroup failed to write '2482' (No space left on device); fd=25
04-29 05:37:53.205 1592 2494 W SchedPolicy: add_tid_to_cgroup failed to write '2495' (No space left on device); fd=25
04-29 05:37:53.205 1592 2494 W SchedPolicy: add_tid_to_cgroup failed to write '2500' (No space left on device); fd=25
04-29 05:37:53.205 1592 2494 W SchedPolicy: add_tid_to_cgroup failed to write '2620' (No space left on device); fd=25
04-29 05:37:53.205 1592 2494 W SchedPolicy: add_tid_to_cgroup failed to write '2985' (No space left on device); fd=25
04-29 05:37:53.205 1592 2494 W SchedPolicy: add_tid_to_cgroup failed to write '3224' (No space left on device); fd=25
04-29 05:37:53.205 1592 2494 W SchedPolicy: add_tid_to_cgroup failed to write '3242' (No space left on device); fd=25
04-29 05:37:53.205 1592 2494 W SchedPolicy: add_tid_to_cgroup failed to write '3283' (No space left on device); fd=25
04-29 05:37:53.208 2271 2590 I zygote64: Deoptimizing void braw.e(int, int) due to JIT inline cache
04-29 05:37:53.208 2271 2590 I zygote64: Deoptimizing void brar.c(int, int) due to JIT inline cache
04-29 05:37:53.208 2271 2590 I zygote64: Deoptimizing void braw.a(int, boolean) due to JIT inline cache
04-29 05:37:53.208 2271 2590 E native : document-store.cc:1297 Failed to update per-doc-data with usage report
04-29 05:37:53.212 2271 2590 I chatty : uid=10015(com.google.android.gms) lowpool[1] identical 4 lines
04-29 05:37:53.213 2271 2590 E native : document-store.cc:1297 Failed to update per-doc-data with usage report
04-29 05:37:53.213 2271 2590 I Icing : Usage reports ok 0, Failed Usage reports 6, indexed 0, rejected 0, imm upload false
04-29 05:37:53.214 1592 2494 W SchedPolicy: add_tid_to_cgroup failed to write '2362' (No space left on device); fd=3
04-29 05:37:53.214 1592 2494 W SchedPolicy: add_tid_to_cgroup failed to write '2367' (No space left on device); fd=3
04-29 05:37:53.214 1592 2494 W SchedPolicy: add_tid_to_cgroup failed to write '2368' (No space left on device); fd=3
04-29 05:37:53.214 1592 2494 W SchedPolicy: add_tid_to_cgroup failed to write '2369' (No space left on device); fd=3
04-29 05:37:53.214 1592 2494 W SchedPolicy: add_tid_to_cgroup failed to write '2370' (No space left on device); fd=3
04-29 05:37:53.214 1592 2494 W SchedPolicy: add_tid_to_cgroup failed to write '2371' (No space left on device); fd=3
04-29 05:37:53.214 1592 2494 W SchedPolicy: add_tid_to_cgroup failed to write '2372' (No space left on device); fd=3
04-29 05:37:53.214 1592 2494 W SchedPolicy: add_tid_to_cgroup failed to write '2373' (No space left on device); fd=3
04-29 05:37:53.214 1592 2494 W SchedPolicy: add_tid_to_cgroup failed to write '2374' (No space left on device); fd=3
04-29 05:37:53.214 1592 2494 W SchedPolicy: add_tid_to_cgroup failed to write '2375' (No space left on device); fd=3
04-29 05:37:53.214 1592 2494 W SchedPolicy: add_tid_to_cgroup failed to write '2378' (No space left on device); fd=3
04-29 05:37:53.214 1592 2494 W SchedPolicy: add_tid_to_cgroup failed to write '2380' (No space left on device); fd=3
04-29 05:37:53.214 1592 2494 W SchedPolicy: add_tid_to_cgroup failed to write '2394' (No space left on device); fd=3
04-29 05:37:53.214 1592 2494 W SchedPolicy: add_tid_to_cgroup failed to write '2401' (No space left on device); fd=3
04-29 05:37:53.214 1592 2494 W SchedPolicy: add_tid_to_cgroup failed to write '2482' (No space left on device); fd=3
04-29 05:37:53.214 2271 2277 I zygote64: Compiler allocated 5MB to compile void brdn.a(java.lang.Object, brdy, brbd)
04-29 05:37:53.214 1592 2494 W SchedPolicy: add_tid_to_cgroup failed to write '2495' (No space left on device); fd=3
04-29 05:37:53.215 1592 2494 W SchedPolicy: add_tid_to_cgroup failed to write '2500' (No space left on device); fd=3
04-29 05:37:53.215 1592 2494 W SchedPolicy: add_tid_to_cgroup failed to write '2620' (No space left on device); fd=3
04-29 05:37:53.215 1592 2494 W SchedPolicy: add_tid_to_cgroup failed to write '2985' (No space left on device); fd=3
04-29 05:37:53.215 1592 2494 W SchedPolicy: add_tid_to_cgroup failed to write '3224' (No space left on device); fd=3
04-29 05:37:53.215 1592 2494 W SchedPolicy: add_tid_to_cgroup failed to write '3242' (No space left on device); fd=3
04-29 05:37:53.215 1592 2494 W SchedPolicy: add_tid_to_cgroup failed to write '3283' (No space left on device); fd=3
04-29 05:37:53.217 1592 2494 W SchedPolicy: add_tid_to_cgroup failed to write '2362' (No space left on device); fd=25
04-29 05:37:53.217 1592 2494 W SchedPolicy: add_tid_to_cgroup failed to write '2367' (No space left on device); fd=25
04-29 05:37:53.217 1592 2494 W SchedPolicy: add_tid_to_cgroup failed to write '2368' (No space left on device); fd=25
04-29 05:37:53.217 1592 2494 W SchedPolicy: add_tid_to_cgroup failed to write '2369' (No space left on device); fd=25
04-29 05:37:53.217 1592 2494 W SchedPolicy: add_tid_to_cgroup failed to write '2370' (No space left on device); fd=25
04-29 05:37:53.217 1592 2494 W SchedPolicy: add_tid_to_cgroup failed to write '2371' (No space left on device); fd=25
04-29 05:37:53.217 1592 2494 W SchedPolicy: add_tid_to_cgroup failed to write '2372' (No space left on device); fd=25
04-29 05:37:53.217 1592 2494 W SchedPolicy: add_tid_to_cgroup failed to write '2373' (No space left on device); fd=25
04-29 05:37:53.217 1592 2494 W SchedPolicy: add_tid_to_cgroup failed to write '2374' (No space left on device); fd=25
04-29 05:37:53.217 1592 2494 W SchedPolicy: add_tid_to_cgroup failed to write '2375' (No space left on device); fd=25
04-29 05:37:53.217 1592 2494 W SchedPolicy: add_tid_to_cgroup failed to write '2378' (No space left on device); fd=25
04-29 05:37:53.217 1592 2494 W SchedPolicy: add_tid_to_cgroup failed to write '2380' (No space left on device); fd=25
04-29 05:37:53.217 1592 2494 W SchedPolicy: add_tid_to_cgroup failed to write '2394' (No space left on device); fd=25
04-29 05:37:53.217 1592 2494 W SchedPolicy: add_tid_to_cgroup failed to write '2401' (No space left on device); fd=25
04-29 05:37:53.217 1592 2494 W SchedPolicy: add_tid_to_cgroup failed to write '2482' (No space left on device); fd=25
04-29 05:37:53.217 1592 2494 W SchedPolicy: add_tid_to_cgroup failed to write '2495' (No space left on device); fd=25
04-29 05:37:53.217 1592 2494 W SchedPolicy: add_tid_to_cgroup failed to write '2500' (No space left on device); fd=25
04-29 05:37:53.217 1592 2494 W SchedPolicy: add_tid_to_cgroup failed to write '2620' (No space left on device); fd=25
04-29 05:37:53.217 1592 2494 W SchedPolicy: add_tid_to_cgroup failed to write '2985' (No space left on device); fd=25
04-29 05:37:53.217 1592 2494 W SchedPolicy: add_tid_to_cgroup failed to write '3224' (No space left on device); fd=25
04-29 05:37:53.217 1592 2494 W SchedPolicy: add_tid_to_cgroup failed to write '3242' (No space left on device); fd=25
04-29 05:37:53.217 1592 2494 W SchedPolicy: add_tid_to_cgroup failed to write '3283' (No space left on device); fd=25
04-29 05:37:53.242 2271 2590 I Icing : Usage reports ok 0, Failed Usage reports 0, indexed 0, rejected 0, imm upload false
04-29 05:37:53.245 2271 2590 I Icing : Indexing com.google.android.gms-internal.3p:MobileApplication from com.google.android.gms
04-29 05:37:53.249 2271 3042 I Icing : IndexChimeraService.getServiceInterface callingPackage=com.google.android.gms componentName=AppsCorpus serviceId=SEARCH_CORPORA
04-29 05:37:53.249 2271 3337 I Icing : IndexChimeraService.getServiceInterface callingPackage=com.google.android.gms componentName=AppsCorpus serviceId=SEARCH_QUERIES
04-29 05:37:53.253 1592 2494 W SchedPolicy: add_tid_to_cgroup failed to write '2362' (No space left on device); fd=3
04-29 05:37:53.253 1592 2494 W SchedPolicy: add_tid_to_cgroup failed to write '2367' (No space left on device); fd=3
04-29 05:37:53.253 1592 2494 W SchedPolicy: add_tid_to_cgroup failed to write '2368' (No space left on device); fd=3
04-29 05:37:53.253 1592 2494 W SchedPolicy: add_tid_to_cgroup failed to write '2369' (No space left on device); fd=3
04-29 05:37:53.253 1592 2494 W SchedPolicy: add_tid_to_cgroup failed to write '2370' (No space left on device); fd=3
04-29 05:37:53.253 1592 2494 W SchedPolicy: add_tid_to_cgroup failed to write '2371' (No space left on device); fd=3
04-29 05:37:53.253 1592 2494 W SchedPolicy: add_tid_to_cgroup failed to write '2372' (No space left on device); fd=3
04-29 05:37:53.253 1592 2494 W SchedPolicy: add_tid_to_cgroup failed to write '2373' (No space left on device); fd=3
04-29 05:37:53.253 1592 2494 W SchedPolicy: add_tid_to_cgroup failed to write '2374' (No space left on device); fd=3
04-29 05:37:53.253 1592 2494 W SchedPolicy: add_tid_to_cgroup failed to write '2375' (No space left on device); fd=3
04-29 05:37:53.253 1592 2494 W SchedPolicy: add_tid_to_cgroup failed to write '2378' (No space left on device); fd=3
04-29 05:37:53.253 1592 2494 W SchedPolicy: add_tid_to_cgroup failed to write '2380' (No space left on device); fd=3
04-29 05:37:53.253 1592 2494 W SchedPolicy: add_tid_to_cgroup failed to write '2394' (No space left on device); fd=3
04-29 05:37:53.253 1592 2494 W SchedPolicy: add_tid_to_cgroup failed to write '2401' (No space left on device); fd=3
04-29 05:37:53.253 1592 2494 W SchedPolicy: add_tid_to_cgroup failed to write '2482' (No space left on device); fd=3
04-29 05:37:53.253 1592 2494 W SchedPolicy: add_tid_to_cgroup failed to write '2495' (No space left on device); fd=3
04-29 05:37:53.253 1592 2494 W SchedPolicy: add_tid_to_cgroup failed to write '2500' (No space left on device); fd=3
04-29 05:37:53.253 1592 2494 W SchedPolicy: add_tid_to_cgroup failed to write '2620' (No space left on device); fd=3
04-29 05:37:53.253 1592 2494 W SchedPolicy: add_tid_to_cgroup failed to write '2985' (No space left on device); fd=3
04-29 05:37:53.253 1592 2494 W SchedPolicy: add_tid_to_cgroup failed to write '3224' (No space left on device); fd=3
04-29 05:37:53.253 1592 2494 W SchedPolicy: add_tid_to_cgroup failed to write '3242' (No space left on device); fd=3
04-29 05:37:53.253 1592 2494 W SchedPolicy: add_tid_to_cgroup failed to write '3283' (No space left on device); fd=3
04-29 05:37:53.257 1592 2494 W SchedPolicy: add_tid_to_cgroup failed to write '2362' (No space left on device); fd=25
04-29 05:37:53.257 1592 2494 W SchedPolicy: add_tid_to_cgroup failed to write '2367' (No space left on device); fd=25
04-29 05:37:53.257 1592 2494 W SchedPolicy: add_tid_to_cgroup failed to write '2368' (No space left on device); fd=25
04-29 05:37:53.257 1592 2494 W SchedPolicy: add_tid_to_cgroup failed to write '2369' (No space left on device); fd=25
04-29 05:37:53.257 1592 2494 W SchedPolicy: add_tid_to_cgroup failed to write '2370' (No space left on device); fd=25
04-29 05:37:53.257 1592 2494 W SchedPolicy: add_tid_to_cgroup failed to write '2371' (No space left on device); fd=25
04-29 05:37:53.257 1592 2494 W SchedPolicy: add_tid_to_cgroup failed to write '2372' (No space left on device); fd=25
04-29 05:37:53.257 1592 2494 W SchedPolicy: add_tid_to_cgroup failed to write '2373' (No space left on device); fd=25
04-29 05:37:53.257 1592 2494 W SchedPolicy: add_tid_to_cgroup failed to write '2374' (No space left on device); fd=25
04-29 05:37:53.257 1592 2494 W SchedPolicy: add_tid_to_cgroup failed to write '2375' (No space left on device); fd=25
04-29 05:37:53.257 1592 2494 W SchedPolicy: add_tid_to_cgroup failed to write '2378' (No space left on device); fd=25
04-29 05:37:53.257 1592 2494 W SchedPolicy: add_tid_to_cgroup failed to write '2380' (No space left on device); fd=25
04-29 05:37:53.257 1592 2494 W SchedPolicy: add_tid_to_cgroup failed to write '2394' (No space left on device); fd=25
04-29 05:37:53.257 1592 2494 W SchedPolicy: add_tid_to_cgroup failed to write '2401' (No space left on device); fd=25
04-29 05:37:53.257 1592 2494 W SchedPolicy: add_tid_to_cgroup failed to write '2482' (No space left on device); fd=25
04-29 05:37:53.257 1592 2494 W SchedPolicy: add_tid_to_cgroup failed to write '2495' (No space left on device); fd=25
04-29 05:37:53.257 1592 2494 W SchedPolicy: add_tid_to_cgroup failed to write '2500' (No space left on device); fd=25
04-29 05:37:53.257 1592 2494 W SchedPolicy: add_tid_to_cgroup failed to write '2620' (No space left on device); fd=25
04-29 05:37:53.257 1592 2494 W SchedPolicy: add_tid_to_cgroup failed to write '2985' (No space left on device); fd=25
04-29 05:37:53.257 1592 2494 W SchedPolicy: add_tid_to_cgroup failed to write '3224' (No space left on device); fd=25
04-29 05:37:53.257 1592 2494 W SchedPolicy: add_tid_to_cgroup failed to write '3242' (No space left on device); fd=25
04-29 05:37:53.257 1592 2494 W SchedPolicy: add_tid_to_cgroup failed to write '3283' (No space left on device); fd=25
04-29 05:37:53.284 1592 2494 W SchedPolicy: add_tid_to_cgroup failed to write '2362' (No space left on device); fd=3
04-29 05:37:53.284 1592 2494 W SchedPolicy: add_tid_to_cgroup failed to write '2367' (No space left on device); fd=3
04-29 05:37:53.284 1592 2494 W SchedPolicy: add_tid_to_cgroup failed to write '2368' (No space left on device); fd=3
04-29 05:37:53.284 1592 2494 W SchedPolicy: add_tid_to_cgroup failed to write '2369' (No space left on device); fd=3
04-29 05:37:53.284 1592 2494 W SchedPolicy: add_tid_to_cgroup failed to write '2370' (No space left on device); fd=3
04-29 05:37:53.284 1592 2494 W SchedPolicy: add_tid_to_cgroup failed to write '2371' (No space left on device); fd=3
04-29 05:37:53.284 1592 2494 W SchedPolicy: add_tid_to_cgroup failed to write '2372' (No space left on device); fd=3
04-29 05:37:53.284 1592 2494 W SchedPolicy: add_tid_to_cgroup failed to write '2373' (No space left on device); fd=3
04-29 05:37:53.284 1592 2494 W SchedPolicy: add_tid_to_cgroup failed to write '2374' (No space left on device); fd=3
04-29 05:37:53.284 1592 2494 W SchedPolicy: add_tid_to_cgroup failed to write '2375' (No space left on device); fd=3
04-29 05:37:53.284 1592 2494 W SchedPolicy: add_tid_to_cgroup failed to write '2378' (No space left on device); fd=3
04-29 05:37:53.284 1592 2494 W SchedPolicy: add_tid_to_cgroup failed to write '2380' (No space left on device); fd=3
04-29 05:37:53.284 1592 2494 W SchedPolicy: add_tid_to_cgroup failed to write '2394' (No space left on device); fd=3
04-29 05:37:53.284 1592 2494 W SchedPolicy: add_tid_to_cgroup failed to write '2401' (No space left on device); fd=3
04-29 05:37:53.284 1592 2494 W SchedPolicy: add_tid_to_cgroup failed to write '2482' (No space left on device); fd=3
04-29 05:37:53.284 1592 2494 W SchedPolicy: add_tid_to_cgroup failed to write '2495' (No space left on device); fd=3
04-29 05:37:53.284 1592 2494 W SchedPolicy: add_tid_to_cgroup failed to write '2500' (No space left on device); fd=3
04-29 05:37:53.284 1592 2494 W SchedPolicy: add_tid_to_cgroup failed to write '2620' (No space left on device); fd=3
04-29 05:37:53.284 1592 2494 W SchedPolicy: add_tid_to_cgroup failed to write '2985' (No space left on device); fd=3
04-29 05:37:53.284 1592 2494 W SchedPolicy: add_tid_to_cgroup failed to write '3224' (No space left on device); fd=3
04-29 05:37:53.284 1592 2494 W SchedPolicy: add_tid_to_cgroup failed to write '3242' (No space left on device); fd=3
04-29 05:37:53.284 1592 2494 W SchedPolicy: add_tid_to_cgroup failed to write '3283' (No space left on device); fd=3
04-29 05:37:53.286 1592 2494 W SchedPolicy: add_tid_to_cgroup failed to write '2362' (No space left on device); fd=25
04-29 05:37:53.286 1592 2494 W SchedPolicy: add_tid_to_cgroup failed to write '2367' (No space left on device); fd=25
04-29 05:37:53.286 1592 2494 W SchedPolicy: add_tid_to_cgroup failed to write '2368' (No space left on device); fd=25
04-29 05:37:53.286 1592 2494 W SchedPolicy: add_tid_to_cgroup failed to write '2369' (No space left on device); fd=25
04-29 05:37:53.286 1592 2494 W SchedPolicy: add_tid_to_cgroup failed to write '2370' (No space left on device); fd=25
04-29 05:37:53.286 1592 2494 W SchedPolicy: add_tid_to_cgroup failed to write '2371' (No space left on device); fd=25
04-29 05:37:53.286 1592 2494 W SchedPolicy: add_tid_to_cgroup failed to write '2372' (No space left on device); fd=25
04-29 05:37:53.286 1592 2494 W SchedPolicy: add_tid_to_cgroup failed to write '2373' (No space left on device); fd=25
04-29 05:37:53.286 1592 2494 W SchedPolicy: add_tid_to_cgroup failed to write '2374' (No space left on device); fd=25
04-29 05:37:53.286 1592 2494 W SchedPolicy: add_tid_to_cgroup failed to write '2375' (No space left on device); fd=25
04-29 05:37:53.286 1592 2494 W SchedPolicy: add_tid_to_cgroup failed to write '2378' (No space left on device); fd=25
04-29 05:37:53.286 1592 2494 W SchedPolicy: add_tid_to_cgroup failed to write '2380' (No space left on device); fd=25
04-29 05:37:53.286 1592 2494 W SchedPolicy: add_tid_to_cgroup failed to write '2394' (No space left on device); fd=25
04-29 05:37:53.286 1592 2494 W SchedPolicy: add_tid_to_cgroup failed to write '2401' (No space left on device); fd=25
04-29 05:37:53.286 1592 2494 W SchedPolicy: add_tid_to_cgroup failed to write '2482' (No space left on device); fd=25
04-29 05:37:53.286 1592 2494 W SchedPolicy: add_tid_to_cgroup failed to write '2495' (No space left on device); fd=25
04-29 05:37:53.286 1592 2494 W SchedPolicy: add_tid_to_cgroup failed to write '2500' (No space left on device); fd=25
04-29 05:37:53.286 1592 2494 W SchedPolicy: add_tid_to_cgroup failed to write '2620' (No space left on device); fd=25
04-29 05:37:53.286 1592 2494 W SchedPolicy: add_tid_to_cgroup failed to write '2985' (No space left on device); fd=25
04-29 05:37:53.286 1592 2494 W SchedPolicy: add_tid_to_cgroup failed to write '3224' (No space left on device); fd=25
04-29 05:37:53.286 1592 2494 W SchedPolicy: add_tid_to_cgroup failed to write '3242' (No space left on device); fd=25
04-29 05:37:53.286 1592 2494 W SchedPolicy: add_tid_to_cgroup failed to write '3283' (No space left on device); fd=25
04-29 05:37:53.287 1592 1956 W SchedPolicy: add_tid_to_cgroup failed to write '2362' (No space left on device); fd=3
04-29 05:37:53.287 1592 1956 W SchedPolicy: add_tid_to_cgroup failed to write '2367' (No space left on device); fd=3
04-29 05:37:53.287 1592 1956 W SchedPolicy: add_tid_to_cgroup failed to write '2368' (No space left on device); fd=3
04-29 05:37:53.287 1592 1956 W SchedPolicy: add_tid_to_cgroup failed to write '2369' (No space left on device); fd=3
04-29 05:37:53.287 1592 1956 W SchedPolicy: add_tid_to_cgroup failed to write '2370' (No space left on device); fd=3
04-29 05:37:53.287 1592 1956 W SchedPolicy: add_tid_to_cgroup failed to write '2371' (No space left on device); fd=3
04-29 05:37:53.287 1592 1956 W SchedPolicy: add_tid_to_cgroup failed to write '2372' (No space left on device); fd=3
