04-29 05:36:54.622 1467 1467 I light@2.0-servi: type=1400 audit(0.0:247): avc: denied { open } for path="/sys/devices/pci0000:00/0000:00:01.0/drm/card1/card1-eDP-1/amdgpu_bl1/brightness" dev="sysfs" ino=14873 scontext=u:r:hal_light_default:s0 tcontext=u:object_r:sysfs:s0 tclass=file permissive=1
04-29 05:36:54.622 1592 1614 I chatty : uid=1000(system) android.display expire 2 lines
04-29 05:36:54.623 1473 1473 D SurfaceFlinger: Set power mode=2, type=0 flinger=0x710b29700800
04-29 05:36:54.623 1473 1473 D SurfaceFlinger: Screen type=0 is already mode=2
04-29 05:36:54.982 1592 1627 I chatty : uid=1000 system_server expire 6 lines
04-29 05:36:55.009 1592 1626 I chatty : uid=1000 system_server expire 4 lines
04-29 05:36:55.076 1592 1628 I chatty : uid=1000 system_server expire 5 lines
04-29 05:36:55.200 1592 1629 I chatty : uid=1000 system_server expire 6 lines
04-29 05:36:56.051 1630 1630 I enable_nativebr: type=1400 audit(0.0:248): avc: denied { getattr } for path="/system/bin/toybox" dev="loop0" ino=565 scontext=u:r:zygote:s0 tcontext=u:object_r:toolbox_exec:s0 tclass=file permissive=1
04-29 05:36:56.051 1630 1630 I enable_nativebr: type=1400 audit(0.0:249): avc: denied { execute } for name="toybox" dev="loop0" ino=565 scontext=u:r:zygote:s0 tcontext=u:object_r:toolbox_exec:s0 tclass=file permissive=1
04-29 05:36:56.051 1630 1630 I enable_nativebr: type=1400 audit(0.0:250): avc: denied { read open } for path="/system/bin/toybox" dev="loop0" ino=565 scontext=u:r:zygote:s0 tcontext=u:object_r:toolbox_exec:s0 tclass=file permissive=1
04-29 05:36:56.051 1630 1630 I enable_nativebr: type=1400 audit(0.0:251): avc: denied { execute_no_trans } for path="/system/bin/toybox" dev="loop0" ino=565 scontext=u:r:zygote:s0 tcontext=u:object_r:toolbox_exec:s0 tclass=file permissive=1
04-29 05:36:56.053 1630 1630 I getprop : type=1400 audit(0.0:252): avc: denied { getattr } for path="/vendor" dev="tmpfs" ino=600 scontext=u:r:zygote:s0 tcontext=u:object_r:tmpfs:s0 tclass=lnk_file permissive=1
04-29 05:36:56.053 1630 1630 I getprop : type=1400 audit(0.0:253): avc: denied { read } for name="vendor" dev="tmpfs" ino=600 scontext=u:r:zygote:s0 tcontext=u:object_r:tmpfs:s0 tclass=lnk_file permissive=1
04-29 05:36:56.059 1630 1630 I getprop : type=1400 audit(0.0:254): avc: denied { read } for name="u:object_r:net_dns_prop:s0" dev="tmpfs" ino=5088 scontext=u:r:zygote:s0 tcontext=u:object_r:net_dns_prop:s0 tclass=file permissive=1
04-29 05:36:56.059 1630 1630 I getprop : type=1400 audit(0.0:255): avc: denied { open } for path="/dev/__properties__/u:object_r:net_dns_prop:s0" dev="tmpfs" ino=5088 scontext=u:r:zygote:s0 tcontext=u:object_r:net_dns_prop:s0 tclass=file permissive=1
04-29 05:36:56.059 1630 1630 I getprop : type=1400 audit(0.0:256): avc: denied { getattr } for path="/dev/__properties__/u:object_r:net_dns_prop:s0" dev="tmpfs" ino=5088 scontext=u:r:zygote:s0 tcontext=u:object_r:net_dns_prop:s0 tclass=file permissive=1
04-29 05:36:56.246 1592 1632 I chatty : uid=1000 system_server expire 3 lines
04-29 05:36:56.277 1592 1635 I chatty : uid=1000 system_server expire 7 lines
04-29 05:36:56.381 1592 1634 I chatty : uid=1000 system_server expire 1 line
04-29 05:36:56.612 1592 1633 I chatty : uid=1000 system_server expire 1 line
04-29 05:36:57.012 1592 1638 I chatty : uid=1000 system_server expire 14 lines
04-29 05:36:57.182 1592 1637 I chatty : uid=1000 system_server expire 5 lines
04-29 05:36:57.496 1592 1639 I chatty : uid=1000 system_server expire 6 lines
04-29 05:36:57.625 1592 1636 I chatty : uid=1000 system_server expire 6 lines
04-29 05:36:57.985 1482 1505 I SELinux : SELinux: Loaded file_contexts
04-29 05:36:58.066 1592 1640 I chatty : uid=1000 system_server expire 5 lines
04-29 05:36:58.103 1482 1505 W installd: Ignoring /data/data/com.google.android.googlequicksearchbox/lib with unexpected GID 0 instead of 10034
04-29 05:36:58.117 1592 1592 I chatty : uid=1000 system_server expire 241 lines
04-29 05:36:58.194 1482 1505 W installd: Ignoring /data/data/com.google.android.webview/lib with unexpected GID 0 instead of 10069
04-29 05:36:58.205 1482 1505 W installd: Ignoring /data/data/com.android.chrome/lib with unexpected GID 0 instead of 10051
04-29 05:36:58.217 1482 1505 W installd: Ignoring /data/data/com.svox.pico/lib with unexpected GID 0 instead of 10067
04-29 05:36:58.230 1482 1505 W installd: Ignoring /data/data/jackpal.androidterm/lib with unexpected GID 0 instead of 10036
04-29 05:36:58.342 1482 1505 W installd: Ignoring /data/data/com.keramidas.TitaniumBackup/lib with unexpected GID 0 instead of 10072
04-29 05:36:58.344 1482 1505 W installd: Ignoring /data/data/com.spotify.music/lib with unexpected GID 0 instead of 10074
04-29 05:36:58.348 1482 1505 W installd: Ignoring /data/data/com.rami.puissance4/lib with unexpected GID 0 instead of 10077
04-29 05:36:58.357 1482 1505 W installd: Ignoring /data/data/org.mozilla.firefox/lib with unexpected GID 0 instead of 10083
04-29 05:36:58.362 1482 1505 W installd: Ignoring /data/data/com.king.candycrushsaga/lib with unexpected GID 0 instead of 10086
04-29 05:36:58.363 1482 1505 W installd: Ignoring /data/data/com.tws.aviwatch/lib with unexpected GID 0 instead of 10095
04-29 05:36:58.371 1482 1505 W installd: Ignoring /data/data/com.gmail.heagoo.apkeditor.pro/lib with unexpected GID 0 instead of 10091
04-29 05:36:58.473 1472 1472 I lowmemorykiller: ActivityManager connected
04-29 05:36:58.479 1482 1505 W cutils : Expected path /data/data/com.oasisfeng.greenify with mode 700 but found 751
04-29 05:36:58.490 1592 1643 I chatty : uid=1000 system_server expire 1 line
04-29 05:36:58.491 1592 1644 I chatty : uid=1000 system_server expire 6 lines
04-29 05:36:58.491 1592 1644 I chatty : uid=1000 system_server expire 9 lines
04-29 05:36:58.507 1592 1604 I chatty : uid=1000(system) Binder:1592_2 expire 1 line
04-29 05:36:58.531 1482 1482 W cutils : Expected path /data/data/com.keramidas.TitaniumBackup with mode 751 but found 755
04-29 05:36:58.605 1482 1482 W cutils : Expected path /data/data/com.google.android.gms with mode 700 but found 711
04-29 05:36:58.606 1482 1482 W cutils : Expected path /data/user_de/0/com.google.android.gms with mode 700 but found 711
04-29 05:36:58.606 1482 1482 W cutils : Expected path /data/data/com.google.android.gms with mode 700 but found 711
04-29 05:36:58.607 1482 1482 W cutils : Expected path /data/user_de/0/com.google.android.gms with mode 700 but found 711
04-29 05:36:58.695 1592 1605 I chatty : uid=1000 system_server expire 2 lines
04-29 05:36:58.705 1592 1605 I chatty : uid=1000 system_server expire 2 lines
04-29 05:36:58.716 1458 1458 I Zygote : Lazily preloading resources.
04-29 05:36:58.716 1458 1458 D Zygote : begin preload
04-29 05:36:58.716 1458 1458 I Zygote : Installing ICU cache reference pinning...
04-29 05:36:58.716 1458 1458 I Zygote : Preloading ICU data...
04-29 05:36:58.736 1592 1648 I chatty : uid=1000(system) SensorService expire 1 line
04-29 05:36:58.736 1592 1647 I chatty : uid=1000(system) SensorEventAckR expire 1 line
04-29 05:36:58.865 1458 1458 D ZygoteInitTiming_lazy: BeginIcuCachePinning took to complete: 149ms
04-29 05:36:58.865 1458 1458 I Zygote : Preloading classes...
04-29 05:36:58.906 1400 1400 W /system/bin/hwservicemanager: getTransport: Cannot find entry android.hardware.vibrator@1.0::IVibrator/default in either framework or device manifest.
04-29 05:36:58.906 1400 1400 W /system/bin/hwservicemanager: getTransport: Cannot find entry android.hardware.vibrator@1.0::IVibrator/default in either framework or device manifest.
04-29 05:36:58.908 1400 1400 W /system/bin/hwservicemanager: getTransport: Cannot find entry android.hardware.vibrator@1.0::IVibrator/default in either framework or device manifest.
04-29 05:36:58.911 1400 1400 W /system/bin/hwservicemanager: getTransport: Cannot find entry android.hardware.ir@1.0::IConsumerIr/default in either framework or device manifest.
04-29 05:36:58.994 1592 1614 I chatty : uid=1000(system) android.display expire 1 line
04-29 05:36:59.067 1400 1400 W /system/bin/hwservicemanager: getTransport: Cannot find entry android.hardware.vr@1.0::IVr/default in either framework or device manifest.
04-29 05:36:59.080 1458 1458 E ActivityRecognitionHardware: activity_recognition HAL is deprecated. class_init is effectively a no-op
04-29 05:36:59.107 1592 1655 I chatty : uid=1000(system) InputReader expire 72 lines
04-29 05:36:59.128 1656 1656 I idmap : type=1400 audit(0.0:258): avc: denied { getattr } for path="/vendor" dev="tmpfs" ino=600 scontext=u:r:idmap:s0 tcontext=u:object_r:tmpfs:s0 tclass=lnk_file permissive=1
04-29 05:36:59.130 1656 1656 I idmap : type=1400 audit(0.0:259): avc: denied { read } for name="vendor" dev="tmpfs" ino=600 scontext=u:r:idmap:s0 tcontext=u:object_r:tmpfs:s0 tclass=lnk_file permissive=1
04-29 05:36:59.139 1458 1458 W Zygote : Class not found for preloading: android.icu.impl.number.Parse
04-29 05:36:59.159 1592 1592 I chatty : uid=1000 system_server expire 116 lines
04-29 05:36:59.169 1592 1657 I chatty : uid=1000(system) StorageManagerS expire 126 lines
04-29 05:36:59.177 1592 1640 I chatty : uid=1000 system_server expire 4 lines
04-29 05:36:59.192 1592 1606 I chatty : uid=1000(system) android.bg expire 1 line
04-29 05:36:59.214 1400 1400 W /system/bin/hwservicemanager: getTransport: Cannot find entry android.hardware.oemlock@1.0::IOemLock/default in either framework or device manifest.
04-29 05:36:59.221 1458 1458 I zygote : Thread[1,tid=1458,Native,Thread*=0xe2832000,peer=0x12d80228,"main"] recursive attempt to load library "/system/lib/libmedia_jni.so"
04-29 05:36:59.221 1458 1458 D MtpDeviceJNI: register_android_mtp_MtpDevice
04-29 05:36:59.223 1592 1659 I chatty : uid=1000(system) CryptdConnector expire 1 line
04-29 05:36:59.224 1458 1458 I zygote : Thread[1,tid=1458,Native,Thread*=0xe2832000,peer=0x12d80228,"main"] recursive attempt to load library "/system/lib/libmedia_jni.so"
04-29 05:36:59.224 1458 1458 I zygote : Thread[1,tid=1458,Native,Thread*=0xe2832000,peer=0x12d80228,"main"] recursive attempt to load library "/system/lib/libmedia_jni.so"
04-29 05:36:59.226 1592 1658 I chatty : uid=1000(system) VoldConnector expire 2 lines
04-29 05:36:59.226 1592 1657 I chatty : uid=1000(system) StorageManagerS expire 3 lines
04-29 05:36:59.271 1592 1660 I chatty : uid=1000(system) NetdConnector expire 1 line
04-29 05:36:59.408 1592 1643 I chatty : uid=1000 system_server expire 1 line
04-29 05:36:59.522 1458 1458 I Zygote : ...preloaded 4715 classes in 656ms.
04-29 05:36:59.522 1458 1458 I zygote : VMRuntime.preloadDexCaches starting
04-29 05:36:59.546 1592 1665 I chatty : uid=1000(system) WifiStateMachin expire 5 lines
04-29 05:36:59.550 1456 1519 D CommandListener: Clearing all IP addresses on wlan0
04-29 05:36:59.589 1458 1458 I zygote : VMRuntime.preloadDexCaches strings total=313177 before=10352 after=10352
04-29 05:36:59.589 1458 1458 I zygote : VMRuntime.preloadDexCaches types total=26677 before=5508 after=5510
04-29 05:36:59.589 1458 1458 I zygote : VMRuntime.preloadDexCaches fields total=126901 before=5508 after=5538
04-29 05:36:59.589 1458 1458 I zygote : VMRuntime.preloadDexCaches methods total=225445 before=9943 after=9943
04-29 05:36:59.589 1458 1458 I zygote : VMRuntime.preloadDexCaches finished
04-29 05:36:59.591 1458 1458 D ZygoteInitTiming_lazy: PreloadClasses took to complete: 726ms
04-29 05:36:59.611 1592 1654 I chatty : uid=1000(system) InputDispatcher expire 2 lines
04-29 05:36:59.624 1573 1573 I BootAnimation: type=1400 audit(0.0:260): avc: denied { ioctl } for path="/dev/dri/card1" dev="tmpfs" ino=6911 ioctlcmd=0x6446 scontext=u:r:bootanim:s0 tcontext=u:object_r:device:s0 tclass=chr_file permissive=1
04-29 05:36:59.627 1458 1458 I Zygote : Preloading resources...
04-29 05:36:59.663 1458 1458 W Resources: Preloaded drawable resource #0x1080264 (android:drawable/dialog_background_material) that varies with configuration!!
04-29 05:36:59.671 1458 1458 I Zygote : ...preloaded 64 resources in 45ms.
04-29 05:36:59.673 1458 1458 W Resources: Preloaded color resource #0x1060053 (android:color/btn_default_material_dark) that varies with configuration!!
04-29 05:36:59.673 1458 1458 I Zygote : ...preloaded 41 resources in 1ms.
04-29 05:36:59.673 1458 1458 I Zygote : ...preloaded 2 resource in 1ms.
04-29 05:36:59.673 1458 1458 D ZygoteInitTiming_lazy: PreloadResources took to complete: 82ms
04-29 05:36:59.673 1458 1458 D vndksupport: Loading /vendor/lib/hw/android.hardware.graphics.mapper@2.0-impl.so from current namespace instead of sphal namespace.
04-29 05:36:59.693 1458 1458 D vndksupport: Loading /vendor/lib/egl/libGLES_mesa.so from current namespace instead of sphal namespace.
04-29 05:36:59.707 1479 1479 D PermissionCache: checking android.permission.MODIFY_AUDIO_SETTINGS for uid=1000 => granted (295 us)
04-29 05:36:59.710 1479 1550 W AudioFlinger: no wake lock to update, system not ready yet
04-29 05:36:59.711 1458 1458 D libEGL : loaded /vendor/lib/egl/libGLES_mesa.so
04-29 05:36:59.712 1461 1540 W DeviceHAL: Device 0xe6103000 set_mic_mute: Function not implemented
04-29 05:36:59.736 1592 1653 I chatty : uid=1000(system) HwBinder:1592_2 expire 1 line
04-29 05:36:59.737 1469 1469 I android.hardware.usb@1.0-service: registering callback
04-29 05:36:59.737 1469 1469 E android.hardware.usb@1.0-service: Failed to open /sys/class/dual_role_usb
04-29 05:36:59.738 1592 1592 I chatty : uid=1000 system_server expire 165 lines
04-29 05:36:59.739 1400 1400 W /system/bin/hwservicemanager: getTransport: Cannot find entry android.hardware.thermal@1.0::IThermal/default in either framework or device manifest.
04-29 05:36:59.740 1469 1681 E android.hardware.usb@1.0-service: creating thread
04-29 05:36:59.767 1458 1458 I Zygote : Preloading shared libraries...
04-29 05:36:59.773 1592 1644 I chatty : uid=1000 system_server expire 2 lines
04-29 05:36:59.773 1400 1400 W /system/bin/hwservicemanager: getTransport: Cannot find entry android.hardware.contexthub@1.0::IContexthub/default in either framework or device manifest.
04-29 05:36:59.803 1458 1458 I Zygote : Uninstalled ICU cache reference pinning...
04-29 05:36:59.816 1458 1458 I Zygote : Installed AndroidKeyStoreProvider in 12ms.
04-29 05:36:59.822 1458 1458 I Zygote : Warmed up JCA providers in 6ms.
04-29 05:36:59.822 1458 1458 D Zygote : end preload
04-29 05:36:59.822 1592 1605 I chatty : uid=1000 system_server expire 2 lines
04-29 05:36:59.843 1400 1400 W /system/bin/hwservicemanager: getTransport: Cannot find entry android.hardware.weaver@1.0::IWeaver/default in either framework or device manifest.
04-29 05:36:59.883 1592 1682 I chatty : uid=1000(system) HwBinder:1592_3 expire 3 lines
04-29 05:36:59.883 1400 1400 W /system/bin/hwservicemanager: getTransport: Cannot find entry android.hardware.wifi@1.0::IWifi/default in either framework or device manifest.
04-29 05:36:59.883 1400 1400 W /system/bin/hwservicemanager: getTransport: Cannot find entry android.hardware.wifi@1.0::IWifi/default in either framework or device manifest.
04-29 05:36:59.886 1592 1669 I chatty : uid=1000(system) ConnectivitySer expire 1 line
04-29 05:36:59.888 1456 1456 I Binder:1456_2: type=1400 audit(0.0:261): avc: denied { read } for name="lib" dev="tmpfs" ino=823 scontext=u:r:netd:s0 tcontext=u:object_r:tmpfs:s0 tclass=lnk_file permissive=1
04-29 05:36:59.888 1592 1687 I chatty : uid=1000(system) EthernetService expire 6 lines
04-29 05:36:59.889 1479 1479 D PermissionCache: checking android.permission.CAPTURE_AUDIO_HOTWORD for uid=1000 => granted (44 us)
04-29 05:36:59.889 1456 1519 D CommandListener: Setting iface cfg
04-29 05:36:59.890 1473 1473 I surfaceflinger: type=1400 audit(0.0:262): avc: denied { ioctl } for path="/dev/dri/card1" dev="tmpfs" ino=6911 ioctlcmd=0x6446 scontext=u:r:surfaceflinger:s0 tcontext=u:object_r:device:s0 tclass=chr_file permissive=1
04-29 05:36:59.890 1456 1519 D CommandListener: Trying to bring up eth0
04-29 05:36:59.898 1592 1616 I chatty : uid=1000(system) PowerManagerSer expire 1 line
04-29 05:36:59.909 1592 1614 I chatty : uid=1000(system) android.display expire 2 lines
04-29 05:36:59.928 1456 1519 D CommandListener: Clearing all IP addresses on eth0
04-29 05:36:59.936 1592 1691 I chatty : uid=1000 system_server expire 1 line
04-29 05:36:59.942 1592 1695 I chatty : uid=1000 system_server expire 2 lines
04-29 05:36:59.942 1592 1693 I chatty : uid=1000 system_server expire 1 line
04-29 05:36:59.971 1592 1613 I chatty : uid=1000(system) android.io expire 3 lines
04-29 05:36:59.975 1696 1696 I main : type=1400 audit(0.0:263): avc: denied { mounton } for path="/storage" dev="tmpfs" ino=595 scontext=u:r:zygote:s0 tcontext=u:object_r:tmpfs:s0 tclass=dir permissive=1
04-29 05:36:59.978 1696 1696 E SELinux : seapp_context_lookup: No match for app with uid 1002, seinfo default, name com.android.bluetooth
04-29 05:37:00.000 1696 1696 W zygote64: Unexpected CPU variant for X86 using defaults: x86_64
04-29 05:37:00.011 1696 1696 I droid.bluetoot: type=1400 audit(0.0:264): avc: denied { execute } for path="/dev/ashmem" dev="tmpfs" ino=7190 scontext=u:r:zygote:s0 tcontext=u:object_r:ashmem_device:s0 tclass=chr_file permissive=1
04-29 05:37:00.011 1696 1696 I droid.bluetoot: type=1400 audit(0.0:265): avc: denied { execute } for path=2F6465762F6173686D656D2F64616C76696B2D6A69742D636F64652D6361636865202864656C6574656429 dev="tmpfs" ino=12568 scontext=u:r:zygote:s0 tcontext=u:object_r:zygote_tmpfs:s0 tclass=file permissive=1
04-29 05:37:00.012 1696 1696 I JDWP : type=1400 audit(0.0:266): avc: denied { connectto } for path=006A6477702D636F6E74726F6C scontext=u:r:zygote:s0 tcontext=u:r:adbd:s0 tclass=unix_stream_socket permissive=1
04-29 05:37:00.014 1696 1696 I re-initialized>: type=1400 audit(0.0:267): avc: denied { call } for scontext=u:r:zygote:s0 tcontext=u:r:servicemanager:s0 tclass=binder permissive=1
04-29 05:37:00.015 1399 1399 I servicemanager: type=1400 audit(0.0:268): avc: denied { search } for name="1696" dev="proc" ino=12557 scontext=u:r:servicemanager:s0 tcontext=u:r:zygote:s0 tclass=dir permissive=1
04-29 05:37:00.015 1399 1399 I servicemanager: type=1400 audit(0.0:269): avc: denied { read } for name="current" dev="proc" ino=12572 scontext=u:r:servicemanager:s0 tcontext=u:r:zygote:s0 tclass=file permissive=1
04-29 05:37:00.015 1399 1399 I servicemanager: type=1400 audit(0.0:270): avc: denied { open } for path="/proc/1696/attr/current" dev="proc" ino=12572 scontext=u:r:servicemanager:s0 tcontext=u:r:zygote:s0 tclass=file permissive=1
04-29 05:37:00.015 1399 1399 I servicemanager: type=1400 audit(0.0:271): avc: denied { getattr } for scontext=u:r:servicemanager:s0 tcontext=u:r:zygote:s0 tclass=process permissive=1
04-29 05:37:00.016 1399 1399 E SELinux : avc: denied { find } for service=activity pid=1696 uid=1002 scontext=u:r:zygote:s0 tcontext=u:object_r:activity_service:s0 tclass=service_manager permissive=1
04-29 05:37:00.021 1696 1696 I re-initialized>: type=1400 audit(0.0:272): avc: denied { call } for scontext=u:r:zygote:s0 tcontext=u:r:system_server:s0 tclass=binder permissive=1
04-29 05:37:00.021 1696 1696 I re-initialized>: type=1400 audit(0.0:273): avc: denied { transfer } for scontext=u:r:zygote:s0 tcontext=u:r:system_server:s0 tclass=binder permissive=1
04-29 05:37:00.022 1472 1472 I lmkd : type=1400 audit(0.0:276): avc: denied { search } for name="1696" dev="proc" ino=12557 scontext=u:r:lmkd:s0 tcontext=u:r:zygote:s0 tclass=dir permissive=1
04-29 05:37:00.022 1472 1472 I lmkd : type=1400 audit(0.0:277): avc: denied { write } for name="oom_score_adj" dev="proc" ino=12576 scontext=u:r:lmkd:s0 tcontext=u:r:zygote:s0 tclass=file permissive=1
04-29 05:37:00.022 1472 1472 I lmkd : type=1400 audit(0.0:278): avc: denied { open } for path="/proc/1696/oom_score_adj" dev="proc" ino=12576 scontext=u:r:lmkd:s0 tcontext=u:r:zygote:s0 tclass=file permissive=1
04-29 05:37:00.025 1399 1399 E SELinux : avc: denied { find } for service=display pid=1696 uid=1002 scontext=u:r:zygote:s0 tcontext=u:object_r:display_service:s0 tclass=service_manager permissive=1
04-29 05:37:00.028 1399 1399 E SELinux : avc: denied { find } for service=connectivity pid=1696 uid=1002 scontext=u:r:zygote:s0 tcontext=u:object_r:connectivity_service:s0 tclass=service_manager permissive=1
04-29 05:37:00.043 1696 1696 I zygote64: The ClassLoaderContext is a special shared library.
04-29 05:37:00.059 1696 1696 I zygote64: The ClassLoaderContext is a special shared library.
04-29 05:37:00.064 1696 1696 I droid.bluetooth: type=1400 audit(0.0:279): avc: denied { getattr } for path="/mnt/expand" dev="tmpfs" ino=7260 scontext=u:r:zygote:s0 tcontext=u:object_r:mnt_expand_file:s0 tclass=dir permissive=1
04-29 05:37:00.065 1711 1711 W zygote64: Unexpected CPU variant for X86 using defaults: x86_64
04-29 05:37:00.070 1592 1657 I chatty : uid=1000(system) StorageManagerS expire 8 lines
04-29 05:37:00.071 1449 1453 D vold : e4crypt_unlock_user_key 0 serial=0 token_present=0
04-29 05:37:00.071 1592 1659 I chatty : uid=1000(system) CryptdConnector expire 1 line
04-29 05:37:00.072 1592 1658 I chatty : uid=1000(system) VoldConnector expire 37 lines
04-29 05:37:00.074 1592 1612 I chatty : uid=1000(system) android.fg expire 2 lines
04-29 05:37:00.074 1449 1452 V vold : /system/bin/sgdisk
04-29 05:37:00.074 1449 1452 V vold : --android-dump
04-29 05:37:00.074 1449 1452 V vold : /dev/block/vold/disk:8,16
04-29 05:37:00.080 1727 1727 W zygote64: Unexpected CPU variant for X86 using defaults: x86_64
04-29 05:37:00.081 1592 1607 I chatty : uid=1000(system) ActivityManager expire 1 line
04-29 05:37:00.084 1469 1469 E android.hardware.usb@1.0-service: Failed to open /sys/class/dual_role_usb
04-29 05:37:00.084 1592 1682 I chatty : uid=1000(system) HwBinder:1592_3 expire 1 line
04-29 05:37:00.086 1592 1640 I chatty : uid=1000 system_server expire 6 lines
04-29 05:37:00.087 1592 1678 I chatty : uid=1000(system) AudioService expire 1 line
04-29 05:37:00.088 1479 1479 I AudioFlinger: systemReady
04-29 05:37:00.101 1449 1452 V vold : DISK mbr
04-29 05:37:00.101 1449 1452 V vold :
04-29 05:37:00.101 1449 1452 V vold : PART 1 7
04-29 05:37:00.101 1449 1452 V vold :
04-29 05:37:00.101 1449 1452 V vold : PART 2 83
04-29 05:37:00.101 1449 1452 V vold :
04-29 05:37:00.101 1592 1740 I chatty : uid=1000(system) SoundPoolThread expire 1 line
04-29 05:37:00.108 1592 1662 I chatty : uid=1000(system) NetworkPolicy expire 1 line
04-29 05:37:00.109 1592 1734 I chatty : uid=1000(system) UsbService host expire 8 lines
04-29 05:37:00.122 1592 1734 I chatty : uid=1000(system) UsbService host expire 20 lines
04-29 05:37:00.124 1592 1640 I chatty : uid=1000 system_server expire 1 line
04-29 05:37:00.132 1592 1734 I chatty : uid=1000(system) UsbService host expire 12 lines
04-29 05:37:00.135 1711 1711 I zygote64: The ClassLoaderContext is a special shared library.
04-29 05:37:00.144 1449 1452 D vold : Found a CDROM: /sys//devices/pci0000:00/0000:00:11.0/ata2/host1/target1:0:0/1:0:0:0/block/sr0
04-29 05:37:00.144 1449 1452 W vold : sgdisk failed to scan /dev/block/vold/disk:11,0
04-29 05:37:00.144 1449 1452 V vold : /system/bin/blkid
04-29 05:37:00.144 1449 1452 V vold : -c
04-29 05:37:00.144 1449 1452 V vold : /dev/null
04-29 05:37:00.144 1449 1452 V vold : -s
04-29 05:37:00.144 1449 1452 V vold : TYPE
04-29 05:37:00.144 1449 1452 V vold : -s
04-29 05:37:00.144 1449 1452 V vold : UUID
04-29 05:37:00.144 1449 1452 V vold : -s
04-29 05:37:00.144 1449 1452 V vold : LABEL
04-29 05:37:00.144 1449 1452 V vold : /dev/block/vold/disk:11,0
04-29 05:37:00.157 1727 1727 I zygote64: The ClassLoaderContext is a special shared library.
04-29 05:37:00.183 1758 1758 W zygote64: Unexpected CPU variant for X86 using defaults: x86_64
04-29 05:37:00.186 1758 1758 V WebViewLibraryLoader: RelroFileCreator (64bit = true), 32-bit lib: /system/app/WebViewGoogle/WebViewGoogle.apk!/lib/x86/libwebviewchromium.so, 64-bit lib: /system/app/WebViewGoogle/WebViewGoogle.apk!/lib/x86_64/libwebviewchromium.so
04-29 05:37:00.203 1449 1452 E vold : Failed to pclose /system/bin/blkid -c /dev/null -s TYPE -s UUID -s LABEL /dev/block/vold/disk:11,0 : No medium found
04-29 05:37:00.203 1449 1452 W vold : blkid failed to identify /dev/block/vold/disk:11,0
04-29 05:37:00.205 1449 1452 V vold : Waiting for FUSE to spin up...
04-29 05:37:00.239 1753 1753 W zygote : Unexpected CPU variant for X86 using defaults: x86_64
04-29 05:37:00.242 1592 1740 I chatty : uid=1000(system) SoundPoolThread expire 11 lines
04-29 05:37:00.255 1449 1452 V vold : Waiting for FUSE to spin up...
04-29 05:37:00.268 1773 1773 W /system/bin/sdcard: Device explicitly enabled sdcardfs
04-29 05:37:00.306 1449 1452 V vold : /system/bin/blkid
04-29 05:37:00.306 1449 1452 V vold : -c
04-29 05:37:00.306 1449 1452 V vold : /dev/null
04-29 05:37:00.306 1449 1452 V vold : -s
04-29 05:37:00.306 1449 1452 V vold : TYPE
04-29 05:37:00.306 1449 1452 V vold : -s
04-29 05:37:00.306 1449 1452 V vold : UUID
04-29 05:37:00.306 1449 1452 V vold : -s
04-29 05:37:00.306 1449 1452 V vold : LABEL
04-29 05:37:00.306 1449 1452 V vold : /dev/block/vold/public:8,17
04-29 05:37:00.354 1753 1753 V WebViewLibraryLoader: RelroFileCreator (64bit = false), 32-bit lib: /system/app/WebViewGoogle/WebViewGoogle.apk!/lib/x86/libwebviewchromium.so, 64-bit lib: /system/app/WebViewGoogle/WebViewGoogle.apk!/lib/x86_64/libwebviewchromium.so
04-29 05:37:00.358 1753 1782 I zygote : Background concurrent copying GC freed 43(77KB) AllocSpace objects, 0(0B) LOS objects, 63% free, 899KB/2MB, paused 19.737ms total 47.818ms
04-29 05:37:00.382 1487 1545 I OMXClient: Treble IOmx obtained
04-29 05:37:00.382 1491 1533 I OMXMaster: makeComponentInstance(OMX.google.aac.decoder) in omx@1.0-service process
04-29 05:37:00.432 1772 1772 D AndroidRuntime: >>>>>> START com.android.internal.os.WebViewZygoteInit uid 1053 <<<<<<
04-29 05:37:00.434 1772 1772 I /system/bin/webview_zygote32: option[0]=-Xzygote
04-29 05:37:00.434 1772 1772 I /system/bin/webview_zygote32: option[1]=-Xusetombstonedtraces
04-29 05:37:00.434 1772 1772 I /system/bin/webview_zygote32: option[2]=exit
04-29 05:37:00.434 1772 1772 I /system/bin/webview_zygote32: option[3]=vfprintf
04-29 05:37:00.434 1772 1772 I /system/bin/webview_zygote32: option[4]=sensitiveThread
04-29 05:37:00.434 1772 1772 I /system/bin/webview_zygote32: option[5]=-verbose:gc
04-29 05:37:00.434 1772 1772 I /system/bin/webview_zygote32: option[6]=-Xms16m
04-29 05:37:00.434 1772 1772 I /system/bin/webview_zygote32: option[7]=-Xmx512m
04-29 05:37:00.435 1772 1772 I /system/bin/webview_zygote32: option[8]=-XX:HeapGrowthLimit=192m
04-29 05:37:00.435 1772 1772 I /system/bin/webview_zygote32: option[9]=-XX:HeapMinFree=512k
04-29 05:37:00.435 1772 1772 I /system/bin/webview_zygote32: option[10]=-XX:HeapMaxFree=8m
04-29 05:37:00.435 1772 1772 I /system/bin/webview_zygote32: option[11]=-XX:HeapTargetUtilization=0.75
04-29 05:37:00.435 1772 1772 I /system/bin/webview_zygote32: option[12]=-Xusejit:true
04-29 05:37:00.435 1772 1772 I /system/bin/webview_zygote32: option[13]=-Xjitsaveprofilinginfo
04-29 05:37:00.435 1772 1772 I /system/bin/webview_zygote32: option[14]=-agentlib:jdwp=transport=dt_android_adb,suspend=n,server=y
04-29 05:37:00.435 1772 1772 I /system/bin/webview_zygote32: option[15]=-Xlockprofthreshold:500
04-29 05:37:00.435 1772 1772 I /system/bin/webview_zygote32: option[16]=-Ximage-compiler-option
04-29 05:37:00.435 1772 1772 I /system/bin/webview_zygote32: option[17]=--runtime-arg
04-29 05:37:00.435 1772 1772 I /system/bin/webview_zygote32: option[18]=-Ximage-compiler-option
04-29 05:37:00.435 1772 1772 I /system/bin/webview_zygote32: option[19]=-Xms64m
04-29 05:37:00.435 1772 1772 I /system/bin/webview_zygote32: option[20]=-Ximage-compiler-option
04-29 05:37:00.435 1772 1772 I /system/bin/webview_zygote32: option[21]=--runtime-arg
04-29 05:37:00.435 1772 1772 I /system/bin/webview_zygote32: option[22]=-Ximage-compiler-option
04-29 05:37:00.435 1772 1772 I /system/bin/webview_zygote32: option[23]=-Xmx64m
04-29 05:37:00.435 1772 1772 I /system/bin/webview_zygote32: option[24]=-Ximage-compiler-option
04-29 05:37:00.435 1772 1772 I /system/bin/webview_zygote32: option[25]=--image-classes=/system/etc/preloaded-classes
04-29 05:37:00.435 1772 1772 I /system/bin/webview_zygote32: option[26]=-Ximage-compiler-option
04-29 05:37:00.435 1772 1772 I /system/bin/webview_zygote32: option[27]=--compiled-classes=/system/etc/compiled-classes
04-29 05:37:00.435 1772 1772 I /system/bin/webview_zygote32: option[28]=-Ximage-compiler-option
04-29 05:37:00.435 1772 1772 I /system/bin/webview_zygote32: option[29]=--dirty-image-objects=/system/etc/dirty-image-objects
04-29 05:37:00.435 1772 1772 I /system/bin/webview_zygote32: option[30]=-Xcompiler-option
04-29 05:37:00.435 1772 1772 I /system/bin/webview_zygote32: option[31]=--runtime-arg
04-29 05:37:00.435 1772 1772 I /system/bin/webview_zygote32: option[32]=-Xcompiler-option
04-29 05:37:00.435 1772 1772 I /system/bin/webview_zygote32: option[33]=-Xms64m
04-29 05:37:00.435 1772 1772 I /system/bin/webview_zygote32: option[34]=-Xcompiler-option
04-29 05:37:00.435 1772 1772 I /system/bin/webview_zygote32: option[35]=--runtime-arg
04-29 05:37:00.435 1772 1772 I /system/bin/webview_zygote32: option[36]=-Xcompiler-option
04-29 05:37:00.435 1772 1772 I /system/bin/webview_zygote32: option[37]=-Xmx512m
04-29 05:37:00.435 1772 1772 I /system/bin/webview_zygote32: option[38]=-Ximage-compiler-option
04-29 05:37:00.435 1772 1772 I /system/bin/webview_zygote32: option[39]=--instruction-set-variant=x86_64
04-29 05:37:00.435 1772 1772 I /system/bin/webview_zygote32: option[40]=-Xcompiler-option
04-29 05:37:00.435 1772 1772 I /system/bin/webview_zygote32: option[41]=--instruction-set-variant=x86_64
04-29 05:37:00.435 1772 1772 I /system/bin/webview_zygote32: option[42]=-Ximage-compiler-option
04-29 05:37:00.435 1772 1772 I /system/bin/webview_zygote32: option[43]=--instruction-set-features=default
04-29 05:37:00.435 1772 1772 I /system/bin/webview_zygote32: option[44]=-Xcompiler-option
04-29 05:37:00.435 1772 1772 I /system/bin/webview_zygote32: option[45]=--instruction-set-features=default
04-29 05:37:00.435 1772 1772 I /system/bin/webview_zygote32: option[46]=-Duser.locale=fr-FR
04-29 05:37:00.435 1772 1772 I /system/bin/webview_zygote32: option[47]=-XX:NativeBridge=libnb.so
04-29 05:37:00.435 1772 1772 I /system/bin/webview_zygote32: option[48]=--cpu-abilist=x86,armeabi-v7a,armeabi
04-29 05:37:00.435 1772 1772 I /system/bin/webview_zygote32: option[49]=-Xfingerprint:Android-x86/android_x86_64/x86_64:8.1.0/OPM8.190105.002/lh0124:userdebug/test-keys
04-29 05:37:00.444 1487 1545 I OMXClient: Treble IOmx obtained
04-29 05:37:00.444 1491 1533 I OMXMaster: makeComponentInstance(OMX.ffmpeg.aac.decoder) in omx@1.0-service process
04-29 05:37:00.444 1491 1533 V FFmpegOMXPlugin: makeComponentInstance 'OMX.ffmpeg.aac.decoder'
04-29 05:37:00.444 1491 1533 D SoftFFmpegAudio: SoftFFmpegAudio component: OMX.ffmpeg.aac.decoder mCodingType: 21
04-29 05:37:00.457 1449 1452 V vold : /dev/block/vold/public:8,17: LABEL="CLEF128GO" UUID="AFEE-BB90" TYPE="vfat"
04-29 05:37:00.457 1449 1452 V vold :
04-29 05:37:00.457 1449 1452 V vold : /system/bin/fsck_msdos
04-29 05:37:00.457 1449 1452 V vold : -p
04-29 05:37:00.457 1449 1452 V vold : -f
04-29 05:37:00.457 1449 1452 V vold : /dev/block/vold/public:8,17
04-29 05:37:00.470 1772 1772 E libnb : Unable to open /system/lib/libhoudini.so
04-29 05:37:00.485 1399 1399 E SELinux : avc: denied { find } for service=user pid=1696 uid=1002 scontext=u:r:zygote:s0 tcontext=u:object_r:user_service:s0 tclass=service_manager permissive=1
04-29 05:37:00.486 1399 1399 E SELinux : avc: denied { find } for service=appops pid=1696 uid=1002 scontext=u:r:zygote:s0 tcontext=u:object_r:appops_service:s0 tclass=service_manager permissive=1
04-29 05:37:00.494 1711 1711 I LatinIME: Hardware accelerated drawing: true
04-29 05:37:00.499 1449 1452 I fsck_msdos: ** /dev/block/vold/public:8,17
04-29 05:37:00.511 1449 1452 I fsck_msdos: ** Phase 1 - Read FAT (compare skipped)
04-29 05:37:00.511 1449 1452 I fsck_msdos: Attempting to allocate 26766 KB for FAT
04-29 05:37:00.740 1592 1592 I chatty : uid=1000 system_server expire 11 lines
04-29 05:37:00.743 1696 1696 I droid.bluetooth: type=1400 audit(0.0:306): avc: denied { read } for name="u:object_r:bluetooth_prop:s0" dev="tmpfs" ino=5105 scontext=u:r:zygote:s0 tcontext=u:object_r:bluetooth_prop:s0 tclass=file permissive=1
04-29 05:37:00.743 1696 1696 I droid.bluetooth: type=1400 audit(0.0:307): avc: denied { open } for path="/dev/__properties__/u:object_r:bluetooth_prop:s0" dev="tmpfs" ino=5105 scontext=u:r:zygote:s0 tcontext=u:object_r:bluetooth_prop:s0 tclass=file permissive=1
04-29 05:37:00.743 1696 1696 I droid.bluetooth: type=1400 audit(0.0:308): avc: denied { getattr } for path="/dev/__properties__/u:object_r:bluetooth_prop:s0" dev="tmpfs" ino=5105 scontext=u:r:zygote:s0 tcontext=u:object_r:bluetooth_prop:s0 tclass=file permissive=1
04-29 05:37:00.743 1696 1696 I droid.bluetooth: type=1400 audit(0.0:309): avc: denied { read } for name="vendor" dev="tmpfs" ino=600 scontext=u:r:zygote:s0 tcontext=u:object_r:tmpfs:s0 tclass=lnk_file permissive=1
04-29 05:37:00.743 1696 1696 D AdapterServiceConfig: Adding HeadsetService
04-29 05:37:00.743 1696 1696 D AdapterServiceConfig: Adding A2dpService
04-29 05:37:00.743 1696 1696 D AdapterServiceConfig: Adding HidService
04-29 05:37:00.743 1696 1696 D AdapterServiceConfig: Adding HealthService
04-29 05:37:00.743 1696 1696 D AdapterServiceConfig: Adding PanService
04-29 05:37:00.743 1696 1696 D AdapterServiceConfig: Adding GattService
04-29 05:37:00.743 1696 1696 D AdapterServiceConfig: Adding BluetoothMapService
04-29 05:37:00.743 1696 1696 W AdapterServiceConfig: Could not find profile bit mask
04-29 05:37:00.743 1696 1696 D AdapterServiceConfig: Adding BluetoothOppService
04-29 05:37:00.743 1696 1696 W AdapterServiceConfig: Could not find profile bit mask
04-29 05:37:00.743 1696 1696 D AdapterServiceConfig: Adding BluetoothPbapService
04-29 05:37:00.819 1449 1452 I fsck_msdos: ** Phase 2 - Check Cluster Chains
04-29 05:37:00.884 1727 1727 V SystemUIService: Starting SystemUI services for user 0.
04-29 05:37:00.893 1449 1452 I fsck_msdos: ** Phase 3 - Checking Directories
04-29 05:37:01.159 1711 1711 W InputAttributes: No editor info for this field. Bug?
04-29 05:37:01.171 1727 1727 D SystemUIBootTiming: StartServicesDependency took to complete: 37ms
04-29 05:37:01.213 1696 1696 D BluetoothAdapterService: onCreate()
04-29 05:37:01.215 1399 1399 E SELinux : avc: denied { find } for service=bluetooth_manager pid=1696 uid=1002 scontext=u:r:zygote:s0 tcontext=u:object_r:bluetooth_manager_service:s0 tclass=service_manager permissive=1
04-29 05:37:01.218 1727 1727 D SystemUIBootTiming: StartServicesNotificationChannels took to complete: 47ms
04-29 05:37:01.244 1711 1796 I LatinIME:LogUtils: Dictionary info: dictionary = UserHistoryDictionary.fr ; version = 1556466428 ; date = 1556466458
04-29 05:37:01.245 1711 1796 I LatinIME:LogUtils: Dictionary info: dictionary = userunigram.fr ; version = 1556509021 ; date = ?
04-29 05:37:01.245 1711 1796 E ActivityThread: Failed to find provider info for user_dictionary
04-29 05:37:01.293 1727 1727 D SystemUIBootTiming: StartServicesCommandQueueStart took to complete: 75ms
04-29 05:37:01.310 1592 1603 I chatty : uid=1000(system) Binder:1592_1 expire 14 lines
04-29 05:37:01.313 1696 1696 D BluetoothAdapterState: make() - Creating AdapterState
04-29 05:37:01.313 1449 1452 I fsck_msdos: ** Phase 4 - Checking for Lost Files
04-29 05:37:01.318 1696 1696 I bt_btif : init
04-29 05:37:01.318 1696 1798 I BluetoothAdapterState: Entering OffState
04-29 05:37:01.318 1696 1696 D bt_osi_allocation_tracker: canary initialized
04-29 05:37:01.328 1711 1796 I LatinIME:LogUtils: Dictionary info: dictionary = main:fr ; version = 54 ; date = 1414726264
04-29 05:37:01.335 1696 1799 I bt_osi_thread: run_thread: thread id 1799, thread name stack_manager started
04-29 05:37:01.335 1696 1799 I bt_stack_manager: event_init_stack is initializing the stack
04-29 05:37:01.337 1727 1727 V MediaRouter: Adding route: RouteInfo{ name=Tablette, description=null, status=null, category=RouteCategory{ name=Système types=ROUTE_TYPE_LIVE_AUDIO ROUTE_TYPE_LIVE_VIDEO groupable=false }, supportedTypes=ROUTE_TYPE_LIVE_AUDIO ROUTE_TYPE_LIVE_VIDEO , presentationDisplay=null }
04-29 05:37:01.337 1449 1452 I fsck_msdos: Next free cluster in FSInfo block (2) not free
04-29 05:37:01.337 1449 1452 I fsck_msdos: FIXED
04-29 05:37:01.337 1449 1452 I fsck_msdos: 2135 files, 815488 free (2934552 clusters)
04-29 05:37:01.339 1727 1727 V MediaRouter: Selecting route: RouteInfo{ name=Tablette, description=null, status=null, category=RouteCategory{ name=Système types=ROUTE_TYPE_LIVE_AUDIO ROUTE_TYPE_LIVE_VIDEO groupable=false }, supportedTypes=ROUTE_TYPE_LIVE_AUDIO ROUTE_TYPE_LIVE_VIDEO , presentationDisplay=null }
04-29 05:37:01.342 1696 1696 I stack_manager: type=1400 audit(0.0:311): avc: denied { read } for name="bt_config.conf" dev="sdb2" ino=558820 scontext=u:r:zygote:s0 tcontext=u:object_r:bluetooth_data_file:s0 tclass=file permissive=1
04-29 05:37:01.342 1696 1696 I stack_manager: type=1400 audit(0.0:312): avc: denied { open } for path="/data/misc/bluedroid/bt_config.conf" dev="sdb2" ino=558820 scontext=u:r:zygote:s0 tcontext=u:object_r:bluetooth_data_file:s0 tclass=file permissive=1
04-29 05:37:01.342 1696 1696 I stack_manager: type=1400 audit(0.0:313): avc: denied { getattr } for path="/data/misc/bluedroid/bt_config.conf" dev="sdb2" ino=558820 scontext=u:r:zygote:s0 tcontext=u:object_r:bluetooth_data_file:s0 tclass=file permissive=1
04-29 05:37:01.354 1449 1452 I Vold : Filesystem check completed OK
04-29 05:37:01.407 1753 1753 I WebViewLoader-x86: System.exit called, status: 0
04-29 05:37:01.407 1753 1753 I AndroidRuntime: VM exiting with result code 0, cleanup skipped.
04-29 05:37:01.420 1491 1533 E OMXNodeInstance: getParameter(0xf20a10e0:ffmpeg.aac.decoder, ParamAudioProfileQuerySupported(0x6f400005)) ERROR: UnsupportedIndex(0x8000101a)
04-29 05:37:01.420 1487 1545 W ACodec : component OMX.ffmpeg.aac.decoder doesn't support profile query.
04-29 05:37:01.422 1487 1545 I OMXClient: Treble IOmx obtained
04-29 05:37:01.422 1491 1532 I OMXMaster: makeComponentInstance(OMX.ffmpeg.ac3.decoder) in omx@1.0-service process
04-29 05:37:01.422 1491 1532 V FFmpegOMXPlugin: makeComponentInstance 'OMX.ffmpeg.ac3.decoder'
04-29 05:37:01.422 1727 1727 W SoundPool: Use of stream types is deprecated for operations other than volume control
04-29 05:37:01.422 1727 1727 W SoundPool: See the documentation of SoundPool() for what to use instead with android.media.AudioAttributes to qualify your playback use case
04-29 05:37:01.423 1727 1806 V NuMediaExtractor: setDataSource fd=34 (/system/media/audio/ui/Lock.ogg), offset=0, length=8308
04-29 05:37:01.424 1491 1532 D SoftFFmpegAudio: SoftFFmpegAudio component: OMX.ffmpeg.ac3.decoder mCodingType: 2130706434
04-29 05:37:01.424 1727 1727 D SystemUIBootTiming: StartServicesKeyguardViewMediator took to complete: 131ms
04-29 05:37:01.426 1487 1545 I OMXClient: Treble IOmx obtained
04-29 05:37:01.426 1491 1807 I OMXMaster: makeComponentInstance(OMX.google.amrnb.decoder) in omx@1.0-service process
04-29 05:37:01.438 1727 1806 V NuMediaExtractor: track of type 'audio/vorbis' does not publish bitrate
04-29 05:37:01.456 1487 1545 I OMXClient: Treble IOmx obtained
04-29 05:37:01.456 1491 1532 I OMXMaster: makeComponentInstance(OMX.google.amrwb.decoder) in omx@1.0-service process
04-29 05:37:01.459 1487 1545 I OMXClient: Treble IOmx obtained
04-29 05:37:01.459 1491 1532 I OMXMaster: makeComponentInstance(OMX.ffmpeg.ape.decoder) in omx@1.0-service process
04-29 05:37:01.459 1491 1532 V FFmpegOMXPlugin: makeComponentInstance 'OMX.ffmpeg.ape.decoder'
04-29 05:37:01.459 1491 1532 D SoftFFmpegAudio: SoftFFmpegAudio component: OMX.ffmpeg.ape.decoder mCodingType: 2130706435
04-29 05:37:01.461 1487 1545 I OMXClient: Treble IOmx obtained
04-29 05:37:01.461 1491 1532 I OMXMaster: makeComponentInstance(OMX.ffmpeg.dts.decoder) in omx@1.0-service process
04-29 05:37:01.461 1491 1532 V FFmpegOMXPlugin: makeComponentInstance 'OMX.ffmpeg.dts.decoder'
04-29 05:37:01.461 1491 1532 D SoftFFmpegAudio: SoftFFmpegAudio component: OMX.ffmpeg.dts.decoder mCodingType: 2130706436
04-29 05:37:01.463 1487 1545 I OMXClient: Treble IOmx obtained
04-29 05:37:01.463 1491 1532 I OMXMaster: makeComponentInstance(OMX.google.flac.decoder) in omx@1.0-service process
04-29 05:37:01.478 1487 1545 I OMXClient: Treble IOmx obtained
04-29 05:37:01.478 1491 1807 I OMXMaster: makeComponentInstance(OMX.ffmpeg.flac.decoder) in omx@1.0-service process
04-29 05:37:01.478 1491 1807 V FFmpegOMXPlugin: makeComponentInstance 'OMX.ffmpeg.flac.decoder'
04-29 05:37:01.479 1491 1807 D SoftFFmpegAudio: SoftFFmpegAudio component: OMX.ffmpeg.flac.decoder mCodingType: 28
04-29 05:37:01.480 1487 1545 I OMXClient: Treble IOmx obtained
04-29 05:37:01.480 1491 1532 I OMXMaster: makeComponentInstance(OMX.google.g711.alaw.decoder) in omx@1.0-service process
04-29 05:37:01.490 1487 1545 I OMXClient: Treble IOmx obtained
04-29 05:37:01.491 1491 1807 I OMXMaster: makeComponentInstance(OMX.google.g711.mlaw.decoder) in omx@1.0-service process
04-29 05:37:01.492 1487 1545 I OMXClient: Treble IOmx obtained
04-29 05:37:01.492 1491 1532 I OMXMaster: makeComponentInstance(OMX.ffmpeg.mp2.decoder) in omx@1.0-service process
04-29 05:37:01.492 1491 1532 V FFmpegOMXPlugin: makeComponentInstance 'OMX.ffmpeg.mp2.decoder'
04-29 05:37:01.492 1491 1532 D SoftFFmpegAudio: SoftFFmpegAudio component: OMX.ffmpeg.mp2.decoder mCodingType: 2130706433
04-29 05:37:01.495 1487 1545 I OMXClient: Treble IOmx obtained
04-29 05:37:01.495 1491 1807 I OMXMaster: makeComponentInstance(OMX.google.mp3.decoder) in omx@1.0-service process
04-29 05:37:01.501 1727 1727 D SystemUIBootTiming: StartServicesRecents took to complete: 77ms
04-29 05:37:01.513 1487 1545 I OMXClient: Treble IOmx obtained
04-29 05:37:01.513 1491 1532 I OMXMaster: makeComponentInstance(OMX.ffmpeg.mp3.decoder) in omx@1.0-service process
04-29 05:37:01.513 1491 1532 V FFmpegOMXPlugin: makeComponentInstance 'OMX.ffmpeg.mp3.decoder'
04-29 05:37:01.513 1491 1532 D SoftFFmpegAudio: SoftFFmpegAudio component: OMX.ffmpeg.mp3.decoder mCodingType: 22
04-29 05:37:01.515 1487 1545 I OMXClient: Treble IOmx obtained
04-29 05:37:01.515 1491 1807 I OMXMaster: makeComponentInstance(OMX.google.opus.decoder) in omx@1.0-service process
04-29 05:37:01.518 1758 1758 I WebViewLoader-x86_64: System.exit called, status: 0
04-29 05:37:01.518 1758 1758 I AndroidRuntime: VM exiting with result code 0, cleanup skipped.
04-29 05:37:01.522 1727 1727 I vol.Events: writeEvent collection_started
04-29 05:37:01.526 1727 1841 I vol.Events: writeEvent external_ringer_mode_changed normal
04-29 05:37:01.527 1727 1841 I vol.Events: writeEvent internal_ringer_mode_changed normal
04-29 05:37:01.532 1696 1799 E bt_btif_config: Config is missing adapter section
04-29 05:37:01.532 1696 1799 W bt_btif_config: init unable to load config file: /data/misc/bluedroid/bt_config.conf; using backup.
04-29 05:37:01.532 1696 1799 E bt_btif_config: Config is missing adapter section
04-29 05:37:01.533 1696 1799 W bt_btif_config: init unable to load backup; attempting to transcode legacy file.
04-29 05:37:01.533 1696 1799 E bt_btif_config_transcode: btif_config_transcode unable to load XML file '/data/misc/bluedroid/bt_config.xml': 3
04-29 05:37:01.533 1696 1799 E bt_btif_config: init unable to transcode legacy file; creating empty config.
04-29 05:37:01.533 1696 1847 I bt_osi_thread: run_thread: thread id 1847, thread name alarm_default_ca started
04-29 05:37:01.533 1696 1848 I bt_osi_thread: run_thread: thread id 1848, thread name alarm_dispatcher started
04-29 05:37:01.534 1696 1799 I bt_btif_core: btif_init_bluetooth entered
04-29 05:37:01.534 1696 1799 I bt_stack_config: init attempt to load stack conf from /etc/bluetooth/bt_stack.conf
04-29 05:37:01.575 1849 1849 I sdcard : type=1400 audit(0.0:314): avc: denied { getattr } for path="/vendor" dev="tmpfs" ino=600 scontext=u:r:sdcardd:s0 tcontext=u:object_r:tmpfs:s0 tclass=lnk_file permissive=1
04-29 05:37:01.575 1849 1849 I sdcard : type=1400 audit(0.0:315): avc: denied { read } for name="vendor" dev="tmpfs" ino=600 scontext=u:r:sdcardd:s0 tcontext=u:object_r:tmpfs:s0 tclass=lnk_file permissive=1
04-29 05:37:01.575 1449 1452 V vold : Waiting for FUSE to spin up...
04-29 05:37:01.582 1849 1849 W /system/bin/sdcard: Device explicitly enabled sdcardfs
04-29 05:37:01.613 1696 1850 I bt_osi_thread: run_thread: thread id 1850, thread name bt_jni_workqueue started
04-29 05:37:01.613 1696 1799 I bt_btif_core: btif_init_bluetooth finished
04-29 05:37:01.613 1696 1799 I bt_stack_manager: event_init_stack finished
04-29 05:37:01.613 1696 1696 I bt_osi_wakelock: wakelock_set_os_callouts set to non-native
04-29 05:37:01.613 1696 1850 I bt_btif_core: run_message_loop entered
04-29 05:37:01.613 1696 1696 I bt_btif : get_profile_interface: id = socket
04-29 05:37:01.616 1399 1399 I servicemanager: type=1400 audit(0.0:316): avc: denied { getattr } for scontext=u:r:servicemanager:s0 tcontext=u:r:zygote:s0 tclass=process permissive=1
04-29 05:37:01.617 1696 1696 W bt_btif : do_in_jni_thread: Dropped message, message_loop not initialized yet!
04-29 05:37:01.617 1696 1696 W bt_btif : do_in_jni_thread: Dropped message, message_loop not initialized yet!
04-29 05:37:01.618 1399 1399 E SELinux : avc: denied { find } for service=power pid=1696 uid=1002 scontext=u:r:zygote:s0 tcontext=u:object_r:power_service:s0 tclass=service_manager permissive=1
04-29 05:37:01.618 1399 1399 E SELinux : avc: denied { find } for service=batterystats pid=1696 uid=1002 scontext=u:r:zygote:s0 tcontext=u:object_r:batterystats_service:s0 tclass=service_manager permissive=1
04-29 05:37:01.619 1487 1545 I OMXClient: Treble IOmx obtained
04-29 05:37:01.619 1491 1807 I OMXMaster: makeComponentInstance(OMX.ffmpeg.ra.decoder) in omx@1.0-service process
04-29 05:37:01.619 1491 1807 V FFmpegOMXPlugin: makeComponentInstance 'OMX.ffmpeg.ra.decoder'
04-29 05:37:01.619 1491 1807 D SoftFFmpegAudio: SoftFFmpegAudio component: OMX.ffmpeg.ra.decoder mCodingType: 26
04-29 05:37:01.620 1487 1545 I OMXClient: Treble IOmx obtained
04-29 05:37:01.620 1491 1532 I OMXMaster: makeComponentInstance(OMX.google.raw.decoder) in omx@1.0-service process
04-29 05:37:01.626 1696 1696 I bt_btif : get_profile_interface: id = sdp
04-29 05:37:01.627 1592 1658 I chatty : uid=1000(system) VoldConnector expire 10 lines
04-29 05:37:01.627 1399 1399 E SELinux : avc: denied { find } for service=content pid=1696 uid=1002 scontext=u:r:zygote:s0 tcontext=u:object_r:content_service:s0 tclass=service_manager permissive=1
04-29 05:37:01.627 1592 1657 I chatty : uid=1000(system) StorageManagerS expire 4 lines
04-29 05:37:01.628 1696 1696 I BluetoothAdapterService: Phone policy enabled
04-29 05:37:01.628 1449 1452 V vold : /system/bin/blkid
04-29 05:37:01.628 1449 1452 V vold : -c
04-29 05:37:01.628 1449 1452 V vold : /dev/null
04-29 05:37:01.628 1449 1452 V vold : -s
04-29 05:37:01.628 1449 1452 V vold : TYPE
04-29 05:37:01.628 1449 1452 V vold : -s
04-29 05:37:01.628 1449 1452 V vold : UUID
04-29 05:37:01.628 1449 1452 V vold : -s
04-29 05:37:01.628 1449 1452 V vold : LABEL
04-29 05:37:01.628 1449 1452 V vold : /dev/block/vold/public:8,18
04-29 05:37:01.629 1696 1696 D BluetoothAdapterService: setAdapterService() - set to: null
04-29 05:37:01.629 1696 1696 D BluetoothAdapterService: onBind()
04-29 05:37:01.647 1487 1545 I OMXClient: Treble IOmx obtained
04-29 05:37:01.647 1491 1532 I OMXMaster: makeComponentInstance(OMX.ffmpeg.atrial.decoder) in omx@1.0-service process
04-29 05:37:01.647 1491 1532 V FFmpegOMXPlugin: makeComponentInstance 'OMX.ffmpeg.atrial.decoder'
04-29 05:37:01.647 1491 1532 D SoftFFmpegAudio: SoftFFmpegAudio component: OMX.ffmpeg.atrial.decoder mCodingType: 1
04-29 05:37:01.649 1487 1545 I OMXClient: Treble IOmx obtained
04-29 05:37:01.649 1491 1807 I OMXMaster: makeComponentInstance(OMX.google.vorbis.decoder) in omx@1.0-service process
04-29 05:37:01.651 1449 1452 V vold : /dev/block/vold/public:8,18: LABEL="ANDROID" UUID="033e8fc7-4cfe-9454-bc59-df7329ca862d" TYPE="ext4"
04-29 05:37:01.651 1449 1452 V vold :
04-29 05:37:01.657 1487 1545 I OMXClient: Treble IOmx obtained
04-29 05:37:01.657 1491 1807 I OMXMaster: makeComponentInstance(OMX.ffmpeg.vorbis.decoder) in omx@1.0-service process
04-29 05:37:01.657 1491 1807 V FFmpegOMXPlugin: makeComponentInstance 'OMX.ffmpeg.vorbis.decoder'
04-29 05:37:01.658 1491 1807 D SoftFFmpegAudio: SoftFFmpegAudio component: OMX.ffmpeg.vorbis.decoder mCodingType: 24
04-29 05:37:01.658 1449 1452 D Vold : Running /system/bin/e2fsck on /dev/block/vold/public:8,18
04-29 05:37:01.658 1449 1452 V vold : /system/bin/e2fsck
04-29 05:37:01.658 1449 1452 V vold : -y
04-29 05:37:01.658 1449 1452 V vold : /dev/block/vold/public:8,18
04-29 05:37:01.660 1487 1545 I OMXClient: Treble IOmx obtained
04-29 05:37:01.660 1491 1532 I OMXMaster: makeComponentInstance(OMX.ffmpeg.wma.decoder) in omx@1.0-service process
04-29 05:37:01.660 1491 1532 V FFmpegOMXPlugin: makeComponentInstance 'OMX.ffmpeg.wma.decoder'
04-29 05:37:01.660 1491 1532 D SoftFFmpegAudio: SoftFFmpegAudio component: OMX.ffmpeg.wma.decoder mCodingType: 25
04-29 05:37:01.661 1487 1545 I OMXClient: Treble IOmx obtained
04-29 05:37:01.661 1491 1807 I OMXMaster: makeComponentInstance(OMX.google.aac.encoder) in omx@1.0-service process
04-29 05:37:01.674 1869 1869 I e2fsck : type=1400 audit(0.0:317): avc: denied { getattr } for path="/vendor" dev="tmpfs" ino=600 scontext=u:r:fsck_untrusted:s0 tcontext=u:object_r:tmpfs:s0 tclass=lnk_file permissive=1
