06-18 21:08:36.530 2099 2099 D AlertReceiver: onReceive: a=android.intent.action.PROVIDER_CHANGED Intent { act=android.intent.action.PROVIDER_CHANGED dat=content://com.android.calendar flg=0x20000010 cmp=com.android.calendar/.alerts.AlertReceiver }
06-18 21:08:36.542 2099 2290 D AlertService: 0 Action = android.intent.action.PROVIDER_CHANGED
06-18 21:08:36.703 1948 2223 W MediaProvider: Missing volume for /system; assuming invalid
06-18 21:08:36.703 1948 2223 W MediaProvider: Missing volume for /system/media; assuming invalid
06-18 21:08:36.704 1948 2223 W MediaProvider: Missing volume for /system/media/audio; assuming invalid
06-18 21:08:36.705 1948 2223 W MediaProvider: Missing volume for /system/media/audio/alarms; assuming invalid
06-18 21:08:36.706 1948 2223 W MediaProvider: Missing volume for /system/media/audio/notifications; assuming invalid
06-18 21:08:36.706 1948 2223 W MediaProvider: Missing volume for /system/media/audio/ringtones; assuming invalid
06-18 21:08:36.715 1948 2223 W MediaProvider: Missing volume for /system/media/audio/alarms/Barium.ogg; assuming invalid
06-18 21:08:36.716 1140 1492 E MetadataRetrieverClient: failed to extract an album art
06-18 21:08:36.717 1948 2223 W MediaProvider: Missing volume for /system/media/audio/alarms/Cesium.ogg; assuming invalid
06-18 21:08:36.718 1948 2223 W MediaProvider: Missing volume for /system/media/audio/alarms/Plutonium.ogg; assuming invalid
06-18 21:08:36.719 1948 2223 W MediaProvider: Missing volume for /system/media/audio/alarms/Scandium.ogg; assuming invalid
06-18 21:08:36.725 1948 2223 W MediaProvider: Missing volume for /system/media/audio/notifications/Antimony.ogg; assuming invalid
06-18 21:08:36.730 1948 2223 W MediaProvider: Missing volume for /system/media/audio/notifications/Argon.ogg; assuming invalid
06-18 21:08:36.740 1140 1493 E MetadataRetrieverClient: failed to extract an album art
06-18 21:08:36.740 1948 2223 W MediaProvider: Missing volume for /system/media/audio/notifications/Beryllium.ogg; assuming invalid
06-18 21:08:36.742 1948 2223 W MediaProvider: Missing volume for /system/media/audio/notifications/Cobalt.ogg; assuming invalid
06-18 21:08:36.743 1948 2223 W MediaProvider: Missing volume for /system/media/audio/notifications/Fluorine.ogg; assuming invalid
06-18 21:08:36.744 1948 2223 W MediaProvider: Missing volume for /system/media/audio/notifications/Gallium.ogg; assuming invalid
06-18 21:08:36.745 1948 2223 W MediaProvider: Missing volume for /system/media/audio/notifications/Helium.ogg; assuming invalid
06-18 21:08:36.746 1948 2223 W MediaProvider: Missing volume for /system/media/audio/notifications/Iridium.ogg; assuming invalid
06-18 21:08:36.748 1948 2223 W MediaProvider: Missing volume for /system/media/audio/notifications/Krypton.ogg; assuming invalid
06-18 21:08:36.749 1948 2223 W MediaProvider: Missing volume for /system/media/audio/notifications/Palladium.ogg; assuming invalid
06-18 21:08:36.750 1948 2223 W MediaProvider: Missing volume for /system/media/audio/notifications/Radon.ogg; assuming invalid
06-18 21:08:36.751 1948 2223 W MediaProvider: Missing volume for /system/media/audio/notifications/Rubidium.ogg; assuming invalid
06-18 21:08:36.752 1948 2223 W MediaProvider: Missing volume for /system/media/audio/notifications/Selenium.ogg; assuming invalid
06-18 21:08:36.753 1948 2223 W MediaProvider: Missing volume for /system/media/audio/notifications/Strontium.ogg; assuming invalid
06-18 21:08:36.754 1948 2223 W MediaProvider: Missing volume for /system/media/audio/notifications/Thallium.ogg; assuming invalid
06-18 21:08:36.756 1948 2223 W MediaProvider: Missing volume for /system/media/audio/notifications/Xenon.ogg; assuming invalid
06-18 21:08:36.757 1948 2223 W MediaProvider: Missing volume for /system/media/audio/notifications/Zirconium.ogg; assuming invalid
06-18 21:08:36.770 1948 2223 W MediaProvider: Missing volume for /system/media/audio/ringtones/Sceptrum.ogg; assuming invalid
06-18 21:08:36.776 1140 1140 E MetadataRetrieverClient: failed to extract an album art
06-18 21:08:36.931 1948 2223 W MediaScanner: Error opening directory '/oem/media/', skipping: No such file or directory.
06-18 21:08:36.932 1948 2223 W MediaProvider: Missing volume for /system/media/audio/ui; assuming invalid
06-18 21:08:36.936 1948 2223 W MediaProvider: Missing volume for /system/media/audio/ui/Dock.ogg; assuming invalid
06-18 21:08:36.937 1948 2223 W MediaProvider: Missing volume for /system/media/audio/ui/Effect_Tick.ogg; assuming invalid
06-18 21:08:36.942 1948 2223 W MediaProvider: Missing volume for /system/media/audio/ui/KeypressDelete.ogg; assuming invalid
06-18 21:08:36.945 1140 1140 E MetadataRetrieverClient: failed to extract an album art
06-18 21:08:36.946 1948 2223 W MediaProvider: Missing volume for /system/media/audio/ui/KeypressInvalid.ogg; assuming invalid
06-18 21:08:36.948 1948 2223 W MediaProvider: Missing volume for /system/media/audio/ui/KeypressReturn.ogg; assuming invalid
06-18 21:08:36.950 1948 2223 W MediaProvider: Missing volume for /system/media/audio/ui/KeypressSpacebar.ogg; assuming invalid
06-18 21:08:36.958 1948 2223 W MediaProvider: Missing volume for /system/media/audio/ui/KeypressStandard.ogg; assuming invalid
06-18 21:08:36.959 1948 2223 W MediaProvider: Missing volume for /system/media/audio/ui/Lock.ogg; assuming invalid
06-18 21:08:36.960 1948 2223 W MediaProvider: Missing volume for /system/media/audio/ui/LowBattery.ogg; assuming invalid
06-18 21:08:36.961 1948 2223 W MediaProvider: Missing volume for /system/media/audio/ui/Trusted.ogg; assuming invalid
06-18 21:08:36.962 1948 2223 W MediaProvider: Missing volume for /system/media/audio/ui/Undock.ogg; assuming invalid
06-18 21:08:36.963 1948 2223 W MediaProvider: Missing volume for /system/media/audio/ui/Unlock.ogg; assuming invalid
06-18 21:08:36.964 1948 2223 W MediaProvider: Missing volume for /system/media/audio/ui/VideoRecord.ogg; assuming invalid
06-18 21:08:36.967 1948 2223 W MediaProvider: Missing volume for /system/media/audio/ui/camera_click.ogg; assuming invalid
06-18 21:08:36.968 1948 2223 W MediaProvider: Missing volume for /system/media/audio/ui/camera_focus.ogg; assuming invalid
06-18 21:08:37.249 1136 1445 D MDnsDS : Monitor poll got data pollCount = 2, 1
06-18 21:08:37.249 1136 1445 D MDnsDS : Monitor found [1].revents = 1 - calling ProcessResults
06-18 21:08:37.249 1136 1445 D MDnsDS : register succeeded for 2 as VirtualBox
06-18 21:08:37.249 1136 1445 D MDnsDS : controlSocket shows revent= 0
06-18 21:08:37.249 1136 1445 D MDnsDS : Going to poll with pollCount 2
06-18 21:08:37.250 1424 1487 D NsdService: SERVICE_REGISTERED Raw: 606 2 "VirtualBox"
06-18 21:08:40.539 2159 2159 I art : Waiting for a blocking GC DisableMovingGc
06-18 21:08:40.540 2159 2159 I art : Starting a blocking GC DisableMovingGc
06-18 21:08:40.855 2176 2176 I bluetoothd: Stopping SDP server
06-18 21:08:40.855 2176 2176 I bluetoothd: Exit
06-18 21:08:41.149 2305 2305 I bluetoothd: stopped ()
06-18 21:08:41.544 2099 2290 I GlobalDismissManager: no sender configured
06-18 21:08:41.544 2099 2290 D AlertService: Beginning updateAlertNotification
06-18 21:08:41.578 2099 2290 D AlertService: No fired or scheduled alerts
06-18 21:08:41.611 2099 2290 D AlertService: Scheduling next alarm with AlarmScheduler. sEventReminderReceived: null
06-18 21:08:41.614 2099 2290 D AlarmScheduler: No events found starting within 1 week.
06-18 21:08:45.253 2054 2054 E BlueZ : bluetoothd connect timeout
06-18 21:08:45.253 2054 2054 E BluetoothServiceJni: Error while setting the callbacks: 1
06-18 21:08:45.255 2054 2054 E BluetoothSdpJni: Bluetooth module is not loaded
06-18 21:08:45.256 1424 1455 E BluetoothManagerService: IBluetooth.configHciSnoopLog return false
06-18 21:08:45.383 1424 1475 I InputReader: Reconfiguring input devices. changes=0x00000010
06-18 21:08:45.390 1424 1475 I InputReader: Reconfiguring input devices. changes=0x00000010
06-18 21:08:45.390 1424 1475 I InputReader: Reconfiguring input devices. changes=0x00000010
06-18 21:08:45.396 1424 1475 I InputReader: Reconfiguring input devices. changes=0x00000010
06-18 21:08:45.400 1424 1475 I InputReader: Reconfiguring input devices. changes=0x00000010
06-18 21:08:45.406 1424 1475 I InputReader: Reconfiguring input devices. changes=0x00000010
06-18 21:08:46.770 1424 1455 W BluetoothManagerService: Maximum name/address remote retrieval retry exceeded
06-18 21:08:46.771 2054 2054 E BluetoothSdpJni: Bluetooth module is not loaded
06-18 21:08:46.785 2054 2054 I art : System.exit called, status: 0
06-18 21:08:46.785 2054 2054 I AndroidRuntime: VM exiting with result code 0, cleanup skipped.
06-18 21:08:46.791 1424 1564 I ActivityManager: Process com.android.bluetooth (pid 2054) has died
06-18 21:08:50.467 1424 1451 I ActivityManager: Waited long enough for: ServiceRecord{4d636f1 u0 com.google.android.tv.remote/.RemoteService}
06-18 21:08:50.467 1424 1451 I ActivityManager: Waited long enough for: ServiceRecord{35902d6 u0 com.google.android.tv.remote/.DiscoveryService}
06-18 21:08:50.822 1424 1451 I ActivityManager: Waited long enough for: ServiceRecord{ccadf9d u0 com.android.tv.settings/.users.UserSwitchListenerService}
06-18 21:08:50.876 1424 1451 I ActivityManager: Waited long enough for: ServiceRecord{e548de0 u0 com.android.calendar/.alerts.InitAlarmsService}
06-18 21:08:54.741 1643 1727 I vol.Events: writeEvent level_changed STREAM_MUSIC 10
06-18 21:08:58.836 1832 1832 D EmojiAltPhysicalKeyDetector: onKeyUp() : KeyEvent { action=ACTION_UP, keyCode=KEYCODE_NUM_LOCK, scanCode=69, metaState=META_NUM_LOCK_ON, flags=0x8, repeatCount=0, eventTime=43931, downTime=43931, deviceId=2, source=0x101 }
06-18 21:08:58.836 1832 1832 D EmojiAltPhysicalKeyDetector: onKeyUp() : Not Mapped: 143
06-18 21:08:58.883 1424 1491 W AudioTrack: AUDIO_OUTPUT_FLAG_FAST denied by client; transfer 4, track 44100 Hz, output 48000 Hz
06-18 21:08:58.906 1832 1832 D EmojiAltPhysicalKeyDetector: onKeyUp() : KeyEvent { action=ACTION_UP, keyCode=KEYCODE_DPAD_DOWN, scanCode=108, metaState=META_NUM_LOCK_ON, flags=0x8, repeatCount=0, eventTime=44033, downTime=43931, deviceId=2, source=0x101 }
06-18 21:08:58.906 1832 1832 D EmojiAltPhysicalKeyDetector: onKeyUp() : Not Mapped: 20
06-18 21:08:58.911 1140 1465 D audio_hw_primary: found out /dev/snd/pcmC0D0p
06-18 21:08:58.925 1140 1464 W audio_hw_primary: out_write underrun: -32
06-18 21:08:58.933 2037 2037 D InputEventConsistencyVerifier: KeyEvent: ACTION_UP but key was not down.
06-18 21:08:58.933 2037 2037 D InputEventConsistencyVerifier: in com.google.android.leanbacklauncher.ActiveFrame{eeb31d3 V.E...... .......D 0,135-1024,434 #7f090037 app:id/notification_view}
06-18 21:08:58.933 2037 2037 D InputEventConsistencyVerifier: 0: sent at 44033000000, KeyEvent { action=ACTION_UP, keyCode=KEYCODE_DPAD_DOWN, scanCode=108, metaState=META_NUM_LOCK_ON, flags=0x8, repeatCount=0, eventTime=44033, downTime=43931, deviceId=2, source=0x101 }
06-18 21:08:58.937 1140 1464 W audio_hw_primary: out_write underrun: -32
06-18 21:08:58.947 1140 1464 W audio_hw_primary: out_write underrun: -32
06-18 21:08:59.080 1140 1464 W audio_hw_primary: out_write underrun: -32
06-18 21:08:59.135 1140 1464 W audio_hw_primary: out_write underrun: -32
06-18 21:08:59.308 1140 1464 W audio_hw_primary: out_write underrun: -32
06-18 21:08:59.340 1140 1464 W audio_hw_primary: out_write underrun: -32
06-18 21:08:59.361 1140 1464 W audio_hw_primary: out_write underrun: -32
06-18 21:08:59.367 1832 1832 D EmojiAltPhysicalKeyDetector: onKeyUp() : KeyEvent { action=ACTION_UP, keyCode=KEYCODE_DPAD_DOWN, scanCode=108, metaState=META_NUM_LOCK_ON, flags=0x8, repeatCount=0, eventTime=44497, downTime=44418, deviceId=2, source=0x101 }
06-18 21:08:59.367 1832 1832 D EmojiAltPhysicalKeyDetector: onKeyUp() : Not Mapped: 20
06-18 21:08:59.422 1140 1465 D AudioFlinger: mixer(0xb4680000) throttle end: throttle time(5)
06-18 21:08:59.433 1140 1464 W audio_hw_primary: out_write underrun: -32
06-18 21:08:59.466 2037 2037 D InputEventConsistencyVerifier: KeyEvent: ACTION_UP but key was not down.
06-18 21:08:59.466 2037 2037 D InputEventConsistencyVerifier: in com.google.android.leanbacklauncher.ActiveFrame{e459228 V.E...... ........ 0,297-1024,426}
06-18 21:08:59.466 2037 2037 D InputEventConsistencyVerifier: 0: sent at 44497000000, KeyEvent { action=ACTION_UP, keyCode=KEYCODE_DPAD_DOWN, scanCode=108, metaState=META_NUM_LOCK_ON, flags=0x8, repeatCount=0, eventTime=44497, downTime=44418, deviceId=2, source=0x101 }
06-18 21:08:59.493 1140 1464 W audio_hw_primary: out_write underrun: -32
06-18 21:08:59.552 1140 1464 W audio_hw_primary: out_write underrun: -32
06-18 21:08:59.626 1140 1464 W audio_hw_primary: out_write underrun: -32
06-18 21:08:59.719 1140 1464 W audio_hw_primary: out_write underrun: -32
06-18 21:08:59.773 1140 1464 W audio_hw_primary: out_write underrun: -32
06-18 21:08:59.825 1140 1464 W audio_hw_primary: out_write underrun: -32
06-18 21:08:59.875 1140 1464 W audio_hw_primary: out_write underrun: -32
06-18 21:08:59.930 1140 1464 W audio_hw_primary: out_write underrun: -32
06-18 21:08:59.990 1140 1464 W audio_hw_primary: out_write underrun: -32
06-18 21:09:00.099 1140 1464 W audio_hw_primary: out_write underrun: -32
06-18 21:09:00.159 1140 1464 W audio_hw_primary: out_write underrun: -32
06-18 21:09:00.185 1140 1464 W audio_hw_primary: out_write underrun: -32
06-18 21:09:00.245 1140 1464 W audio_hw_primary: out_write underrun: -32
06-18 21:09:00.327 1140 1464 W audio_hw_primary: out_write underrun: -32
06-18 21:09:00.396 1832 1832 D EmojiAltPhysicalKeyDetector: onKeyUp() : KeyEvent { action=ACTION_UP, keyCode=KEYCODE_DPAD_DOWN, scanCode=108, metaState=META_NUM_LOCK_ON, flags=0x8, repeatCount=0, eventTime=45539, downTime=45426, deviceId=2, source=0x101 }
06-18 21:09:00.396 1832 1832 D EmojiAltPhysicalKeyDetector: onKeyUp() : Not Mapped: 20
06-18 21:09:00.396 1140 1464 W audio_hw_primary: out_write underrun: -32
06-18 21:09:00.403 2037 2037 W NotificationCardView: Invalid Content URI provided for recommendation background: null
06-18 21:09:00.454 1140 1464 W audio_hw_primary: out_write underrun: -32
06-18 21:09:00.515 1140 1464 W audio_hw_primary: out_write underrun: -32
06-18 21:09:00.537 2037 2037 D InputEventConsistencyVerifier: KeyEvent: ACTION_UP but key was not down.
06-18 21:09:00.537 2037 2037 D InputEventConsistencyVerifier: in com.google.android.leanbacklauncher.ActiveFrame{fb61ca0 V.E...... ........ 0,167-1024,348}
06-18 21:09:00.537 2037 2037 D InputEventConsistencyVerifier: 0: sent at 45539000000, KeyEvent { action=ACTION_UP, keyCode=KEYCODE_DPAD_DOWN, scanCode=108, metaState=META_NUM_LOCK_ON, flags=0x8, repeatCount=0, eventTime=45539, downTime=45426, deviceId=2, source=0x101 }
06-18 21:09:00.566 1140 1464 W audio_hw_primary: out_write underrun: -32
06-18 21:09:00.626 1140 1464 W audio_hw_primary: out_write underrun: -32
06-18 21:09:00.737 1140 1464 W audio_hw_primary: out_write underrun: -32
06-18 21:09:00.887 1140 1464 W audio_hw_primary: out_write underrun: -32
06-18 21:09:00.946 1140 1464 W audio_hw_primary: out_write underrun: -32
06-18 21:09:01.024 1140 1464 W audio_hw_primary: out_write underrun: -32
06-18 21:09:01.100 1140 1464 W audio_hw_primary: out_write underrun: -32
06-18 21:09:01.201 1140 1464 W audio_hw_primary: out_write underrun: -32
06-18 21:09:01.274 1140 1464 W audio_hw_primary: out_write underrun: -32
06-18 21:09:01.388 1140 1464 W audio_hw_primary: out_write underrun: -32
06-18 21:09:01.442 1140 1464 W audio_hw_primary: out_write underrun: -32
06-18 21:09:01.505 1140 1464 W audio_hw_primary: out_write underrun: -32
06-18 21:09:01.566 1140 1464 W audio_hw_primary: out_write underrun: -32
06-18 21:09:01.612 1140 1464 W audio_hw_primary: out_write underrun: -32
06-18 21:09:01.667 1140 1464 W audio_hw_primary: out_write underrun: -32
06-18 21:09:01.728 1140 1464 W audio_hw_primary: out_write underrun: -32
06-18 21:09:01.837 1140 1464 W audio_hw_primary: out_write underrun: -32
06-18 21:09:01.895 1140 1464 W audio_hw_primary: out_write underrun: -32
06-18 21:09:01.902 2037 2037 I Choreographer: Skipped 31 frames! The application may be doing too much work on its main thread.
06-18 21:09:01.903 1832 1832 D EmojiAltPhysicalKeyDetector: onKeyUp() : KeyEvent { action=ACTION_UP, keyCode=KEYCODE_DPAD_UP, scanCode=103, metaState=META_NUM_LOCK_ON, flags=0x8, repeatCount=0, eventTime=46585, downTime=46474, deviceId=2, source=0x101 }
06-18 21:09:01.903 1832 1832 D EmojiAltPhysicalKeyDetector: onKeyUp() : Not Mapped: 19
06-18 21:09:01.955 1140 1464 W audio_hw_primary: out_write underrun: -32
06-18 21:09:02.006 2037 2037 D InputEventConsistencyVerifier: KeyEvent: ACTION_UP but key was not down.
06-18 21:09:02.006 2037 2037 D InputEventConsistencyVerifier: in com.google.android.leanbacklauncher.ActiveFrame{e459228 V.E...... ........ 0,135-1024,274}
06-18 21:09:02.006 2037 2037 D InputEventConsistencyVerifier: 0: sent at 46585000000, KeyEvent { action=ACTION_UP, keyCode=KEYCODE_DPAD_UP, scanCode=103, metaState=META_NUM_LOCK_ON, flags=0x8, repeatCount=0, eventTime=46585, downTime=46474, deviceId=2, source=0x101 }
06-18 21:09:02.006 2037 2037 D InputEventConsistencyVerifier: -- recent events --
06-18 21:09:02.006 2037 2037 D InputEventConsistencyVerifier: 1: sent at 45426000000, (unhandled) KeyEvent { action=ACTION_DOWN, keyCode=KEYCODE_DPAD_DOWN, scanCode=108, metaState=META_NUM_LOCK_ON, flags=0x8, repeatCount=0, eventTime=45426, downTime=45426, deviceId=2, source=0x101 }
06-18 21:09:02.006 2037 2037 D InputEventConsistencyVerifier: 2: sent at 44497000000, (unhandled) KeyEvent { action=ACTION_UP, keyCode=KEYCODE_DPAD_DOWN, scanCode=108, metaState=META_NUM_LOCK_ON, flags=0x80000008, repeatCount=0, eventTime=44497, downTime=44418, deviceId=2, source=0x101 }
06-18 21:09:02.028 1140 1464 W audio_hw_primary: out_write underrun: -32
06-18 21:09:02.089 1140 1464 W audio_hw_primary: out_write underrun: -32
06-18 21:09:02.164 1140 1464 W audio_hw_primary: out_write underrun: -32
06-18 21:09:02.224 1140 1464 W audio_hw_primary: out_write underrun: -32
06-18 21:09:02.279 1140 1464 W audio_hw_primary: out_write underrun: -32
06-18 21:09:02.308 1140 1464 W audio_hw_primary: out_write underrun: -32
06-18 21:09:02.370 1140 1464 W audio_hw_primary: out_write underrun: -32
06-18 21:09:02.464 1140 1464 W audio_hw_primary: out_write underrun: -32
06-18 21:09:02.549 1140 1464 W audio_hw_primary: out_write underrun: -32
06-18 21:09:02.605 1140 1464 W audio_hw_primary: out_write underrun: -32
06-18 21:09:02.664 1140 1464 W audio_hw_primary: out_write underrun: -32
06-18 21:09:02.739 1140 1464 W audio_hw_primary: out_write underrun: -32
06-18 21:09:02.794 1140 1464 W audio_hw_primary: out_write underrun: -32
06-18 21:09:02.858 1140 1464 W audio_hw_primary: out_write underrun: -32
06-18 21:09:03.040 1140 1464 W audio_hw_primary: out_write underrun: -32
06-18 21:09:03.093 1832 1832 D EmojiAltPhysicalKeyDetector: onKeyUp() : KeyEvent { action=ACTION_UP, keyCode=KEYCODE_DPAD_DOWN, scanCode=108, metaState=META_NUM_LOCK_ON, flags=0x8, repeatCount=0, eventTime=48217, downTime=48082, deviceId=2, source=0x101 }
06-18 21:09:03.093 1832 1832 D EmojiAltPhysicalKeyDetector: onKeyUp() : Not Mapped: 20
06-18 21:09:03.110 2037 2037 D InputEventConsistencyVerifier: KeyEvent: ACTION_UP but key was not down.
06-18 21:09:03.110 2037 2037 D InputEventConsistencyVerifier: in com.google.android.leanbacklauncher.ActiveFrame{fb61ca0 V.E...... ........ 0,153-1024,358}
06-18 21:09:03.110 2037 2037 D InputEventConsistencyVerifier: 0: sent at 48217000000, KeyEvent { action=ACTION_UP, keyCode=KEYCODE_DPAD_DOWN, scanCode=108, metaState=META_NUM_LOCK_ON, flags=0x8, repeatCount=0, eventTime=48217, downTime=48082, deviceId=2, source=0x101 }
06-18 21:09:03.110 2037 2037 D InputEventConsistencyVerifier: -- recent events --
06-18 21:09:03.110 2037 2037 D InputEventConsistencyVerifier: 1: sent at 46474000000, (unhandled) KeyEvent { action=ACTION_DOWN, keyCode=KEYCODE_DPAD_UP, scanCode=103, metaState=META_NUM_LOCK_ON, flags=0x8, repeatCount=0, eventTime=46474, downTime=46474, deviceId=2, source=0x101 }
06-18 21:09:03.110 2037 2037 D InputEventConsistencyVerifier: 2: sent at 45539000000, (unhandled) KeyEvent { action=ACTION_UP, keyCode=KEYCODE_DPAD_DOWN, scanCode=108, metaState=META_NUM_LOCK_ON, flags=0x80000008, repeatCount=0, eventTime=45539, downTime=45426, deviceId=2, source=0x101 }
06-18 21:09:03.120 1140 1464 W audio_hw_primary: out_write underrun: -32
06-18 21:09:03.180 1140 1464 W audio_hw_primary: out_write underrun: -32
06-18 21:09:03.364 1140 1464 W audio_hw_primary: out_write underrun: -32
06-18 21:09:03.471 1140 1464 W audio_hw_primary: out_write underrun: -32
06-18 21:09:03.552 1140 1464 W audio_hw_primary: out_write underrun: -32
06-18 21:09:03.604 1140 1464 W audio_hw_primary: out_write underrun: -32
06-18 21:09:03.664 1140 1464 W audio_hw_primary: out_write underrun: -32
06-18 21:09:03.691 1140 1465 D AudioFlinger: mixer(0xb4680000) throttle end: throttle time(5)
06-18 21:09:03.722 1140 1464 W audio_hw_primary: out_write underrun: -32
06-18 21:09:03.736 1832 1832 D EmojiAltPhysicalKeyDetector: onKeyUp() : KeyEvent { action=ACTION_UP, keyCode=KEYCODE_DPAD_RIGHT, scanCode=106, metaState=META_NUM_LOCK_ON, flags=0x8, repeatCount=0, eventTime=48873, downTime=48770, deviceId=2, source=0x101 }
06-18 21:09:03.736 1832 1832 D EmojiAltPhysicalKeyDetector: onKeyUp() : Not Mapped: 22
06-18 21:09:03.752 2037 2037 D InputEventConsistencyVerifier: KeyEvent: ACTION_UP but key was not down.
06-18 21:09:03.752 2037 2037 D InputEventConsistencyVerifier: in com.google.android.leanbacklauncher.apps.SettingsCardView{54b5180 VFE...C.. .FS..A.. 162,0-260,146}
06-18 21:09:03.752 2037 2037 D InputEventConsistencyVerifier: 0: sent at 48873000000, KeyEvent { action=ACTION_UP, keyCode=KEYCODE_DPAD_RIGHT, scanCode=106, metaState=META_NUM_LOCK_ON, flags=0x8, repeatCount=0, eventTime=48873, downTime=48770, deviceId=2, source=0x101 }
06-18 21:09:03.799 1140 1464 W audio_hw_primary: out_write underrun: -32
06-18 21:09:03.853 1140 1464 W audio_hw_primary: out_write underrun: -32
06-18 21:09:03.910 1140 1464 W audio_hw_primary: out_write underrun: -32
06-18 21:09:03.979 1140 1464 W audio_hw_primary: out_write underrun: -32
06-18 21:09:04.029 1140 1464 W audio_hw_primary: out_write underrun: -32
06-18 21:09:04.079 1140 1464 W audio_hw_primary: out_write underrun: -32
06-18 21:09:04.267 1140 1464 W audio_hw_primary: out_write underrun: -32
06-18 21:09:04.325 1140 1464 W audio_hw_primary: out_write underrun: -32
06-18 21:09:04.403 1140 1464 W audio_hw_primary: out_write underrun: -32
06-18 21:09:04.463 1140 1464 W audio_hw_primary: out_write underrun: -32
06-18 21:09:04.574 1140 1464 W audio_hw_primary: out_write underrun: -32
06-18 21:09:04.587 1832 1832 D EmojiAltPhysicalKeyDetector: onKeyUp() : KeyEvent { action=ACTION_UP, keyCode=KEYCODE_ENTER, scanCode=28, metaState=META_NUM_LOCK_ON, flags=0x8, repeatCount=0, eventTime=49737, downTime=49626, deviceId=2, source=0x101 }
06-18 21:09:04.587 1832 1832 D EmojiAltPhysicalKeyDetector: onKeyUp() : Not Mapped: 66
06-18 21:09:04.648 1140 1464 W audio_hw_primary: out_write underrun: -32
06-18 21:09:04.704 1140 1464 W audio_hw_primary: out_write underrun: -32
06-18 21:09:04.764 1140 1464 W audio_hw_primary: out_write underrun: -32
06-18 21:09:04.814 1140 1464 W audio_hw_primary: out_write underrun: -32
06-18 21:09:04.878 1140 1464 W audio_hw_primary: out_write underrun: -32
06-18 21:09:04.998 1140 1464 W audio_hw_primary: out_write underrun: -32
06-18 21:09:05.046 1140 1464 W audio_hw_primary: out_write underrun: -32
06-18 21:09:05.105 1140 1464 W audio_hw_primary: out_write underrun: -32
06-18 21:09:05.123 1424 1921 I ActivityManager: START u0 {act=android.intent.action.MAIN cat=[android.intent.category.LAUNCHER] flg=0x10208000 cmp=com.android.tv.settings/.connectivity.NetworkActivity} from uid 10008 on display 0
06-18 21:09:05.130 2037 2037 D LeanbackLauncher: onPause
06-18 21:09:05.161 1140 1464 W audio_hw_primary: out_write underrun: -32
06-18 21:09:05.166 1424 1485 D WifiService: New client listening to asynchronous messages
06-18 21:09:05.224 1920 1920 W GridLayoutManager:2131689569: setSelectionSmooth should not be called before first layout pass
06-18 21:09:05.253 1920 2320 D OpenGLRenderer: Use EGL_SWAP_BEHAVIOR_PRESERVED: true
06-18 21:09:05.255 1140 1464 W audio_hw_primary: out_write underrun: -32
06-18 21:09:05.314 1920 2320 I EGL-DRI2: found extension DRI_Core version 1
06-18 21:09:05.314 1920 2320 I EGL-DRI2: found extension DRI_SWRast version 5
06-18 21:09:05.314 1140 1464 W audio_hw_primary: out_write underrun: -32
06-18 21:09:05.316 1920 2320 I EGL-DRI2: found extension DRI_TexBuffer version 2
06-18 21:09:05.316 1920 2320 I EGL-DRI2: found extension DRI_IMAGE version 11
06-18 21:09:05.317 1920 2320 I OpenGLRenderer: Initialized EGL, version 1.4
06-18 21:09:05.317 1920 2320 W OpenGLRenderer: Failed to choose config with EGL_SWAP_BEHAVIOR_PRESERVED, retrying without...
06-18 21:09:05.369 1140 1464 W audio_hw_primary: out_write underrun: -32
06-18 21:09:05.428 1140 1464 W audio_hw_primary: out_write underrun: -32
06-18 21:09:05.483 1140 1464 W audio_hw_primary: out_write underrun: -32
06-18 21:09:05.597 1140 1464 W audio_hw_primary: out_write underrun: -32
06-18 21:09:05.654 1140 1464 W audio_hw_primary: out_write underrun: -32
06-18 21:09:05.709 1140 1464 W audio_hw_primary: out_write underrun: -32
06-18 21:09:05.733 1424 1456 I ActivityManager: Displayed com.android.tv.settings/.connectivity.NetworkActivity: +601ms
06-18 21:09:05.760 2037 2037 D LeanbackLauncher: onStop
06-18 21:09:05.761 2037 2037 D ViewRootImpl: changeCanvasOpacity: opaque=false
06-18 21:09:05.761 2037 2037 D LeanbackLauncher: Launcher overlay shy mode set to: false
06-18 21:09:05.762 2037 2037 D ViewRootImpl: changeCanvasOpacity: opaque=false
06-18 21:09:05.765 1140 1464 W audio_hw_primary: out_write underrun: -32
06-18 21:09:05.825 1140 1464 W audio_hw_primary: out_write underrun: -32
06-18 21:09:05.881 1140 1464 W audio_hw_primary: out_write underrun: -32
06-18 21:09:05.888 2099 2250 D InitAlarmsService: Clearing and rescheduling alarms.
06-18 21:09:05.941 1140 1464 W audio_hw_primary: out_write underrun: -32
06-18 21:09:05.998 1140 1464 W audio_hw_primary: out_write underrun: -32
06-18 21:09:06.051 1140 1464 W audio_hw_primary: out_write underrun: -32
06-18 21:09:06.108 1140 1464 W audio_hw_primary: out_write underrun: -32
06-18 21:09:06.219 1140 1464 W audio_hw_primary: out_write underrun: -32
06-18 21:09:06.275 1140 1464 W audio_hw_primary: out_write underrun: -32
06-18 21:09:06.334 1140 1464 W audio_hw_primary: out_write underrun: -32
06-18 21:09:06.432 1140 1464 W audio_hw_primary: out_write underrun: -32
06-18 21:09:06.491 1140 1464 W audio_hw_primary: out_write underrun: -32
06-18 21:09:06.548 1140 1464 W audio_hw_primary: out_write underrun: -32
06-18 21:09:06.647 1140 1464 W audio_hw_primary: out_write underrun: -32
06-18 21:09:06.705 1140 1464 W audio_hw_primary: out_write underrun: -32
06-18 21:09:06.760 1140 1464 W audio_hw_primary: out_write underrun: -32
06-18 21:09:06.841 1140 1464 W audio_hw_primary: out_write underrun: -32
06-18 21:09:06.896 1140 1464 W audio_hw_primary: out_write underrun: -32
06-18 21:09:06.957 1140 1464 W audio_hw_primary: out_write underrun: -32
06-18 21:09:07.012 1140 1464 W audio_hw_primary: out_write underrun: -32
06-18 21:09:07.074 1140 1464 W audio_hw_primary: out_write underrun: -32
06-18 21:09:07.127 1140 1464 W audio_hw_primary: out_write underrun: -32
06-18 21:09:07.190 1140 1464 W audio_hw_primary: out_write underrun: -32
06-18 21:09:07.243 1140 1464 W audio_hw_primary: out_write underrun: -32
06-18 21:09:07.317 1140 1464 W audio_hw_primary: out_write underrun: -32
06-18 21:09:07.503 1140 1464 W audio_hw_primary: out_write underrun: -32
06-18 21:09:07.508 1832 1832 D EmojiAltPhysicalKeyDetector: onKeyUp() : KeyEvent { action=ACTION_UP, keyCode=KEYCODE_ESCAPE, scanCode=1, metaState=META_NUM_LOCK_ON, flags=0x8, repeatCount=0, eventTime=52657, downTime=52530, deviceId=2, source=0x101 }
06-18 21:09:07.508 1832 1832 D EmojiAltPhysicalKeyDetector: onKeyUp() : Not Mapped: 111
06-18 21:09:07.509 1832 1832 D EmojiAltPhysicalKeyDetector: onKeyUp() : KeyEvent { action=ACTION_UP, keyCode=KEYCODE_BACK, scanCode=1, metaState=META_NUM_LOCK_ON, flags=0x8, repeatCount=0, eventTime=52657, downTime=52530, deviceId=2, source=0x101 }
06-18 21:09:07.509 1832 1832 D EmojiAltPhysicalKeyDetector: onKeyUp() : Not Mapped: 4
06-18 21:09:07.512 1134 1238 D PermissionCache: checking android.permission.READ_FRAME_BUFFER for uid=1000 => granted (412 us)
06-18 21:09:07.514 1134 1134 D gralloc : Registering a buffer in the process that created it. This may cause memory ordering problems.
06-18 21:09:07.554 1140 1464 W audio_hw_primary: out_write underrun: -32
06-18 21:09:07.619 1140 1464 W audio_hw_primary: out_write underrun: -32
06-18 21:09:07.642 1134 1134 W SurfaceFlinger: captureScreen: error creating EGL fence: 0x3004
06-18 21:09:07.662 2037 2037 D LeanbackLauncher: onStart: visibleBehindState = false
06-18 21:09:07.662 2037 2037 D ViewRootImpl: changeCanvasOpacity: opaque=true
06-18 21:09:07.663 2037 2037 D LeanbackLauncher: Launcher overlay shy mode set to: true
06-18 21:09:07.664 2037 2037 D LeanbackLauncher: onResume
06-18 21:09:07.664 1140 1464 W audio_hw_primary: out_write underrun: -32
06-18 21:09:07.720 1140 1464 W audio_hw_primary: out_write underrun: -32
06-18 21:09:08.220 1643 1674 I art : Background partial concurrent mark sweep GC freed 306(12KB) AllocSpace objects, 1(9MB) LOS objects, 40% free, 11MB/19MB, paused 5.285ms total 11.068ms
06-18 21:09:08.415 1643 1674 I art : Background sticky concurrent mark sweep GC freed 11(432B) AllocSpace objects, 0(0B) LOS objects, 0% free, 21MB/21MB, paused 8.796ms total 10.554ms
06-18 21:09:09.322 1140 1465 D audio_hw_primary: found out /dev/snd/pcmC0D0p
06-18 21:09:09.333 1140 1464 W audio_hw_primary: out_write underrun: -32
06-18 21:09:09.346 1140 1464 W audio_hw_primary: out_write underrun: -32
06-18 21:09:09.373 1140 1464 W audio_hw_primary: out_write underrun: -32
06-18 21:09:09.417 1832 1832 D EmojiAltPhysicalKeyDetector: onKeyUp() : KeyEvent { action=ACTION_UP, keyCode=KEYCODE_DPAD_LEFT, scanCode=105, metaState=META_NUM_LOCK_ON, flags=0x8, repeatCount=0, eventTime=54554, downTime=54422, deviceId=2, source=0x101 }
06-18 21:09:09.417 1832 1832 D EmojiAltPhysicalKeyDetector: onKeyUp() : Not Mapped: 21
06-18 21:09:09.426 2037 2037 D InputEventConsistencyVerifier: KeyEvent: ACTION_UP but key was not down.
06-18 21:09:09.426 2037 2037 D InputEventConsistencyVerifier: in com.google.android.leanbacklauncher.apps.SettingsCardView{f2fc814 VFE...C.. .FS..A.. 56,0-154,146}
06-18 21:09:09.426 2037 2037 D InputEventConsistencyVerifier: 0: sent at 54554000000, KeyEvent { action=ACTION_UP, keyCode=KEYCODE_DPAD_LEFT, scanCode=105, metaState=META_NUM_LOCK_ON, flags=0x8, repeatCount=0, eventTime=54554, downTime=54422, deviceId=2, source=0x101 }
06-18 21:09:09.426 2037 2037 D InputEventConsistencyVerifier: -- recent events --
06-18 21:09:09.426 2037 2037 D InputEventConsistencyVerifier: 1: sent at 48770000000, (unhandled) KeyEvent { action=ACTION_DOWN, keyCode=KEYCODE_DPAD_RIGHT, scanCode=106, metaState=META_NUM_LOCK_ON, flags=0x8, repeatCount=0, eventTime=48770, downTime=48770, deviceId=2, source=0x101 }
06-18 21:09:09.426 2037 2037 D InputEventConsistencyVerifier: 2: sent at 48217000000, (unhandled) KeyEvent { action=ACTION_UP, keyCode=KEYCODE_DPAD_DOWN, scanCode=108, metaState=META_NUM_LOCK_ON, flags=0x80000008, repeatCount=0, eventTime=48217, downTime=48082, deviceId=2, source=0x101 }
06-18 21:09:09.426 2037 2037 D InputEventConsistencyVerifier: 3: sent at 46474000000, (unhandled) KeyEvent { action=ACTION_DOWN, keyCode=KEYCODE_DPAD_UP, scanCode=103, metaState=META_NUM_LOCK_ON, flags=0x8, repeatCount=0, eventTime=46474, downTime=46474, deviceId=2, source=0x101 }
06-18 21:09:09.426 2037 2037 D InputEventConsistencyVerifier: 4: sent at 45539000000, (unhandled) KeyEvent { action=ACTION_UP, keyCode=KEYCODE_DPAD_DOWN, scanCode=108, metaState=META_NUM_LOCK_ON, flags=0x80000008, repeatCount=0, eventTime=45539, downTime=45426, deviceId=2, source=0x101 }
06-18 21:09:09.427 1140 1464 W audio_hw_primary: out_write underrun: -32
06-18 21:09:09.509 1140 1464 W audio_hw_primary: out_write underrun: -32
06-18 21:09:09.564 1140 1464 W audio_hw_primary: out_write underrun: -32
06-18 21:09:09.625 1140 1464 W audio_hw_primary: out_write underrun: -32
06-18 21:09:09.679 1140 1464 W audio_hw_primary: out_write underrun: -32
06-18 21:09:09.794 1140 1464 W audio_hw_primary: out_write underrun: -32
06-18 21:09:09.869 1140 1464 W audio_hw_primary: out_write underrun: -32
06-18 21:09:09.942 1140 1464 W audio_hw_primary: out_write underrun: -32
06-18 21:09:10.006 1140 1464 W audio_hw_primary: out_write underrun: -32
06-18 21:09:10.062 1140 1464 W audio_hw_primary: out_write underrun: -32
06-18 21:09:10.110 1140 1464 W audio_hw_primary: out_write underrun: -32
06-18 21:09:10.169 1140 1464 W audio_hw_primary: out_write underrun: -32
06-18 21:09:10.225 1140 1464 W audio_hw_primary: out_write underrun: -32
06-18 21:09:10.357 1140 1464 W audio_hw_primary: out_write underrun: -32
06-18 21:09:10.415 1140 1464 W audio_hw_primary: out_write underrun: -32
06-18 21:09:10.475 1140 1464 W audio_hw_primary: out_write underrun: -32
06-18 21:09:10.497 1832 1832 D EmojiAltPhysicalKeyDetector: onKeyUp() : KeyEvent { action=ACTION_UP, keyCode=KEYCODE_DPAD_UP, scanCode=103, metaState=META_NUM_LOCK_ON, flags=0x8, repeatCount=0, eventTime=55634, downTime=55485, deviceId=2, source=0x101 }
06-18 21:09:10.497 1832 1832 D EmojiAltPhysicalKeyDetector: onKeyUp() : Not Mapped: 19
06-18 21:09:10.522 2037 2037 D InputEventConsistencyVerifier: KeyEvent: ACTION_UP but key was not down.
06-18 21:09:10.522 2037 2037 D InputEventConsistencyVerifier: in com.google.android.leanbacklauncher.ActiveFrame{e459228 V.E...... ........ 0,121-1024,260}
06-18 21:09:10.522 2037 2037 D InputEventConsistencyVerifier: 0: sent at 55634000000, KeyEvent { action=ACTION_UP, keyCode=KEYCODE_DPAD_UP, scanCode=103, metaState=META_NUM_LOCK_ON, flags=0x8, repeatCount=0, eventTime=55634, downTime=55485, deviceId=2, source=0x101 }
06-18 21:09:10.522 2037 2037 D InputEventConsistencyVerifier: -- recent events --
06-18 21:09:10.522 2037 2037 D InputEventConsistencyVerifier: 1: sent at 48082000000, (unhandled) KeyEvent { action=ACTION_DOWN, keyCode=KEYCODE_DPAD_DOWN, scanCode=108, metaState=META_NUM_LOCK_ON, flags=0x8, repeatCount=0, eventTime=48082, downTime=48082, deviceId=2, source=0x101 }
06-18 21:09:10.522 2037 2037 D InputEventConsistencyVerifier: 2: sent at 46585000000, (unhandled) KeyEvent { action=ACTION_UP, keyCode=KEYCODE_DPAD_UP, scanCode=103, metaState=META_NUM_LOCK_ON, flags=0x80000008, repeatCount=0, eventTime=46585, downTime=46474, deviceId=2, source=0x101 }
06-18 21:09:10.522 2037 2037 D InputEventConsistencyVerifier: 3: sent at 45426000000, (unhandled) KeyEvent { action=ACTION_DOWN, keyCode=KEYCODE_DPAD_DOWN, scanCode=108, metaState=META_NUM_LOCK_ON, flags=0x8, repeatCount=0, eventTime=45426, downTime=45426, deviceId=2, source=0x101 }
06-18 21:09:10.522 2037 2037 D InputEventConsistencyVerifier: 4: sent at 44497000000, (unhandled) KeyEvent { action=ACTION_UP, keyCode=KEYCODE_DPAD_DOWN, scanCode=108, metaState=META_NUM_LOCK_ON, flags=0x80000008, repeatCount=0, eventTime=44497, downTime=44418, deviceId=2, source=0x101 }
06-18 21:09:10.588 1140 1464 W audio_hw_primary: out_write underrun: -32
06-18 21:09:10.690 1140 1464 W audio_hw_primary: out_write underrun: -32
06-18 21:09:10.750 1140 1464 W audio_hw_primary: out_write underrun: -32
06-18 21:09:10.858 1140 1464 W audio_hw_primary: out_write underrun: -32
06-18 21:09:10.952 1140 1464 W audio_hw_primary: out_write underrun: -32
06-18 21:09:11.014 1140 1464 W audio_hw_primary: out_write underrun: -32
06-18 21:09:11.069 1140 1464 W audio_hw_primary: out_write underrun: -32
06-18 21:09:11.231 1832 1832 D EmojiAltPhysicalKeyDetector: onKeyUp() : KeyEvent { action=ACTION_UP, keyCode=KEYCODE_DPAD_DOWN, scanCode=108, metaState=META_NUM_LOCK_ON, flags=0x8, repeatCount=0, eventTime=56370, downTime=56186, deviceId=2, source=0x101 }
06-18 21:09:11.231 1832 1832 D EmojiAltPhysicalKeyDetector: onKeyUp() : Not Mapped: 20
06-18 21:09:11.259 1140 1464 W audio_hw_primary: out_write underrun: -32
06-18 21:09:11.260 2037 2037 D InputEventConsistencyVerifier: KeyEvent: ACTION_UP but key was not down.
06-18 21:09:11.260 2037 2037 D InputEventConsistencyVerifier: in com.google.android.leanbacklauncher.ActiveFrame{fb61ca0 V.E...... ........ 0,147-1024,352}
06-18 21:09:11.260 2037 2037 D InputEventConsistencyVerifier: 0: sent at 56370000000, KeyEvent { action=ACTION_UP, keyCode=KEYCODE_DPAD_DOWN, scanCode=108, metaState=META_NUM_LOCK_ON, flags=0x8, repeatCount=0, eventTime=56370, downTime=56186, deviceId=2, source=0x101 }
06-18 21:09:11.260 2037 2037 D InputEventConsistencyVerifier: -- recent events --
06-18 21:09:11.260 2037 2037 D InputEventConsistencyVerifier: 1: sent at 55485000000, (unhandled) KeyEvent { action=ACTION_DOWN, keyCode=KEYCODE_DPAD_UP, scanCode=103, metaState=META_NUM_LOCK_ON, flags=0x8, repeatCount=0, eventTime=55485, downTime=55485, deviceId=2, source=0x101 }
06-18 21:09:11.260 2037 2037 D InputEventConsistencyVerifier: 2: sent at 54554000000, (unhandled) KeyEvent { action=ACTION_UP, keyCode=KEYCODE_DPAD_LEFT, scanCode=105, metaState=META_NUM_LOCK_ON, flags=0x8, repeatCount=0, eventTime=54554, downTime=54422, deviceId=2, source=0x101 }
06-18 21:09:11.260 2037 2037 D InputEventConsistencyVerifier: 3: sent at 54422000000, (unhandled) KeyEvent { action=ACTION_DOWN, keyCode=KEYCODE_DPAD_LEFT, scanCode=105, metaState=META_NUM_LOCK_ON, flags=0x8, repeatCount=0, eventTime=54422, downTime=54422, deviceId=2, source=0x101 }
06-18 21:09:11.260 2037 2037 D InputEventConsistencyVerifier: 4: sent at 49737000000, KeyEvent { action=ACTION_UP, keyCode=KEYCODE_ENTER, scanCode=28, metaState=META_NUM_LOCK_ON, flags=0x8, repeatCount=0, eventTime=49737, downTime=49626, deviceId=2, source=0x101 }
06-18 21:09:11.260 2037 2037 D InputEventConsistencyVerifier: 5: sent at 49626000000, KeyEvent { action=ACTION_DOWN, keyCode=KEYCODE_ENTER, scanCode=28, metaState=META_NUM_LOCK_ON, flags=0x8, repeatCount=0, eventTime=49626, downTime=49626, deviceId=2, source=0x101 }
06-18 21:09:11.389 1140 1464 W audio_hw_primary: out_write underrun: -32
06-18 21:09:11.449 1140 1464 W audio_hw_primary: out_write underrun: -32
06-18 21:09:11.497 1140 1464 W audio_hw_primary: out_write underrun: -32
06-18 21:09:11.555 1140 1464 W audio_hw_primary: out_write underrun: -32
06-18 21:09:11.618 1140 1464 W audio_hw_primary: out_write underrun: -32
06-18 21:09:11.675 1140 1464 W audio_hw_primary: out_write underrun: -32
06-18 21:09:11.726 1140 1464 W audio_hw_primary: out_write underrun: -32
06-18 21:09:11.749 1140 1465 D AudioFlinger: mixer(0xb4680000) throttle end: throttle time(6)
06-18 21:09:11.780 1832 1832 D EmojiAltPhysicalKeyDetector: onKeyUp() : KeyEvent { action=ACTION_UP, keyCode=KEYCODE_DPAD_UP, scanCode=103, metaState=META_NUM_LOCK_ON, flags=0x8, repeatCount=0, eventTime=56930, downTime=56806, deviceId=2, source=0x101 }
06-18 21:09:11.780 1832 1832 D EmojiAltPhysicalKeyDetector: onKeyUp() : Not Mapped: 19
06-18 21:09:11.785 1140 1464 W audio_hw_primary: out_write underrun: -32
06-18 21:09:11.805 2037 2037 D InputEventConsistencyVerifier: KeyEvent: ACTION_UP but key was not down.
06-18 21:09:11.805 2037 2037 D InputEventConsistencyVerifier: in com.google.android.leanbacklauncher.ActiveFrame{e459228 V.E...... ........ 0,106-1024,245}
06-18 21:09:11.805 2037 2037 D InputEventConsistencyVerifier: 0: sent at 56930000000, KeyEvent { action=ACTION_UP, keyCode=KEYCODE_DPAD_UP, scanCode=103, metaState=META_NUM_LOCK_ON, flags=0x8, repeatCount=0, eventTime=56930, downTime=56806, deviceId=2, source=0x101 }
06-18 21:09:11.805 2037 2037 D InputEventConsistencyVerifier: -- recent events --
06-18 21:09:11.805 2037 2037 D InputEventConsistencyVerifier: 1: sent at 56186000000, (unhandled) KeyEvent { action=ACTION_DOWN, keyCode=KEYCODE_DPAD_DOWN, scanCode=108, metaState=META_NUM_LOCK_ON, flags=0x8, repeatCount=0, eventTime=56186, downTime=56186, deviceId=2, source=0x101 }
06-18 21:09:11.805 2037 2037 D InputEventConsistencyVerifier: 2: sent at 55634000000, (unhandled) KeyEvent { action=ACTION_UP, keyCode=KEYCODE_DPAD_UP, scanCode=103, metaState=META_NUM_LOCK_ON, flags=0x80000008, repeatCount=0, eventTime=55634, downTime=55485, deviceId=2, source=0x101 }
06-18 21:09:11.805 2037 2037 D InputEventConsistencyVerifier: 3: sent at 48082000000, (unhandled) KeyEvent { action=ACTION_DOWN, keyCode=KEYCODE_DPAD_DOWN, scanCode=108, metaState=META_NUM_LOCK_ON, flags=0x8, repeatCount=0, eventTime=48082, downTime=48082, deviceId=2, source=0x101 }
06-18 21:09:11.805 2037 2037 D InputEventConsistencyVerifier: 4: sent at 46585000000, (unhandled) KeyEvent { action=ACTION_UP, keyCode=KEYCODE_DPAD_UP, scanCode=103, metaState=META_NUM_LOCK_ON, flags=0x80000008, repeatCount=0, eventTime=46585, downTime=46474, deviceId=2, source=0x101 }
06-18 21:09:11.805 2037 2037 D InputEventConsistencyVerifier: 5: sent at 45426000000, (unhandled) KeyEvent { action=ACTION_DOWN, keyCode=KEYCODE_DPAD_DOWN, scanCode=108, metaState=META_NUM_LOCK_ON, flags=0x8, repeatCount=0, eventTime=45426, downTime=45426, deviceId=2, source=0x101 }
06-18 21:09:11.847 1140 1464 W audio_hw_primary: out_write underrun: -32
06-18 21:09:11.972 1140 1464 W audio_hw_primary: out_write underrun: -32
06-18 21:09:12.089 1140 1464 W audio_hw_primary: out_write underrun: -32
06-18 21:09:12.164 1140 1464 W audio_hw_primary: out_write underrun: -32
06-18 21:09:12.241 1140 1464 W audio_hw_primary: out_write underrun: -32
06-18 21:09:12.399 1140 1464 W audio_hw_primary: out_write underrun: -32
06-18 21:09:12.447 1832 1832 D EmojiAltPhysicalKeyDetector: onKeyUp() : KeyEvent { action=ACTION_UP, keyCode=KEYCODE_DPAD_UP, scanCode=103, metaState=META_NUM_LOCK_ON, flags=0x8, repeatCount=0, eventTime=57482, downTime=57386, deviceId=2, source=0x101 }
06-18 21:09:12.447 1832 1832 D EmojiAltPhysicalKeyDetector: onKeyUp() : Not Mapped: 19
06-18 21:09:12.476 2037 2037 D InputEventConsistencyVerifier: KeyEvent: ACTION_UP but key was not down.
06-18 21:09:12.476 2037 2037 D InputEventConsistencyVerifier: in com.google.android.leanbacklauncher.ActiveFrame{eeb31d3 V.E...... ........ 0,116-1024,415 #7f090037 app:id/notification_view}
06-18 21:09:12.476 2037 2037 D InputEventConsistencyVerifier: 0: sent at 57482000000, KeyEvent { action=ACTION_UP, keyCode=KEYCODE_DPAD_UP, scanCode=103, metaState=META_NUM_LOCK_ON, flags=0x8, repeatCount=0, eventTime=57482, downTime=57386, deviceId=2, source=0x101 }
06-18 21:09:12.476 2037 2037 D InputEventConsistencyVerifier: -- recent events --
06-18 21:09:12.476 2037 2037 D InputEventConsistencyVerifier: 1: sent at 44418000000, (unhandled) KeyEvent { action=ACTION_DOWN, keyCode=KEYCODE_DPAD_DOWN, scanCode=108, metaState=META_NUM_LOCK_ON, flags=0x8, repeatCount=0, eventTime=44418, downTime=44418, deviceId=2, source=0x101 }
06-18 21:09:12.476 2037 2037 D InputEventConsistencyVerifier: 2: sent at 44033000000, (unhandled) KeyEvent { action=ACTION_UP, keyCode=KEYCODE_DPAD_DOWN, scanCode=108, metaState=META_NUM_LOCK_ON, flags=0x80000008, repeatCount=0, eventTime=44033, downTime=43931, deviceId=2, source=0x101 }
06-18 21:09:12.504 1140 1464 W audio_hw_primary: out_write underrun: -32
06-18 21:09:12.617 1140 1464 W audio_hw_primary: out_write underrun: -32
06-18 21:09:12.670 1140 1464 W audio_hw_primary: out_write underrun: -32
06-18 21:09:12.731 1140 1464 W audio_hw_primary: out_write underrun: -32
06-18 21:09:12.808 1140 1464 W audio_hw_primary: out_write underrun: -32
06-18 21:09:12.864 1140 1464 W audio_hw_primary: out_write underrun: -32
06-18 21:09:12.917 1140 1464 W audio_hw_primary: out_write underrun: -32
06-18 21:09:12.976 1140 1464 W audio_hw_primary: out_write underrun: -32
06-18 21:09:13.005 1140 1464 W audio_hw_primary: out_write underrun: -32
06-18 21:09:13.085 1140 1464 W audio_hw_primary: out_write underrun: -32
06-18 21:09:13.139 1140 1464 W audio_hw_primary: out_write underrun: -32
06-18 21:09:13.199 1140 1464 W audio_hw_primary: out_write underrun: -32
06-18 21:09:13.308 1140 1464 W audio_hw_primary: out_write underrun: -32
06-18 21:09:13.381 1140 1464 W audio_hw_primary: out_write underrun: -32
06-18 21:09:13.609 1832 1832 D EmojiAltPhysicalKeyDetector: onKeyUp() : KeyEvent { action=ACTION_UP, keyCode=KEYCODE_DPAD_DOWN, scanCode=108, metaState=META_NUM_LOCK_ON, flags=0x8, repeatCount=0, eventTime=58756, downTime=58617, deviceId=2, source=0x101 }
06-18 21:09:13.609 1832 1832 D EmojiAltPhysicalKeyDetector: onKeyUp() : Not Mapped: 20
06-18 21:09:13.622 1140 1464 W audio_hw_primary: out_write underrun: -32
06-18 21:09:13.679 1140 1464 W audio_hw_primary: out_write underrun: -32
06-18 21:09:13.738 1140 1464 W audio_hw_primary: out_write underrun: -32
06-18 21:09:13.799 1140 1464 W audio_hw_primary: out_write underrun: -32
06-18 21:09:13.853 1140 1464 W audio_hw_primary: out_write underrun: -32
06-18 21:09:13.909 1140 1464 W audio_hw_primary: out_write underrun: -32
06-18 21:09:13.984 1140 1464 W audio_hw_primary: out_write underrun: -32
06-18 21:09:14.043 1140 1464 W audio_hw_primary: out_write underrun: -32
06-18 21:09:14.093 1140 1464 W audio_hw_primary: out_write underrun: -32
06-18 21:09:14.153 1140 1464 W audio_hw_primary: out_write underrun: -32
06-18 21:09:14.187 1832 1832 D EmojiAltPhysicalKeyDetector: onKeyUp() : KeyEvent { action=ACTION_UP, keyCode=KEYCODE_DPAD_DOWN, scanCode=108, metaState=META_NUM_LOCK_ON, flags=0x8, repeatCount=0, eventTime=59314, downTime=59170, deviceId=2, source=0x101 }
06-18 21:09:14.187 1832 1832 D EmojiAltPhysicalKeyDetector: onKeyUp() : Not Mapped: 20
06-18 21:09:14.206 2037 2037 D InputEventConsistencyVerifier: KeyEvent: ACTION_UP but key was not down.
06-18 21:09:14.206 2037 2037 D InputEventConsistencyVerifier: in com.google.android.leanbacklauncher.ActiveFrame{fb61ca0 V.E...... ........ 0,141-1024,342}
06-18 21:09:14.206 2037 2037 D InputEventConsistencyVerifier: 0: sent at 59314000000, KeyEvent { action=ACTION_UP, keyCode=KEYCODE_DPAD_DOWN, scanCode=108, metaState=META_NUM_LOCK_ON, flags=0x8, repeatCount=0, eventTime=59314, downTime=59170, deviceId=2, source=0x101 }
06-18 21:09:14.206 2037 2037 D InputEventConsistencyVerifier: -- recent events --
06-18 21:09:14.206 2037 2037 D InputEventConsistencyVerifier: 1: sent at 56806000000, (unhandled) KeyEvent { action=ACTION_DOWN, keyCode=KEYCODE_DPAD_UP, scanCode=103, metaState=META_NUM_LOCK_ON, flags=0x8, repeatCount=0, eventTime=56806, downTime=56806, deviceId=2, source=0x101 }
06-18 21:09:14.206 2037 2037 D InputEventConsistencyVerifier: 2: sent at 56370000000, (unhandled) KeyEvent { action=ACTION_UP, keyCode=KEYCODE_DPAD_DOWN, scanCode=108, metaState=META_NUM_LOCK_ON, flags=0x80000008, repeatCount=0, eventTime=56370, downTime=56186, deviceId=2, source=0x101 }
06-18 21:09:14.206 2037 2037 D InputEventConsistencyVerifier: 3: sent at 55485000000, (unhandled) KeyEvent { action=ACTION_DOWN, keyCode=KEYCODE_DPAD_UP, scanCode=103, metaState=META_NUM_LOCK_ON, flags=0x8, repeatCount=0, eventTime=55485, downTime=55485, deviceId=2, source=0x101 }
06-18 21:09:14.206 2037 2037 D InputEventConsistencyVerifier: 4: sent at 54554000000, (unhandled) KeyEvent { action=ACTION_UP, keyCode=KEYCODE_DPAD_LEFT, scanCode=105, metaState=META_NUM_LOCK_ON, flags=0x8, repeatCount=0, eventTime=54554, downTime=54422, deviceId=2, source=0x101 }
06-18 21:09:14.206 2037 2037 D InputEventConsistencyVerifier: 5: sent at 54422000000, (unhandled) KeyEvent { action=ACTION_DOWN, keyCode=KEYCODE_DPAD_LEFT, scanCode=105, metaState=META_NUM_LOCK_ON, flags=0x8, repeatCount=0, eventTime=54422, downTime=54422, deviceId=2, source=0x101 }
06-18 21:09:14.213 1140 1464 W audio_hw_primary: out_write underrun: -32
06-18 21:09:14.375 1140 1464 W audio_hw_primary: out_write underrun: -32
06-18 21:09:14.503 1140 1464 W audio_hw_primary: out_write underrun: -32
06-18 21:09:14.561 1140 1464 W audio_hw_primary: out_write underrun: -32
06-18 21:09:14.624 1140 1464 W audio_hw_primary: out_write underrun: -32
06-18 21:09:14.675 1140 1464 W audio_hw_primary: out_write underrun: -32
06-18 21:09:14.733 1140 1464 W audio_hw_primary: out_write underrun: -32
06-18 21:09:14.782 1140 1464 W audio_hw_primary: out_write underrun: -32
06-18 21:09:14.858 1140 1464 W audio_hw_primary: out_write underrun: -32
06-18 21:09:14.922 1140 1464 W audio_hw_primary: out_write underrun: -32
06-18 21:09:14.970 1140 1464 W audio_hw_primary: out_write underrun: -32
06-18 21:09:15.030 1140 1464 W audio_hw_primary: out_write underrun: -32
06-18 21:09:15.085 1140 1464 W audio_hw_primary: out_write underrun: -32
06-18 21:09:15.140 1140 1464 W audio_hw_primary: out_write underrun: -32
06-18 21:09:15.200 1140 1464 W audio_hw_primary: out_write underrun: -32
06-18 21:09:15.256 1140 1464 W audio_hw_primary: out_write underrun: -32
06-18 21:09:15.305 1140 1464 W audio_hw_primary: out_write underrun: -32
06-18 21:09:15.388 1140 1464 W audio_hw_primary: out_write underrun: -32
06-18 21:09:15.518 1140 1464 W audio_hw_primary: out_write underrun: -32
06-18 21:09:15.555 1832 1832 D EmojiAltPhysicalKeyDetector: onKeyUp() : KeyEvent { action=ACTION_UP, keyCode=KEYCODE_ENTER, scanCode=28, metaState=META_NUM_LOCK_ON, flags=0x8, repeatCount=0, eventTime=60705, downTime=60538, deviceId=2, source=0x101 }
06-18 21:09:15.555 1832 1832 D EmojiAltPhysicalKeyDetector: onKeyUp() : Not Mapped: 66
06-18 21:09:15.572 1140 1464 W audio_hw_primary: out_write underrun: -32
06-18 21:09:15.603 1140 1465 D AudioFlinger: mixer(0xb4680000) throttle end: throttle time(1)
06-18 21:09:15.683 1140 1464 W audio_hw_primary: out_write underrun: -32
06-18 21:09:15.747 1140 1464 W audio_hw_primary: out_write underrun: -32
