06-18 21:09:15.818 1140 1464 W audio_hw_primary: out_write underrun: -32
06-18 21:09:15.877 1140 1464 W audio_hw_primary: out_write underrun: -32
06-18 21:09:15.935 1140 1464 W audio_hw_primary: out_write underrun: -32
06-18 21:09:16.010 1140 1464 W audio_hw_primary: out_write underrun: -32
06-18 21:09:16.066 1140 1464 W audio_hw_primary: out_write underrun: -32
06-18 21:09:16.073 1424 1921 I ActivityManager: START u0 {act=android.intent.action.MAIN cat=[android.intent.category.LAUNCHER] flg=0x10208000 cmp=com.android.tv.settings/.MainSettings} from uid 10008 on display 0
06-18 21:09:16.087 2037 2037 D LeanbackLauncher: onPause
06-18 21:09:16.108 1424 1455 D BluetoothManagerService: Added callback: android.bluetooth.IBluetoothManagerCallback$Stub$Proxy@aeddc7:true
06-18 21:09:16.109 1920 1920 D AndroidRuntime: Shutting down VM --------- beginning of crash
06-18 21:09:16.109 1920 1920 E AndroidRuntime: FATAL EXCEPTION: main
06-18 21:09:16.109 1920 1920 E AndroidRuntime: Process: com.android.tv.settings, PID: 1920
06-18 21:09:16.109 1920 1920 E AndroidRuntime: java.lang.RuntimeException: Unable to start activity ComponentInfo{com.android.tv.settings/com.android.tv.settings.MainSettings}: java.lang.NullPointerException: Attempt to invoke interface method 'java.util.List android.media.tv.ITvInputManager.getTvInputList(int)' on a null object reference
06-18 21:09:16.109 1920 1920 E AndroidRuntime: at android.app.ActivityThread.performLaunchActivity(ActivityThread.java:2416)
06-18 21:09:16.109 1920 1920 E AndroidRuntime: at android.app.ActivityThread.handleLaunchActivity(ActivityThread.java:2476)
06-18 21:09:16.109 1920 1920 E AndroidRuntime: at android.app.ActivityThread.-wrap11(ActivityThread.java)
06-18 21:09:16.109 1920 1920 E AndroidRuntime: at android.app.ActivityThread$H.handleMessage(ActivityThread.java:1344)
06-18 21:09:16.109 1920 1920 E AndroidRuntime: at android.os.Handler.dispatchMessage(Handler.java:102)
06-18 21:09:16.109 1920 1920 E AndroidRuntime: at android.os.Looper.loop(Looper.java:148)
06-18 21:09:16.109 1920 1920 E AndroidRuntime: at android.app.ActivityThread.main(ActivityThread.java:5417)
06-18 21:09:16.109 1920 1920 E AndroidRuntime: at java.lang.reflect.Method.invoke(Native Method)
06-18 21:09:16.109 1920 1920 E AndroidRuntime: at com.android.internal.os.ZygoteInit$MethodAndArgsCaller.run(ZygoteInit.java:726)
06-18 21:09:16.109 1920 1920 E AndroidRuntime: at com.android.internal.os.ZygoteInit.main(ZygoteInit.java:616)
06-18 21:09:16.109 1920 1920 E AndroidRuntime: Caused by: java.lang.NullPointerException: Attempt to invoke interface method 'java.util.List android.media.tv.ITvInputManager.getTvInputList(int)' on a null object reference
06-18 21:09:16.109 1920 1920 E AndroidRuntime: at android.media.tv.TvInputManager.getTvInputList(TvInputManager.java:943)
06-18 21:09:16.109 1920 1920 E AndroidRuntime: at com.android.tv.settings.BrowseInfo.isInputSettingNeeded(BrowseInfo.java:430)
06-18 21:09:16.109 1920 1920 E AndroidRuntime: at com.android.tv.settings.BrowseInfo.(BrowseInfo.java:196)
06-18 21:09:16.109 1920 1920 E AndroidRuntime: at com.android.tv.settings.MainSettings.onCreate(MainSettings.java:49)
06-18 21:09:16.109 1920 1920 E AndroidRuntime: at android.app.Activity.performCreate(Activity.java:6251)
06-18 21:09:16.109 1920 1920 E AndroidRuntime: at android.app.Instrumentation.callActivityOnCreate(Instrumentation.java:1107)
06-18 21:09:16.109 1920 1920 E AndroidRuntime: at android.app.ActivityThread.performLaunchActivity(ActivityThread.java:2369)
06-18 21:09:16.109 1920 1920 E AndroidRuntime: ... 9 more
06-18 21:09:16.110 1424 1921 W ActivityManager: Force finishing activity com.android.tv.settings/.MainSettings
06-18 21:09:16.126 1140 1464 W audio_hw_primary: out_write underrun: -32
06-18 21:09:16.130 1424 2326 D OpenGLRenderer: Use EGL_SWAP_BEHAVIOR_PRESERVED: true
06-18 21:09:16.159 1424 2326 I EGL-DRI2: found extension DRI_Core version 1
06-18 21:09:16.159 1424 2326 I EGL-DRI2: found extension DRI_SWRast version 5
06-18 21:09:16.160 1424 2326 I EGL-DRI2: found extension DRI_TexBuffer version 2
06-18 21:09:16.160 1424 2326 I EGL-DRI2: found extension DRI_IMAGE version 11
06-18 21:09:16.160 1424 2326 I OpenGLRenderer: Initialized EGL, version 1.4
06-18 21:09:16.160 1424 2326 W OpenGLRenderer: Failed to choose config with EGL_SWAP_BEHAVIOR_PRESERVED, retrying without...
06-18 21:09:16.181 1140 1464 W audio_hw_primary: out_write underrun: -32
06-18 21:09:16.262 1140 1464 W audio_hw_primary: out_write underrun: -32
06-18 21:09:16.389 1140 1464 W audio_hw_primary: out_write underrun: -32
06-18 21:09:16.501 1140 1464 W audio_hw_primary: out_write underrun: -32
06-18 21:09:16.613 1424 1451 W ActivityManager: Activity pause timeout for ActivityRecord{a6b4deb u0 com.android.tv.settings/.MainSettings t4 f}
06-18 21:09:16.625 2037 2037 D LeanbackLauncher: onResume
06-18 21:09:16.660 1140 1464 W audio_hw_primary: out_write underrun: -32
06-18 21:09:16.712 1424 1452 I Choreographer: Skipped 34 frames! The application may be doing too much work on its main thread.
06-18 21:09:16.714 1140 1464 W audio_hw_primary: out_write underrun: -32
06-18 21:09:16.773 1140 1464 W audio_hw_primary: out_write underrun: -32
06-18 21:09:16.801 1140 1464 W audio_hw_primary: out_write underrun: -32
06-18 21:09:16.867 1140 1464 W audio_hw_primary: out_write underrun: -32
06-18 21:09:16.919 1140 1464 W audio_hw_primary: out_write underrun: -32
06-18 21:09:17.024 1140 1464 W audio_hw_primary: out_write underrun: -32
06-18 21:09:17.085 1140 1464 W audio_hw_primary: out_write underrun: -32
06-18 21:09:17.140 1140 1464 W audio_hw_primary: out_write underrun: -32
06-18 21:09:17.221 1140 1464 W audio_hw_primary: out_write underrun: -32
06-18 21:09:17.279 1140 1464 W audio_hw_primary: out_write underrun: -32
06-18 21:09:17.337 1140 1464 W audio_hw_primary: out_write underrun: -32
06-18 21:09:17.470 1140 1464 W audio_hw_primary: out_write underrun: -32
06-18 21:09:17.524 1140 1464 W audio_hw_primary: out_write underrun: -32
06-18 21:09:17.579 1140 1464 W audio_hw_primary: out_write underrun: -32
06-18 21:09:17.640 1140 1464 W audio_hw_primary: out_write underrun: -32
06-18 21:09:17.694 1140 1464 W audio_hw_primary: out_write underrun: -32
06-18 21:09:17.854 1140 1464 W audio_hw_primary: out_write underrun: -32
06-18 21:09:17.909 1140 1464 W audio_hw_primary: out_write underrun: -32
06-18 21:09:17.964 1140 1464 W audio_hw_primary: out_write underrun: -32
06-18 21:09:18.027 1140 1464 W audio_hw_primary: out_write underrun: -32
06-18 21:09:18.103 1140 1464 W audio_hw_primary: out_write underrun: -32
06-18 21:09:18.184 1140 1464 W audio_hw_primary: out_write underrun: -32
06-18 21:09:18.258 1140 1464 W audio_hw_primary: out_write underrun: -32
06-18 21:09:18.315 1140 1464 W audio_hw_primary: out_write underrun: -32
06-18 21:09:18.438 1140 1464 W audio_hw_primary: out_write underrun: -32
06-18 21:09:18.566 1140 1464 W audio_hw_primary: out_write underrun: -32
06-18 21:09:18.629 1140 1464 W audio_hw_primary: out_write underrun: -32
06-18 21:09:19.559 1920 1920 I Process : Sending signal. PID: 1920 SIG: 9
06-18 21:09:19.567 1424 2326 D OpenGLRenderer: endAllStagingAnimators on 0x9bdabc80 (RippleDrawable) with handle 0x9b83f5f0
06-18 21:09:19.567 1140 1465 D audio_hw_primary: found out /dev/snd/pcmC0D0p
06-18 21:09:19.579 1140 1464 W audio_hw_primary: out_write underrun: -32
06-18 21:09:19.593 1140 1464 W audio_hw_primary: out_write underrun: -32
06-18 21:09:19.597 1140 1465 D AudioFlinger: mixer(0xb4680000) throttle end: throttle time(10)
06-18 21:09:19.604 1140 1464 W audio_hw_primary: out_write underrun: -32
06-18 21:09:19.604 1424 1438 W InputMethodManagerService: Window already focused, ignoring focus gain of: com.android.internal.view.IInputMethodClient$Stub$Proxy@b5e8e24 attribute=null, token = android.os.BinderProxy@3167b68
06-18 21:09:19.607 1424 1921 D GraphicsStats: Buffer count: 2
06-18 21:09:19.607 1424 1631 I ActivityManager: Process com.android.tv.settings (pid 1920) has died
06-18 21:09:19.608 1424 1631 W ActivityManager: Scheduling restart of crashed service com.android.tv.settings/.users.UserSwitchListenerService in 1000ms
06-18 21:09:19.608 1424 1485 D WifiService: Client connection lost with reason: 4
06-18 21:09:19.745 1140 1464 W audio_hw_primary: out_write underrun: -32
06-18 21:09:19.793 1424 1456 W AppOps : Finishing op nesting under-run: uid 1000 pkg android code 24 time=0 duration=0 nesting=0
06-18 21:09:19.819 1140 1464 W audio_hw_primary: out_write underrun: -32
06-18 21:09:19.945 1140 1464 W audio_hw_primary: out_write underrun: -32
06-18 21:09:20.002 1140 1464 W audio_hw_primary: out_write underrun: -32
06-18 21:09:20.061 1140 1464 W audio_hw_primary: out_write underrun: -32
06-18 21:09:20.138 1140 1464 W audio_hw_primary: out_write underrun: -32
06-18 21:09:20.238 1140 1464 W audio_hw_primary: out_write underrun: -32
06-18 21:09:20.298 1140 1464 W audio_hw_primary: out_write underrun: -32
06-18 21:09:20.373 1140 1464 W audio_hw_primary: out_write underrun: -32
06-18 21:09:20.432 1140 1464 W audio_hw_primary: out_write underrun: -32
06-18 21:09:20.531 1140 1464 W audio_hw_primary: out_write underrun: -32
06-18 21:09:20.589 1140 1464 W audio_hw_primary: out_write underrun: -32
06-18 21:09:20.620 1424 1451 I ActivityManager: Start proc 2330:com.android.tv.settings/1000 for service com.android.tv.settings/.users.UserSwitchListenerService
06-18 21:09:20.622 2330 2330 I art : Late-enabling JIT
06-18 21:09:20.627 2330 2330 W art : Unexpected CPU variant for X86 using defaults: x86
06-18 21:09:20.627 2330 2330 I art : JIT created with code_cache_capacity=2MB compile_threshold=1000
06-18 21:09:20.647 2330 2330 W System : ClassLoader referenced unknown path: /system/priv-app/TvSettings/lib/x86
06-18 21:09:20.650 1140 1464 W audio_hw_primary: out_write underrun: -32
06-18 21:09:20.730 1140 1464 W audio_hw_primary: out_write underrun: -32
06-18 21:09:20.830 1140 1464 W audio_hw_primary: out_write underrun: -32
06-18 21:09:20.885 1140 1464 W audio_hw_primary: out_write underrun: -32
06-18 21:09:20.960 1140 1464 W audio_hw_primary: out_write underrun: -32
06-18 21:09:21.019 1140 1464 W audio_hw_primary: out_write underrun: -32
06-18 21:09:21.098 1140 1464 W audio_hw_primary: out_write underrun: -32
06-18 21:09:21.177 1140 1464 W audio_hw_primary: out_write underrun: -32
06-18 21:09:21.386 1140 1464 W audio_hw_primary: out_write underrun: -32
06-18 21:09:21.459 1140 1464 W audio_hw_primary: out_write underrun: -32
06-18 21:09:21.567 1140 1464 W audio_hw_primary: out_write underrun: -32
06-18 21:09:21.629 1140 1464 W audio_hw_primary: out_write underrun: -32
06-18 21:09:21.761 1140 1464 W audio_hw_primary: out_write underrun: -32
06-18 21:09:21.808 1140 1464 W audio_hw_primary: out_write underrun: -32
06-18 21:09:21.869 1140 1464 W audio_hw_primary: out_write underrun: -32
06-18 21:09:21.926 1140 1464 W audio_hw_primary: out_write underrun: -32
06-18 21:09:22.026 1140 1464 W audio_hw_primary: out_write underrun: -32
06-18 21:09:22.134 1140 1464 W audio_hw_primary: out_write underrun: -32
06-18 21:09:22.189 1140 1464 W audio_hw_primary: out_write underrun: -32
06-18 21:09:22.266 1140 1464 W audio_hw_primary: out_write underrun: -32
06-18 21:09:22.326 1140 1464 W audio_hw_primary: out_write underrun: -32
06-18 21:09:22.386 1140 1464 W audio_hw_primary: out_write underrun: -32
06-18 21:09:22.442 1140 1464 W audio_hw_primary: out_write underrun: -32
06-18 21:09:22.471 1140 1464 W audio_hw_primary: out_write underrun: -32
06-18 21:09:22.533 1140 1464 W audio_hw_primary: out_write underrun: -32
06-18 21:09:22.642 1140 1464 W audio_hw_primary: out_write underrun: -32
06-18 21:09:23.219 1140 1465 D audio_hw_primary: found out /dev/snd/pcmC0D0p
06-18 21:09:23.231 1140 1464 W audio_hw_primary: out_write underrun: -32
06-18 21:09:23.243 1140 1464 W audio_hw_primary: out_write underrun: -32
06-18 21:09:23.248 1140 1465 D AudioFlinger: mixer(0xb4680000) throttle end: throttle time(10)
06-18 21:09:23.254 1140 1464 W audio_hw_primary: out_write underrun: -32
06-18 21:09:23.337 1140 1464 W audio_hw_primary: out_write underrun: -32
06-18 21:09:23.381 1832 1832 D EmojiAltPhysicalKeyDetector: onKeyUp() : KeyEvent { action=ACTION_UP, keyCode=KEYCODE_DPAD_UP, scanCode=103, metaState=META_NUM_LOCK_ON, flags=0x8, repeatCount=0, eventTime=68517, downTime=68354, deviceId=2, source=0x101 }
06-18 21:09:23.382 1832 1832 D EmojiAltPhysicalKeyDetector: onKeyUp() : Not Mapped: 19
06-18 21:09:23.397 1140 1464 W audio_hw_primary: out_write underrun: -32
06-18 21:09:23.454 1140 1464 W audio_hw_primary: out_write underrun: -32
06-18 21:09:23.506 1140 1464 W audio_hw_primary: out_write underrun: -32
06-18 21:09:23.565 1140 1464 W audio_hw_primary: out_write underrun: -32
06-18 21:09:23.623 1140 1464 W audio_hw_primary: out_write underrun: -32
06-18 21:09:23.681 1140 1464 W audio_hw_primary: out_write underrun: -32
06-18 21:09:23.793 1140 1464 W audio_hw_primary: out_write underrun: -32
06-18 21:09:24.001 1140 1464 W audio_hw_primary: out_write underrun: -32
06-18 21:09:24.023 1140 1464 W audio_hw_primary: out_write underrun: -32
06-18 21:09:24.024 1140 1465 D AudioFlinger: mixer(0xb4680000) throttle end: throttle time(9)
06-18 21:09:24.106 1140 1464 W audio_hw_primary: out_write underrun: -32
06-18 21:09:24.136 1832 1832 D EmojiAltPhysicalKeyDetector: onKeyUp() : KeyEvent { action=ACTION_UP, keyCode=KEYCODE_DPAD_UP, scanCode=103, metaState=META_NUM_LOCK_ON, flags=0x8, repeatCount=0, eventTime=69280, downTime=69090, deviceId=2, source=0x101 }
06-18 21:09:24.136 1832 1832 D EmojiAltPhysicalKeyDetector: onKeyUp() : Not Mapped: 19
06-18 21:09:24.163 2037 2037 D InputEventConsistencyVerifier: KeyEvent: ACTION_UP but key was not down.
06-18 21:09:24.163 2037 2037 D InputEventConsistencyVerifier: in com.google.android.leanbacklauncher.ActiveFrame{eeb31d3 V.E...... ........ 0,114-1024,413 #7f090037 app:id/notification_view}
06-18 21:09:24.163 2037 2037 D InputEventConsistencyVerifier: 0: sent at 69280000000, KeyEvent { action=ACTION_UP, keyCode=KEYCODE_DPAD_UP, scanCode=103, metaState=META_NUM_LOCK_ON, flags=0x8, repeatCount=0, eventTime=69280, downTime=69090, deviceId=2, source=0x101 }
06-18 21:09:24.163 2037 2037 D InputEventConsistencyVerifier: -- recent events --
06-18 21:09:24.163 2037 2037 D InputEventConsistencyVerifier: 1: sent at 58617000000, (unhandled) KeyEvent { action=ACTION_DOWN, keyCode=KEYCODE_DPAD_DOWN, scanCode=108, metaState=META_NUM_LOCK_ON, flags=0x8, repeatCount=0, eventTime=58617, downTime=58617, deviceId=2, source=0x101 }
06-18 21:09:24.163 2037 2037 D InputEventConsistencyVerifier: 2: sent at 57482000000, (unhandled) KeyEvent { action=ACTION_UP, keyCode=KEYCODE_DPAD_UP, scanCode=103, metaState=META_NUM_LOCK_ON, flags=0x80000008, repeatCount=0, eventTime=57482, downTime=57386, deviceId=2, source=0x101 }
06-18 21:09:24.163 2037 2037 D InputEventConsistencyVerifier: 3: sent at 44418000000, (unhandled) KeyEvent { action=ACTION_DOWN, keyCode=KEYCODE_DPAD_DOWN, scanCode=108, metaState=META_NUM_LOCK_ON, flags=0x8, repeatCount=0, eventTime=44418, downTime=44418, deviceId=2, source=0x101 }
06-18 21:09:24.163 2037 2037 D InputEventConsistencyVerifier: 4: sent at 44033000000, (unhandled) KeyEvent { action=ACTION_UP, keyCode=KEYCODE_DPAD_DOWN, scanCode=108, metaState=META_NUM_LOCK_ON, flags=0x80000008, repeatCount=0, eventTime=44033, downTime=43931, deviceId=2, source=0x101 }
06-18 21:09:24.164 1140 1464 W audio_hw_primary: out_write underrun: -32
06-18 21:09:24.219 1140 1464 W audio_hw_primary: out_write underrun: -32
06-18 21:09:24.276 1140 1464 W audio_hw_primary: out_write underrun: -32
06-18 21:09:24.336 1140 1464 W audio_hw_primary: out_write underrun: -32
06-18 21:09:24.393 1140 1464 W audio_hw_primary: out_write underrun: -32
06-18 21:09:24.450 1140 1464 W audio_hw_primary: out_write underrun: -32
06-18 21:09:24.510 1140 1464 W audio_hw_primary: out_write underrun: -32
06-18 21:09:24.566 1140 1464 W audio_hw_primary: out_write underrun: -32
06-18 21:09:24.625 1140 1464 W audio_hw_primary: out_write underrun: -32
06-18 21:09:24.744 1140 1464 W audio_hw_primary: out_write underrun: -32
06-18 21:09:24.802 1140 1464 W audio_hw_primary: out_write underrun: -32
06-18 21:09:24.862 1140 1464 W audio_hw_primary: out_write underrun: -32
06-18 21:09:24.941 1140 1464 W audio_hw_primary: out_write underrun: -32
06-18 21:09:24.992 1140 1464 W audio_hw_primary: out_write underrun: -32
06-18 21:09:25.057 1140 1464 W audio_hw_primary: out_write underrun: -32
06-18 21:09:25.132 1140 1464 W audio_hw_primary: out_write underrun: -32
06-18 21:09:25.164 1832 1832 D EmojiAltPhysicalKeyDetector: onKeyUp() : KeyEvent { action=ACTION_UP, keyCode=KEYCODE_DPAD_DOWN, scanCode=108, metaState=META_NUM_LOCK_ON, flags=0x8, repeatCount=0, eventTime=70305, downTime=70169, deviceId=2, source=0x101 }
06-18 21:09:25.165 1832 1832 D EmojiAltPhysicalKeyDetector: onKeyUp() : Not Mapped: 20
06-18 21:09:25.210 1140 1464 W audio_hw_primary: out_write underrun: -32
06-18 21:09:25.269 1140 1464 W audio_hw_primary: out_write underrun: -32
06-18 21:09:25.320 1140 1464 W audio_hw_primary: out_write underrun: -32
06-18 21:09:25.380 1140 1464 W audio_hw_primary: out_write underrun: -32
06-18 21:09:25.459 1140 1464 W audio_hw_primary: out_write underrun: -32
06-18 21:09:25.536 1140 1464 W audio_hw_primary: out_write underrun: -32
06-18 21:09:25.614 1140 1464 W audio_hw_primary: out_write underrun: -32
06-18 21:09:25.617 1424 1449 I MediaFocusControl: AudioFocus abandonAudioFocus() from android.media.AudioManager@935ba63com.android.music.MediaPlaybackService$3@63cb660
06-18 21:09:25.627 1424 1451 I ActivityManager: Start proc 2344:com.android.musicfx/u0a10 for broadcast com.android.musicfx/.ControlPanelReceiver
06-18 21:09:25.628 1424 1629 I ActivityManager: Killing 1866:com.android.externalstorage/u0a7 (adj 15): empty #17
06-18 21:09:25.634 2344 2344 I art : Late-enabling JIT
06-18 21:09:25.649 2344 2344 W art : Unexpected CPU variant for X86 using defaults: x86
06-18 21:09:25.650 2344 2344 I art : JIT created with code_cache_capacity=2MB compile_threshold=1000
06-18 21:09:25.708 2344 2344 W System : ClassLoader referenced unknown path: /system/priv-app/MusicFX/lib/x86
06-18 21:09:25.710 1424 1630 I ActivityManager: Killing 1972:com.android.music/u0a38 (adj 15): empty #17
06-18 21:09:25.780 1140 1465 D AudioFlinger: mixer(0xb4680000) throttle end: throttle time(10)
06-18 21:09:25.795 1140 1464 W audio_hw_primary: out_write underrun: -32
06-18 21:09:25.858 1140 1464 W audio_hw_primary: out_write underrun: -32
06-18 21:09:25.934 1140 1464 W audio_hw_primary: out_write underrun: -32
06-18 21:09:25.993 1140 1464 W audio_hw_primary: out_write underrun: -32
06-18 21:09:26.179 1140 1464 W audio_hw_primary: out_write underrun: -32
06-18 21:09:26.288 1832 1832 D EmojiAltPhysicalKeyDetector: onKeyUp() : KeyEvent { action=ACTION_UP, keyCode=KEYCODE_DPAD_DOWN, scanCode=108, metaState=META_NUM_LOCK_ON, flags=0x8, repeatCount=0, eventTime=71011, downTime=70873, deviceId=2, source=0x101 }
06-18 21:09:26.288 1832 1832 D EmojiAltPhysicalKeyDetector: onKeyUp() : Not Mapped: 20
06-18 21:09:26.309 1140 1464 W audio_hw_primary: out_write underrun: -32
06-18 21:09:26.320 2037 2037 D InputEventConsistencyVerifier: KeyEvent: ACTION_UP but key was not down.
06-18 21:09:26.320 2037 2037 D InputEventConsistencyVerifier: in com.google.android.leanbacklauncher.ActiveFrame{fb61ca0 V.E...... ........ 0,135-1024,336}
06-18 21:09:26.320 2037 2037 D InputEventConsistencyVerifier: 0: sent at 71011000000, KeyEvent { action=ACTION_UP, keyCode=KEYCODE_DPAD_DOWN, scanCode=108, metaState=META_NUM_LOCK_ON, flags=0x8, repeatCount=0, eventTime=71011, downTime=70873, deviceId=2, source=0x101 }
06-18 21:09:26.320 2037 2037 D InputEventConsistencyVerifier: -- recent events --
06-18 21:09:26.320 2037 2037 D InputEventConsistencyVerifier: 1: sent at 68354000000, (unhandled) KeyEvent { action=ACTION_DOWN, keyCode=KEYCODE_DPAD_UP, scanCode=103, metaState=META_NUM_LOCK_ON, flags=0x8, repeatCount=0, eventTime=68354, downTime=68354, deviceId=2, source=0x101 }
06-18 21:09:26.320 2037 2037 D InputEventConsistencyVerifier: 2: sent at 60705000000, KeyEvent { action=ACTION_UP, keyCode=KEYCODE_ENTER, scanCode=28, metaState=META_NUM_LOCK_ON, flags=0x8, repeatCount=0, eventTime=60705, downTime=60538, deviceId=2, source=0x101 }
06-18 21:09:26.320 2037 2037 D InputEventConsistencyVerifier: 3: sent at 60538000000, KeyEvent { action=ACTION_DOWN, keyCode=KEYCODE_ENTER, scanCode=28, metaState=META_NUM_LOCK_ON, flags=0x8, repeatCount=0, eventTime=60538, downTime=60538, deviceId=2, source=0x101 }
06-18 21:09:26.320 2037 2037 D InputEventConsistencyVerifier: 4: sent at 59314000000, (unhandled) KeyEvent { action=ACTION_UP, keyCode=KEYCODE_DPAD_DOWN, scanCode=108, metaState=META_NUM_LOCK_ON, flags=0x80000008, repeatCount=0, eventTime=59314, downTime=59170, deviceId=2, source=0x101 }
06-18 21:09:26.320 2037 2037 D InputEventConsistencyVerifier: 5: sent at 56806000000, (unhandled) KeyEvent { action=ACTION_DOWN, keyCode=KEYCODE_DPAD_UP, scanCode=103, metaState=META_NUM_LOCK_ON, flags=0x8, repeatCount=0, eventTime=56806, downTime=56806, deviceId=2, source=0x101 }
06-18 21:09:26.412 1140 1464 W audio_hw_primary: out_write underrun: -32
06-18 21:09:26.472 1140 1464 W audio_hw_primary: out_write underrun: -32
06-18 21:09:26.531 1140 1464 W audio_hw_primary: out_write underrun: -32
06-18 21:09:26.586 1140 1464 W audio_hw_primary: out_write underrun: -32
06-18 21:09:26.649 1140 1464 W audio_hw_primary: out_write underrun: -32
06-18 21:09:26.757 1140 1464 W audio_hw_primary: out_write underrun: -32
06-18 21:09:26.813 1140 1464 W audio_hw_primary: out_write underrun: -32
06-18 21:09:26.916 1140 1464 W audio_hw_primary: out_write underrun: -32
06-18 21:09:26.973 1140 1464 W audio_hw_primary: out_write underrun: -32
06-18 21:09:27.032 1140 1464 W audio_hw_primary: out_write underrun: -32
06-18 21:09:27.089 1140 1464 W audio_hw_primary: out_write underrun: -32
06-18 21:09:27.147 1140 1464 W audio_hw_primary: out_write underrun: -32
06-18 21:09:27.202 1140 1464 W audio_hw_primary: out_write underrun: -32
06-18 21:09:27.284 1140 1464 W audio_hw_primary: out_write underrun: -32
06-18 21:09:27.343 1140 1464 W audio_hw_primary: out_write underrun: -32
06-18 21:09:27.419 1140 1464 W audio_hw_primary: out_write underrun: -32
06-18 21:09:27.476 1140 1464 W audio_hw_primary: out_write underrun: -32
06-18 21:09:27.533 1140 1464 W audio_hw_primary: out_write underrun: -32
06-18 21:09:27.592 1140 1464 W audio_hw_primary: out_write underrun: -32
06-18 21:09:27.603 1832 1832 D EmojiAltPhysicalKeyDetector: onKeyUp() : KeyEvent { action=ACTION_UP, keyCode=KEYCODE_DPAD_UP, scanCode=103, metaState=META_NUM_LOCK_ON, flags=0x8, repeatCount=0, eventTime=72745, downTime=72666, deviceId=2, source=0x101 }
06-18 21:09:27.603 1832 1832 D EmojiAltPhysicalKeyDetector: onKeyUp() : Not Mapped: 19
06-18 21:09:27.622 1140 1464 W audio_hw_primary: out_write underrun: -32
06-18 21:09:27.678 1140 1464 W audio_hw_primary: out_write underrun: -32
06-18 21:09:27.793 1140 1464 W audio_hw_primary: out_write underrun: -32
06-18 21:09:27.848 1140 1464 W audio_hw_primary: out_write underrun: -32
06-18 21:09:28.036 1140 1464 W audio_hw_primary: out_write underrun: -32
06-18 21:09:28.091 1140 1464 W audio_hw_primary: out_write underrun: -32
06-18 21:09:28.124 1140 1465 D AudioFlinger: mixer(0xb4680000) throttle end: throttle time(10)
06-18 21:09:28.158 1832 1832 D EmojiAltPhysicalKeyDetector: onKeyUp() : KeyEvent { action=ACTION_UP, keyCode=KEYCODE_DPAD_DOWN, scanCode=108, metaState=META_NUM_LOCK_ON, flags=0x8, repeatCount=0, eventTime=73299, downTime=73218, deviceId=2, source=0x101 }
06-18 21:09:28.158 1832 1832 D EmojiAltPhysicalKeyDetector: onKeyUp() : Not Mapped: 20
06-18 21:09:28.171 1140 1464 W audio_hw_primary: out_write underrun: -32
06-18 21:09:28.189 2037 2037 D InputEventConsistencyVerifier: KeyEvent: ACTION_UP but key was not down.
06-18 21:09:28.189 2037 2037 D InputEventConsistencyVerifier: in com.google.android.leanbacklauncher.ActiveFrame{fb61ca0 V.E...... ........ 0,170-1024,351}
06-18 21:09:28.189 2037 2037 D InputEventConsistencyVerifier: 0: sent at 73299000000, KeyEvent { action=ACTION_UP, keyCode=KEYCODE_DPAD_DOWN, scanCode=108, metaState=META_NUM_LOCK_ON, flags=0x8, repeatCount=0, eventTime=73299, downTime=73218, deviceId=2, source=0x101 }
06-18 21:09:28.189 2037 2037 D InputEventConsistencyVerifier: -- recent events --
06-18 21:09:28.189 2037 2037 D InputEventConsistencyVerifier: 1: sent at 72666000000, (unhandled) KeyEvent { action=ACTION_DOWN, keyCode=KEYCODE_DPAD_UP, scanCode=103, metaState=META_NUM_LOCK_ON, flags=0x8, repeatCount=0, eventTime=72666, downTime=72666, deviceId=2, source=0x101 }
06-18 21:09:28.189 2037 2037 D InputEventConsistencyVerifier: 2: sent at 71011000000, (unhandled) KeyEvent { action=ACTION_UP, keyCode=KEYCODE_DPAD_DOWN, scanCode=108, metaState=META_NUM_LOCK_ON, flags=0x80000008, repeatCount=0, eventTime=71011, downTime=70873, deviceId=2, source=0x101 }
06-18 21:09:28.189 2037 2037 D InputEventConsistencyVerifier: 3: sent at 68354000000, (unhandled) KeyEvent { action=ACTION_DOWN, keyCode=KEYCODE_DPAD_UP, scanCode=103, metaState=META_NUM_LOCK_ON, flags=0x8, repeatCount=0, eventTime=68354, downTime=68354, deviceId=2, source=0x101 }
06-18 21:09:28.189 2037 2037 D InputEventConsistencyVerifier: 4: sent at 60705000000, KeyEvent { action=ACTION_UP, keyCode=KEYCODE_ENTER, scanCode=28, metaState=META_NUM_LOCK_ON, flags=0x8, repeatCount=0, eventTime=60705, downTime=60538, deviceId=2, source=0x101 }
06-18 21:09:28.189 2037 2037 D InputEventConsistencyVerifier: 5: sent at 60538000000, KeyEvent { action=ACTION_DOWN, keyCode=KEYCODE_ENTER, scanCode=28, metaState=META_NUM_LOCK_ON, flags=0x8, repeatCount=0, eventTime=60538, downTime=60538, deviceId=2, source=0x101 }
06-18 21:09:28.226 1140 1464 W audio_hw_primary: out_write underrun: -32
06-18 21:09:28.326 1140 1464 W audio_hw_primary: out_write underrun: -32
06-18 21:09:28.383 1140 1464 W audio_hw_primary: out_write underrun: -32
06-18 21:09:28.446 1140 1464 W audio_hw_primary: out_write underrun: -32
06-18 21:09:28.501 1140 1464 W audio_hw_primary: out_write underrun: -32
06-18 21:09:28.573 1140 1464 W audio_hw_primary: out_write underrun: -32
06-18 21:09:28.650 1140 1464 W audio_hw_primary: out_write underrun: -32
06-18 21:09:28.704 1140 1464 W audio_hw_primary: out_write underrun: -32
06-18 21:09:28.787 1140 1464 W audio_hw_primary: out_write underrun: -32
06-18 21:09:28.844 1140 1464 W audio_hw_primary: out_write underrun: -32
06-18 21:09:28.920 1140 1464 W audio_hw_primary: out_write underrun: -32
06-18 21:09:29.043 1832 1832 D EmojiAltPhysicalKeyDetector: onKeyUp() : KeyEvent { action=ACTION_UP, keyCode=KEYCODE_ENTER, scanCode=28, metaState=META_NUM_LOCK_ON, flags=0x8, repeatCount=0, eventTime=74193, downTime=74042, deviceId=2, source=0x101 }
06-18 21:09:29.043 1832 1832 D EmojiAltPhysicalKeyDetector: onKeyUp() : Not Mapped: 66
06-18 21:09:29.088 1140 1464 W audio_hw_primary: out_write underrun: -32
06-18 21:09:29.091 1140 1465 D AudioFlinger: mixer(0xb4680000) throttle end: throttle time(10)
06-18 21:09:29.145 1140 1464 W audio_hw_primary: out_write underrun: -32
06-18 21:09:29.197 1140 1464 W audio_hw_primary: out_write underrun: -32
06-18 21:09:29.256 1140 1464 W audio_hw_primary: out_write underrun: -32
06-18 21:09:29.322 1140 1464 W audio_hw_primary: out_write underrun: -32
06-18 21:09:29.502 1140 1464 W audio_hw_primary: out_write underrun: -32
06-18 21:09:29.555 1140 1464 W audio_hw_primary: out_write underrun: -32
06-18 21:09:29.561 1424 1449 I ActivityManager: START u0 {act=android.intent.action.MAIN cat=[android.intent.category.LAUNCHER] flg=0x10208000 cmp=com.android.tv.settings/.MainSettings} from uid 10008 on display 0
06-18 21:09:29.608 2037 2037 D LeanbackLauncher: onPause
06-18 21:09:29.612 1140 1464 W audio_hw_primary: out_write underrun: -32
06-18 21:09:29.626 1424 1455 D BluetoothManagerService: Added callback: android.bluetooth.IBluetoothManagerCallback$Stub$Proxy@82fcdec:true
06-18 21:09:29.628 2330 2330 D AndroidRuntime: Shutting down VM
06-18 21:09:29.628 2330 2330 E AndroidRuntime: FATAL EXCEPTION: main
06-18 21:09:29.628 2330 2330 E AndroidRuntime: Process: com.android.tv.settings, PID: 2330
06-18 21:09:29.628 2330 2330 E AndroidRuntime: java.lang.RuntimeException: Unable to start activity ComponentInfo{com.android.tv.settings/com.android.tv.settings.MainSettings}: java.lang.NullPointerException: Attempt to invoke interface method 'java.util.List android.media.tv.ITvInputManager.getTvInputList(int)' on a null object reference
06-18 21:09:29.628 2330 2330 E AndroidRuntime: at android.app.ActivityThread.performLaunchActivity(ActivityThread.java:2416)
06-18 21:09:29.628 2330 2330 E AndroidRuntime: at android.app.ActivityThread.handleLaunchActivity(ActivityThread.java:2476)
06-18 21:09:29.628 2330 2330 E AndroidRuntime: at android.app.ActivityThread.-wrap11(ActivityThread.java)
06-18 21:09:29.628 2330 2330 E AndroidRuntime: at android.app.ActivityThread$H.handleMessage(ActivityThread.java:1344)
06-18 21:09:29.628 2330 2330 E AndroidRuntime: at android.os.Handler.dispatchMessage(Handler.java:102)
06-18 21:09:29.628 2330 2330 E AndroidRuntime: at android.os.Looper.loop(Looper.java:148)
06-18 21:09:29.628 2330 2330 E AndroidRuntime: at android.app.ActivityThread.main(ActivityThread.java:5417)
06-18 21:09:29.628 2330 2330 E AndroidRuntime: at java.lang.reflect.Method.invoke(Native Method)
06-18 21:09:29.628 2330 2330 E AndroidRuntime: at com.android.internal.os.ZygoteInit$MethodAndArgsCaller.run(ZygoteInit.java:726)
06-18 21:09:29.628 2330 2330 E AndroidRuntime: at com.android.internal.os.ZygoteInit.main(ZygoteInit.java:616)
06-18 21:09:29.628 2330 2330 E AndroidRuntime: Caused by: java.lang.NullPointerException: Attempt to invoke interface method 'java.util.List android.media.tv.ITvInputManager.getTvInputList(int)' on a null object reference
06-18 21:09:29.628 2330 2330 E AndroidRuntime: at android.media.tv.TvInputManager.getTvInputList(TvInputManager.java:943)
06-18 21:09:29.628 2330 2330 E AndroidRuntime: at com.android.tv.settings.BrowseInfo.isInputSettingNeeded(BrowseInfo.java:430)
06-18 21:09:29.628 2330 2330 E AndroidRuntime: at com.android.tv.settings.BrowseInfo.(BrowseInfo.java:196)
06-18 21:09:29.628 2330 2330 E AndroidRuntime: at com.android.tv.settings.MainSettings.onCreate(MainSettings.java:49)
06-18 21:09:29.628 2330 2330 E AndroidRuntime: at android.app.Activity.performCreate(Activity.java:6251)
06-18 21:09:29.628 2330 2330 E AndroidRuntime: at android.app.Instrumentation.callActivityOnCreate(Instrumentation.java:1107)
06-18 21:09:29.628 2330 2330 E AndroidRuntime: at android.app.ActivityThread.performLaunchActivity(ActivityThread.java:2369)
06-18 21:09:29.628 2330 2330 E AndroidRuntime: ... 9 more
06-18 21:09:29.628 1424 1630 W ActivityManager: Force finishing activity com.android.tv.settings/.MainSettings
06-18 21:09:29.664 1424 2326 I EGL-DRI2: found extension DRI_Core version 1
06-18 21:09:29.664 1424 2326 I EGL-DRI2: found extension DRI_SWRast version 5
06-18 21:09:29.664 1424 2326 I EGL-DRI2: found extension DRI_TexBuffer version 2
06-18 21:09:29.664 1424 2326 I EGL-DRI2: found extension DRI_IMAGE version 11
06-18 21:09:29.664 1424 2326 I OpenGLRenderer: Initialized EGL, version 1.4
06-18 21:09:29.689 1140 1464 W audio_hw_primary: out_write underrun: -32
06-18 21:09:29.747 1140 1464 W audio_hw_primary: out_write underrun: -32
06-18 21:09:29.822 1140 1464 W audio_hw_primary: out_write underrun: -32
06-18 21:09:29.874 1140 1464 W audio_hw_primary: out_write underrun: -32
06-18 21:09:29.939 1140 1464 W audio_hw_primary: out_write underrun: -32
06-18 21:09:30.006 1140 1464 W audio_hw_primary: out_write underrun: -32
06-18 21:09:30.065 1140 1464 W audio_hw_primary: out_write underrun: -32
06-18 21:09:30.128 1140 1464 W audio_hw_primary: out_write underrun: -32
06-18 21:09:30.129 1424 1451 W ActivityManager: Activity pause timeout for ActivityRecord{a8f15c0 u0 com.android.tv.settings/.MainSettings t5 f}
06-18 21:09:30.139 2037 2037 D LeanbackLauncher: onResume
06-18 21:09:30.209 1140 1464 W audio_hw_primary: out_write underrun: -32
06-18 21:09:30.259 1140 1464 W audio_hw_primary: out_write underrun: -32
06-18 21:09:30.321 1424 1452 I Choreographer: Skipped 41 frames! The application may be doing too much work on its main thread.
06-18 21:09:30.335 1140 1464 W audio_hw_primary: out_write underrun: -32
06-18 21:09:30.399 1140 1464 W audio_hw_primary: out_write underrun: -32
06-18 21:09:30.448 1140 1464 W audio_hw_primary: out_write underrun: -32
06-18 21:09:30.526 1140 1464 W audio_hw_primary: out_write underrun: -32
06-18 21:09:30.577 1140 1464 W audio_hw_primary: out_write underrun: -32
06-18 21:09:30.691 1140 1464 W audio_hw_primary: out_write underrun: -32
06-18 21:09:30.750 1140 1464 W audio_hw_primary: out_write underrun: -32
06-18 21:09:30.829 1140 1464 W audio_hw_primary: out_write underrun: -32
06-18 21:09:30.906 1140 1464 W audio_hw_primary: out_write underrun: -32
06-18 21:09:30.966 1140 1464 W audio_hw_primary: out_write underrun: -32
06-18 21:09:31.020 1140 1464 W audio_hw_primary: out_write underrun: -32
06-18 21:09:31.097 1140 1464 W audio_hw_primary: out_write underrun: -32
06-18 21:09:31.179 1140 1464 W audio_hw_primary: out_write underrun: -32
06-18 21:09:31.235 1140 1464 W audio_hw_primary: out_write underrun: -32
06-18 21:09:31.311 1140 1464 W audio_hw_primary: out_write underrun: -32
06-18 21:09:31.374 1140 1464 W audio_hw_primary: out_write underrun: -32
06-18 21:09:31.533 1140 1464 W audio_hw_primary: out_write underrun: -32
06-18 21:09:31.586 1140 1464 W audio_hw_primary: out_write underrun: -32
06-18 21:09:31.697 1140 1464 W audio_hw_primary: out_write underrun: -32
06-18 21:09:31.758 1140 1464 W audio_hw_primary: out_write underrun: -32
06-18 21:09:31.834 1140 1464 W audio_hw_primary: out_write underrun: -32
06-18 21:09:31.893 1140 1464 W audio_hw_primary: out_write underrun: -32
06-18 21:09:31.948 1140 1464 W audio_hw_primary: out_write underrun: -32
06-18 21:09:32.024 1140 1464 W audio_hw_primary: out_write underrun: -32
06-18 21:09:32.124 1140 1464 W audio_hw_primary: out_write underrun: -32
06-18 21:09:32.419 2330 2330 I Process : Sending signal. PID: 2330 SIG: 9
06-18 21:09:32.424 1140 1465 D audio_hw_primary: found out /dev/snd/pcmC0D0p
06-18 21:09:32.425 1140 1464 W audio_hw_primary: out_write underrun: -32
06-18 21:09:32.427 1424 2326 D OpenGLRenderer: endAllStagingAnimators on 0x9872a080 (RippleDrawable) with handle 0x98796590
06-18 21:09:32.432 1424 1628 W InputMethodManagerService: Window already focused, ignoring focus gain of: com.android.internal.view.IInputMethodClient$Stub$Proxy@5938c69 attribute=null, token = android.os.BinderProxy@3167b68
06-18 21:09:32.437 1140 1464 W audio_hw_primary: out_write underrun: -32
06-18 21:09:32.450 1424 1438 I ActivityManager: Process com.android.tv.settings (pid 2330) has died
06-18 21:09:32.450 1424 1438 W ActivityManager: Service crashed 2 times, stopping: ServiceRecord{ccadf9d u0 com.android.tv.settings/.users.UserSwitchListenerService}
06-18 21:09:32.456 1140 1465 D AudioFlinger: mixer(0xb4680000) throttle end: throttle time(10)
06-18 21:09:32.495 1140 1464 W audio_hw_primary: out_write underrun: -32
06-18 21:09:32.573 1140 1464 W audio_hw_primary: out_write underrun: -32
06-18 21:09:32.624 1140 1464 W audio_hw_primary: out_write underrun: -32
06-18 21:09:32.635 1424 1456 W AppOps : Finishing op nesting under-run: uid 1000 pkg android code 24 time=0 duration=0 nesting=0
06-18 21:09:32.684 1140 1464 W audio_hw_primary: out_write underrun: -32
06-18 21:09:32.742 1140 1464 W audio_hw_primary: out_write underrun: -32
06-18 21:09:32.792 1140 1464 W audio_hw_primary: out_write underrun: -32
06-18 21:09:32.966 1140 1464 W audio_hw_primary: out_write underrun: -32
06-18 21:09:33.023 1140 1464 W audio_hw_primary: out_write underrun: -32
06-18 21:09:33.080 1140 1464 W audio_hw_primary: out_write underrun: -32
06-18 21:09:33.139 1140 1464 W audio_hw_primary: out_write underrun: -32
06-18 21:09:33.195 1140 1464 W audio_hw_primary: out_write underrun: -32
06-18 21:09:33.254 1140 1464 W audio_hw_primary: out_write underrun: -32
06-18 21:09:33.310 1140 1464 W audio_hw_primary: out_write underrun: -32
06-18 21:09:33.370 1140 1464 W audio_hw_primary: out_write underrun: -32
06-18 21:09:33.448 1140 1464 W audio_hw_primary: out_write underrun: -32
06-18 21:09:33.505 1140 1464 W audio_hw_primary: out_write underrun: -32
06-18 21:09:33.560 1140 1464 W audio_hw_primary: out_write underrun: -32
06-18 21:09:33.619 1140 1464 W audio_hw_primary: out_write underrun: -32
06-18 21:09:33.678 1140 1464 W audio_hw_primary: out_write underrun: -32
06-18 21:09:33.738 1140 1464 W audio_hw_primary: out_write underrun: -32
06-18 21:09:33.868 1140 1464 W audio_hw_primary: out_write underrun: -32
06-18 21:09:33.927 1140 1464 W audio_hw_primary: out_write underrun: -32
06-18 21:09:34.113 1140 1464 W audio_hw_primary: out_write underrun: -32
06-18 21:09:34.167 1140 1464 W audio_hw_primary: out_write underrun: -32
06-18 21:09:34.281 1140 1464 W audio_hw_primary: out_write underrun: -32
06-18 21:09:34.340 1140 1464 W audio_hw_primary: out_write underrun: -32
06-18 21:09:34.413 1140 1464 W audio_hw_primary: out_write underrun: -32
06-18 21:09:34.475 1140 1464 W audio_hw_primary: out_write underrun: -32
06-18 21:09:34.551 1140 1464 W audio_hw_primary: out_write underrun: -32
06-18 21:09:34.609 1140 1464 W audio_hw_primary: out_write underrun: -32
06-18 21:09:34.664 1140 1464 W audio_hw_primary: out_write underrun: -32
06-18 21:09:34.747 1140 1464 W audio_hw_primary: out_write underrun: -32
06-18 21:09:34.807 1140 1464 W audio_hw_primary: out_write underrun: -32
06-18 21:09:34.861 1140 1464 W audio_hw_primary: out_write underrun: -32
06-18 21:09:34.917 1140 1464 W audio_hw_primary: out_write underrun: -32
06-18 21:09:34.978 1140 1464 W audio_hw_primary: out_write underrun: -32
06-18 21:09:35.032 1140 1464 W audio_hw_primary: out_write underrun: -32
06-18 21:09:35.094 1140 1464 W audio_hw_primary: out_write underrun: -32
06-18 21:09:35.169 1140 1464 W audio_hw_primary: out_write underrun: -32
06-18 21:09:35.226 1140 1464 W audio_hw_primary: out_write underrun: -32
06-18 21:09:35.302 1140 1464 W audio_hw_primary: out_write underrun: -32
06-18 21:09:35.362 1140 1464 W audio_hw_primary: out_write underrun: -32
06-18 21:09:35.473 1140 1464 W audio_hw_primary: out_write underrun: -32