--------- beginning of main
06-18 21:08:14.200 1127 1127 W auditd : type=2000 audit(0.0:1): initialized
06-18 21:08:17.221 0 1141 I installd: installd firing up
06-18 21:08:17.221 0 1141 E cutils : Failed to read /data/.layout_version: No such file or directory
06-18 21:08:17.221 0 1141 D installd: Upgrading /data/media for multi-user
06-18 21:08:17.222 0 1141 D installd: Upgrading to shared /data/media/obb
06-18 21:08:17.222 0 1141 D installd: Upgrading to /data/misc/user directories
06-18 21:08:17.224 1137 1137 I : debuggerd: starting
06-18 21:08:17.233 1146 1146 I powerbtn: open event0(Power Button) ok fd=4
06-18 21:08:17.233 1132 1132 I lowmemorykiller: Using in-kernel low memory killer interface
06-18 21:08:17.276 1145 1145 I perfprofd: starting Android Wide Profiling daemon
06-18 21:08:17.276 1145 1145 E perfprofd: unable to open configuration file /data/data/com.google.android.gms/files/perfprofd.conf
06-18 21:08:17.277 1145 1145 I perfprofd: random seed set to 1123162773
06-18 21:08:17.343 1136 1136 I Netd : Netd 1.0 starting
06-18 21:08:17.343 1136 1136 D TetherController: Setting IP forward enable = 0
06-18 21:08:17.370 1144 1144 I gatekeeperd: Starting gatekeeperd...
06-18 21:08:17.374 1144 1144 W gatekeeperd: falling back to software GateKeeper
06-18 21:08:17.374 1144 1144 I gatekeeperd: cold boot: clearing state
06-18 21:08:17.380 1142 1142 I keystore: Found keymaster0 module Keymaster OpenSSL HAL, version 2
06-18 21:08:17.380 1142 1142 I SoftKeymaster: system/keymaster/soft_keymaster_device.cpp, Line 122: Creating device
06-18 21:08:17.380 1142 1142 D SoftKeymaster: system/keymaster/soft_keymaster_device.cpp, Line 123: Device address: 0xb7122000 --------- beginning of system
06-18 21:08:17.387 1128 1128 I vold : Vold 3.0 (the awakening) firing up
06-18 21:08:17.387 1142 1142 I keystore: Keymaster0 module is software-only. Using SoftKeymasterDevice instead.
06-18 21:08:17.387 1142 1142 I SoftKeymaster: system/keymaster/soft_keymaster_device.cpp, Line 122: Creating device
06-18 21:08:17.387 1142 1142 D SoftKeymaster: system/keymaster/soft_keymaster_device.cpp, Line 123: Device address: 0xb7122180
06-18 21:08:17.387 1142 1142 I keystore: SELinux: Keystore SELinux is disabled.
06-18 21:08:17.434 1134 1134 I SurfaceFlinger: SurfaceFlinger is starting
06-18 21:08:17.440 1134 1134 I SurfaceFlinger: SurfaceFlinger's main thread ready to run. Initializing graphics H/W...
06-18 21:08:17.473 1134 1134 D libEGL : loaded /system/lib/egl/libGLES_mesa.so
06-18 21:08:17.482 1134 1134 W linker : /system/lib/libglapi.so has text relocations. This is wasting memory and prevents security hardening. Please fix.
06-18 21:08:17.765 1140 1140 I mediaserver: ServiceManager: 0xb618c680
06-18 21:08:17.765 1140 1140 I AudioFlinger: Using default 3000 mSec as standby time.
06-18 21:08:17.768 1140 1140 E : batterystats service unavailable!
06-18 21:08:17.769 1140 1140 E : batterystats service unavailable!
06-18 21:08:17.773 1140 1140 I CameraService: CameraService started (pid=1140)
06-18 21:08:17.773 1140 1140 I CameraService: CameraService process starting
06-18 21:08:17.773 1140 1140 E : batterystats service unavailable!
06-18 21:08:17.773 1140 1140 E : batterystats service unavailable!
06-18 21:08:17.778 1140 1140 D Camera_Factory: CameraFactory::CameraFactory
06-18 21:08:17.778 1140 1140 D Camera_Factory: CameraFactory::parseConfig: configFile = /etc/camera.cfg
06-18 21:08:17.778 1140 1140 D Camera_Factory: /etc/camera.cfg not found, using camera configuration defaults
06-18 21:08:17.779 1140 1140 E cutils-trace: Error opening trace file: Permission denied (13)
06-18 21:08:17.779 1140 1140 D Camera_Factory: CameraFactory::get_number_of_cameras
06-18 21:08:17.779 1140 1140 D Camera_Factory: CameraFactory::getCameraNum: 0
06-18 21:08:17.779 1140 1140 I CameraService: Loaded "Camera Module" camera module
06-18 21:08:17.779 1140 1140 D Camera_Factory: CameraFactory::get_number_of_cameras
06-18 21:08:17.779 1140 1140 D Camera_Factory: CameraFactory::getCameraNum: 0
06-18 21:08:17.779 1140 1140 D Camera_Factory: CameraFactory::get_number_of_cameras
06-18 21:08:17.779 1140 1140 D Camera_Factory: CameraFactory::getCameraNum: 0
06-18 21:08:17.779 1140 1140 I ServiceManager: Waiting for service media.camera.proxy...
06-18 21:08:17.828 1134 1134 I EGL-DRI2: found extension DRI_Core version 1
06-18 21:08:17.828 1134 1134 I EGL-DRI2: found extension DRI_SWRast version 5
06-18 21:08:17.872 1134 1134 I EGL-DRI2: found extension DRI_TexBuffer version 2
06-18 21:08:17.872 1134 1134 I EGL-DRI2: found extension DRI_IMAGE version 11
06-18 21:08:17.877 1134 1134 W gralloc : page flipping not supported (yres_virtual=768, requested=1536)
06-18 21:08:17.877 1134 1134 I gralloc : using (fd=12)
06-18 21:08:17.877 1134 1134 I gralloc : id = VESA VGA
06-18 21:08:17.877 1134 1134 I gralloc : xres = 1024 px
06-18 21:08:17.877 1134 1134 I gralloc : yres = 768 px
06-18 21:08:17.877 1134 1134 I gralloc : xres_virtual = 1024 px
06-18 21:08:17.877 1134 1134 I gralloc : yres_virtual = 768 px
06-18 21:08:17.877 1134 1134 I gralloc : bpp = 32
06-18 21:08:17.877 1134 1134 I gralloc : r = 16:8
06-18 21:08:17.877 1134 1134 I gralloc : g = 8:8
06-18 21:08:17.877 1134 1134 I gralloc : b = 0:8
06-18 21:08:17.877 1134 1134 I gralloc : a = 24:8
06-18 21:08:17.877 1134 1134 I gralloc : stride = 4096
06-18 21:08:17.877 1134 1134 I gralloc : fbSize = 15360000
06-18 21:08:17.878 1134 1134 I gralloc : width = 163 mm (159.568100 dpi)
06-18 21:08:17.878 1134 1134 I gralloc : height = 122 mm (159.895081 dpi)
06-18 21:08:17.878 1134 1134 I gralloc : refresh rate = 65.46 Hz
06-18 21:08:17.878 1134 1134 E SurfaceFlinger: hwcomposer module not found
06-18 21:08:17.878 1134 1134 I SurfaceFlinger: EGL information:
06-18 21:08:17.878 1134 1134 I SurfaceFlinger: vendor : Android
06-18 21:08:17.878 1134 1134 I SurfaceFlinger: version : 1.4 Android META-EGL
06-18 21:08:17.878 1134 1134 I SurfaceFlinger: extensions: EGL_KHR_get_all_proc_addresses EGL_ANDROID_presentation_time EGL_KHR_swap_buffers_with_damage EGL_KHR_image_base EGL_KHR_gl_texture_3D_image EGL_KHR_gl_renderbuffer_image EGL_KHR_create_context EGL_KHR_surfaceless_context EGL_ANDROID_image_native_buffer EGL_ANDROID_recordable
06-18 21:08:17.878 1134 1134 I SurfaceFlinger: Client API: OpenGL_ES
06-18 21:08:17.878 1134 1134 I SurfaceFlinger: EGLSurface: 8-8-8-8, config=0xb4723800
06-18 21:08:17.920 1134 1134 I SurfaceFlinger: OpenGL ES informations:
06-18 21:08:17.920 1134 1134 I SurfaceFlinger: vendor : VMware, Inc.
06-18 21:08:17.920 1134 1134 I SurfaceFlinger: renderer : Gallium 0.4 on llvmpipe (LLVM 3.7, 256 bits)
06-18 21:08:17.920 1134 1134 I SurfaceFlinger: version : OpenGL ES 3.0 Mesa 11.2.2 (git-a9f38c2)
06-18 21:08:17.920 1134 1134 I SurfaceFlinger: extensions: GL_EXT_blend_minmax GL_EXT_multi_draw_arrays GL_EXT_texture_compression_dxt1 GL_EXT_texture_format_BGRA8888 GL_OES_compressed_ETC1_RGB8_texture GL_OES_depth24 GL_OES_element_index_uint GL_OES_fbo_render_mipmap GL_OES_mapbuffer GL_OES_rgb8_rgba8 GL_OES_standard_derivatives GL_OES_stencil8 GL_OES_texture_3D GL_OES_texture_float GL_OES_texture_float_linear GL_OES_texture_half_float GL_OES_texture_half_float_linear GL_OES_texture_npot GL_OES_EGL_image GL_OES_depth_texture GL_OES_packed_depth_stencil GL_EXT_texture_type_2_10_10_10_REV GL_OES_get_program_binary GL_APPLE_texture_max_level GL_EXT_discard_framebuffer GL_EXT_read_format_bgra GL_NV_fbo_color_attachments GL_OES_EGL_image_external GL_OES_EGL_sync GL_OES_vertex_array_object GL_ANGLE_texture_compression_dxt3 GL_ANGLE_texture_compression_dxt5 GL_EXT_texture_rg GL_EXT_unpack_subimage GL_NV_draw_buffers GL_NV_read_buffer GL_NV_read_depth GL_NV_read_depth_stencil GL_NV_read_stencil GL_EXT_draw_buffers GL_EXT_map_buffer_range GL_KHR_debug GL_OES_dep
06-18 21:08:17.920 1134 1134 I SurfaceFlinger: GL_MAX_TEXTURE_SIZE = 8192
06-18 21:08:17.920 1134 1134 I SurfaceFlinger: GL_MAX_VIEWPORT_DIMS = 8192
06-18 21:08:17.920 1134 1134 D SurfaceFlinger: Open /dev/tty0 OK
06-18 21:08:17.927 1134 1134 D SurfaceFlinger: Set power mode=2, type=0 flinger=0xb70e2000
06-18 21:08:17.963 1134 1134 D SurfaceFlinger: shader cache generated - 24 shaders in 28.206928 ms
06-18 21:08:18.031 1143 1143 D AndroidRuntime: >>>>>> START com.android.internal.os.ZygoteInit uid 0 <<<<<<
06-18 21:08:18.032 1143 1143 W JniInvocation: Falling back from libart to libart.so after dlopen error: dlopen failed: library "libart" not found
06-18 21:08:18.088 1143 1143 D AndroidRuntime: CheckJNI is ON
06-18 21:08:18.113 1143 1143 I art : option[0]=-Xzygote
06-18 21:08:18.113 1143 1143 I art : option[1]=-Xcheck:jni
06-18 21:08:18.113 1143 1143 I art : option[2]=-Xstacktracefile:/data/anr/traces.txt
06-18 21:08:18.113 1143 1143 I art : option[3]=exit
06-18 21:08:18.113 1143 1143 I art : option[4]=vfprintf
06-18 21:08:18.113 1143 1143 I art : option[5]=sensitiveThread
06-18 21:08:18.113 1143 1143 I art : option[6]=-verbose:gc
06-18 21:08:18.113 1143 1143 I art : option[7]=-Xms16m
06-18 21:08:18.113 1143 1143 I art : option[8]=-Xmx512m
06-18 21:08:18.113 1143 1143 I art : option[9]=-XX:HeapGrowthLimit=192m
06-18 21:08:18.113 1143 1143 I art : option[10]=-XX:HeapMinFree=512k
06-18 21:08:18.113 1143 1143 I art : option[11]=-XX:HeapMaxFree=8m
06-18 21:08:18.113 1143 1143 I art : option[12]=-XX:HeapTargetUtilization=0.75
06-18 21:08:18.113 1143 1143 I art : option[13]=-Xusejit:true
06-18 21:08:18.113 1143 1143 I art : option[14]=-agentlib:jdwp=transport=dt_android_adb,suspend=n,server=y
06-18 21:08:18.113 1143 1143 I art : option[15]=-Xlockprofthreshold:500
06-18 21:08:18.113 1143 1143 I art : option[16]=-Ximage-compiler-option
06-18 21:08:18.113 1143 1143 I art : option[17]=--runtime-arg
06-18 21:08:18.113 1143 1143 I art : option[18]=-Ximage-compiler-option
06-18 21:08:18.113 1143 1143 I art : option[19]=-Xms64m
06-18 21:08:18.113 1143 1143 I art : option[20]=-Ximage-compiler-option
06-18 21:08:18.113 1143 1143 I art : option[21]=--runtime-arg
06-18 21:08:18.113 1143 1143 I art : option[22]=-Ximage-compiler-option
06-18 21:08:18.113 1143 1143 I art : option[23]=-Xmx64m
06-18 21:08:18.113 1143 1143 I art : option[24]=-Ximage-compiler-option
06-18 21:08:18.113 1143 1143 I art : option[25]=--compiler-filter=verify-at-runtime
06-18 21:08:18.113 1143 1143 I art : option[26]=-Ximage-compiler-option
06-18 21:08:18.113 1143 1143 I art : option[27]=--image-classes=/system/etc/preloaded-classes
06-18 21:08:18.113 1143 1143 I art : option[28]=-Xcompiler-option
06-18 21:08:18.113 1143 1143 I art : option[29]=--runtime-arg
06-18 21:08:18.113 1143 1143 I art : option[30]=-Xcompiler-option
06-18 21:08:18.113 1143 1143 I art : option[31]=-Xms64m
06-18 21:08:18.113 1143 1143 I art : option[32]=-Xcompiler-option
06-18 21:08:18.113 1143 1143 I art : option[33]=--runtime-arg
06-18 21:08:18.113 1143 1143 I art : option[34]=-Xcompiler-option
06-18 21:08:18.113 1143 1143 I art : option[35]=-Xmx512m
06-18 21:08:18.113 1143 1143 I art : option[36]=-Xcompiler-option
06-18 21:08:18.113 1143 1143 I art : option[37]=--compiler-filter=verify-at-runtime
06-18 21:08:18.113 1143 1143 I art : option[38]=-Ximage-compiler-option
06-18 21:08:18.113 1143 1143 I art : option[39]=--instruction-set-variant=x86
06-18 21:08:18.113 1143 1143 I art : option[40]=-Xcompiler-option
06-18 21:08:18.113 1143 1143 I art : option[41]=--instruction-set-variant=x86
06-18 21:08:18.113 1143 1143 I art : option[42]=-Ximage-compiler-option
06-18 21:08:18.113 1143 1143 I art : option[43]=--instruction-set-features=default
06-18 21:08:18.113 1143 1143 I art : option[44]=-Xcompiler-option
06-18 21:08:18.113 1143 1143 I art : option[45]=--instruction-set-features=default
06-18 21:08:18.113 1143 1143 I art : option[46]=-Duser.locale=en-US,ko-KR,ja-JP,zh-CN,hi-IN,en-GB,de-DE,fr-FR,it-IT,ru-RU,es-ES,pt-PT
06-18 21:08:18.113 1143 1143 I art : option[47]=-XX:NativeBridge=libnb.so
06-18 21:08:18.113 1143 1143 I art : option[48]=--cpu-abilist=x86,armeabi-v7a,armeabi
06-18 21:08:18.113 1143 1143 I art : option[49]=-Xfingerprint:Android-x86/android_x86/x86:6.0.1/MOB30M/ric06182142:eng/test-keys
06-18 21:08:18.132 1134 1164 I SurfaceFlinger: auto set density to 160
06-18 21:08:18.141 1143 1143 I art : Pruning dalvik-cache since we are relocating an image and will need to recompile
06-18 21:08:18.141 1143 1143 I art : RelocateImage: /system/bin/patchoat --input-image-location=/system/framework/boot.art --output-image-file=/data/dalvik-cache/x86/system@framework@boot.art --input-oat-location=/system/framework/boot.oat --output-oat-file=/data/dalvik-cache/x86/system@framework@boot.oat --instruction-set=x86 --base-offset-delta=-2613248
06-18 21:08:18.192 1210 1223 D libEGL : loaded /system/lib/egl/libGLES_mesa.so
06-18 21:08:18.194 1210 1223 W linker : /system/lib/libglapi.so has text relocations. This is wasting memory and prevents security hardening. Please fix.
06-18 21:08:18.283 1210 1223 I EGL-DRI2: found extension DRI_Core version 1
06-18 21:08:18.283 1210 1223 I EGL-DRI2: found extension DRI_SWRast version 5
06-18 21:08:18.283 1210 1223 I EGL-DRI2: found extension DRI_TexBuffer version 2
06-18 21:08:18.283 1210 1223 I EGL-DRI2: found extension DRI_IMAGE version 11
06-18 21:08:18.284 1210 1223 E cutils-trace: Error opening trace file: Permission denied (13)
06-18 21:08:18.780 1140 1140 I ServiceManager: Waiting for service media.camera.proxy...
06-18 21:08:19.329 1143 1143 D ICU : No timezone override file found: /data/misc/zoneinfo/current/icu/icu_tzdata.dat
06-18 21:08:19.362 1143 1143 E memtrack: Couldn't load memtrack module (No such file or directory)
06-18 21:08:19.362 1143 1143 E android.os.Debug: failed to load memtrack module: -2
06-18 21:08:19.364 1143 1143 I Radio-JNI: register_android_hardware_Radio DONE
06-18 21:08:19.367 1143 1143 I SamplingProfilerIntegration: Profiling disabled.
06-18 21:08:19.367 1143 1143 D Zygote : begin preload
06-18 21:08:19.367 1143 1143 I Zygote : Preloading classes...
06-18 21:08:19.719 1143 1143 E Minikin : addFont failed to create font /system/fonts/NanumGothic.ttf
06-18 21:08:19.719 1143 1143 E Minikin : addFont failed to create font /system/fonts/DroidSansFallback.ttf
06-18 21:08:19.719 1143 1143 E Minikin : addFont failed to create font /system/fonts/MTLmr3m.ttf
06-18 21:08:19.780 1140 1140 I ServiceManager: Waiting for service media.camera.proxy...
06-18 21:08:19.837 1143 1143 I art : Thread[1,tid=1143,Native,Thread*=0xb3c74500,peer=0x12c35100,"main"] recursive attempt to load library "/system/lib/libmedia_jni.so"
06-18 21:08:19.837 1143 1143 D MtpDeviceJNI: register_android_mtp_MtpDevice
06-18 21:08:19.837 1143 1143 I art : Thread[1,tid=1143,Native,Thread*=0xb3c74500,peer=0x12c35100,"main"] recursive attempt to load library "/system/lib/libmedia_jni.so"
06-18 21:08:19.837 1143 1143 I art : Thread[1,tid=1143,Native,Thread*=0xb3c74500,peer=0x12c35100,"main"] recursive attempt to load library "/system/lib/libmedia_jni.so"
06-18 21:08:19.845 1143 1143 E EmojiFactory_jni: Failed to load libemoji.so: dlopen failed: library "libemoji.so" not found
06-18 21:08:19.902 1143 1143 I System : Loaded time zone names for "" in 18ms (18ms in ICU)
06-18 21:08:19.911 1143 1143 I System : Loaded time zone names for "en_US" in 9ms (8ms in ICU)
06-18 21:08:19.918 1143 1143 I System : Loaded time zone names for "en" in 7ms (7ms in ICU)
06-18 21:08:19.921 1143 1143 I Zygote : ...preloaded 3831 classes in 554ms.
06-18 21:08:19.921 1143 1143 I art : VMRuntime.preloadDexCaches starting
06-18 21:08:19.935 1143 1143 I art : VMRuntime.preloadDexCaches strings total=243736 before=43715 after=43715
06-18 21:08:19.935 1143 1143 I art : VMRuntime.preloadDexCaches types total=20132 before=6880 after=6906
06-18 21:08:19.935 1143 1143 I art : VMRuntime.preloadDexCaches fields total=98226 before=35728 after=35933
06-18 21:08:19.935 1143 1143 I art : VMRuntime.preloadDexCaches methods total=170285 before=70820 after=71318
06-18 21:08:19.935 1143 1143 I art : VMRuntime.preloadDexCaches finished
06-18 21:08:19.942 1396 1396 D idmap : error: no read access to /vendor/overlay: No such file or directory
06-18 21:08:19.984 1143 1143 I Zygote : Preloading resources...
06-18 21:08:20.117 1143 1143 I Zygote : ...preloaded 342 resources in 132ms.
06-18 21:08:20.119 1143 1143 I Zygote : ...preloaded 41 resources in 3ms.
06-18 21:08:20.120 1143 1143 D libEGL : loaded /system/lib/egl/libGLES_mesa.so
06-18 21:08:20.120 1143 1143 W linker : /system/lib/libglapi.so has text relocations. This is wasting memory and prevents security hardening. Please fix.
06-18 21:08:20.130 1143 1143 I Zygote : Preloading shared libraries...
06-18 21:08:20.144 1143 1143 D Zygote : end preload
06-18 21:08:20.144 1143 1143 I art : Starting a blocking GC Explicit
06-18 21:08:20.152 1143 1143 I art : Explicit concurrent mark sweep GC freed 41979(5MB) AllocSpace objects, 121(2MB) LOS objects, 39% free, 3MB/5MB, paused 96us total 7.492ms
06-18 21:08:20.156 1143 1143 I art : Starting a blocking GC Explicit
06-18 21:08:20.159 1143 1143 I art : Explicit concurrent mark sweep GC freed 3303(153KB) AllocSpace objects, 0(0B) LOS objects, 39% free, 2MB/4MB, paused 151us total 3.354ms
06-18 21:08:20.159 1136 1136 I iptables: iptables: Invalid argument. Run `dmesg' for more information.
06-18 21:08:20.159 1143 1337 I art : Starting a blocking GC HeapTrim
06-18 21:08:20.160 1143 1143 I art : Starting a blocking GC Background
06-18 21:08:20.171 1136 1136 I iptables: iptables terminated by exit(1)
06-18 21:08:20.171 1136 1136 E BandwidthController: runIptablesCmd(): res=1 status=256 failed /system/bin/iptables -w -A bw_INPUT -m owner --socket-exists
06-18 21:08:20.173 1136 1136 I ip6tables: ip6tables: Invalid argument. Run `dmesg' for more information.
06-18 21:08:20.174 1143 1143 I Zygote : System server process 1424 has been created
06-18 21:08:20.175 1143 1143 I Zygote : Accepting command socket connections
06-18 21:08:20.179 1136 1136 I ip6tables: ip6tables terminated by exit(1)
06-18 21:08:20.179 1136 1136 E BandwidthController: runIptablesCmd(): res=1 status=256 failed /system/bin/ip6tables -w -A bw_INPUT -m owner --socket-exists
06-18 21:08:20.185 1424 1424 I InstallerConnection: connecting...
06-18 21:08:20.186 1141 1141 I installd: new connection
06-18 21:08:20.197 1424 1424 I InstallerConnection: disconnecting...
06-18 21:08:20.199 1141 1141 E installd: eof
06-18 21:08:20.199 1141 1141 E installd: failed to read size
06-18 21:08:20.199 1141 1141 I installd: closing connection
06-18 21:08:20.208 1437 1437 E ProbeModule: insmod_by_dep: cannot load module: [netdev-dummy0]
06-18 21:08:20.225 1439 1439 E ProbeModule: insmod_by_dep: cannot load module: [dummy0]
06-18 21:08:20.225 1136 1136 E Netd : cannot find interface dummy0
06-18 21:08:20.235 1442 1442 E ProbeModule: insmod_by_dep: cannot load module: [net-pf-16-proto-5]
06-18 21:08:20.235 1136 1136 E Netd : Unable to create netlink socket: Protocol not supported
06-18 21:08:20.235 1136 1136 E Netd : Unable to open quota socket
06-18 21:08:20.235 1136 1136 D MDnsDS : MDnsSdListener::Hander starting up
06-18 21:08:20.236 1136 1445 D MDnsDS : MDnsSdListener starting to monitor
06-18 21:08:20.236 1136 1445 D MDnsDS : Going to poll with pollCount 1
06-18 21:08:20.257 1424 1424 I SystemServer: Entered the Android system server!
06-18 21:08:20.283 1424 1424 I SystemServiceManager: Starting com.android.server.pm.Installer
06-18 21:08:20.297 1424 1424 I Installer: Waiting for installd to be ready.
06-18 21:08:20.297 1424 1424 I InstallerConnection: connecting...
06-18 21:08:20.297 1141 1141 I installd: new connection
06-18 21:08:20.297 1424 1424 I SystemServiceManager: Starting com.android.server.am.ActivityManagerService$Lifecycle
06-18 21:08:20.340 1424 1424 I ActivityManager: Memory class: 192
06-18 21:08:20.352 1424 1424 D BatteryStatsImpl: Reading daily items from /data/system/batterystats-daily.xml
06-18 21:08:20.355 1424 1424 I AppOps : No existing app ops /data/system/appops.xml; starting empty
06-18 21:08:20.390 1424 1424 I IntentFirewall: Read new rules (A:0 B:0 S:0)
06-18 21:08:20.400 1424 1424 D AppOps : AppOpsService published
06-18 21:08:20.400 1424 1424 I SystemServiceManager: Starting com.android.server.power.PowerManagerService
06-18 21:08:20.415 1424 1424 E PowerManagerService-JNI: Couldn't load power module (No such file or directory)
06-18 21:08:20.416 1424 1424 I libsuspend: Selected early suspend
06-18 21:08:20.416 1424 1424 E libsuspend: Error accessing /sys/power/wait_for_fb_sleep: No such file or directory
06-18 21:08:20.417 1424 1424 I SystemServiceManager: Starting com.android.server.lights.LightsService
06-18 21:08:20.419 1424 1424 E lights : Unable to detect max_brightness. Try to set backlight.max_brightness_file
06-18 21:08:20.419 1424 1424 I SystemServiceManager: Starting com.android.server.display.DisplayManagerService
06-18 21:08:20.424 1424 1424 I SystemServiceManager: Starting phase 100
06-18 21:08:20.430 1424 1456 I DisplayManagerService: Display device added: DisplayDeviceInfo{"Built-in Screen": uniqueId="local:0", 1024 x 768, modeId 1, defaultModeId 1, supportedModes [{id=1, width=1024, height=768, fps=65.465}], colorTransformId 1, defaultColorTransformId 1, supportedColorTransforms [{id=1, colorTransform=0}], density 160, 159.5681 x 159.89508 dpi, appVsyncOff 0, presDeadline 16275338, touch INTERNAL, rotation 0, type BUILT_IN, state UNKNOWN, FLAG_DEFAULT_DISPLAY, FLAG_ROTATES_WITH_CONTENT, FLAG_SECURE, FLAG_SUPPORTS_PROTECTED_BUFFERS}
06-18 21:08:20.431 1134 1134 D SurfaceFlinger: Set power mode=2, type=0 flinger=0xb70e2000
06-18 21:08:20.431 1134 1134 D SurfaceFlinger: Screen type=0 is already mode=2
06-18 21:08:20.431 1424 1424 I SystemServer: Package Manager
06-18 21:08:20.431 1424 1456 I DisplayManagerService: Display device changed state: "Built-in Screen", ON
06-18 21:08:20.439 1424 1424 W SELinuxMMAC: Error opening /data/system/seapp_hash. Assuming first boot.
06-18 21:08:20.440 1424 1424 W FileUtils: Failed to chmod(/data/system/packages.list): android.system.ErrnoException: chmod failed: ENOENT (No such file or directory)
06-18 21:08:20.445 1424 1424 W SystemConfig: No directory /system/etc/sysconfig, skipping
06-18 21:08:20.473 1424 1424 D SELinuxMMAC: Using policy file /system/etc/security/mac_permissions.xml
06-18 21:08:20.476 1424 1424 I PackageManager: No settings file; creating initial state
06-18 21:08:20.494 1424 1424 E art : DexFile_getDexOptNeeded file '/system/framework/org.apache.http.legacy.jar' does not exist
06-18 21:08:20.494 1424 1424 W PackageManager: Library not found: /system/framework/org.apache.http.legacy.jar
06-18 21:08:20.512 1424 1424 D PackageManager: No files in app dir /vendor/overlay
06-18 21:08:20.520 1424 1424 I PackageManager: /system/framework/framework-res.apk changed; collecting certs
06-18 21:08:20.710 1424 1424 W PackageManager: Failed to parse /system/framework/oat: Missing base APK in /system/framework/oat
06-18 21:08:20.710 1424 1424 W PackageManager: Failed to parse /system/framework/x86: Missing base APK in /system/framework/x86
06-18 21:08:20.725 1424 1424 I PackageManager: /system/priv-app/AtvRemoteService changed; collecting certs
06-18 21:08:20.735 1424 1424 I PackageManager: /system/priv-app/BackupRestoreConfirmation changed; collecting certs
06-18 21:08:20.743 1424 1424 I PackageManager: /system/priv-app/CalendarProvider changed; collecting certs
06-18 21:08:20.746 1424 1424 I PackageManager: New shared user android.uid.calendar: id=10001
06-18 21:08:20.753 1424 1424 I PackageManager: /system/priv-app/CallLogBackup changed; collecting certs
06-18 21:08:20.755 1424 1424 I PackageManager: New shared user android.uid.shared: id=10002
06-18 21:08:20.759 1424 1424 I PackageManager: /system/priv-app/CarrierConfig changed; collecting certs
06-18 21:08:20.780 1140 1140 I ServiceManager: Waiting for service media.camera.proxy...
06-18 21:08:20.802 1424 1424 W PackageParser: No actions in intent filter at /system/priv-app/Contacts/Contacts.apk Binary XML file line #388
06-18 21:08:20.803 1424 1424 I PackageManager: /system/priv-app/Contacts changed; collecting certs
06-18 21:08:20.931 1424 1424 I PackageManager: /system/priv-app/ContactsProvider changed; collecting certs
06-18 21:08:20.941 1424 1424 I PackageManager: /system/priv-app/DefaultContainerService changed; collecting certs
06-18 21:08:20.980 1424 1424 W PackageParser: No actions in intent filter at /system/priv-app/Dialer/Dialer.apk Binary XML file line #174
06-18 21:08:20.980 1424 1424 I PackageManager: /system/priv-app/Dialer changed; collecting certs
06-18 21:08:21.103 1424 1424 I PackageManager: /system/priv-app/DownloadProvider changed; collecting certs
06-18 21:08:21.106 1424 1424 I PackageManager: New shared user android.media: id=10006
06-18 21:08:21.111 1424 1424 W PackageManager: Permission android.permission.DOWNLOAD_WITHOUT_NOTIFICATION from package com.android.providers.downloads in an unknown group android.permission-group.NETWORK
06-18 21:08:21.113 1424 1424 I PackageManager: /system/priv-app/ExternalStorageProvider changed; collecting certs
06-18 21:08:21.118 1424 1424 I PackageManager: /system/priv-app/FusedLocation changed; collecting certs
06-18 21:08:21.136 1424 1424 I PackageManager: /system/priv-app/InputDevices changed; collecting certs
06-18 21:08:21.154 1424 1424 I PackageManager: /system/priv-app/LeanbackLauncher changed; collecting certs
06-18 21:08:21.230 1424 1424 I PackageManager: /system/priv-app/ManagedProvisioning changed; collecting certs
06-18 21:08:21.244 1424 1424 I PackageManager: /system/priv-app/MediaProvider changed; collecting certs
06-18 21:08:21.255 1424 1424 I PackageManager: /system/priv-app/MmsService changed; collecting certs
06-18 21:08:21.263 1424 1424 I PackageManager: /system/priv-app/MusicFX changed; collecting certs
06-18 21:08:21.268 1424 1424 I PackageManager: /system/priv-app/OneTimeInitializer changed; collecting certs
06-18 21:08:21.289 1424 1424 I PackageManager: /system/priv-app/PackageInstaller changed; collecting certs
06-18 21:08:21.322 1424 1424 I PackageManager: /system/priv-app/ProxyHandler changed; collecting certs
06-18 21:08:21.409 1424 1424 W PackageParser: Ignoring duplicate uses-permissions/uses-permissions-sdk-m: android.permission.USE_CREDENTIALS in package: com.android.settings at: Binary XML file line #55
06-18 21:08:21.409 1424 1424 W PackageParser: Ignoring duplicate uses-permissions/uses-permissions-sdk-m: android.permission.READ_SYNC_SETTINGS in package: com.android.settings at: Binary XML file line #60
06-18 21:08:21.409 1424 1424 W PackageParser: Ignoring duplicate uses-permissions/uses-permissions-sdk-m: android.permission.WRITE_SYNC_SETTINGS in package: com.android.settings at: Binary XML file line #61
06-18 21:08:21.421 1424 1424 I PackageManager: /system/priv-app/Settings changed; collecting certs
06-18 21:08:21.503 1424 1424 I PackageManager: /system/priv-app/SettingsProvider changed; collecting certs
06-18 21:08:21.512 1424 1424 I PackageManager: /system/priv-app/SharedStorageBackup changed; collecting certs
06-18 21:08:21.519 1424 1424 W PackageParser: Ignoring duplicate uses-permissions/uses-permissions-sdk-m: android.permission.INSTALL_GRANT_RUNTIME_PERMISSIONS in package: com.android.shell at: Binary XML file line #101
06-18 21:08:21.519 1424 1424 I PackageManager: /system/priv-app/Shell changed; collecting certs
06-18 21:08:21.526 1424 1424 I PackageManager: /system/priv-app/StatementService changed; collecting certs
06-18 21:08:21.567 1424 1424 W PackageParser: Ignoring duplicate uses-permissions/uses-permissions-sdk-m: android.permission.CONFIGURE_WIFI_DISPLAY in package: com.android.systemui at: Binary XML file line #120
06-18 21:08:21.574 1424 1424 I PackageManager: /system/priv-app/SystemUI changed; collecting certs
06-18 21:08:21.616 1424 1424 I PackageManager: New shared user android.uid.systemui: id=10016
06-18 21:08:21.660 1424 1424 I PackageManager: /system/priv-app/TeleService changed; collecting certs
06-18 21:08:21.686 1424 1424 I PackageManager: /system/priv-app/Telecom changed; collecting certs
06-18 21:08:21.698 1424 1424 I PackageManager: /system/priv-app/TelephonyProvider changed; collecting certs
06-18 21:08:21.707 1424 1424 I PackageManager: /system/priv-app/TvProvider changed; collecting certs
06-18 21:08:21.747 1424 1424 I PackageManager: /system/priv-app/TvSettings changed; collecting certs
06-18 21:08:21.780 1140 1140 I ServiceManager: Waiting for service media.camera.proxy...
06-18 21:08:21.794 1424 1424 I PackageManager: /system/priv-app/VpnDialogs changed; collecting certs
06-18 21:08:21.798 1424 1424 I PackageManager: /system/priv-app/WallpaperCropper changed; collecting certs
06-18 21:08:21.820 1424 1424 W PackageParser: No actions in intent filter at /system/app/AndroidTerm/AndroidTerm.apk Binary XML file line #149
06-18 21:08:21.820 1424 1424 I PackageManager: /system/app/AndroidTerm changed; collecting certs
06-18 21:08:21.830 1424 1424 I PackageManager: /system/app/BasicDreams changed; collecting certs
06-18 21:08:21.846 1424 1424 W PackageParser: Ignoring duplicate uses-permissions/uses-permissions-sdk-m: android.permission.READ_CONTACTS in package: com.android.bluetooth at: Binary XML file line #58
06-18 21:08:21.847 1424 1424 W PackageParser: No actions in intent filter at /system/app/Bluetooth/Bluetooth.apk Binary XML file line #216
06-18 21:08:21.847 1424 1424 I PackageManager: /system/app/Bluetooth changed; collecting certs
06-18 21:08:21.858 1424 1424 I PackageManager: /system/app/BluetoothMidiService changed; collecting certs
06-18 21:08:21.886 1424 1424 I PackageManager: /system/app/Browser changed; collecting certs
06-18 21:08:21.934 1424 1424 W PackageParser: No actions in intent filter at /system/app/CMFileManager/CMFileManager.apk Binary XML file line #164
06-18 21:08:21.934 1424 1424 I PackageManager: /system/app/CMFileManager changed; collecting certs
06-18 21:08:21.980 1424 1424 I PackageManager: /system/app/Calendar changed; collecting certs
06-18 21:08:22.026 1424 1424 I PackageManager: /system/app/Camera2 changed; collecting certs
06-18 21:08:22.098 1424 1424 I PackageManager: /system/app/CaptivePortalLogin changed; collecting certs
06-18 21:08:22.108 1424 1424 I PackageManager: /system/app/CertInstaller changed; collecting certs
06-18 21:08:22.145 1424 1424 I PackageManager: /system/app/DeskClock changed; collecting certs
06-18 21:08:22.179 1424 1424 I PackageManager: /system/app/Development changed; collecting certs
06-18 21:08:22.194 1424 1424 I PackageManager: /system/app/DocumentsUI changed; collecting certs
06-18 21:08:22.217 1424 1424 I PackageManager: /system/app/DownloadProviderUi changed; collecting certs
06-18 21:08:22.253 1424 1424 W PackageParser: Ignoring duplicate uses-permissions/uses-permissions-sdk-m: android.permission.WRITE_CONTACTS in package: com.android.email at: Binary XML file line #40
06-18 21:08:22.260 1424 1424 I PackageManager: /system/app/Email changed; collecting certs
06-18 21:08:22.312 1424 1424 I PackageManager: /system/app/ExactCalculator changed; collecting certs
06-18 21:08:22.327 1424 1424 I PackageManager: /system/app/Exchange2 changed; collecting certs
06-18 21:08:22.359 1424 1424 W PackageParser: Unknown element under : permission at /system/app/Gallery2/Gallery2.apk Binary XML file line #244
06-18 21:08:22.359 1424 1424 W PackageParser: Unknown element under : permission at /system/app/Gallery2/Gallery2.apk Binary XML file line #247
06-18 21:08:22.360 1424 1424 I PackageManager: /system/app/Gallery2 changed; collecting certs
06-18 21:08:22.451 1424 1424 I PackageManager: /system/app/HTMLViewer changed; collecting certs
06-18 21:08:22.459 1424 1424 I PackageManager: /system/app/KeyChain changed; collecting certs
06-18 21:08:22.513 1424 1424 I PackageManager: /system/app/LatinIME changed; collecting certs
06-18 21:08:22.675 1424 1424 I PackageManager: /system/app/Music changed; collecting certs
06-18 21:08:22.693 1424 1424 I PackageManager: /system/app/PacProcessor changed; collecting certs
06-18 21:08:22.699 1424 1424 I PackageManager: /system/app/PicoTts changed; collecting certs
06-18 21:08:22.711 1424 1424 I PackageManager: /system/app/PrintSpooler changed; collecting certs
06-18 21:08:22.727 1424 1424 I PackageManager: /system/app/Provision changed; collecting certs
06-18 21:08:22.737 1424 1424 I PackageManager: /system/app/QuickSearchBox changed; collecting certs
06-18 21:08:22.753 1424 1424 I PackageManager: /system/app/SoundRecorder changed; collecting certs
06-18 21:08:22.760 1424 1424 I PackageManager: /system/app/UserDictionaryProvider changed; collecting certs
06-18 21:08:22.770 1424 1424 I PackageManager: /system/app/webview changed; collecting certs
06-18 21:08:22.781 1140 1140 I AudioPolicyService: AudioPolicyService CSTOR in new mode
06-18 21:08:22.782 1140 1140 I APM::ConfigParsingUtils: loadAudioPolicyConfig() loaded /system/etc/audio_policy.conf
06-18 21:08:22.784 1140 1140 E audio_hw_primary: Unable to open the mixer, aborting.
06-18 21:08:22.784 1140 1140 I AudioFlinger: loadHwModule() Loaded primary audio interface from Grouper audio HW HAL (audio) handle 1
06-18 21:08:22.784 1140 1140 I AudioFlinger: openOutput(), module 1 Device 2, SamplingRate 48000, Format 0x000001, Channels 3, flags 2
06-18 21:08:22.784 1140 1140 I AudioFlinger: AudioStreamOut::open(), mHalFormatIsLinearPcm = 1
06-18 21:08:22.786 1140 1140 I AudioFlinger: HAL output buffer size 512 frames, normal sink buffer size 1024 frames
06-18 21:08:22.806 1140 1140 I BufferProvider: found effect "Multichannel Downmix To Stereo" from The Android Open Source Project
06-18 21:08:22.806 1140 1140 E MonoPipe: Failed to fetch local time frequency when constructing a MonoPipe (res = -32). getNextWriteTimestamp calls will be non-functional
06-18 21:08:22.807 1140 1140 I AudioFlinger: Using module 1 has the primary audio interface
06-18 21:08:22.807 1140 1465 I AudioFlinger: AudioFlinger's thread 0xb4680000 ready to run
06-18 21:08:22.807 1140 1465 E AudioFlinger: no wake lock to update!
06-18 21:08:22.807 1140 1466 I AudioFlinger: AudioFlinger's thread 0xb42c0000 ready to run
06-18 21:08:22.809 1140 1140 D BlueZ : external/bluetooth/bluez/android/hal-audio.c:audio_open()
06-18 21:08:22.809 1140 1140 D BlueZ : external/bluetooth/bluez/android/hal-audio.c:audio_ipc_init()
06-18 21:08:22.809 1140 1140 E BlueZ : APTX: failed to open library libbt-aptx.so (dlopen failed: library "libbt-aptx.so" not found)
06-18 21:08:22.809 1140 1140 D BlueZ : external/bluetooth/bluez/android/hal-audio.c:audio_init_check()
06-18 21:08:22.809 1140 1140 D BlueZ : external/bluetooth/bluez/android/hal-audio.c:audio_set_master_volume()
06-18 21:08:22.809 1140 1140 D BlueZ : external/bluetooth/bluez/android/hal-audio.c:set_master_mute()
06-18 21:08:22.809 1140 1140 I AudioFlinger: loadHwModule() Loaded a2dp audio interface from A2DP Bluez HW HAL (audio) handle 4
06-18 21:08:22.809 1140 1467 D BlueZ : external/bluetooth/bluez/android/hal-audio.c:ipc_handler()
06-18 21:08:22.809 1140 1467 D BlueZ : external/bluetooth/bluez/android/hal-audio.c:ipc_handler() Waiting for connection ...
06-18 21:08:22.812 1140 1140 I AudioFlinger: loadHwModule() Loaded usb audio interface from USB audio HW HAL (audio) handle 5
06-18 21:08:22.812 1140 1140 E SoundTriggerHwService: couldn't load sound trigger module sound_trigger.primary (No such file or directory)
06-18 21:08:22.812 1140 1140 I RadioService: RadioService
06-18 21:08:22.812 1140 1140 I RadioService: onFirstRef
06-18 21:08:22.812 1140 1140 E RadioService: couldn't load radio module radio.primary (No such file or directory)
06-18 21:08:22.828 1424 1424 D PackageManager: No files in app dir /system/vendor/app
06-18 21:08:22.828 1424 1424 D PackageManager: No files in app dir /oem/app
06-18 21:08:22.829 1424 1424 D PackageManager: No files in app dir /data/app
06-18 21:08:22.829 1424 1424 D PackageManager: No files in app dir /data/app-private
06-18 21:08:22.829 1424 1424 W PackageManager: Package com.android.gallery3d desires unavailable shared library com.google.android.media.effects; ignoring!
06-18 21:08:22.829 1424 1424 W PackageManager: Package com.android.gallery3d desires unavailable shared library com.google.android.media.effects; ignoring!
06-18 21:08:22.829 1424 1424 I PackageManager: Adjusting ABI for : com.google.android.tv.remote to x86
06-18 21:08:22.829 1424 1424 I PackageManager: Adjusting ABI for : com.android.server.telecom to x86
06-18 21:08:22.829 1424 1424 I PackageManager: Adjusting ABI for : com.android.tv.settings to x86
06-18 21:08:22.830 1424 1424 I PackageManager: Adjusting ABI for : com.android.inputdevices to x86
06-18 21:08:22.830 1424 1424 I PackageManager: Adjusting ABI for : com.android.location.fused to x86
06-18 21:08:22.830 1424 1424 I PackageManager: Adjusting ABI for : com.android.providers.settings to x86
06-18 21:08:22.830 1424 1424 I PackageManager: Adjusting ABI for : com.android.keychain to x86
06-18 21:08:22.830 1424 1424 I PackageManager: Adjusting ABI for : com.android.settings to x86
06-18 21:08:22.831 1424 1424 I PackageManager: Time to scan packages: 2.354 seconds
06-18 21:08:22.831 1424 1424 W PackageManager: Unknown permission com.google.android.googleapps.permission.GOOGLE_AUTH in package com.android.providers.calendar
06-18 21:08:22.831 1424 1424 W PackageManager: Unknown permission com.google.android.googleapps.permission.GOOGLE_AUTH.cl in package com.android.providers.calendar
06-18 21:08:22.831 1424 1424 W PackageManager: Not granting permission android.permission.GLOBAL_SEARCH to package com.android.quicksearchbox (protectionLevel=18 flags=0x3808be45)
06-18 21:08:22.831 1424 1424 W PackageManager: Not granting permission android.permission.ACCESS_DOWNLOAD_MANAGER to package com.android.browser (protectionLevel=18 flags=0x3809be45)
06-18 21:08:22.831 1424 1424 W PackageManager: Not granting permission android.permission.SEND_DOWNLOAD_COMPLETED_INTENTS to package com.android.browser (protectionLevel=2 flags=0x3809be45)
06-18 21:08:22.831 1424 1424 W PackageManager: Not granting permission android.permission.BIND_WALLPAPER to package com.android.camera2 (protectionLevel=18 flags=0x3058bc45)
06-18 21:08:22.832 1424 1424 W PackageManager: Unknown permission com.google.android.providers.gsf.permission.READ_GSERVICES in package com.google.android.tv.remote
06-18 21:08:22.832 1424 1424 W PackageManager: Unknown permission com.google.tungsten.bugreportsender.READ_BUGREPORTS in package com.google.android.tv.remote
06-18 21:08:22.832 1424 1424 W PackageManager: Unknown permission com.google.android.googleapps.permission.GOOGLE_AUTH.mail in package com.android.calendar
06-18 21:08:22.832 1424 1424 W PackageManager: Unknown permission com.android.launcher.permission.READ_SETTINGS in package com.android.onetimeinitializer
06-18 21:08:22.832 1424 1424 W PackageManager: Unknown permission com.android.launcher.permission.WRITE_SETTINGS in package com.android.onetimeinitializer
06-18 21:08:22.832 1424 1424 W PackageManager: Not granting permission android.permission.DELETE_PACKAGES to package com.svox.pico (protectionLevel=18 flags=0x3808be45)
06-18 21:08:22.832 1424 1424 W PackageManager: Unknown permission android.permission.ACCESS_SUPERUSER in package com.cyanogenmod.filemanager
06-18 21:08:22.832 1424 1424 W PackageManager: Unknown permission com.cyanogenmod.filemanager.permissions.READ_THEME in package com.cyanogenmod.filemanager
06-18 21:08:22.832 1424 1424 W PackageManager: Unknown permission android.permission.ACCESS_SUPERUSER in package jackpal.androidterm
06-18 21:08:22.832 1424 1424 W PackageManager: Unknown permission com.google.android.googleapps.permission.GOOGLE_AUTH in package com.android.settings
06-18 21:08:22.832 1424 1424 W PackageManager: Unknown permission com.android.launcher.permission.READ_SETTINGS in package com.android.settings
06-18 21:08:22.832 1424 1424 W PackageManager: Unknown permission com.android.launcher.permission.WRITE_SETTINGS in package com.android.settings
06-18 21:08:22.833 1424 1424 W PackageManager: Unknown permission com.android.smspush.WAPPUSH_MANAGER_BIND in package com.android.phone
06-18 21:08:22.833 1424 1424 W PackageManager: Unknown permission com.google.android.gallery3d.permission.GALLERY_PROVIDER in package com.android.bluetooth
06-18 21:08:22.833 1424 1424 W PackageManager: Unknown permission com.google.android.googleapps.permission.ACCESS_GOOGLE_PASSWORD in package com.android.development
06-18 21:08:22.833 1424 1424 W PackageManager: Unknown permission com.google.android.googleapps.permission.GOOGLE_AUTH in package com.android.development
06-18 21:08:22.833 1424 1424 W PackageManager: Unknown permission com.google.android.googleapps.permission.GOOGLE_AUTH.ALL_SERVICES in package com.android.development
06-18 21:08:22.833 1424 1424 W PackageManager: Unknown permission com.google.android.googleapps.permission.GOOGLE_AUTH.YouTubeUser in package com.android.development
06-18 21:08:22.840 1424 1424 I art : Starting a blocking GC Explicit
06-18 21:08:22.846 1424 1424 I art : Explicit concurrent mark sweep GC freed 23330(1585KB) AllocSpace objects, 12(224KB) LOS objects, 33% free, 3MB/5MB, paused 121us total 5.503ms
06-18 21:08:22.846 1424 1424 I SystemServer: User Service
06-18 21:08:22.848 1132 1132 I lowmemorykiller: ActivityManager connected
06-18 21:08:22.849 1424 1424 D SensorService: nuSensorService starting...
06-18 21:08:22.850 1424 1424 D KbdSensor: open_kbd_sensor: id=poll
06-18 21:08:22.850 1424 1424 D KbdSensor: SensorFd: module=0xb227f300 dev=0xa9edc600
06-18 21:08:22.861 1424 1424 I KbdSensor: Open AT Translated Set 2 keyboard ok, fd=43
06-18 21:08:22.861 1424 1424 D KbdSensor: SensorPollContext: dev=0xa9edc600 fd=43
06-18 21:08:22.861 1424 1424 D KbdSensor: poll_activate: dev=0xa9edc600 handle=0 enabled=0
06-18 21:08:22.861 1424 1424 I SystemServiceManager: Starting com.android.server.BatteryService
06-18 21:08:22.862 1424 1471 D SensorService: nuSensorService thread starting...
06-18 21:08:22.863 1424 1470 D SensorService: new thread SensorEventAckReceiver
06-18 21:08:22.868 1424 1451 E KernelCpuSpeedReader: Failed to read cpu-freq: /sys/devices/system/cpu/cpu0/cpufreq/stats/time_in_state: open failed: ENOENT (No such file or directory)
06-18 21:08:22.870 1424 1424 I SystemServiceManager: Starting com.android.server.usage.UsageStatsService
06-18 21:08:22.877 1424 1424 I UsageStatsDatabase: Upgrading from version 0 to 3
06-18 21:08:22.877 1424 1424 I UsageStatsDatabase: Deleting all usage stats files
06-18 21:08:22.877 1424 1424 I UsageStatsService: User[0] Rollover scheduled @ 2016-06-19 00:00:00(1466294400000)
06-18 21:08:22.878 1424 1424 I UsageStatsService: User[0] Flushing usage stats to disk
06-18 21:08:22.881 1424 1424 I SystemServiceManager: Starting com.android.server.webkit.WebViewUpdateService
06-18 21:08:22.890 1424 1424 I SystemServer: Reading configuration...
06-18 21:08:22.890 1424 1424 I SystemServer: Scheduling Policy
06-18 21:08:22.890 1424 1424 I SystemServiceManager: Starting com.android.server.telecom.TelecomLoaderService
06-18 21:08:22.891 1424 1424 I SystemServer: Telephony Registry
06-18 21:08:22.893 1424 1424 I SystemServer: Entropy Mixer
06-18 21:08:22.893 1424 1424 W EntropyMixer: No existing entropy file -- first boot?
06-18 21:08:22.894 1424 1424 I EntropyMixer: Writing entropy...
06-18 21:08:22.894 1424 1424 I SystemServer: Camera Service
06-18 21:08:22.894 1424 1424 I SystemServiceManager: Starting com.android.server.camera.CameraService
06-18 21:08:22.900 1424 1424 I SystemServer: Account Manager
06-18 21:08:22.902 1424 1424 I SystemServer: Content Manager
06-18 21:08:22.904 1424 1424 I SystemServer: System Content Providers
06-18 21:08:22.905 1424 1424 W System : ClassLoader referenced unknown path: /system/priv-app/SettingsProvider/lib/x86
06-18 21:08:22.926 1424 1424 D SettingsProvider: Generated and saved new ANDROID_ID [add2436c98056d6f] for user 0
06-18 21:08:22.928 1424 1424 I SystemServer: Vibrator Service
06-18 21:08:22.929 1424 1424 I SystemServer: Consumer IR Service
06-18 21:08:22.929 1424 1424 E ConsumerIrService: Can't open consumer IR HW Module, error: -2
06-18 21:08:22.929 1424 1424 I SystemServiceManager: Starting com.android.server.AlarmManagerService
06-18 21:08:22.932 1424 1424 I SystemServer: Init Watchdog
06-18 21:08:22.932 1424 1424 I SystemServer: Input Manager
06-18 21:08:22.932 1424 1450 I SyncManager: No initial accounts
06-18 21:08:22.933 1424 1424 I InputManager: Initializing input manager, mUseDevInputEventForAudioJack=false
06-18 21:08:22.934 1424 1450 I SyncManager: No initial status
06-18 21:08:22.934 1424 1450 I SyncManager: No initial statistics
06-18 21:08:22.934 1424 1424 I SystemServer: Window Manager
06-18 21:08:22.944 1424 1456 I WindowManager: No existing display settings /data/system/display_settings.xml; starting empty
06-18 21:08:22.969 1424 1424 I InputManager: Starting input manager
06-18 21:08:22.970 1424 1424 I SystemServer: Bluetooth Service
06-18 21:08:22.970 1424 1424 I SystemServiceManager: Starting com.android.server.BluetoothService
06-18 21:08:22.971 1424 1424 D BluetoothService: onStart: publishing BluetoothManagerService
06-18 21:08:22.971 1424 1424 I SystemServer: Input Method Service
06-18 21:08:22.972 1424 1475 D EventHub: No input device configuration file found for device 'Android Power Button'.
06-18 21:08:22.974 1424 1475 W EventHub: Unable to disable kernel key repeat for /dev/input/event7: Function not implemented
06-18 21:08:22.974 1424 1475 I EventHub: New device: id=1, fd=68, path='/dev/input/event7', name='Android Power Button', classes=0x1, configuration='', keyLayout='/system/usr/keylayout/Generic.kl', keyCharacterMap='/system/usr/keychars/Generic.kcm', builtinKeyboard=false, wakeMechanism=EPOLLWAKEUP, usingClockIoctl=true
06-18 21:08:22.974 1424 1475 D EventHub: No input device configuration file found for device 'AT Translated Set 2 keyboard'.
06-18 21:08:22.975 1424 1475 I EventHub: New device: id=2, fd=69, path='/dev/input/event6', name='AT Translated Set 2 keyboard', classes=0x3, configuration='', keyLayout='/system/usr/keylayout/Generic.kl', keyCharacterMap='/system/usr/keychars/Generic.kcm', builtinKeyboard=false, wakeMechanism=EPOLLWAKEUP, usingClockIoctl=true
06-18 21:08:22.975 1424 1475 D EventHub: No input device configuration file found for device 'ImExPS/2 Generic Explorer Mouse'.
06-18 21:08:22.975 1424 1475 I EventHub: New device: id=3, fd=72, path='/dev/input/event5', name='ImExPS/2 Generic Explorer Mouse', classes=0x8, configuration='', keyLayout='', keyCharacterMap='', builtinKeyboard=false, wakeMechanism=EPOLLWAKEUP, usingClockIoctl=true
06-18 21:08:22.975 1424 1475 E EventHub: could not get driver version for /dev/input/mouse1, Not a typewriter
06-18 21:08:22.989 1424 1475 D EventHub: No input device configuration file found for device 'Sleep Button'.
06-18 21:08:22.993 1424 1475 W EventHub: Unable to disable kernel key repeat for /dev/input/event1: Function not implemented
06-18 21:08:22.993 1424 1475 I EventHub: New device: id=4, fd=73, path='/dev/input/event1', name='Sleep Button', classes=0x1, configuration='', keyLayout='/system/usr/keylayout/Generic.kl', keyCharacterMap='/system/usr/keychars/Generic.kcm', builtinKeyboard=false, wakeMechanism=EPOLLWAKEUP, usingClockIoctl=true
06-18 21:08:22.993 1424 1475 I EventHub: ignoring event id /dev/input/event0 driver Power Button
06-18 21:08:22.998 1424 1424 W InputMethodManagerService: No IME selected. Choose the most applicable IME.
06-18 21:08:22.998 1424 1424 I InputMethodManagerService: Default found, using com.android.inputmethod.latin/.LatinIME
06-18 21:08:22.999 1424 1475 D EventHub: No input device configuration file found for device 'Video Bus'.
06-18 21:08:23.000 1424 1475 W EventHub: Unable to disable kernel key repeat for /dev/input/event2: Function not implemented
06-18 21:08:23.000 1424 1475 I EventHub: New device: id=5, fd=74, path='/dev/input/event2', name='Video Bus', classes=0x1, configuration='', keyLayout='/system/usr/keylayout/Generic.kl', keyCharacterMap='/system/usr/keychars/Generic.kcm', builtinKeyboard=false, wakeMechanism=EPOLLWAKEUP, usingClockIoctl=true
06-18 21:08:23.000 1424 1475 D EventHub: No input device configuration file found for device 'PC Speaker'.
06-18 21:08:23.001 1424 1424 I SystemServer: Accessibility Manager
06-18 21:08:23.002 1424 1424 I ActivityManager: Config changes=1df8 {1.0 ?mcc?mnc en ldltr sw768dp w1024dp h768dp 160dpi xlrg land ?uimode ?night -touch -keyb/h/h dpad/v s.2}
06-18 21:08:23.035 1424 1424 I SystemServiceManager: Starting com.android.server.MountService$Lifecycle
06-18 21:08:23.041 1424 1424 I SystemServiceManager: Starting com.android.server.UiModeManagerService
06-18 21:08:23.042 1424 1424 I ActivityManager: Config changes=200 {1.0 ?mcc?mnc en ldltr sw768dp w1024dp h768dp 160dpi xlrg land television -touch -keyb/h/h dpad/v s.3}
06-18 21:08:23.043 1424 1424 W PackageManager: No disk maintenance in 1466284103043; running immediately
06-18 21:08:23.043 1424 1424 I SystemServer: LockSettingsService
06-18 21:08:23.044 1424 1424 I SystemServiceManager: Starting com.android.server.DeviceIdleController
06-18 21:08:23.045 1424 1424 I SystemServiceManager: Starting com.android.server.devicepolicy.DevicePolicyManagerService$Lifecycle
06-18 21:08:23.046 1424 1424 I SystemServer: Status Bar
06-18 21:08:23.046 1424 1424 I SystemServer: Clipboard Service
06-18 21:08:23.047 1424 1424 I SystemServer: NetworkManagement Service
06-18 21:08:23.047 1424 1476 D MountService: Thinking about reset, mSystemReady=false, mDaemonConnected=true
06-18 21:08:23.047 1424 1476 D MountService: Thinking about reset, mSystemReady=false, mDaemonConnected=true
06-18 21:08:23.047 1424 1476 D CryptdConnector: SND -> {1 cryptfs getfield SystemLocale}
06-18 21:08:23.048 1128 1163 I Ext4Crypt: ext4 crypto complete called on /data
06-18 21:08:23.048 1128 1163 I Ext4Crypt: No master key, so not ext4enc
