06-18 21:08:24.491 1140 1468 W MediaCodecList: unable to open media codecs configuration xml file: /data/misc/media/media_codecs_profiling_results.xml
06-18 21:08:24.493 1643 1704 I OMXClient: Using client-side OMX mux.
06-18 21:08:24.549 1643 1792 I OMXClient: Using client-side OMX mux.
06-18 21:08:24.559 1424 1630 I ActivityManager: Start proc 1793:com.android.email/u0a32 for content provider com.android.email/.provider.EmailProvider
06-18 21:08:24.561 1663 1698 I ContactDirectoryManager: deleted 0 stale rows which don't have any relevant directory
06-18 21:08:24.561 1663 1698 I ContactDirectoryManager: Discovered 0 contact directories in 219ms
06-18 21:08:24.574 1793 1793 I art : Late-enabling JIT
06-18 21:08:24.576 1793 1793 W art : Unexpected CPU variant for X86 using defaults: x86
06-18 21:08:24.577 1793 1793 I art : JIT created with code_cache_capacity=2MB compile_threshold=1000
06-18 21:08:24.605 1663 1698 I ContactsProvider: Upgrading aggregation algorithm
06-18 21:08:24.606 1643 1807 I OMXClient: Using client-side OMX mux.
06-18 21:08:24.608 1663 1698 I ContactAggregator: Marked all visible contacts for aggregation: 0 raw contacts, 0 ms
06-18 21:08:24.608 1663 1698 I ContactsProvider: Aggregation algorithm upgraded for 0 raw contacts in 3ms
06-18 21:08:24.629 1663 1698 I ContactsFTS: Rebuild contact search index in 21ms, 0 contacts
06-18 21:08:24.640 1793 1793 W System : ClassLoader referenced unknown path: /system/app/Email/lib/x86
06-18 21:08:24.704 1424 1451 E NetdConnector: NDC Command {12 strict enable} took too long (670ms)
06-18 21:08:24.705 1424 1451 W NetworkStats: bandwidth controls disabled, unable to track stats
06-18 21:08:24.705 1424 1451 W NetworkPolicy: bandwidth controls disabled, unable to enforce policy
06-18 21:08:24.706 1424 1451 D PermissionMonitor: Monitoring
06-18 21:08:24.708 1424 1451 D PermissionMonitor: Users: 1, Apps: 50
06-18 21:08:24.709 1424 1451 I SystemServiceManager: Starting phase 600
06-18 21:08:24.710 1140 1468 D BlueZ : external/bluetooth/bluez/android/hal-audio.c:audio_set_parameters()
06-18 21:08:24.719 1424 1451 I BackupManagerService: Backup enabled => false
06-18 21:08:24.721 1424 1451 E InputMethodManagerService: Ignoring updateSystemUiLocked due to an invalid token. uid:1000 token:null
06-18 21:08:24.721 1140 1492 I AudioFlinger: systemReady
06-18 21:08:24.726 1424 1451 W InputMethodManagerService: Reset the default IME as "Resource" is ready here.
06-18 21:08:24.730 1424 1451 I InputMethodManagerService: Selected default: com.android.inputmethod.latin/.LatinIME
06-18 21:08:24.732 1424 1830 E WVMExtractor: Failed to open libwvm.so: dlopen failed: library "libwvm.so" not found
06-18 21:08:24.755 1424 1451 I ActivityManager: Start proc 1832:com.android.inputmethod.latin/u0a37 for service com.android.inputmethod.latin/.LatinIME
06-18 21:08:24.757 1424 1451 D gps_serial: GPS dev open_gps
06-18 21:08:24.757 1424 1424 W InputMethodManagerService: Illegal subtype state: old subtype = null, new subtype = android.view.inputmethod.InputMethodSubtype@c9194f98
06-18 21:08:24.759 1424 1451 D gps_serial: GPS dev get_hardware_interface
06-18 21:08:24.768 1424 1833 I OMXClient: Using client-side OMX mux.
06-18 21:08:24.768 1424 1450 D GpsLocationProvider: Reset GPS properties, previous size = 0
06-18 21:08:24.768 1424 1450 D GpsLocationProvider: GpsParamsResource: SUPL_HOST=supl.google.com
06-18 21:08:24.768 1424 1450 D GpsLocationProvider: GpsParamsResource: SUPL_PORT=7275
06-18 21:08:24.768 1424 1450 D GpsLocationProvider: GpsParamsResource: NTP_SERVER=north-america.pool.ntp.org
06-18 21:08:24.768 1424 1450 D GpsLocationProvider: GpsParamsResource: SUPL_VER=0x20000
06-18 21:08:24.768 1424 1450 D GpsLocationProvider: GpsParamsResource: SUPL_MODE=1
06-18 21:08:24.773 1424 1451 W LocationManagerService: no network location provider found
06-18 21:08:24.774 1424 1424 W System : ClassLoader referenced unknown path: /system/priv-app/FusedLocation/lib/x86
06-18 21:08:24.776 1424 1451 E LocationManagerService: no geocoder provider found
06-18 21:08:24.776 1424 1451 E FlpHardwareProvider: Error hw_get_module 'flp': -2
06-18 21:08:24.776 1424 1451 E LocationManagerService: FLP HAL not supported
06-18 21:08:24.777 1424 1451 E LocationManagerService: Unable to bind FLP Geofence proxy.
06-18 21:08:24.778 1424 1451 E ActivityRecognitionHardware: Error hw_get_module: -2
06-18 21:08:24.778 1424 1451 E LocationManagerService: Hardware Activity-Recognition not supported.
06-18 21:08:24.778 1424 1451 E ActivityRecognitionProxy: ServiceWatcher could not start.
06-18 21:08:24.778 1424 1451 E LocationManagerService: Unable to bind ActivityRecognitionProxy.
06-18 21:08:24.778 1424 1424 I FusedLocation: engine started (com.android.location.fused)
06-18 21:08:24.780 1424 1451 I CommonTimeManagementService: No common time service detected on this platform. Common time services will be unavailable.
06-18 21:08:24.782 1424 1475 I InputReader: Reconfiguring input devices. changes=0x00000030
06-18 21:08:24.784 1424 1451 I MmsServiceBroker: Delay connecting to MmsService until an API is called
06-18 21:08:24.785 1424 1451 D MountService: onStartUser 0
06-18 21:08:24.785 1424 1451 D VoldConnector: SND -> {26 volume user_started 0}
06-18 21:08:24.785 1128 1162 D vold : Linking /storage/emulated/0 to /mnt/user/0/primary
06-18 21:08:24.785 1424 1477 D VoldConnector: RCV <- {200 26 Command succeeded}
06-18 21:08:24.785 1424 1476 D MountService: Volume emulated broadcasting mounted to UserHandle{0}
06-18 21:08:24.786 1424 1451 W VoiceInteractionManagerService: no available voice interaction services found for user 0
06-18 21:08:24.786 1424 1451 W VoiceInteractionManagerService: no available voice recognition services found for user 0
06-18 21:08:24.792 1424 1450 D GpsLocationProvider: GPS properties reloaded, size = 8
06-18 21:08:24.792 1424 1450 E GpsLocationProvider: no AGPS interface in set_agps_server
06-18 21:08:24.797 1424 1451 I ActivityManager: Start proc 1840:com.android.phone/1001 for added application com.android.phone
06-18 21:08:24.797 1424 1451 I ActivityManager: START u0 {act=android.intent.action.MAIN cat=[android.intent.category.HOME] flg=0x10000000 cmp=com.android.settings/.CryptKeeper} from uid 0 on display 0
06-18 21:08:24.801 1832 1832 I art : Late-enabling JIT
06-18 21:08:24.805 1832 1832 W art : Unexpected CPU variant for X86 using defaults: x86
06-18 21:08:24.805 1832 1832 I art : JIT created with code_cache_capacity=2MB compile_threshold=1000
06-18 21:08:24.805 1840 1840 I art : Late-enabling JIT
06-18 21:08:24.808 1840 1840 W art : Unexpected CPU variant for X86 using defaults: x86
06-18 21:08:24.808 1840 1840 I art : JIT created with code_cache_capacity=2MB compile_threshold=1000
06-18 21:08:24.828 1424 1451 I ActivityManager: Start proc 1848:com.android.settings:CryptKeeper/1000 for activity com.android.settings/.CryptKeeper
06-18 21:08:24.833 1848 1848 I art : Late-enabling JIT
06-18 21:08:24.836 1424 1424 D GpsNetInitiatedHandler: location enabled :true
06-18 21:08:24.837 1848 1848 W art : Unexpected CPU variant for X86 using defaults: x86
06-18 21:08:24.837 1848 1848 I art : JIT created with code_cache_capacity=2MB compile_threshold=1000
06-18 21:08:24.848 1424 1451 I ActivityManager: Start proc 1866:com.android.externalstorage/u0a7 for broadcast com.android.externalstorage/.MountReceiver
06-18 21:08:24.848 1424 1451 I ActivityManager: Force stopping com.android.providers.media appid=10006 user=-1: vold reset
06-18 21:08:24.851 1643 1727 I vol.Events: writeEvent internal_ringer_mode_changed normal
06-18 21:08:24.856 1793 1857 D ActivityThread: Loading provider com.android.email.provider;com.android.email.notifier: com.android.email.provider.EmailProvider
06-18 21:08:24.857 1134 1167 D PermissionCache: checking android.permission.HARDWARE_TEST for uid=1000 => granted (82 us)
06-18 21:08:24.857 1140 1140 D BlueZ : external/bluetooth/bluez/android/hal-audio.c:audio_set_mic_mute()
06-18 21:08:24.861 1424 1450 D gps_serial: serial_gps_init
06-18 21:08:24.861 1424 1450 D gps_serial: gps_state_init
06-18 21:08:24.861 1424 1450 D gps_serial: no kernel-provided gps device name
06-18 21:08:24.861 1424 1450 W GpsLocationProvider: Failed to enable location provider
06-18 21:08:24.869 1424 1424 I FusedLocation: engine started (com.android.location.fused)
06-18 21:08:24.871 1793 1793 D ActivityThread: Loading provider com.android.email.provider;com.android.email.notifier: com.android.email.provider.EmailProvider
06-18 21:08:24.873 1866 1866 I art : Late-enabling JIT
06-18 21:08:24.875 1866 1866 W art : Unexpected CPU variant for X86 using defaults: x86
06-18 21:08:24.875 1866 1866 I art : JIT created with code_cache_capacity=2MB compile_threshold=1000
06-18 21:08:24.878 1793 1858 D ActivityThread: Loading provider com.android.email.provider;com.android.email.notifier: com.android.email.provider.EmailProvider
06-18 21:08:24.902 1424 1878 I OMXClient: Using client-side OMX mux.
06-18 21:08:24.913 1848 1848 W System : ClassLoader referenced unknown path: /system/priv-app/Settings/lib/x86
06-18 21:08:24.928 1848 1848 D CryptKeeper: Disabling component ComponentInfo{com.android.settings/com.android.settings.CryptKeeper}
06-18 21:08:24.939 1840 1840 W System : ClassLoader referenced unknown path: /system/priv-app/TeleService/lib/x86
06-18 21:08:24.949 1866 1866 W System : ClassLoader referenced unknown path: /system/priv-app/ExternalStorageProvider/lib/x86
06-18 21:08:24.953 1424 1450 I ActivityManager: Start proc 1903:com.android.printspooler/u0a41 for service com.android.printspooler/.model.PrintSpoolerService
06-18 21:08:24.954 1866 1866 D ExternalStorage: After updating volumes, found 1 active roots
06-18 21:08:24.959 1866 1866 D ExternalStorage: After updating volumes, found 1 active roots
06-18 21:08:24.984 1903 1903 I art : Late-enabling JIT
06-18 21:08:24.985 1424 1628 W ActivityManager: Unable to start service Intent { act=com.android.mail.action.BACKUP_DATA_CHANGED pkg=com.android.email } U=0: not found
06-18 21:08:25.003 1903 1903 W art : Unexpected CPU variant for X86 using defaults: x86
06-18 21:08:25.003 1903 1903 I art : JIT created with code_cache_capacity=2MB compile_threshold=1000
06-18 21:08:25.035 1424 1438 I ActivityManager: Start proc 1920:com.android.tv.settings/1000 for broadcast com.android.tv.settings/.device.storage.NewStorageActivity$DiskReceiver
06-18 21:08:25.036 1424 1629 W ActivityManager: Unable to start service Intent { cmp=com.android.email/.service.AttachmentService } U=0: not found
06-18 21:08:25.037 1424 1631 W ActivityManager: Unable to start service Intent { act=com.android.mail.action.BACKUP_DATA_CHANGED pkg=com.android.email } U=0: not found
06-18 21:08:25.037 1840 1840 W System : ClassLoader referenced unknown path: /system/priv-app/TelephonyProvider/lib/x86
06-18 21:08:25.049 1424 1438 W ActivityManager: Unable to start service Intent { act=com.android.mail.action.BACKUP_DATA_CHANGED pkg=com.android.email } U=0: not found
06-18 21:08:25.049 1424 1629 W ActivityManager: Unable to start service Intent { act=com.android.mail.action.BACKUP_DATA_CHANGED pkg=com.android.email } U=0: not found
06-18 21:08:25.053 1920 1920 I art : Late-enabling JIT
06-18 21:08:25.056 1424 1631 W ActivityManager: Unable to start service Intent { act=com.android.mail.action.BACKUP_DATA_CHANGED pkg=com.android.email } U=0: not found
06-18 21:08:25.056 1920 1920 W art : Unexpected CPU variant for X86 using defaults: x86
06-18 21:08:25.056 1920 1920 I art : JIT created with code_cache_capacity=2MB compile_threshold=1000
06-18 21:08:25.057 1424 1564 W ActivityManager: Unable to start service Intent { act=com.android.mail.action.BACKUP_DATA_CHANGED pkg=com.android.email } U=0: not found
06-18 21:08:25.058 1424 1449 W ActivityManager: Unable to start service Intent { act=com.android.mail.action.BACKUP_DATA_CHANGED pkg=com.android.email } U=0: not found
06-18 21:08:25.090 1832 1832 I LatinIME: Hardware accelerated drawing: true
06-18 21:08:25.095 1793 1926 I Email : Observing account changes for notifications
06-18 21:08:25.098 1424 1930 I OMXClient: Using client-side OMX mux.
06-18 21:08:25.111 1903 1903 I PrintSpoolerService: No existing print spooler state.
06-18 21:08:25.124 1424 1631 W ActivityManager: Unable to start service Intent { cmp=com.android.email/.service.AttachmentService } U=0: not found
06-18 21:08:25.126 1752 1752 I Exchange: EasService.onCreate
06-18 21:08:25.132 1832 1832 W InputAttributes: No editor info for this field. Bug?
06-18 21:08:25.139 1424 1564 W ActivityManager: Unable to start service Intent { cmp=com.android.email/.service.AttachmentService } U=0: not found
06-18 21:08:25.146 1752 1941 I Exchange: RestartPingTask
06-18 21:08:25.171 1920 1920 W System : ClassLoader referenced unknown path: /system/priv-app/TvSettings/lib/x86
06-18 21:08:25.182 1832 1944 I LatinIME:LogUtils: Dictionary info: dictionary = contacts.en_US ; version = 1466284105 ; date = ?
06-18 21:08:25.194 1424 1945 I OMXClient: Using client-side OMX mux.
06-18 21:08:25.206 1752 1752 I Exchange: RestartPingsTask did not start any pings.
06-18 21:08:25.206 1752 1752 I Exchange: PSS stopIfIdle
06-18 21:08:25.206 1752 1752 I Exchange: PSS has no active accounts; stopping service.
06-18 21:08:25.207 1920 1920 D NewStorageActivity: Ignoring storage notification: setup not complete
06-18 21:08:25.209 1866 1866 D ExternalStorage: After updating volumes, found 1 active roots
06-18 21:08:25.210 1920 1920 D NewStorageActivity: Ignoring storage notification: setup not complete
06-18 21:08:25.222 1424 1630 I ActivityManager: Start proc 1948:android.process.media/u0a6 for broadcast com.android.providers.downloads/.DownloadReceiver
06-18 21:08:25.234 1832 1944 I LatinIME:LogUtils: Dictionary info: dictionary = userunigram.en_US ; version = 1466284105 ; date = ?
06-18 21:08:25.235 1948 1948 I art : Late-enabling JIT
06-18 21:08:25.237 1948 1948 W art : Unexpected CPU variant for X86 using defaults: x86
06-18 21:08:25.237 1948 1948 I art : JIT created with code_cache_capacity=2MB compile_threshold=1000
06-18 21:08:25.257 1424 1954 I OMXClient: Using client-side OMX mux.
06-18 21:08:25.260 1424 1629 W ActivityManager: Unable to start service Intent { cmp=com.android.email/.service.AttachmentService } U=0: not found
06-18 21:08:25.261 1832 1944 I LatinIME:LogUtils: Dictionary info: dictionary = UserHistoryDictionary.en_US ; version = 1466284105 ; date = ?
06-18 21:08:25.264 1832 1944 I BinaryDictionaryFileDumper: reinitializeClientRecordInDictionaryContentProvider() : MetadataFileUri =
06-18 21:08:25.286 1752 1752 I Exchange: onDestroy
06-18 21:08:25.289 1948 1948 W System : ClassLoader referenced unknown path: /system/priv-app/DownloadProvider/lib/x86
06-18 21:08:25.299 1948 1948 W System : ClassLoader referenced unknown path: /system/priv-app/MediaProvider/lib/x86
06-18 21:08:25.311 1752 1752 I Exchange: EasService.onCreate
06-18 21:08:25.316 1424 1967 I OMXClient: Using client-side OMX mux.
06-18 21:08:25.357 1832 1944 I LatinIME:LogUtils: Dictionary info: dictionary = main:de ; version = 54 ; date = 1414726263
06-18 21:08:25.358 1752 1968 I Exchange: RestartPingTask
06-18 21:08:25.361 1832 1944 I LatinIME:LogUtils: Dictionary info: dictionary = main:fr ; version = 54 ; date = 1414726264
06-18 21:08:25.370 1832 1944 I LatinIME:LogUtils: Dictionary info: dictionary = main:es ; version = 54 ; date = 1414726268
06-18 21:08:25.372 1832 1944 I LatinIME:LogUtils: Dictionary info: dictionary = main:it ; version = 54 ; date = 1414726258
06-18 21:08:25.375 1832 1944 I LatinIME:LogUtils: Dictionary info: dictionary = main:ru ; version = 54 ; date = 1414726277
06-18 21:08:25.384 1832 1944 I LatinIME:LogUtils: Dictionary info: dictionary = main:en ; version = 54 ; date = 1414726273
06-18 21:08:25.384 1832 1944 I BinaryDictionaryFileDumper: reinitializeClientRecordInDictionaryContentProvider() : Insert DictionaryInfo : Id = 'main:de' : Locale=de : Version=54
06-18 21:08:25.386 1424 1451 I ActivityManager: Start proc 1972:com.android.music/u0a38 for broadcast com.android.music/.MediaButtonIntentReceiver
06-18 21:08:25.389 1752 1752 I Exchange: RestartPingsTask did not start any pings.
06-18 21:08:25.389 1752 1752 I Exchange: PSS stopIfIdle
06-18 21:08:25.389 1752 1752 I Exchange: PSS has no active accounts; stopping service.
06-18 21:08:25.390 1752 1752 I Exchange: onDestroy
06-18 21:08:25.390 1832 1944 I BinaryDictionaryFileDumper: reinitializeClientRecordInDictionaryContentProvider() : Insert DictionaryInfo : Id = 'main:fr' : Locale=fr : Version=54
06-18 21:08:25.390 1948 1948 I MediaProvider: Upgrading media database from version 0 to 800, which will destroy all old data
06-18 21:08:25.392 1832 1944 I BinaryDictionaryFileDumper: reinitializeClientRecordInDictionaryContentProvider() : Insert DictionaryInfo : Id = 'main:es' : Locale=es : Version=54
06-18 21:08:25.393 1832 1944 I BinaryDictionaryFileDumper: reinitializeClientRecordInDictionaryContentProvider() : Insert DictionaryInfo : Id = 'main:it' : Locale=it : Version=54
06-18 21:08:25.396 1832 1944 I BinaryDictionaryFileDumper: reinitializeClientRecordInDictionaryContentProvider() : Insert DictionaryInfo : Id = 'main:ru' : Locale=ru : Version=54
06-18 21:08:25.397 1832 1944 I BinaryDictionaryFileDumper: reinitializeClientRecordInDictionaryContentProvider() : Insert DictionaryInfo : Id = 'main:en' : Locale=en : Version=54
06-18 21:08:25.397 1832 1944 I BinaryDictionaryFileDumper: reinitializeClientRecordInDictionaryContentProvider() : Insert DictionaryInfo : Id = 'main:en_us' : Locale=en_US : Version=-1
06-18 21:08:25.398 1832 1944 W BinaryDictionaryFileDumper: Missing metadata.json resource
06-18 21:08:25.401 1972 1972 I art : Late-enabling JIT
06-18 21:08:25.403 1972 1972 W art : Unexpected CPU variant for X86 using defaults: x86
06-18 21:08:25.403 1972 1972 I art : JIT created with code_cache_capacity=2MB compile_threshold=1000
06-18 21:08:25.425 1832 1944 I LatinIME:LogUtils: Dictionary info: dictionary = main:en ; version = 54 ; date = 1414726273
06-18 21:08:25.427 1832 1944 I LatinIME:LogUtils: Dictionary info: dictionary = main:en ; version = 54 ; date = 1414726273
06-18 21:08:25.433 1832 1944 I LatinIME:LogUtils: Dictionary info: dictionary = main:en ; version = 54 ; date = 1414726273
06-18 21:08:25.435 1840 1840 D TelephonyProvider: dbh.onCreate:+ db=SQLiteDatabase: /data/user/0/com.android.providers.telephony/databases/telephony.db
06-18 21:08:25.436 1840 1840 D TelephonyProvider: dbh.createSimInfoTable:+
06-18 21:08:25.436 1840 1840 D TelephonyProvider: dbh.createSimInfoTable:-
06-18 21:08:25.436 1840 1840 D TelephonyProvider: dbh.createCarriersTable: carriers
06-18 21:08:25.437 1840 1840 D TelephonyProvider: dbh.createCarriersTable:-
06-18 21:08:25.437 1840 1840 D TelephonyProvider: No APNs in OEM image = /oem/telephony/apns-conf.xml Load APNs from system image
06-18 21:08:25.437 1840 1840 D TelephonyProvider: No APNs in OEM image = /data/misc/apns-conf.xml Load APNs from system image
06-18 21:08:25.437 1840 1840 D TelephonyProvider: confFile = /system/etc/apns-conf.xml
06-18 21:08:25.438 1832 1944 I LatinIME:LogUtils: Dictionary info: dictionary = main:en ; version = 54 ; date = 1414726273
06-18 21:08:25.449 1832 1944 I LatinIME:LogUtils: Dictionary info: dictionary = main:en ; version = 54 ; date = 1414726273
06-18 21:08:25.454 1972 1972 W System : ClassLoader referenced unknown path: /system/app/Music/lib/x86
06-18 21:08:25.456 1832 1944 I LatinIME:LogUtils: Dictionary info: dictionary = main:en ; version = 54 ; date = 1414726273
06-18 21:08:25.461 1832 1944 I LatinIME:LogUtils: Dictionary info: dictionary = main:en ; version = 54 ; date = 1414726273
06-18 21:08:25.470 1832 1944 I LatinIME:LogUtils: Dictionary info: dictionary = main:en ; version = 54 ; date = 1414726273
06-18 21:08:25.514 1948 1948 D MediaProvider: Adjusting external storage paths to: /storage/emulated/0
06-18 21:08:25.525 1948 1948 E SQLiteLog: (1) no such table: album_info
06-18 21:08:25.578 1948 2000 I DownloadManager: Upgrading downloads database from version 0 to version 109, which will destroy all old data
06-18 21:08:26.295 1840 1840 D TelephonyProvider: dbh.onCreate:- db=SQLiteDatabase: /data/user/0/com.android.providers.telephony/databases/telephony.db
06-18 21:08:26.296 1840 1840 D TelephonyProvider: dbh.onOpen: ok, queried table=siminfo
06-18 21:08:26.296 1840 1840 D TelephonyProvider: dbh.onOpen: ok, queried table=carriers
06-18 21:08:26.297 1840 1840 D TelephonyProvider: onCreate: build id changed from to MOB30M
06-18 21:08:26.329 1424 1455 E BluetoothManagerService: MESSAGE_TIMEOUT_BIND
06-18 21:08:26.331 1840 1840 D TelephonyProvider: No APNs in OEM image = /oem/telephony/apns-conf.xml Load APNs from system image
06-18 21:08:26.332 1840 1840 D TelephonyProvider: No APNs in OEM image = /data/misc/apns-conf.xml Load APNs from system image
06-18 21:08:26.332 1840 1840 D TelephonyProvider: confFile = /system/etc/apns-conf.xml
06-18 21:08:26.940 1643 1643 W KeyguardUpdateMonitor: invalid subId in handleSimStateChange()
06-18 21:08:26.940 1424 1450 D GpsLocationProvider: received SIM related action:
06-18 21:08:26.946 1424 1450 D GpsLocationProvider: SIM MCC/MNC is still not available
06-18 21:08:26.950 1424 1451 I ActivityManager: Start proc 2014:com.android.settings/1000 for broadcast com.android.settings/.sim.SimSelectNotification
06-18 21:08:26.951 1840 2019 E DcSwitchStateMachine-0: DctController is not ready
06-18 21:08:26.954 1424 1486 E ConnectivityService: Failed to find Messenger in unregisterNetworkFactory
06-18 21:08:26.954 1424 1486 D ConnectivityService: Got NetworkFactory Messenger for Telephony
06-18 21:08:26.955 2014 2014 I art : Late-enabling JIT
06-18 21:08:26.958 2014 2014 W art : Unexpected CPU variant for X86 using defaults: x86
06-18 21:08:26.958 2014 2014 I art : JIT created with code_cache_capacity=2MB compile_threshold=1000
06-18 21:08:26.967 1840 1840 D CarrierConfigLoader: CarrierConfigLoader has started
06-18 21:08:26.968 1424 1455 D BluetoothManagerService: Added callback: android.bluetooth.IBluetoothManagerCallback$Stub$Proxy@bb7b460:true
06-18 21:08:26.998 1840 1840 I Telephony: TtyManager: updateUiTtyMode -1 -> 0
06-18 21:08:27.001 2014 2014 W System : ClassLoader referenced unknown path: /system/priv-app/Settings/lib/x86
06-18 21:08:27.003 1424 1450 D GpsLocationProvider: received SIM related action:
06-18 21:08:27.012 1424 1450 D GpsLocationProvider: SIM MCC/MNC is still not available
06-18 21:08:27.014 1643 1643 W KeyguardUpdateMonitor: invalid subId in handleServiceStateChange()
06-18 21:08:27.038 1840 1840 D TelephonyDebugService: TelephonyDebugService()
06-18 21:08:27.041 1424 1485 D WifiService: New client listening to asynchronous messages
06-18 21:08:27.042 1840 1840 D CarrierConfigLoader: mHandler: 12 phoneId: 0
06-18 21:08:27.042 1840 1840 D CarrierConfigLoader: Build fingerprint changed. old: null new: Android-x86/android_x86/x86:6.0.1/MOB30M/ric06182142:eng/test-keys
06-18 21:08:27.044 1840 1840 E PhoneInterfaceManager: [PhoneIntfMgr] getIccId: No UICC
06-18 21:08:27.047 1424 1630 W Telecom : : registerPhoneAccount not allowed on non-voice capable device.
06-18 21:08:27.047 1840 1840 I Telephony: AccountEntry: Registered phoneAccount: [[ ] PhoneAccount: ComponentInfo{com.android.phone/com.android.services.telephony.TelephonyConnectionService}, [e0184adedf913b076626646d3f52c3b49c39ad6d], UserHandle{0} Capabilities: 54 Schemes: tel voicemail ] with handle: ComponentInfo{com.android.phone/com.android.services.telephony.TelephonyConnectionService}, [e0184adedf913b076626646d3f52c3b49c39ad6d], UserHandle{0}
06-18 21:08:27.049 1840 1840 I Telephony: PstnIncomingCallNotifier: Registering: Handler (com.android.internal.telephony.gsm.GSMPhone) {15a04d9}
06-18 21:08:27.051 1424 1438 W Telecom : : No account found for the calling user
06-18 21:08:27.715 1140 1492 D BlueZ : external/bluetooth/bluez/android/hal-audio.c:audio_set_parameters()
06-18 21:08:31.600 1424 1486 D ConnectivityService: handlePromptUnvalidated 100
06-18 21:08:34.892 1424 1451 W ActivityManager: Unable to start service Intent { cmp=com.android.systemui/.keyguard.KeyguardService } U=0: not found
06-18 21:08:34.893 1424 1451 W KeyguardServiceDelegate: onScreenTurningOn(): no keyguard service!
06-18 21:08:34.897 1134 1908 I SurfaceFlinger: Boot is finished (17463 ms)
06-18 21:08:34.898 1424 1629 I ActivityManager: START u0 {act=android.intent.action.MAIN cat=[android.intent.category.HOME] flg=0x10000000 cmp=com.google.android.leanbacklauncher/.MainActivity} from uid 0 on display 0
06-18 21:08:34.912 1424 1451 I ActivityManager: Start proc 2037:com.google.android.leanbacklauncher/u0a8 for activity com.google.android.leanbacklauncher/.MainActivity
06-18 21:08:34.918 2037 2037 I art : Late-enabling JIT
06-18 21:08:34.929 1424 1451 W ActivityManager: Launch timeout has expired, giving up wake lock!
06-18 21:08:34.939 1141 1141 E installd: Unable to unlink boot marker at /data/dalvik-cache/x86/.booting, error=No such file or directory
06-18 21:08:34.939 1424 1456 E ActivityManager: Unable to mark boot complete for abi: x86
06-18 21:08:34.939 1141 1141 E installd: Unable to unlink boot marker at /data/dalvik-cache/arm/.booting, error=No such file or directory
06-18 21:08:34.939 1424 1456 E ActivityManager: Unable to mark boot complete for abi: armeabi-v7a
06-18 21:08:34.960 1424 1456 I SystemServiceManager: Starting phase 1000
06-18 21:08:34.968 2037 2037 W art : Unexpected CPU variant for X86 using defaults: x86
06-18 21:08:34.968 2037 2037 I art : JIT created with code_cache_capacity=2MB compile_threshold=1000
06-18 21:08:34.971 1424 1564 I ActivityManager: Start proc 2042:com.android.gallery3d/u0a35 for broadcast com.android.gallery3d/.app.PackagesMonitor
06-18 21:08:34.979 2042 2042 I art : Late-enabling JIT
06-18 21:08:34.981 2042 2042 W art : Unexpected CPU variant for X86 using defaults: x86
06-18 21:08:34.982 2042 2042 I art : JIT created with code_cache_capacity=2MB compile_threshold=1000
06-18 21:08:34.983 1424 1456 I ActivityManager: Start proc 2054:com.android.bluetooth/1002 for on-hold
06-18 21:08:34.992 2054 2054 I art : Late-enabling JIT
06-18 21:08:34.996 2054 2054 W art : Unexpected CPU variant for X86 using defaults: x86
06-18 21:08:34.997 2054 2054 I art : JIT created with code_cache_capacity=2MB compile_threshold=1000
06-18 21:08:35.003 1424 1475 I InputReader: Reconfiguring input devices. changes=0x00000010
06-18 21:08:35.004 1424 1475 I InputReader: Reconfiguring input devices. changes=0x00000010
06-18 21:08:35.005 2037 2037 W System : ClassLoader referenced unknown path: /system/priv-app/LeanbackLauncher/lib/x86
06-18 21:08:35.190 1424 1484 D WIFI : Registering NetworkFactory
06-18 21:08:35.190 1424 1484 D WIFI_UT : Registering NetworkFactory
06-18 21:08:35.190 1424 1486 D ConnectivityService: Got NetworkFactory Messenger for WIFI
06-18 21:08:35.190 1424 1486 D ConnectivityService: Got NetworkFactory Messenger for WIFI_UT
06-18 21:08:35.191 1424 1484 D WIFI : got request NetworkRequest [ id=1, legacyType=-1, [ Capabilities: INTERNET&NOT_RESTRICTED&TRUSTED&NOT_VPN] ] with score 70
06-18 21:08:35.191 1424 1484 D WIFI_UT : got request NetworkRequest [ id=1, legacyType=-1, [ Capabilities: INTERNET&NOT_RESTRICTED&TRUSTED&NOT_VPN] ] with score 70
06-18 21:08:35.200 1424 2098 I RecoverySystem: No recovery log file
06-18 21:08:35.202 1424 2098 I BootReceiver: Copying audit failures to DropBox
06-18 21:08:35.202 1424 2098 I BootReceiver: Checking for fsck errors
06-18 21:08:35.202 1424 1424 I ActivityManager: Start proc 2099:com.android.calendar/u0a25 for broadcast com.android.calendar/.UpgradeReceiver
06-18 21:08:35.210 2099 2099 I art : Late-enabling JIT
06-18 21:08:35.224 2099 2099 W art : Unexpected CPU variant for X86 using defaults: x86
06-18 21:08:35.224 2099 2099 I art : JIT created with code_cache_capacity=2MB compile_threshold=1000
06-18 21:08:35.227 1424 2096 I ActivityManager: Start proc 2108:com.android.keychain/1000 for service com.android.keychain/.KeyChainService
06-18 21:08:35.232 2054 2054 D AdapterServiceConfig: Adding HeadsetService
06-18 21:08:35.232 2054 2054 D AdapterServiceConfig: Adding A2dpService
06-18 21:08:35.232 2054 2054 D AdapterServiceConfig: Adding HidService
06-18 21:08:35.232 2054 2054 D AdapterServiceConfig: Adding HealthService
06-18 21:08:35.232 2054 2054 D AdapterServiceConfig: Adding PanService
06-18 21:08:35.232 2054 2054 D AdapterServiceConfig: Adding GattService
06-18 21:08:35.232 2054 2054 D AdapterServiceConfig: Adding BluetoothMapService
06-18 21:08:35.235 2054 2054 D BlueZ : external/bluetooth/bluez/android/hal-bluetooth.c:open_bluetooth()
06-18 21:08:35.235 2054 2054 D BlueZ : external/bluetooth/bluez/android/hal-bluetooth.c:get_bluetooth_interface()
06-18 21:08:35.238 1424 1455 D BluetoothManagerService: Added callback: android.bluetooth.IBluetoothManagerCallback$Stub$Proxy@864ed52:true
06-18 21:08:35.238 2054 2054 D BluetoothAdapterState: make() - Creating AdapterState
06-18 21:08:35.242 2054 2054 D BlueZ : external/bluetooth/bluez/android/hal-bluetooth.c:init()
06-18 21:08:35.242 2054 2115 I BluetoothAdapterState: Entering OffState
06-18 21:08:35.252 2108 2108 I art : Late-enabling JIT
06-18 21:08:35.254 2108 2108 W art : Unexpected CPU variant for X86 using defaults: x86
06-18 21:08:35.254 2108 2108 I art : JIT created with code_cache_capacity=2MB compile_threshold=1000
06-18 21:08:35.265 2099 2099 W System : ClassLoader referenced unknown path: /system/app/Calendar/lib/x86
06-18 21:08:35.300 2037 2037 D LeanbackLauncher: Launcher overlay shy mode set to: false
06-18 21:08:35.300 2037 2037 D UICYCLE : NotificationsAdapter.onInitUi
06-18 21:08:35.300 2037 2037 D UICYCLE : NotificationsServiceAdapter.onInitUi
06-18 21:08:35.309 2037 2037 D LeanbackLauncher: onStart: visibleBehindState = false
06-18 21:08:35.309 2037 2037 D LeanbackLauncher: Launcher overlay shy mode set to: true
06-18 21:08:35.311 2037 2037 D LeanbackLauncher: onResume
06-18 21:08:35.314 2108 2108 W System : ClassLoader referenced unknown path: /system/app/KeyChain/lib/x86
06-18 21:08:35.316 2099 2099 D ExtensionsFactory: No custom extensions.
06-18 21:08:35.323 2037 2142 D OpenGLRenderer: Use EGL_SWAP_BEHAVIOR_PRESERVED: true
06-18 21:08:35.331 1424 1631 I ActivityManager: Start proc 2146:com.google.android.remote.tv.services/1002 for broadcast com.google.android.tv.remote/.BootReceiver
06-18 21:08:35.334 2037 2037 D ConnectivityListener: Connectivity change!
06-18 21:08:35.335 1424 1921 D ZenLog : config: listener:com.google.android.leanbacklauncher/.notifications.NotificationMonitorService,ZenModeConfig[user=0,allowCalls=true,allowRepeatCallers=false,allowMessages=false,allowCallsFrom=contacts,allowMessagesFrom=contacts,allowReminders=true,allowEvents=true,automaticRules={d92bb48c582e431caa8e944582af0545=ZenRule[enabled=false,snoozing=false,name=Event,zenMode=ZEN_MODE_ALARMS,conditionId=condition://android/event?userId=-10000&calendar=&reply=1,condition=null,component=ComponentInfo{android/com.android.server.notification.EventConditionProvider}], 2c34fdfa853b46e09cf0ce9f8ea67a04=ZenRule[enabled=false,snoozing=false,name=Weeknight,zenMode=ZEN_MODE_ALARMS,conditionId=condition://android/schedule?days=1.2.3.4.5&start=22.0&end=7.0,condition=null,component=ComponentInfo{android/com.android.server.notification.ScheduleConditionProvider}], 5cbec3c089b44738bdffc228c317ff78=ZenRule[enabled=false,snoozing=false,name=Weekend,zenMode=ZEN_MODE_ALARMS,conditionId=condition://android/schedule?days=6.7&start=23.30&end=10.0,condition=null,component=ComponentInfo{android/com.android.server.notification.ScheduleConditionProvider}]},manualRule=ZenRule[enabled=true,snoozing=false,name=null,zenMode=ZEN_MODE_ALARMS,conditionId=null,condition=null,component=null]],Diff[automaticRule[d92bb48c582e431caa8e944582af0545].component:null->ComponentInfo{android/com.android.server.notification.EventConditionProvider},automaticRule[2c34fdfa853b46e09cf0ce9f8ea67a04].component:null->ComponentInfo{android/com.android.server.notification.ScheduleConditionProvider},automaticRule[5cbec3c089b44738bdffc228c317ff78].component:null->ComponentInfo{android/com.android.server.notification.ScheduleConditionProvider},manualRule:insert]
06-18 21:08:35.336 1424 1921 D ZenLog : set_zen_mode: alarms,listener:com.google.android.leanbacklauncher/.notifications.NotificationMonitorService
06-18 21:08:35.337 1424 1921 D ZenLog : set_ringer_mode_internal: ZenModeHelper,i:normal->silent,e:normal->silent
06-18 21:08:35.337 1424 1921 D ConditionProviders: Subscribing to condition://android/event?userId=-10000&calendar=&reply=1 with ComponentInfo{android/com.android.server.notification.EventConditionProvider}
06-18 21:08:35.337 1424 1921 D ZenLog : subscribe: condition://android/event?userId=-10000&calendar=&reply=1,ok
06-18 21:08:35.337 1424 1921 D ConditionProviders: Subscribing to condition://android/schedule?days=1.2.3.4.5&start=22.0&end=7.0 with ComponentInfo{android/com.android.server.notification.ScheduleConditionProvider}
06-18 21:08:35.337 1424 1921 D ZenLog : subscribe: condition://android/schedule?days=1.2.3.4.5&start=22.0&end=7.0,ok
06-18 21:08:35.337 1424 1921 D ConditionProviders: Subscribing to condition://android/schedule?days=6.7&start=23.30&end=10.0 with ComponentInfo{android/com.android.server.notification.ScheduleConditionProvider}
06-18 21:08:35.337 1424 1921 D ZenLog : subscribe: condition://android/schedule?days=6.7&start=23.30&end=10.0,ok
06-18 21:08:35.338 1643 1727 I vol.Events: writeEvent zen_mode_changed alarms
06-18 21:08:35.339 1643 1727 I vol.Events: writeEvent internal_ringer_mode_changed silent
06-18 21:08:35.339 1643 1727 I vol.Events: writeEvent mute_changed STREAM_RING true
06-18 21:08:35.339 1643 1727 I vol.Events: writeEvent mute_changed STREAM_SYSTEM true
06-18 21:08:35.339 1643 1727 I vol.Events: writeEvent external_ringer_mode_changed silent
06-18 21:08:35.345 2146 2146 I art : Late-enabling JIT
06-18 21:08:35.348 2146 2146 W art : Unexpected CPU variant for X86 using defaults: x86
06-18 21:08:35.348 2146 2146 I art : JIT created with code_cache_capacity=2MB compile_threshold=1000
06-18 21:08:35.351 1424 1424 I ActivityManager: Start proc 2159:com.android.providers.calendar/u0a1 for content provider com.android.providers.calendar/.CalendarProvider2
06-18 21:08:35.359 2037 2142 I EGL-DRI2: found extension DRI_Core version 1
06-18 21:08:35.359 2037 2142 I EGL-DRI2: found extension DRI_SWRast version 5
06-18 21:08:35.359 2037 2142 I EGL-DRI2: found extension DRI_TexBuffer version 2
06-18 21:08:35.359 2037 2142 I EGL-DRI2: found extension DRI_IMAGE version 11
06-18 21:08:35.360 2037 2142 I OpenGLRenderer: Initialized EGL, version 1.4
06-18 21:08:35.360 2037 2142 W OpenGLRenderer: Failed to choose config with EGL_SWAP_BEHAVIOR_PRESERVED, retrying without...
06-18 21:08:35.377 2159 2159 I art : Late-enabling JIT
06-18 21:08:35.389 2159 2159 W art : Unexpected CPU variant for X86 using defaults: x86
06-18 21:08:35.389 2159 2159 I art : JIT created with code_cache_capacity=2MB compile_threshold=1000
06-18 21:08:35.408 2146 2146 W System : ClassLoader referenced unknown path: /system/priv-app/AtvRemoteService/lib/x86
06-18 21:08:35.409 2176 2176 I bluetoothd: Bluetooth daemon 5.40
06-18 21:08:35.409 2176 2176 I bluetoothd: Starting SDP server
06-18 21:08:35.413 2176 2176 I bluetoothd: Bluetooth management interface 1.10 initialized
06-18 21:08:35.413 2176 2176 I bluetoothd: Kernel connection control will be used
06-18 21:08:35.456 2159 2159 W System : ClassLoader referenced unknown path: /system/priv-app/CalendarProvider/lib/x86
06-18 21:08:35.464 2159 2159 I CalendarDatabaseHelper: Bootstrapping database
06-18 21:08:35.492 2199 2199 I bluetoothd: running ()
06-18 21:08:35.502 2159 2159 I CalendarProvider2: Created com.android.providers.calendar.CalendarAlarmManager@f9a9ef4(com.android.providers.calendar.CalendarProvider2@5fc361d)
06-18 21:08:35.510 1424 1424 D ZenLog : config: conditionChanged,ZenModeConfig[user=0,allowCalls=true,allowRepeatCallers=false,allowMessages=false,allowCallsFrom=contacts,allowMessagesFrom=contacts,allowReminders=true,allowEvents=true,automaticRules={d92bb48c582e431caa8e944582af0545=ZenRule[enabled=false,snoozing=false,name=Event,zenMode=ZEN_MODE_ALARMS,conditionId=condition://android/event?userId=-10000&calendar=&reply=1,condition=Condition[id=condition://android/event?userId=-10000&calendar=&reply=1,summary=...,line1=...,line2=...,icon=0,state=STATE_FALSE,flags=2],component=ComponentInfo{android/com.android.server.notification.EventConditionProvider}], 2c34fdfa853b46e09cf0ce9f8ea67a04=ZenRule[enabled=false,snoozing=false,name=Weeknight,zenMode=ZEN_MODE_ALARMS,conditionId=condition://android/schedule?days=1.2.3.4.5&start=22.0&end=7.0,condition=Condition[id=condition://android/schedule?days=1.2.3.4.5&start=22.0&end=7.0,summary=...,line1=...,line2=...,icon=0,state=STATE_FALSE,flags=2],component=ComponentInfo{android/com.android.server.notification.ScheduleConditionProvider}], 5cbec3c089b44738bdffc228c317ff78=ZenRule[enabled=false,snoozing=false,name=Weekend,zenMode=ZEN_MODE_ALARMS,conditionId=condition://android/schedule?days=6.7&start=23.30&end=10.0,condition=Condition[id=condition://android/schedule?days=6.7&start=23.30&end=10.0,summary=...,line1=...,line2=...,icon=0,state=STATE_FALSE,flags=2],component=ComponentInfo{android/com.android.server.notification.ScheduleConditionProvider}]},manualRule=ZenRule[enabled=true,snoozing=false,name=null,zenMode=ZEN_MODE_ALARMS,conditionId=null,condition=null,component=null]],Diff[automaticRule[d92bb48c582e431caa8e944582af0545].condition:null->Condition[id=condition://android/event?userId=-10000&calendar=&reply=1,summary=...,line1=...,line2=...,icon=0,state=STATE_FALSE,flags=2],automaticRule[2c34fdfa853b46e09cf0ce9f8ea67a04].condition:null->Condition[id=condition://android/schedule?days=1.2.3.4.5&start=22.0&end=7.0,summary=...,line1=...,line2=...,icon=0,state=STATE_FALSE,flags=2],automaticRule[5cbec3c089b44738bdffc228c317ff78].condition:null->Condition[id=condition://android/schedule?days=6.7&start=23.30&end=10.0,summary=...,line1=...,line2=...,icon=0,state=STATE_FALSE,flags=2]]
06-18 21:08:35.536 1424 1921 I ActivityManager: Start proc 2206:com.android.managedprovisioning/u0a9 for broadcast com.android.managedprovisioning/.BootReminder
06-18 21:08:35.553 2206 2206 I art : Late-enabling JIT
06-18 21:08:35.555 2206 2206 W art : Unexpected CPU variant for X86 using defaults: x86
06-18 21:08:35.555 2206 2206 I art : JIT created with code_cache_capacity=2MB compile_threshold=1000
06-18 21:08:35.604 2206 2206 W System : ClassLoader referenced unknown path: /system/priv-app/ManagedProvisioning/lib/x86
06-18 21:08:35.741 1424 1564 I ActivityManager: Start proc 2224:com.android.onetimeinitializer/u0a11 for broadcast com.android.onetimeinitializer/.OneTimeInitializerReceiver
06-18 21:08:35.759 2224 2224 I art : Late-enabling JIT
06-18 21:08:35.762 2224 2224 W art : Unexpected CPU variant for X86 using defaults: x86
06-18 21:08:35.763 2224 2224 I art : JIT created with code_cache_capacity=2MB compile_threshold=1000
06-18 21:08:35.812 2224 2224 W System : ClassLoader referenced unknown path: /system/priv-app/OneTimeInitializer/lib/x86
06-18 21:08:35.821 1920 1920 W ContextImpl: Calling a method in the system process without a qualified user: android.app.ContextImpl.startService:1221 android.content.ContextWrapper.startService:581 android.content.ContextWrapper.startService:581 com.android.tv.settings.users.UserSwitchListenerService$BootReceiver.onReceive:53 android.app.ActivityThread.handleReceiver:2725
06-18 21:08:35.828 2224 2238 I OneTimeInitializerServ: Updating to version 1.
06-18 21:08:35.829 2224 2238 E ActivityThread: Failed to find provider info for com.android.launcher2.settings
06-18 21:08:35.838 1948 2223 I MediaProvider: Upgrading media database from version 0 to 800, which will destroy all old data
06-18 21:08:35.839 2099 2099 D AlertReceiver: onReceive: a=android.intent.action.BOOT_COMPLETED Intent { act=android.intent.action.BOOT_COMPLETED flg=0x8000010 cmp=com.android.calendar/.alerts.AlertReceiver (has extras) }
06-18 21:08:35.859 1424 1438 I ActivityManager: Start proc 2244:com.android.camera2/u0a26 for broadcast com.android.camera2/com.android.camera.DisableCameraReceiver
06-18 21:08:35.869 2099 2099 D AlertUtils: Flushing old alerts from shared prefs table
06-18 21:08:35.870 2099 2243 D AlertService: 0 Action = android.intent.action.BOOT_COMPLETED
06-18 21:08:35.876 2244 2244 I art : Late-enabling JIT
06-18 21:08:35.879 2244 2244 W art : Unexpected CPU variant for X86 using defaults: x86
06-18 21:08:35.880 2099 2243 D AlertService: Scheduling next alarm with AlarmScheduler. sEventReminderReceived: null
06-18 21:08:35.881 2244 2244 I art : JIT created with code_cache_capacity=2MB compile_threshold=1000
06-18 21:08:35.893 1424 1452 W WindowManager: Keyguard drawn timeout. Setting mKeyguardDrawComplete
06-18 21:08:35.912 2099 2243 D AlarmScheduler: No events found starting within 1 week.
06-18 21:08:36.022 2244 2244 I CAM_Profiler: [ 15.664ms][ui] GUARD: CameraApp onCreate() - [15.664ms] initializeTimeOfFirstRun
06-18 21:08:36.023 2244 2244 I CAM_Profiler: [ 16.422ms][ui] GUARD: CameraApp onCreate() - STOP
06-18 21:08:36.023 2244 2244 I CAM_DisableCamRcver: no back camera
06-18 21:08:36.023 2244 2244 I CAM_DisableCamRcver: disable all camera activities
06-18 21:08:36.040 1424 1438 I ActivityManager: Start proc 2264:com.android.deskclock/u0a29 for broadcast com.android.deskclock/.AlarmInitReceiver
06-18 21:08:36.052 2264 2264 I art : Late-enabling JIT
06-18 21:08:36.063 2264 2264 W art : Unexpected CPU variant for X86 using defaults: x86
06-18 21:08:36.063 2264 2264 I art : JIT created with code_cache_capacity=2MB compile_threshold=1000
06-18 21:08:36.117 2264 2264 W System : ClassLoader referenced unknown path: /system/app/DeskClock/lib/x86
06-18 21:08:36.179 2146 2146 E ActivityThread: Failed to find provider info for com.google.android.gsf.gservices
06-18 21:08:36.179 2146 2146 I ATVRemote.RemoteService: Virtual Remote Service enabled
06-18 21:08:36.186 2264 2279 I AlarmClock: Alarms Table created
06-18 21:08:36.186 2264 2279 I AlarmClock: Instance table created
06-18 21:08:36.187 2264 2279 I AlarmClock: Cities table created
06-18 21:08:36.187 2264 2279 I AlarmClock: Inserting default alarms
06-18 21:08:36.197 2042 2042 I G:DisableCameraReceiver: no back camera
06-18 21:08:36.197 2042 2042 I G:DisableCameraReceiver: disable all camera activities
06-18 21:08:36.199 1832 1832 I SystemBroadcastReceiver: Boot has been completed
06-18 21:08:36.199 1832 1832 I SystemBroadcastReceiver: toggleAppIcon() : FLAG_SYSTEM = true
06-18 21:08:36.206 1793 2284 I Email : Onetime initialization: 1
06-18 21:08:36.207 1793 2284 I Email : Onetime initialization: 2
06-18 21:08:36.207 2146 2146 E ActivityThread: Failed to find provider info for com.google.android.gsf.gservices
06-18 21:08:36.208 1793 2284 I Email : Onetime initialization: completed.
06-18 21:08:36.209 1424 1455 D BluetoothManagerService: Added callback: android.bluetooth.IBluetoothManagerCallback$Stub$Proxy@b143b6a:true
06-18 21:08:36.211 1752 1752 I Exchange: EasService.onCreate
06-18 21:08:36.217 1793 1793 E ActivityThread: Service com.android.email.service.EmailBroadcastProcessorService has leaked ServiceConnection com.android.emailcommon.service.ServiceProxy$ProxyConnection@14568cb that was originally bound here
06-18 21:08:36.217 1793 1793 E ActivityThread: android.app.ServiceConnectionLeaked: Service com.android.email.service.EmailBroadcastProcessorService has leaked ServiceConnection com.android.emailcommon.service.ServiceProxy$ProxyConnection@14568cb that was originally bound here
06-18 21:08:36.217 1793 1793 E ActivityThread: at android.app.LoadedApk$ServiceDispatcher.(LoadedApk.java:1092)
06-18 21:08:36.217 1793 1793 E ActivityThread: at android.app.LoadedApk.getServiceDispatcher(LoadedApk.java:986)
06-18 21:08:36.217 1793 1793 E ActivityThread: at android.app.ContextImpl.bindServiceCommon(ContextImpl.java:1303)
06-18 21:08:36.217 1793 1793 E ActivityThread: at android.app.ContextImpl.bindService(ContextImpl.java:1286)
06-18 21:08:36.217 1793 1793 E ActivityThread: at android.content.ContextWrapper.bindService(ContextWrapper.java:604)
06-18 21:08:36.217 1793 1793 E ActivityThread: at com.android.emailcommon.service.ServiceProxy.setTask(ServiceProxy.java:181)
06-18 21:08:36.217 1793 1793 E ActivityThread: at com.android.emailcommon.service.ServiceProxy.test(ServiceProxy.java:224)
06-18 21:08:36.217 1793 1793 E ActivityThread: at com.android.email.service.EmailServiceUtils.isServiceAvailable(EmailServiceUtils.java:160)
06-18 21:08:36.217 1793 1793 E ActivityThread: at com.android.email.provider.AccountReconciler.reconcileAccountsInternal(AccountReconciler.java:171)
06-18 21:08:36.217 1793 1793 E ActivityThread: at com.android.email.provider.AccountReconciler.reconcileAccounts(AccountReconciler.java:115)
06-18 21:08:36.217 1793 1793 E ActivityThread: at com.android.email.service.EmailBroadcastProcessorService.reconcileAndStartServices(EmailBroadcastProcessorService.java:305)
06-18 21:08:36.217 1793 1793 E ActivityThread: at com.android.email.service.EmailBroadcastProcessorService.onBootCompleted(EmailBroadcastProcessorService.java:295)
06-18 21:08:36.217 1793 1793 E ActivityThread: at com.android.email.service.EmailBroadcastProcessorService.onHandleIntent(EmailBroadcastProcessorService.java:130)
06-18 21:08:36.217 1793 1793 E ActivityThread: at android.app.IntentService$ServiceHandler.handleMessage(IntentService.java:66)
06-18 21:08:36.217 1793 1793 E ActivityThread: at android.os.Handler.dispatchMessage(Handler.java:102)
06-18 21:08:36.217 1793 1793 E ActivityThread: at android.os.Looper.loop(Looper.java:148)
06-18 21:08:36.217 1793 1793 E ActivityThread: at android.os.HandlerThread.run(HandlerThread.java:61)
06-18 21:08:36.218 2146 2285 I ATVRemote.Server: Listening on 6466
06-18 21:08:36.218 2146 2146 I ATVRemote.RemoteService: onStartCommand Intent { cmp=com.google.android.tv.remote/.RemoteService }
06-18 21:08:36.221 1752 2286 I Exchange: RestartPingTask
06-18 21:08:36.226 1424 1487 D NsdService: startMDnsDaemon
06-18 21:08:36.226 1136 1446 D MDnsDS : Starting MDNSD
06-18 21:08:36.234 1752 1752 I Exchange: RestartPingsTask did not start any pings.
06-18 21:08:36.234 1752 1752 I Exchange: PSS stopIfIdle
06-18 21:08:36.234 1752 1752 I Exchange: PSS has no active accounts; stopping service.
06-18 21:08:36.236 1752 1752 I Exchange: onDestroy
06-18 21:08:36.303 1948 2223 D MediaProvider: Adjusting external storage paths to: /storage/emulated/0
06-18 21:08:36.313 1948 2223 E SQLiteLog: (1) no such table: files
06-18 21:08:36.321 1140 1493 E WVMExtractor: Failed to open libwvm.so: dlopen failed: library "libwvm.so" not found
06-18 21:08:36.427 1424 1487 D NsdService: New client listening to asynchronous messages
06-18 21:08:36.427 1424 1487 D NsdService: New client, channel: com.android.internal.util.AsyncChannel@2172f10 messenger: android.os.Messenger@a961a09
06-18 21:08:36.432 1424 1487 D NsdService: Register service
06-18 21:08:36.432 1424 1487 D NsdService: registerService: 2 name: VirtualBox, type: _androidtvremote._tcp., host: null, port: 6466, txtRecord: bt=
06-18 21:08:36.433 1136 1446 D MDnsDS : serviceRegister(2, (null), VirtualBox, _androidtvremote._tcp., (null), (null), 6466, 4, )
06-18 21:08:36.433 1136 1446 D MDnsDS : startMonitoring 2
06-18 21:08:36.433 1136 1446 D MDnsDS : triggering rescan
06-18 21:08:36.433 1136 1446 D MDnsDS : serviceRegister successful
06-18 21:08:36.433 1136 1445 D MDnsDS : Monitor poll got data pollCount = 1, 1
06-18 21:08:36.433 1136 1445 D MDnsDS : controlSocket shows revent= 1
06-18 21:08:36.433 1136 1445 D MDnsDS : MDnsSdListener::Monitor got 1
06-18 21:08:36.433 1136 1445 D MDnsDS : MDnsSdListener::Monitor poll rescanning - size=10, live=1
06-18 21:08:36.433 1136 1445 D MDnsDS : Going to poll with pollCount 2
06-18 21:08:36.433 1424 1487 D NsdService: Register 1 2
06-18 21:08:36.485 2037 2037 I Choreographer: Skipped 64 frames! The application may be doing too much work on its main thread.
06-18 21:08:36.487 1424 1456 I ActivityManager: Displayed com.google.android.leanbacklauncher/.MainActivity: +1s586ms (total +11s685ms)
06-18 21:08:36.524 2037 2037 D AppsAdapter: Created Settings View Holder v = com.google.android.leanbacklauncher.apps.SettingsCardView{f2fc814 VFE...C.. ......I. 0,0-0,0}
06-18 21:08:36.524 2037 2037 D AppsAdapter: mMainView = android.widget.FrameLayout{9c678bd V.E...... ......I. 0,0-0,0 #7f09001b app:id/main}
06-18 21:08:36.524 2037 2037 D AppsAdapter: mIconView = android.widget.ImageView{1792eb2 V.ED..... ......I. 0,0-0,0 #7f090034 app:id/icon}
06-18 21:08:36.524 2037 2037 D AppsAdapter: mLabelView = android.widget.TextView{c7f4e03 V.ED..... ......I. 0,0-0,0 #7f090053 app:id/label}
06-18 21:08:36.526 2037 2037 D AppsAdapter: Created Settings View Holder v = com.google.android.leanbacklauncher.apps.SettingsCardView{54b5180 VFE...C.. ......I. 0,0-0,0}
06-18 21:08:36.526 2037 2037 D AppsAdapter: mMainView = android.widget.FrameLayout{ce6e3b9 V.E...... ......I. 0,0-0,0 #7f09001b app:id/main}
06-18 21:08:36.526 2037 2037 D AppsAdapter: mIconView = android.widget.ImageView{1c783fe V.ED..... ......I. 0,0-0,0 #7f090034 app:id/icon}
06-18 21:08:36.526 2037 2037 D AppsAdapter: mLabelView = android.widget.TextView{9ec75f V.ED..... ......I. 0,0-0,0 #7f090053 app:id/label}
06-18 21:08:36.528 2159 2159 I CalendarProvider2: Sending notification intent: Intent { act=android.intent.action.PROVIDER_CHANGED dat=content://com.android.calendar flg=0x20000000 }
06-18 21:08:36.528 2159 2159 W ContentResolver: Failed to get type for: content://com.android.calendar (Unknown URL content://com.android.calendar)
06-18 21:08:36.529 2037 2152 E RemoteController: Cannot set synchronization mode on an unregistered RemoteController
