06-18 21:08:23.048 1424 1478 D CryptdConnector: RCV <- {200 1 -1}
06-18 21:08:23.049 1424 1476 W MountService: No primary storage mounted!
06-18 21:08:23.049 1424 1476 D VoldConnector: SND -> {1 asec list}
06-18 21:08:23.049 1424 1477 D VoldConnector: RCV <- {200 1 asec operation succeeded}
06-18 21:08:23.049 1424 1476 I PackageManager: No secure containers found
06-18 21:08:23.049 1424 1476 W PackageManager: Unknown permission com.google.android.googleapps.permission.GOOGLE_AUTH in package com.android.providers.calendar
06-18 21:08:23.049 1424 1476 W PackageManager: Unknown permission com.google.android.googleapps.permission.GOOGLE_AUTH.cl in package com.android.providers.calendar
06-18 21:08:23.050 1424 1476 W PackageManager: Not granting permission android.permission.GLOBAL_SEARCH to package com.android.quicksearchbox (protectionLevel=18 flags=0x3888be45)
06-18 21:08:23.050 1424 1476 W PackageManager: Not granting permission android.permission.ACCESS_DOWNLOAD_MANAGER to package com.android.browser (protectionLevel=18 flags=0x3889be45)
06-18 21:08:23.050 1424 1476 W PackageManager: Not granting permission android.permission.SEND_DOWNLOAD_COMPLETED_INTENTS to package com.android.browser (protectionLevel=2 flags=0x3889be45)
06-18 21:08:23.050 1424 1476 W PackageManager: Not granting permission android.permission.BIND_WALLPAPER to package com.android.camera2 (protectionLevel=18 flags=0x30d8bc45)
06-18 21:08:23.050 1424 1476 W PackageManager: Unknown permission com.google.android.providers.gsf.permission.READ_GSERVICES in package com.google.android.tv.remote
06-18 21:08:23.050 1424 1476 W PackageManager: Unknown permission com.google.tungsten.bugreportsender.READ_BUGREPORTS in package com.google.android.tv.remote
06-18 21:08:23.050 1424 1476 W PackageManager: Unknown permission com.google.android.googleapps.permission.GOOGLE_AUTH.mail in package com.android.calendar
06-18 21:08:23.050 1424 1476 W PackageManager: Unknown permission com.android.launcher.permission.READ_SETTINGS in package com.android.onetimeinitializer
06-18 21:08:23.050 1424 1476 W PackageManager: Unknown permission com.android.launcher.permission.WRITE_SETTINGS in package com.android.onetimeinitializer
06-18 21:08:23.050 1424 1476 W PackageManager: Not granting permission android.permission.DELETE_PACKAGES to package com.svox.pico (protectionLevel=18 flags=0x3888be45)
06-18 21:08:23.050 1424 1476 W PackageManager: Unknown permission android.permission.ACCESS_SUPERUSER in package com.cyanogenmod.filemanager
06-18 21:08:23.050 1424 1476 W PackageManager: Unknown permission com.cyanogenmod.filemanager.permissions.READ_THEME in package com.cyanogenmod.filemanager
06-18 21:08:23.050 1424 1476 W PackageManager: Unknown permission android.permission.ACCESS_SUPERUSER in package jackpal.androidterm
06-18 21:08:23.050 1424 1476 W PackageManager: Unknown permission com.google.android.googleapps.permission.GOOGLE_AUTH in package com.android.settings
06-18 21:08:23.050 1424 1476 W PackageManager: Unknown permission com.android.launcher.permission.READ_SETTINGS in package com.android.settings
06-18 21:08:23.050 1424 1476 W PackageManager: Unknown permission com.android.launcher.permission.WRITE_SETTINGS in package com.android.settings
06-18 21:08:23.050 1424 1476 W PackageManager: Unknown permission com.android.smspush.WAPPUSH_MANAGER_BIND in package com.android.phone
06-18 21:08:23.051 1424 1476 W PackageManager: Unknown permission com.google.android.gallery3d.permission.GALLERY_PROVIDER in package com.android.bluetooth
06-18 21:08:23.051 1424 1476 W PackageManager: Unknown permission com.google.android.googleapps.permission.ACCESS_GOOGLE_PASSWORD in package com.android.development
06-18 21:08:23.051 1424 1476 W PackageManager: Unknown permission com.google.android.googleapps.permission.GOOGLE_AUTH in package com.android.development
06-18 21:08:23.051 1424 1476 W PackageManager: Unknown permission com.google.android.googleapps.permission.GOOGLE_AUTH.ALL_SERVICES in package com.android.development
06-18 21:08:23.051 1424 1476 W PackageManager: Unknown permission com.google.android.googleapps.permission.GOOGLE_AUTH.YouTubeUser in package com.android.development
06-18 21:08:23.065 1424 1475 E EventHub: could not get driver version for /dev/input/mice, Not a typewriter
06-18 21:08:23.069 1424 1424 I SystemServer: Text Service Manager Service
06-18 21:08:23.074 1424 1476 W MountService: No primary storage defined yet; hacking together a stub
06-18 21:08:23.074 1424 1476 W MountService: No primary storage defined yet; hacking together a stub
06-18 21:08:23.074 1424 1476 W MountService: No primary storage mounted!
06-18 21:08:23.074 1424 1476 D VoldConnector: SND -> {2 asec list}
06-18 21:08:23.075 1424 1477 D VoldConnector: RCV <- {200 2 asec operation succeeded}
06-18 21:08:23.075 1424 1476 I MountService: Running fstrim idle maintenance
06-18 21:08:23.075 1424 1476 D VoldConnector: SND -> {3 fstrim dotrim}
06-18 21:08:23.076 1424 1477 D VoldConnector: RCV <- {200 3 Command succeeded}
06-18 21:08:23.076 1128 1480 D vold : Starting trim of /cache
06-18 21:08:23.076 1128 1480 W vold : Trim failed on /cache: Not a typewriter
06-18 21:08:23.076 1424 1477 D VoldConnector: RCV <- {662 /cache -1 -1}
06-18 21:08:23.076 1424 1453 E VoldConnector: Error handling '662 /cache -1 -1': java.lang.NullPointerException: Attempt to invoke virtual method 'void android.os.DropBoxManager.addText(java.lang.String, java.lang.String)' on a null object reference
06-18 21:08:23.078 1424 1424 I SystemServer: Network Score Service
06-18 21:08:23.079 1424 1424 I SystemServer: NetworkStats Service
06-18 21:08:23.082 1424 1424 I SystemServer: NetworkPolicy Service
06-18 21:08:23.105 1424 1424 I SystemServiceManager: Starting com.android.server.wifi.p2p.WifiP2pService
06-18 21:08:23.137 1424 1475 E EventHub: could not get driver version for /dev/input/mouse0, Not a typewriter
06-18 21:08:23.140 1424 1424 I WifiP2pService: Registering wifip2p
06-18 21:08:23.141 1424 1424 I SystemServiceManager: Starting com.android.server.wifi.WifiService
06-18 21:08:23.194 1424 1424 D HS20 : Passpoint is disabled
06-18 21:08:23.198 1424 1424 D WifiController: isAirplaneModeOn = false, isWifiEnabled = false, isScanningAvailable = false
06-18 21:08:23.199 1424 1424 I WifiService: Registering wifi
06-18 21:08:23.199 1424 1424 I SystemServiceManager: Starting com.android.server.wifi.WifiScanningService
06-18 21:08:23.199 1424 1424 I WifiScanningService: Creating wifiscanner
06-18 21:08:23.199 1424 1424 I WifiScanningService: Starting wifiscanner
06-18 21:08:23.200 1424 1424 I SystemServiceManager: Starting com.android.server.wifi.RttService
06-18 21:08:23.200 1424 1424 I RttService: Creating rttmanager
06-18 21:08:23.200 1424 1424 I RttService: Starting rttmanager
06-18 21:08:23.200 1424 1424 I SystemServiceManager: Starting com.android.server.ethernet.EthernetService
06-18 21:08:23.201 1424 1424 I EthernetServiceImpl: Creating EthernetConfigStore
06-18 21:08:23.201 1424 1424 E IpConfigStore: Error parsing configuration: java.io.FileNotFoundException: /data/misc/ethernet/ipconfig.txt: open failed: ENOENT (No such file or directory)
06-18 21:08:23.201 1424 1424 W EthernetConfigStore: No Ethernet configuration found. Using default.
06-18 21:08:23.201 1424 1424 I EthernetServiceImpl: Read stored IP configuration: IP assignment: DHCP
06-18 21:08:23.201 1424 1424 I EthernetServiceImpl: Proxy settings: NONE
06-18 21:08:23.201 1424 1424 I EthernetService: Registering service ethernet
06-18 21:08:23.201 1424 1424 I SystemServer: Connectivity Service
06-18 21:08:23.202 1424 1424 D ConnectivityService: ConnectivityService starting up
06-18 21:08:23.204 1424 1424 D ConnectivityService: wifiOnly=false
06-18 21:08:23.206 1424 1424 I SystemServer: Network Service Discovery Service
06-18 21:08:23.207 1424 1424 D NsdService: Network service discovery enabled true
06-18 21:08:23.208 1424 1424 I SystemServer: UpdateLock Service
06-18 21:08:23.209 1424 1424 I SystemServiceManager: Starting com.android.server.notification.NotificationManagerService
06-18 21:08:23.214 1424 1475 D EventHub: No input device configuration file found for device 'VirtualBox USB Tablet'.
06-18 21:08:23.214 1424 1475 I EventHub: New device: id=7, fd=81, path='/dev/input/event3', name='VirtualBox USB Tablet', classes=0x80000004, configuration='', keyLayout='', keyCharacterMap='', builtinKeyboard=false, wakeMechanism=EPOLLWAKEUP, usingClockIoctl=true
06-18 21:08:23.217 1424 1475 I InputReader: Device added: id=-1, name='Virtual', sources=0x00000301
06-18 21:08:23.217 1424 1475 I InputReader: Touch device 'VirtualBox USB Tablet' could not query the properties of its associated display. The device will be inoperable until the display size becomes available.
06-18 21:08:23.217 1424 1475 I InputReader: Device added: id=7, name='VirtualBox USB Tablet', sources=0x00002002
06-18 21:08:23.217 1424 1475 I InputReader: Device added: id=5, name='Video Bus', sources=0x00000101
06-18 21:08:23.217 1424 1475 I InputReader: Device added: id=4, name='Sleep Button', sources=0x00000101
06-18 21:08:23.233 1424 1475 I InputReader: Device added: id=3, name='ImExPS/2 Generic Explorer Mouse', sources=0x00002002
06-18 21:08:23.233 1424 1475 I InputReader: Device added: id=2, name='AT Translated Set 2 keyboard', sources=0x00000101
06-18 21:08:23.233 1424 1475 I InputReader: Device added: id=1, name='Android Power Button', sources=0x00000101
06-18 21:08:23.235 1424 1475 I InputReader: Reconfiguring input devices. changes=0x00000004
06-18 21:08:23.235 1424 1475 I InputReader: Device reconfigured: id=7, name='VirtualBox USB Tablet', size 1024x768, orientation 0, mode 4, display id 0
06-18 21:08:23.235 1424 1474 I ActivityManager: Config changes=30 {1.0 ?mcc?mnc en ldltr sw768dp w1024dp h768dp 160dpi xlrg land television -touch qwerty/v/v dpad/v s.4}
06-18 21:08:23.242 1424 1424 I SystemServiceManager: Starting com.android.server.storage.DeviceStorageMonitorService
06-18 21:08:23.243 1424 1424 I SystemServer: Location Manager
06-18 21:08:23.244 1424 1424 I SystemServer: Country Detector
06-18 21:08:23.244 1424 1424 I SystemServer: Search Service
06-18 21:08:23.244 1424 1424 I SystemServer: DropBox Service
06-18 21:08:23.245 1424 1424 I SystemServer: Wallpaper Service
06-18 21:08:23.245 1424 1424 W WallpaperManagerService: no current wallpaper -- first boot?
06-18 21:08:23.246 1424 1424 I SystemServer: Audio Service
06-18 21:08:23.248 1424 1424 W TelecomManager: Telecom Service not found.
06-18 21:08:23.249 1140 1468 D PermissionCache: checking android.permission.MODIFY_AUDIO_SETTINGS for uid=1000 => granted (394 us)
06-18 21:08:23.249 1140 1140 D BlueZ : external/bluetooth/bluez/android/hal-audio.c:audio_set_mic_mute()
06-18 21:08:23.255 1424 1424 I SystemServiceManager: Starting com.android.server.DockObserver
06-18 21:08:23.255 1424 1424 W DockObserver: This kernel does not have dock station support
06-18 21:08:23.255 1424 1424 I SystemServer: Wired Accessory Manager
06-18 21:08:23.256 1424 1424 W WiredAccessoryManager: This kernel does not have wired headset support
06-18 21:08:23.256 1424 1424 W WiredAccessoryManager: This kernel does not have usb audio support
06-18 21:08:23.256 1424 1424 W WiredAccessoryManager: This kernel does not have HDMI audio support
06-18 21:08:23.256 1424 1424 I SystemServiceManager: Starting com.android.server.usb.UsbService$Lifecycle
06-18 21:08:23.258 1424 1424 I SystemServer: Serial Service
06-18 21:08:23.258 1424 1424 I SystemServiceManager: Starting com.android.server.twilight.TwilightService
06-18 21:08:23.259 1424 1424 I SystemServiceManager: Starting com.android.server.job.JobSchedulerService
06-18 21:08:23.261 1424 1424 I SystemServiceManager: Starting com.android.server.backup.BackupManagerService$Lifecycle
06-18 21:08:23.261 1424 1424 I SystemServiceManager: Starting com.android.server.appwidget.AppWidgetService
06-18 21:08:23.262 1424 1424 I SystemServiceManager: Starting com.android.server.voiceinteraction.VoiceInteractionManagerService
06-18 21:08:23.263 1140 1468 D PermissionCache: checking android.permission.CAPTURE_AUDIO_HOTWORD for uid=1000 => granted (62 us)
06-18 21:08:23.263 1424 1424 W SoundTriggerHelper: listModules status=0, # of modules=0
06-18 21:08:23.263 1424 1424 I SystemServer: Gesture Launcher Service
06-18 21:08:23.263 1424 1424 I SystemServiceManager: Starting com.android.server.GestureLauncherService
06-18 21:08:23.263 1424 1424 I SystemServer: DiskStats Service
06-18 21:08:23.264 1424 1424 I SystemServer: SamplingProfiler Service
06-18 21:08:23.264 1424 1424 I SystemServer: NetworkTimeUpdateService
06-18 21:08:23.264 1424 1424 I SystemServer: CommonTimeManagementService
06-18 21:08:23.265 1424 1424 I SystemServer: CertBlacklister
06-18 21:08:23.265 1424 1424 I SystemServiceManager: Starting com.android.server.dreams.DreamManagerService
06-18 21:08:23.266 1424 1424 I SystemServer: Assets Atlas Service
06-18 21:08:23.267 1424 1424 I SystemServiceManager: Starting com.android.server.print.PrintManagerService
06-18 21:08:23.268 1424 1495 D AssetAtlas: Computing best atlas configuration...
06-18 21:08:23.268 1424 1424 I SystemServiceManager: Starting com.android.server.restrictions.RestrictionsManagerService
06-18 21:08:23.268 1424 1496 D AssetAtlas: Running Atlas Worker #1
06-18 21:08:23.269 1424 1424 I SystemServiceManager: Starting com.android.server.media.MediaSessionService
06-18 21:08:23.270 1424 1424 I SystemServer: Media Router Service
06-18 21:08:23.270 1424 1424 I SystemServiceManager: Starting com.android.server.trust.TrustManagerService
06-18 21:08:23.271 1424 1424 I SystemServiceManager: Starting com.android.server.fingerprint.FingerprintService
06-18 21:08:23.272 1424 1424 W FingerprintService: fingerprint service not available
06-18 21:08:23.272 1424 1424 I SystemServer: BackgroundDexOptService
06-18 21:08:23.273 1424 1424 I SystemServiceManager: Starting com.android.server.pm.LauncherAppsService
06-18 21:08:23.273 1424 1424 I SystemServiceManager: Starting com.android.server.media.projection.MediaProjectionManagerService
06-18 21:08:23.275 1424 1497 D AssetAtlas: Running Atlas Worker #2
06-18 21:08:23.279 1424 1424 I WindowManager: SAFE MODE not enabled
06-18 21:08:23.279 1424 1424 I SystemServiceManager: Starting com.android.server.MmsServiceBroker
06-18 21:08:23.285 1424 1424 E SQLiteLog: (1) no such table: locksettings
06-18 21:08:23.285 1424 1495 D AssetAtlas: Found best atlas configuration (out of 80) in 0.02s
06-18 21:08:23.286 1424 1495 D AssetAtlas: Loaded configuration: SliceMinArea (832x2048) flags=0x2 count=360
06-18 21:08:23.288 1424 1424 I LockSettingsService: Migrated lock settings to new location
06-18 21:08:23.288 1424 1424 I LockSettingsService: Migrated per-user lock settings to new location
06-18 21:08:23.296 1424 1424 I LockSettingsService: Migrated biometric weak to use the fallback instead
06-18 21:08:23.312 1424 1424 I LockSettingsService: Migrated lockscreen disabled flag
06-18 21:08:23.313 1424 1424 E LockSettingsStorage: Cannot read file java.io.FileNotFoundException: /data/system/gatekeeper.password.key: open failed: ENOENT (No such file or directory)
06-18 21:08:23.314 1424 1424 E LockSettingsStorage: Cannot read file java.io.FileNotFoundException: /data/system/password.key: open failed: ENOENT (No such file or directory)
06-18 21:08:23.314 1424 1424 E LockSettingsStorage: Cannot read file java.io.FileNotFoundException: /data/system/gatekeeper.pattern.key: open failed: ENOENT (No such file or directory)
06-18 21:08:23.314 1424 1424 E LockSettingsStorage: Cannot read file java.io.FileNotFoundException: /data/system/gatekeeper.gesture.key: open failed: ENOENT (No such file or directory)
06-18 21:08:23.314 1424 1424 E LockSettingsStorage: Cannot read file java.io.FileNotFoundException: /data/system/gesture.key: open failed: ENOENT (No such file or directory)
06-18 21:08:23.314 1424 1424 I SystemServiceManager: Starting phase 480
06-18 21:08:23.316 1424 1424 I SystemServiceManager: Starting phase 500
06-18 21:08:23.318 1424 1424 D BluetoothService: onBootPhase: PHASE_SYSTEM_SERVICES_READY
06-18 21:08:23.321 1424 1424 I WifiService: WifiService starting up with Wi-Fi disabled
06-18 21:08:23.330 1424 1495 I EGL-DRI2: found extension DRI_Core version 1
06-18 21:08:23.330 1424 1495 I EGL-DRI2: found extension DRI_SWRast version 5
06-18 21:08:23.331 1424 1495 I EGL-DRI2: found extension DRI_TexBuffer version 2
06-18 21:08:23.331 1424 1495 I EGL-DRI2: found extension DRI_IMAGE version 11
06-18 21:08:23.335 1424 1485 D WifiService: New client listening to asynchronous messages
06-18 21:08:23.336 1424 1424 I WifiScanningService: Registering wifiscanner
06-18 21:08:23.343 1424 1424 I RttService: Registering rttmanager
06-18 21:08:23.347 1424 1424 I EthernetServiceImpl: Starting Ethernet service
06-18 21:08:23.350 1424 1424 D Ethernet: Registering NetworkFactory
06-18 21:08:23.350 1424 1486 D ConnectivityService: Got NetworkFactory Messenger for Ethernet
06-18 21:08:23.350 1424 1504 D Ethernet: got request NetworkRequest [ id=1, legacyType=-1, [ Capabilities: INTERNET&NOT_RESTRICTED&TRUSTED&NOT_VPN] ] with score 0
06-18 21:08:23.350 1424 1495 W AssetAtlasService: Could not create sync fence 0x3004
06-18 21:08:23.351 1424 1424 D EthernetNetworkFactory: Started tracking interface eth0
06-18 21:08:23.351 1136 1448 D CommandListener: Setting iface cfg
06-18 21:08:23.351 1136 1448 D CommandListener: Trying to bring up eth0
06-18 21:08:23.353 1424 1495 D AssetAtlas: Rendered atlas in 58.36ms (29.37+28.99ms)
06-18 21:08:23.353 1424 1424 D EthernetNetworkFactory: updateInterface: eth0 link up
06-18 21:08:23.355 1424 1506 I EthernetNetworkFactory: dhcpThread(eth0): mNetworkInfo=[type: Ethernet[], state: UNKNOWN/IDLE, reason: (unspecified), extra: 08:00:27:1f:e6:6a, roaming: false, failover: false, isAvailable: true]
06-18 21:08:23.362 1507 1507 E dhcpcd : fopen `/system/etc/dhcpcd/dhcpcd.conf': No such file or directory
06-18 21:08:23.362 1507 1507 I dhcpcd : version 5.5.6 starting
06-18 21:08:23.362 1507 1507 E dhcpcd : fopen `/system/etc/dhcpcd/dhcpcd.conf': No such file or directory
06-18 21:08:23.362 1507 1507 E dhcpcd : get_duid: Read-only file system
06-18 21:08:23.370 1424 1424 I DefaultPermGrantPolicy: Granting permissions to platform components for user 0
06-18 21:08:23.370 1424 1424 D VoldConnector: SND -> {4 volume remount_uid 1001 none}
06-18 21:08:23.370 1128 1162 D vold : Remounting 1001 as mode none
06-18 21:08:23.371 1424 1477 D VoldConnector: RCV <- {200 4 Command succeeded}
06-18 21:08:23.371 1424 1424 D VoldConnector: SND -> {5 volume remount_uid 1001 none}
06-18 21:08:23.371 1128 1162 D vold : Remounting 1001 as mode none
06-18 21:08:23.374 1424 1458 W KeyguardServiceDelegate: onScreenTurningOn(): no keyguard service!
06-18 21:08:23.376 1424 1477 D VoldConnector: RCV <- {200 5 Command succeeded}
06-18 21:08:23.376 1424 1424 D VoldConnector: SND -> {6 volume remount_uid 1000 none}
06-18 21:08:23.376 1128 1162 D vold : Remounting 1000 as mode none
06-18 21:08:23.376 1128 1162 D vold : Found matching PID 1133
06-18 21:08:23.376 1128 1162 W vold : Skipping due to root namespace
06-18 21:08:23.376 1128 1162 D vold : Found matching PID 1144
06-18 21:08:23.376 1128 1162 W vold : Skipping due to root namespace
06-18 21:08:23.376 1128 1162 D vold : Found matching PID 1424
06-18 21:08:23.384 1507 1507 I dhcpcd : eth0: broadcasting for a lease
06-18 21:08:23.385 1424 1477 D VoldConnector: RCV <- {200 6 Command succeeded}
06-18 21:08:23.385 1424 1424 D VoldConnector: SND -> {7 volume remount_uid 1002 none}
06-18 21:08:23.385 1128 1162 D vold : Remounting 1002 as mode none
06-18 21:08:23.386 1424 1477 D VoldConnector: RCV <- {200 7 Command succeeded}
06-18 21:08:23.386 1424 1424 D VoldConnector: SND -> {8 volume remount_uid 1002 none}
06-18 21:08:23.386 1128 1162 D vold : Remounting 1002 as mode none
06-18 21:08:23.387 1424 1477 D VoldConnector: RCV <- {200 8 Command succeeded}
06-18 21:08:23.387 1424 1424 D VoldConnector: SND -> {9 volume remount_uid 1000 none}
06-18 21:08:23.387 1128 1162 D vold : Remounting 1000 as mode none
06-18 21:08:23.388 1128 1162 D vold : Found matching PID 1133
06-18 21:08:23.393 1128 1162 W vold : Skipping due to root namespace
06-18 21:08:23.395 1507 1507 I dhcpcd : eth0: offered 192.168.0.12 from 192.168.0.1
06-18 21:08:23.396 1507 1507 I dhcpcd : eth0: acknowledged 192.168.0.12 from 192.168.0.1
06-18 21:08:23.397 1424 1484 D WifiApConfigStore: 2G band allowed channels are:1,6,11
06-18 21:08:23.398 1128 1162 D vold : Found matching PID 1144
06-18 21:08:23.398 1128 1162 W vold : Skipping due to root namespace
06-18 21:08:23.398 1128 1162 D vold : Found matching PID 1424
06-18 21:08:23.399 1507 1507 I dhcpcd : eth0: leased 192.168.0.12 for 86400 seconds
06-18 21:08:23.399 1424 1477 D VoldConnector: RCV <- {200 9 Command succeeded}
06-18 21:08:23.400 1424 1424 D VoldConnector: SND -> {10 volume remount_uid 2000 none}
06-18 21:08:23.400 1128 1162 D vold : Remounting 2000 as mode none
06-18 21:08:23.400 1424 1477 D VoldConnector: RCV <- {200 10 Command succeeded}
06-18 21:08:23.400 1424 1424 D VoldConnector: SND -> {11 volume remount_uid 2000 none}
06-18 21:08:23.400 1128 1162 D vold : Remounting 2000 as mode none
06-18 21:08:23.401 1424 1477 D VoldConnector: RCV <- {200 11 Command succeeded}
06-18 21:08:23.401 1424 1424 D VoldConnector: SND -> {12 volume remount_uid 10016 none}
06-18 21:08:23.401 1128 1162 D vold : Remounting 10016 as mode none
06-18 21:08:23.401 1424 1477 D VoldConnector: RCV <- {200 12 Command succeeded}
06-18 21:08:23.402 1424 1424 D VoldConnector: SND -> {13 volume remount_uid 10016 none}
06-18 21:08:23.402 1128 1162 D vold : Remounting 10016 as mode none
06-18 21:08:23.402 1424 1477 D VoldConnector: RCV <- {200 13 Command succeeded}
06-18 21:08:23.403 1424 1424 I DefaultPermGrantPolicy: Granting permissions to default platform handlers for user 0
06-18 21:08:23.403 1424 1424 W VoiceInteractionManagerService: no available voice interaction services found for user 0
06-18 21:08:23.403 1424 1424 W VoiceInteractionManagerService: no available voice recognition services found for user 0
06-18 21:08:23.403 1424 1424 D VoldConnector: SND -> {14 volume remount_uid 10012 none}
06-18 21:08:23.403 1128 1162 D vold : Remounting 10012 as mode none
06-18 21:08:23.404 1424 1477 D VoldConnector: RCV <- {200 14 Command succeeded}
06-18 21:08:23.404 1424 1424 D VoldConnector: SND -> {15 volume remount_uid 10026 none}
06-18 21:08:23.404 1128 1162 D vold : Remounting 10026 as mode none
06-18 21:08:23.405 1424 1477 D VoldConnector: RCV <- {200 15 Command succeeded}
06-18 21:08:23.405 1424 1424 D VoldConnector: SND -> {16 volume remount_uid 10026 none}
06-18 21:08:23.405 1128 1162 D vold : Remounting 10026 as mode none
06-18 21:08:23.405 1424 1477 D VoldConnector: RCV <- {200 16 Command succeeded}
06-18 21:08:23.405 1424 1424 D VoldConnector: SND -> {17 volume remount_uid 10006 none}
06-18 21:08:23.406 1128 1162 D vold : Remounting 10006 as mode none
06-18 21:08:23.406 1424 1477 D VoldConnector: RCV <- {200 17 Command succeeded}
06-18 21:08:23.406 1424 1424 D VoldConnector: SND -> {18 volume remount_uid 10006 none}
06-18 21:08:23.406 1128 1162 D vold : Remounting 10006 as mode none
06-18 21:08:23.406 1424 1477 D VoldConnector: RCV <- {200 18 Command succeeded}
06-18 21:08:23.407 1424 1424 D VoldConnector: SND -> {19 volume remount_uid 10007 none}
06-18 21:08:23.407 1128 1162 D vold : Remounting 10007 as mode none
06-18 21:08:23.407 1424 1477 D VoldConnector: RCV <- {200 19 Command succeeded}
06-18 21:08:23.407 1424 1424 D VoldConnector: SND -> {20 volume remount_uid 10007 none}
06-18 21:08:23.407 1128 1162 D vold : Remounting 10007 as mode none
06-18 21:08:23.408 1424 1477 D VoldConnector: RCV <- {200 20 Command succeeded}
06-18 21:08:23.409 1424 1424 D VoldConnector: SND -> {21 volume remount_uid 10001 none}
06-18 21:08:23.409 1128 1162 D vold : Remounting 10001 as mode none
06-18 21:08:23.410 1424 1477 D VoldConnector: RCV <- {200 21 Command succeeded}
06-18 21:08:23.410 1424 1424 D VoldConnector: SND -> {22 volume remount_uid 10001 none}
06-18 21:08:23.410 1128 1162 D vold : Remounting 10001 as mode none
06-18 21:08:23.410 1424 1477 D VoldConnector: RCV <- {200 22 Command succeeded}
06-18 21:08:23.414 1424 1424 I ActivityManager: Pre-boot of {com.android.providers.calendar/com.android.providers.calendar.CalendarUpgradeReceiver} for user 0
06-18 21:08:23.425 1424 1451 I Zygote : Process: zygote socket opened, supported ABIS: x86,armeabi-v7a,armeabi
06-18 21:08:23.426 1143 1428 I art : Starting a blocking GC HeapTrim
06-18 21:08:23.434 1526 1526 I art : Late-enabling JIT
06-18 21:08:23.437 1424 1451 I ActivityManager: Start proc 1526:com.android.providers.calendar/u0a1 for broadcast com.android.providers.calendar/.CalendarUpgradeReceiver
06-18 21:08:23.440 1424 1424 D RttService: SCAN_AVAILABLE : 1
06-18 21:08:23.441 1424 1503 D RttService: DefaultState got{ when=-1ms what=160513 target=com.android.internal.util.StateMachine$SmHandler }
06-18 21:08:23.479 1526 1526 W art : Unexpected CPU variant for X86 using defaults: x86
06-18 21:08:23.496 1526 1526 I art : JIT created with code_cache_capacity=2MB compile_threshold=1000
06-18 21:08:23.542 1424 1449 I ActivityManager: Launching preboot mode app: ProcessRecord{230b0bd 1526:com.android.providers.calendar/u0a1}
06-18 21:08:23.549 1526 1526 W System : ClassLoader referenced unknown path: /system/priv-app/CalendarProvider/lib/x86
06-18 21:08:23.575 1424 1506 D ConnectivityService: registerNetworkAgent NetworkAgentInfo{ ni{[type: Ethernet[], state: CONNECTED/CONNECTED, reason: (unspecified), extra: 08:00:27:1f:e6:6a, roaming: false, failover: false, isAvailable: true]} network{100} lp{{InterfaceName: eth0 LinkAddresses: [192.168.0.12/24,] Routes: [192.168.0.0/24 -> 0.0.0.0 eth0,0.0.0.0/0 -> 192.168.0.1 eth0,] DnsAddresses: [192.168.0.1,] Domains: MTU: 0 TcpBufferSizes: 524288,1048576,3145728,524288,1048576,2097152}} nc{[ Transports: ETHERNET Capabilities: INTERNET&NOT_RESTRICTED&TRUSTED&NOT_VPN LinkUpBandwidth>=100000Kbps LinkDnBandwidth>=100000Kbps]} Score{30} everValidated{false} lastValidated{false} created{false} lingering{false} explicitlySelected{false} acceptUnvalidated{false} everCaptivePortalDetected{false} lastCaptivePortalDetected{false} }
06-18 21:08:23.576 1424 1486 D ConnectivityService: NetworkAgentInfo [Ethernet () - 100] EVENT_NETWORK_INFO_CHANGED, going from null to CONNECTED
06-18 21:08:23.577 1424 1486 D ConnectivityService: Adding iface eth0 to network 100
06-18 21:08:23.583 1424 1449 I ActivityManager: Pre-boot of {com.android.providers.contacts/com.android.providers.contacts.ContactsUpgradeReceiver} for user 0
06-18 21:08:23.587 1424 1486 E ConnectivityService: Unexpected mtu value: 0, eth0
06-18 21:08:23.587 1424 1486 D ConnectivityService: Adding Route [192.168.0.0/24 -> 0.0.0.0 eth0] to network 100
06-18 21:08:23.588 1424 1486 D ConnectivityService: Adding Route [0.0.0.0/0 -> 192.168.0.1 eth0] to network 100
06-18 21:08:23.588 1424 1486 D ConnectivityService: Setting Dns servers for network 100 to [/192.168.0.1]
06-18 21:08:23.593 1424 1449 I ActivityManager: Start proc 1559:android.process.acore/u0a2 for broadcast com.android.providers.contacts/.ContactsUpgradeReceiver
06-18 21:08:23.594 1424 1486 D ConnectivityService: notifyType IP_CHANGED for NetworkAgentInfo [Ethernet () - 100]
06-18 21:08:23.594 1424 1486 D ConnectivityService: scheduleUnvalidatedPrompt 100
06-18 21:08:23.594 1424 1486 D ConnectivityService: updateSignalStrengthThresholds: CONNECT, sending [] to NetworkAgentInfo [Ethernet () - 100]
06-18 21:08:23.594 1559 1559 I art : Late-enabling JIT
06-18 21:08:23.594 1424 1486 D ConnectivityService: rematch for NetworkAgentInfo [Ethernet () - 100]
06-18 21:08:23.594 1424 1486 D ConnectivityService: accepting network in place of null
06-18 21:08:23.595 1424 1486 D ConnectivityService: Switching to new default network: NetworkAgentInfo{ ni{[type: Ethernet[], state: CONNECTED/CONNECTED, reason: (unspecified), extra: 08:00:27:1f:e6:6a, roaming: false, failover: false, isAvailable: true]} network{100} lp{{InterfaceName: eth0 LinkAddresses: [192.168.0.12/24,] Routes: [192.168.0.0/24 -> 0.0.0.0 eth0,0.0.0.0/0 -> 192.168.0.1 eth0,] DnsAddresses: [192.168.0.1,] Domains: MTU: 0 TcpBufferSizes: 524288,1048576,3145728,524288,1048576,2097152}} nc{[ Transports: ETHERNET Capabilities: INTERNET&NOT_RESTRICTED&TRUSTED&NOT_VPN LinkUpBandwidth>=100000Kbps LinkDnBandwidth>=100000Kbps]} Score{30} everValidated{false} lastValidated{false} created{true} lingering{false} explicitlySelected{false} acceptUnvalidated{false} everCaptivePortalDetected{false} lastCaptivePortalDetected{false} }
06-18 21:08:23.597 1559 1559 W art : Unexpected CPU variant for X86 using defaults: x86
06-18 21:08:23.597 1559 1559 I art : JIT created with code_cache_capacity=2MB compile_threshold=1000
06-18 21:08:23.598 1424 1486 D ConnectivityService: Setting tx/rx TCP buffers to 524288,1048576,3145728,524288,1048576,2097152
06-18 21:08:23.599 1424 1486 D ConnectivityService: notifyType PRECHECK for NetworkAgentInfo [Ethernet () - 100]
06-18 21:08:23.614 1424 1438 I ActivityManager: Launching preboot mode app: ProcessRecord{a266898 1559:android.process.acore/u0a2}
06-18 21:08:23.618 1424 1555 D NetworkMonitor/NetworkAgentInfo [Ethernet () - 100]: Checking http://connectivitycheck.gstatic.com/generate_204 on 08:00:27:1f:e6:6a, connectivitycheck.gstatic.com=216.58.220.46,2404:6800:4007:805::200e
06-18 21:08:23.621 1559 1559 W System : ClassLoader referenced unknown path: /system/priv-app/ContactsProvider/lib/x86
06-18 21:08:23.660 1559 1559 I ContactsUpgradeReceiver: Creating or opening contacts database
06-18 21:08:23.664 1559 1559 I ContactsDatabaseHelper: Bootstrapping database version: 1011
06-18 21:08:23.688 1559 1559 I ContactsProviderV1: Bootstrapping database legacy support
06-18 21:08:23.704 1559 1559 I ContactsDatabaseHelper: Bootstrapping database version: 1011
06-18 21:08:23.743 1559 1559 I ContactsProviderV1: Bootstrapping database legacy support
06-18 21:08:23.759 1559 1559 I ContactsProvider: Locale has changed from null to en
06-18 21:08:23.760 1559 1559 I ContactsDatabaseHelper: Switching to locale en (ICU v55.1)
06-18 21:08:23.766 1559 1559 I ContactsDatabaseHelper: Locale change completed in 6ms
06-18 21:08:23.766 1559 1559 I ContactsDatabaseHelper: Switching to locale en (ICU v55.1)
06-18 21:08:23.771 1559 1559 I ContactsDatabaseHelper: Locale change completed in 5ms
06-18 21:08:23.777 1424 1564 I ActivityManager: Pre-boot of {com.android.managedprovisioning/com.android.managedprovisioning.PreBootListener} for user 0
06-18 21:08:23.788 1424 1564 I ActivityManager: Start proc 1584:com.android.managedprovisioning/u0a9 for broadcast com.android.managedprovisioning/.PreBootListener
06-18 21:08:23.790 1584 1584 I art : Late-enabling JIT
06-18 21:08:23.793 1584 1584 W art : Unexpected CPU variant for X86 using defaults: x86
06-18 21:08:23.793 1584 1584 I art : JIT created with code_cache_capacity=2MB compile_threshold=1000
06-18 21:08:23.798 1424 1555 D NetworkMonitor/NetworkAgentInfo [Ethernet () - 100]: isCaptivePortal: ret=204 headers={null=[HTTP/1.1 204 No Content], Content-Length=[0], Date=[Sat, 18 Jun 2016 21:08:18 GMT], X-Android-Received-Millis=[1466284103798], X-Android-Response-Source=[NETWORK 204], X-Android-Selected-Protocol=[http/1.1], X-Android-Sent-Millis=[1466284103709]}
06-18 21:08:23.798 1424 1486 D ConnectivityService: setProvNotificationVisibleIntent null visible=false networkType=MOBILE extraInfo=null highPriority=false
06-18 21:08:23.798 1424 1486 D ConnectivityService: NetworkAgentInfo [Ethernet () - 100] validation passed
06-18 21:08:23.798 1424 1486 D ConnectivityService: notifyType CAP_CHANGED for NetworkAgentInfo [Ethernet () - 100]
06-18 21:08:23.798 1424 1486 D ConnectivityService: sendStickyBroadcast: action=android.net.conn.INET_CONDITION_ACTION
06-18 21:08:23.814 1424 1438 I ActivityManager: Launching preboot mode app: ProcessRecord{4657644 1584:com.android.managedprovisioning/u0a9}
06-18 21:08:23.817 1584 1584 W System : ClassLoader referenced unknown path: /system/priv-app/ManagedProvisioning/lib/x86
06-18 21:08:23.820 1424 1449 I ActivityManager: Pre-boot of {com.android.providers.media/com.android.providers.media.MediaUpgradeReceiver} for user 0
06-18 21:08:23.830 1424 1449 I ActivityManager: Start proc 1599:android.process.media/u0a6 for broadcast com.android.providers.media/.MediaUpgradeReceiver
06-18 21:08:23.831 1599 1599 I art : Late-enabling JIT
06-18 21:08:23.833 1599 1599 W art : Unexpected CPU variant for X86 using defaults: x86
06-18 21:08:23.834 1599 1599 I art : JIT created with code_cache_capacity=2MB compile_threshold=1000
06-18 21:08:23.845 1424 1564 I ActivityManager: Launching preboot mode app: ProcessRecord{5d4432d 1599:android.process.media/u0a6}
06-18 21:08:23.850 1599 1599 W System : ClassLoader referenced unknown path: /system/priv-app/MediaProvider/lib/x86
06-18 21:08:23.856 1424 1564 I ActivityManager: Pre-boot of {com.android.settings/com.android.settings.ManagedProfileSetup} for user 0
06-18 21:08:23.867 1424 1564 I ActivityManager: Start proc 1614:com.android.settings/1000 for broadcast com.android.settings/.ManagedProfileSetup
06-18 21:08:23.868 1614 1614 I art : Late-enabling JIT
06-18 21:08:23.871 1614 1614 W art : Unexpected CPU variant for X86 using defaults: x86
06-18 21:08:23.872 1614 1614 I art : JIT created with code_cache_capacity=2MB compile_threshold=1000
06-18 21:08:23.889 1424 1438 I ActivityManager: Launching preboot mode app: ProcessRecord{9a68062 1614:com.android.settings/1000}
06-18 21:08:23.898 1614 1614 W System : ClassLoader referenced unknown path: /system/priv-app/Settings/lib/x86
06-18 21:08:23.942 1424 1451 I ActivityManager: Removing system update proc: ProcessRecord{230b0bd 1526:com.android.providers.calendar/u0a1}
06-18 21:08:23.942 1424 1451 I ActivityManager: Killing 1526:com.android.providers.calendar/u0a1 (adj 15): system update done
06-18 21:08:23.953 1424 1451 I ActivityManager: Removing system update proc: ProcessRecord{a266898 1559:android.process.acore/u0a2}
06-18 21:08:23.953 1424 1451 I ActivityManager: Killing 1559:android.process.acore/u0a2 (adj 15): system update done
06-18 21:08:23.964 1424 1451 I ActivityManager: Removing system update proc: ProcessRecord{4657644 1584:com.android.managedprovisioning/u0a9}
06-18 21:08:23.964 1424 1451 I ActivityManager: Killing 1584:com.android.managedprovisioning/u0a9 (adj 13): system update done
06-18 21:08:23.984 1424 1451 I ActivityManager: Removing system update proc: ProcessRecord{5d4432d 1599:android.process.media/u0a6}
06-18 21:08:23.984 1424 1451 I ActivityManager: Killing 1599:android.process.media/u0a6 (adj 11): system update done
06-18 21:08:23.991 1424 1451 I ActivityManager: Removing system update proc: ProcessRecord{9a68062 1614:com.android.settings/1000}
06-18 21:08:23.991 1424 1451 I ActivityManager: Killing 1614:com.android.settings/1000 (adj 9): system update done
06-18 21:08:23.997 1424 1451 I ActivityManager: System now ready
06-18 21:08:23.997 1424 1438 W ActivityManager: Spurious death for ProcessRecord{230b0bd 0:com.android.providers.calendar/u0a1}, curProc for 1526: null
06-18 21:08:23.997 1424 1564 W ActivityManager: Spurious death for ProcessRecord{a266898 0:android.process.acore/u0a2}, curProc for 1559: null
06-18 21:08:23.997 1424 1629 W ActivityManager: Spurious death for ProcessRecord{9a68062 0:com.android.settings/1000}, curProc for 1614: null
06-18 21:08:23.997 1424 1628 W ActivityManager: Spurious death for ProcessRecord{5d4432d 0:android.process.media/u0a6}, curProc for 1599: null
06-18 21:08:23.997 1424 1449 W ActivityManager: Spurious death for ProcessRecord{4657644 0:com.android.managedprovisioning/u0a9}, curProc for 1584: null
06-18 21:08:24.003 1424 1451 I SystemServer: Making services ready
06-18 21:08:24.003 1424 1451 I SystemServiceManager: Starting phase 550
06-18 21:08:24.003 1424 1476 D MountService: Thinking about reset, mSystemReady=true, mDaemonConnected=true
06-18 21:08:24.003 1424 1476 D VoldConnector: SND -> {23 volume reset}
06-18 21:08:24.004 1424 1477 D VoldConnector: RCV <- {651 emulated 7}
06-18 21:08:24.004 1424 1477 D VoldConnector: RCV <- {659 emulated}
06-18 21:08:24.004 1424 1477 D VoldConnector: RCV <- {650 emulated 2 "" ""}
06-18 21:08:24.004 1424 1477 D VoldConnector: RCV <- {651 emulated 0}
06-18 21:08:24.004 1424 1477 D VoldConnector: RCV <- {200 23 Command succeeded}
06-18 21:08:24.004 1424 1476 D VoldConnector: SND -> {24 volume user_added 0 0}
06-18 21:08:24.004 1424 1477 D VoldConnector: RCV <- {200 24 Command succeeded}
06-18 21:08:24.004 1424 1424 W System : ClassLoader referenced unknown path: /system/priv-app/Telecom/lib/x86
06-18 21:08:24.005 1424 1451 D UsbAlsaManager: Adding ALSA device AlsaDevice: [card: 0, device: 0, type: 1]
06-18 21:08:24.006 1424 1451 D UsbAlsaManager: Adding ALSA device AlsaDevice: [card: 0, device: 1, type: 2]
06-18 21:08:24.006 1424 1451 D UsbAlsaManager: Adding ALSA device AlsaDevice: [card: 0, device: 0, type: 2]
06-18 21:08:24.006 1424 1476 D VoldConnector: SND -> {25 volume mount emulated 3 -1}
06-18 21:08:24.007 1424 1477 D VoldConnector: RCV <- {651 emulated 1}
06-18 21:08:24.007 1424 1477 D VoldConnector: RCV <- {656 emulated /data/media}
06-18 21:08:24.007 1424 1477 D VoldConnector: RCV <- {655 emulated /storage/emulated}
06-18 21:08:24.008 1424 1451 I SystemServer: WebViewFactory preparation
06-18 21:08:24.019 1424 1451 I ActivityManager: Start proc 1635:WebViewLoader-x86/1037 [android.webkit.WebViewFactory$RelroFileCreator] for
06-18 21:08:24.022 1635 1635 I art : Late-enabling JIT
06-18 21:08:24.024 1635 1635 W art : Unexpected CPU variant for X86 using defaults: x86
06-18 21:08:24.024 1635 1635 I art : JIT created with code_cache_capacity=2MB compile_threshold=1000
06-18 21:08:24.030 1424 1451 I ActivityManager: Start proc 1643:com.android.systemui/u0a16 for service com.android.systemui/.SystemUIService
06-18 21:08:24.031 1424 1451 D NetworkManagement: not enabling bandwidth control
06-18 21:08:24.037 1643 1643 I art : Late-enabling JIT
06-18 21:08:24.042 1424 1455 D BluetoothManagerService: Added callback: android.bluetooth.BluetoothAdapter$1@9e056a:true
06-18 21:08:24.044 1643 1643 W art : Unexpected CPU variant for X86 using defaults: x86
06-18 21:08:24.053 1424 1633 D UsbHostManager: Added device UsbDevice[mName=/dev/bus/usb/002/002,mVendorId=33006,mProductId=33,mClass=0,mSubclass=0,mProtocol=0,mManufacturerName=VirtualBox,mProductName=USB Tablet,mVersion=1.16,mSerialNumber=null,mConfigurations=[
06-18 21:08:24.053 1424 1633 D UsbHostManager: UsbConfiguration[mId=1,mName=null,mAttributes=128,mMaxPower=50,mInterfaces=[
06-18 21:08:24.053 1424 1633 D UsbHostManager: UsbInterface[mId=0,mAlternateSetting=0,mName=null,mClass=3,mSubclass=0,mProtocol=0,mEndpoints=[
06-18 21:08:24.053 1424 1633 D UsbHostManager: UsbEndpoint[mAddress=129,mAttributes=3,mMaxPacketSize=8,mInterval=10]]]]
06-18 21:08:24.055 1643 1643 I art : JIT created with code_cache_capacity=2MB compile_threshold=1000
06-18 21:08:24.059 1424 1477 D VoldConnector: RCV <- {651 emulated 2}
06-18 21:08:24.059 1424 1477 D VoldConnector: RCV <- {200 25 Command succeeded}
06-18 21:08:24.061 1424 1633 W ContextImpl: Calling a method in the system process without a qualified user: android.app.ContextImpl.sendBroadcast:763 com.android.server.usb.UsbSettingsManager.deviceAttached:742 com.android.server.usb.UsbHostManager.endUsbDeviceAdded:225 com.android.server.usb.UsbHostManager.monitorUsbHostBus:-2 com.android.server.usb.UsbHostManager.-wrap0:-1
06-18 21:08:24.067 1424 1424 I Telecom : Class: TelecomSystem.INSTANCE being set
06-18 21:08:24.067 1424 1424 W ContextImpl: Calling a method in the system process without a qualified user: android.app.ContextImpl.startService:1221 android.content.ContextWrapper.startService:581 com.android.server.telecom.components.TelecomService.initializeTelecomSystem:107 com.android.server.telecom.components.TelecomService.onBind:46 android.app.ActivityThread.handleBindService:2904
06-18 21:08:24.070 1424 1662 I ActivityManager: Start proc 1663:android.process.acore/u0a2 for content provider com.android.providers.contacts/.CallLogProvider
06-18 21:08:24.071 1136 1448 I iptables: iptables: No chain/target/match by that name.
06-18 21:08:24.071 1136 1448 I iptables: iptables terminated by exit(1)
06-18 21:08:24.071 1136 1448 E Netd : exec() res=0, status=256 for /system/bin/iptables -w -F st_penalty_log
06-18 21:08:24.077 1424 1424 I Telecom : PhoneAccountRegistrar: SimCallManager queried, returning: null
06-18 21:08:24.085 1136 1448 I ip6tables: ip6tables: No chain/target/match by that name.
06-18 21:08:24.086 1136 1448 I ip6tables: ip6tables terminated by exit(1)
06-18 21:08:24.086 1136 1448 E Netd : exec() res=0, status=256 for /system/bin/ip6tables -w -F st_penalty_log
06-18 21:08:24.094 1136 1448 I iptables: iptables: No chain/target/match by that name.
06-18 21:08:24.100 1663 1663 I art : Late-enabling JIT
06-18 21:08:24.102 1136 1448 I iptables: iptables terminated by exit(1)
06-18 21:08:24.102 1136 1448 E Netd : exec() res=0, status=256 for /system/bin/iptables -w -F st_penalty_reject
06-18 21:08:24.105 1136 1448 I ip6tables: ip6tables: No chain/target/match by that name.
06-18 21:08:24.108 1663 1663 W art : Unexpected CPU variant for X86 using defaults: x86
06-18 21:08:24.108 1663 1663 I art : JIT created with code_cache_capacity=2MB compile_threshold=1000
06-18 21:08:24.118 1643 1643 W System : ClassLoader referenced unknown path: /system/priv-app/SystemUI/lib/x86
06-18 21:08:24.119 1136 1448 I ip6tables: ip6tables terminated by exit(1)
06-18 21:08:24.119 1136 1448 E Netd : exec() res=0, status=256 for /system/bin/ip6tables -w -F st_penalty_reject
06-18 21:08:24.123 1136 1448 I iptables: iptables: No chain/target/match by that name.
06-18 21:08:24.133 1136 1448 I iptables: iptables terminated by exit(1)
06-18 21:08:24.133 1136 1448 E Netd : exec() res=0, status=256 for /system/bin/iptables -w -F st_clear_caught
06-18 21:08:24.135 1635 1635 I art : System.exit called, status: 0
06-18 21:08:24.135 1635 1635 I AndroidRuntime: VM exiting with result code 0, cleanup skipped.
06-18 21:08:24.142 1136 1448 I ip6tables: ip6tables: No chain/target/match by that name.
06-18 21:08:24.143 1136 1448 I ip6tables: ip6tables terminated by exit(1)
06-18 21:08:24.143 1136 1448 E Netd : exec() res=0, status=256 for /system/bin/ip6tables -w -F st_clear_caught
06-18 21:08:24.147 1136 1448 I iptables: iptables: No chain/target/match by that name.
06-18 21:08:24.147 1136 1448 I iptables: iptables terminated by exit(1)
06-18 21:08:24.147 1136 1448 E Netd : exec() res=0, status=256 for /system/bin/iptables -w -F st_clear_detect
06-18 21:08:24.151 1136 1448 I ip6tables: ip6tables: No chain/target/match by that name.
06-18 21:08:24.151 1136 1448 I ip6tables: ip6tables terminated by exit(1)
06-18 21:08:24.151 1136 1448 E Netd : exec() res=0, status=256 for /system/bin/ip6tables -w -F st_clear_detect
06-18 21:08:24.162 1663 1663 W System : ClassLoader referenced unknown path: /system/priv-app/ContactsProvider/lib/x86
06-18 21:08:24.171 1136 1448 I iptables: iptables: No chain/target/match by that name.
06-18 21:08:24.171 1136 1448 I iptables: iptables terminated by exit(1)
06-18 21:08:24.171 1136 1448 E Netd : exec() res=0, status=256 for /system/bin/iptables -w -X st_penalty_log
06-18 21:08:24.176 1136 1448 I ip6tables: ip6tables: No chain/target/match by that name.
06-18 21:08:24.176 1136 1448 I ip6tables: ip6tables terminated by exit(1)
06-18 21:08:24.176 1136 1448 E Netd : exec() res=0, status=256 for /system/bin/ip6tables -w -X st_penalty_log
06-18 21:08:24.184 1136 1448 I iptables: iptables: No chain/target/match by that name.
06-18 21:08:24.191 1136 1448 I iptables: iptables terminated by exit(1)
06-18 21:08:24.191 1136 1448 E Netd : exec() res=0, status=256 for /system/bin/iptables -w -X st_penalty_reject
06-18 21:08:24.202 1136 1448 I ip6tables: ip6tables: No chain/target/match by that name.
06-18 21:08:24.202 1136 1448 I ip6tables: ip6tables terminated by exit(1)
06-18 21:08:24.203 1136 1448 E Netd : exec() res=0, status=256 for /system/bin/ip6tables -w -X st_penalty_reject
06-18 21:08:24.208 1663 1663 W System : ClassLoader referenced unknown path: /system/app/UserDictionaryProvider/lib/x86
06-18 21:08:24.212 1136 1448 I iptables: iptables: No chain/target/match by that name.
06-18 21:08:24.218 1643 1702 E WVMExtractor: Failed to open libwvm.so: dlopen failed: library "libwvm.so" not found
06-18 21:08:24.222 1136 1448 I iptables: iptables terminated by exit(1)
06-18 21:08:24.224 1136 1448 E Netd : exec() res=0, status=256 for /system/bin/iptables -w -X st_clear_caught
06-18 21:08:24.226 1136 1448 I ip6tables: ip6tables: No chain/target/match by that name.
06-18 21:08:24.248 1136 1448 I ip6tables: ip6tables terminated by exit(1)
06-18 21:08:24.248 1136 1448 E Netd : exec() res=0, status=256 for /system/bin/ip6tables -w -X st_clear_caught
06-18 21:08:24.253 1136 1448 I iptables: iptables: No chain/target/match by that name.
06-18 21:08:24.253 1136 1448 I iptables: iptables terminated by exit(1)
06-18 21:08:24.253 1136 1448 E Netd : exec() res=0, status=256 for /system/bin/iptables -w -X st_clear_detect
06-18 21:08:24.256 1136 1448 I ip6tables: ip6tables: No chain/target/match by that name.
06-18 21:08:24.269 1424 1628 W AppWidgetServiceImpl: Failed to read state: java.io.FileNotFoundException: /data/system/users/0/appwidgets.xml: open failed: ENOENT (No such file or directory)
06-18 21:08:24.281 1136 1448 I ip6tables: ip6tables terminated by exit(1)
06-18 21:08:24.282 1136 1448 E Netd : exec() res=0, status=256 for /system/bin/ip6tables -w -X st_clear_detect
06-18 21:08:24.300 1643 1643 I vol.Events: writeEvent collection_started
06-18 21:08:24.305 1663 1698 I ContactLocale: AddressBook Labels [en]: [, A, B, C, D, E, F, G, H, I, J, K, L, M, N, O, P, Q, R, S, T, U, V, W, X, Y, Z, Α, Β, Γ, Δ, Ε, Ζ, Η, Θ, Ι, Κ, Λ, Μ, Ν, Ξ, Ο, Π, Ρ, Σ, Τ, Υ, Φ, Χ, Ψ, Ω, , А, Б, В, Г, Д, Ђ, Е, Є, Ж, З, И, І, Й, Ј, К, Л, Љ, М, Н, Њ, О, П, Р, С, Т, Ћ, У, Ф, Х, Ц, Ч, Џ, Ш, Щ, Ю, Я, , א, ב, ג, ד, ה, ו, ז, ח, ט, י, כ, ל, מ, נ, ס, ע, פ, צ, ק, ר, ש, ת, , ا, ب, ت, ث, ج, ح, خ, د, ذ, ر, ز, س, ش, ص, ض, ط, ظ, ع, غ, ف, ق, ك, ل, م, ن, ه, و, ي, , ก, ข, ฃ, ค, ฅ, ฆ, ง, จ, ฉ, ช, ซ, ฌ, ญ, ฎ, ฏ, ฐ, ฑ, ฒ, ณ, ด, ต, ถ, ท, ธ, น, บ, ป, ผ, ฝ, พ, ฟ, ภ, ม, ย, ร, ฤ, ล, ฦ, ว, ศ, ษ, ส, ห, ฬ, อ, ฮ, , ㄱ, ㄴ, ㄷ, ㄹ, ㅁ, ㅂ, ㅅ, ㅇ, ㅈ, ㅊ, ㅋ, ㅌ, ㅍ, ㅎ, , あ, か, さ, た, な, は, ま, や, ら, わ, #, ]
06-18 21:08:24.365 1140 1468 W OMXNodeInstance: [e:google.mpeg4.decoder] component does not support metadata mode; using fallback
06-18 21:08:24.366 1643 1727 I vol.Events: writeEvent level_changed STREAM_ALARM 6
06-18 21:08:24.367 1643 1727 I vol.Events: writeEvent level_changed STREAM_BLUETOOTH_SCO 7
06-18 21:08:24.368 1643 1727 I vol.Events: writeEvent level_changed STREAM_MUSIC 11
06-18 21:08:24.369 1643 1727 I vol.Events: writeEvent level_changed STREAM_RING 5
06-18 21:08:24.369 1643 1727 I vol.Events: writeEvent level_changed STREAM_SYSTEM 5
06-18 21:08:24.370 1643 1727 I vol.Events: writeEvent level_changed STREAM_VOICE_CALL 4
06-18 21:08:24.371 1643 1727 I vol.Events: writeEvent external_ringer_mode_changed normal
06-18 21:08:24.373 1643 1643 D StorageNotification: Notifying about private volume: VolumeInfo{private}:
06-18 21:08:24.373 1643 1643 D StorageNotification: type=PRIVATE diskId=null partGuid=null mountFlags=0 mountUserId=-1
06-18 21:08:24.373 1643 1643 D StorageNotification: state=MOUNTED
06-18 21:08:24.373 1643 1643 D StorageNotification: fsType=null fsUuid=null fsLabel=null
06-18 21:08:24.373 1643 1643 D StorageNotification: path=/data internalPath=null
06-18 21:08:24.373 1424 1452 W WindowManager: Keyguard drawn timeout. Setting mKeyguardDrawComplete
06-18 21:08:24.374 1140 1468 W OMXNodeInstance: [f:google.h263.decoder] component does not support metadata mode; using fallback
06-18 21:08:24.379 1663 1698 D ContactDirectoryManager: Found com.android.exchange.directory.provider
06-18 21:08:24.383 1140 1468 W OMXNodeInstance: [10:google.h264.decoder] component does not support metadata mode; using fallback
06-18 21:08:24.398 1424 1449 I ActivityManager: Start proc 1752:com.android.exchange/u0a34 for content provider com.android.exchange/.provider.ExchangeDirectoryProvider
06-18 21:08:24.413 1424 1438 I StatusBarManagerService: registerStatusBar bar=com.android.internal.statusbar.IStatusBar$Stub$Proxy@c3357c4
06-18 21:08:24.414 1140 1468 W OMXNodeInstance: [11:google.hevc.decoder] component does not support metadata mode; using fallback
06-18 21:08:24.437 1752 1752 I art : Late-enabling JIT
06-18 21:08:24.440 1140 1468 W OMXNodeInstance: [12:google.vp8.decoder] component does not support metadata mode; using fallback
06-18 21:08:24.440 1752 1752 W art : Unexpected CPU variant for X86 using defaults: x86
06-18 21:08:24.440 1752 1752 I art : JIT created with code_cache_capacity=2MB compile_threshold=1000
06-18 21:08:24.442 1140 1468 W OMXNodeInstance: [13:google.vp9.decoder] component does not support metadata mode; using fallback
06-18 21:08:24.448 1140 1468 I SoftMPEG4Encoder: Construct SoftMPEG4Encoder
06-18 21:08:24.448 1140 1468 W ACodec : do not know color format 0x7f000789 = 2130708361
06-18 21:08:24.453 1752 1752 W System : ClassLoader referenced unknown path: /system/app/Exchange2/lib/x86
06-18 21:08:24.460 1140 1468 W ACodec : do not know color format 0x7f000789 = 2130708361
06-18 21:08:24.462 1140 1468 I SoftMPEG4Encoder: Construct SoftMPEG4Encoder
06-18 21:08:24.462 1140 1468 W ACodec : do not know color format 0x7f000789 = 2130708361
06-18 21:08:24.489 1140 1468 W ACodec : do not know color format 0x7f000789 = 2130708361
06-18 21:08:24.491 1140 1468 W MediaCodecList: unable to open media codecs configuration xml file: /etc/media_codecs_performance.xml
